Build Information
Failed to build textbundleify, reference master (9002d6), with Swift 6.4 for visionOS using Xcode 27.0 on 17 Sep 2026 02:59:14 UTC.
Build Command
env DEVELOPER_DIR=/Applications/Xcode-27.0.0-Release.Candidate.app xcrun xcodebuild -IDEClonedSourcePackagesDirPathOverride=$PWD/.dependencies -skipMacroValidation -skipPackagePluginValidation -derivedDataPath $PWD/.derivedData build -scheme textbundleify-Package -destination generic/platform=xrOSBuild Log
========================================
RunAll
========================================
Builder version: 5.1.0
Interrupt handler set up.
========================================
Checkout
========================================
Clone URL: https://github.com/jsorge/textbundleify.git
Reference: master
Initialized empty Git repository in /Users/admin/builder/spi-builder-workspace/.git/
From https://github.com/jsorge/textbundleify
* branch master -> FETCH_HEAD
* [new branch] master -> origin/master
HEAD is now at 9002d65 Linux compatibility
Cloned https://github.com/jsorge/textbundleify.git
Revision (git rev-parse @):
9002d65d9cdcbf7dcfb30c2fa5ae1802c23128fa
SUCCESS checkout https://github.com/jsorge/textbundleify.git at master
========================================
Build
========================================
Selected platform: visionOS
Swift version: 6.4
Building package at path: $PWD
https://github.com/jsorge/textbundleify.git
Command line invocation:
/Applications/Xcode-27.0.0-Release.Candidate.app/Contents/Developer/usr/bin/xcodebuild -IDEClonedSourcePackagesDirPathOverride=/Users/admin/builder/spi-builder-workspace/.dependencies -resolvePackageDependencies
Resolve Package Graph
Fetching from https://github.com/kylef/PathKit.git
Fetching from https://github.com/kylef/Spectre.git
Creating working copy of package ‘PathKit’
Checking out 0.9.2 of package ‘PathKit’
Creating working copy of package ‘Spectre’
Checking out 0.9.2 of package ‘Spectre’
Resolve Package Graph
Resolved source packages:
Spectre: https://github.com/kylef/Spectre.git @ 0.9.2
PathKit: https://github.com/kylef/PathKit.git @ 0.9.2
textbundleify: /Users/admin/builder/spi-builder-workspace
resolved source packages: Spectre, PathKit, textbundleify
2026-09-16 22:58:19.203 xcodebuild[529:3043] [MT] IDERunDestination: Supported platforms for the buildables in the current scheme is empty.
{
"dependencies" : [
{
"identity" : "pathkit",
"requirement" : {
"range" : [
{
"lower_bound" : "0.9.1",
"upper_bound" : "1.0.0"
}
]
},
"type" : "sourceControl",
"url" : "https://github.com/kylef/PathKit.git"
}
],
"manifest_display_name" : "textbundleify",
"name" : "textbundleify",
"path" : "/Users/admin/builder/spi-builder-workspace",
"platforms" : [
],
"products" : [
{
"name" : "textbundleify",
"targets" : [
"textbundleify-main"
],
"type" : {
"executable" : null
}
},
{
"name" : "TextBundleify",
"targets" : [
"TextBundleify"
],
"type" : {
"library" : [
"automatic"
]
}
}
],
"targets" : [
{
"c99name" : "textbundleify_main",
"module_type" : "SwiftTarget",
"name" : "textbundleify-main",
"path" : "Sources/textbundleify-main",
"product_memberships" : [
"textbundleify"
],
"sources" : [
"main.swift"
],
"target_dependencies" : [
"TextBundleify"
],
"type" : "executable"
},
{
"c99name" : "TextBundleify",
"module_type" : "SwiftTarget",
"name" : "TextBundleify",
"path" : "Sources/TextBundleify",
"product_dependencies" : [
"PathKit"
],
"product_memberships" : [
"textbundleify",
"TextBundleify"
],
"sources" : [
"Console.swift",
"TextBundleify.swift"
],
"type" : "library"
}
],
"tools_version" : "4.0"
}
{
"workspace" : {
"name" : "textbundleify",
"schemes" : [
"textbundleify",
"TextBundleify",
"textbundleify-Package"
]
}
}
2026-09-16 22:59:00.244 xcodebuild[723:4566] [MT] IDERunDestination: Supported platforms for the buildables in the current scheme is empty.
{
"workspace" : {
"name" : "textbundleify",
"schemes" : [
"textbundleify",
"TextBundleify",
"textbundleify-Package"
]
}
}
2026-09-16 22:59:01.392 xcodebuild[725:4618] [MT] IDERunDestination: Supported platforms for the buildables in the current scheme is empty.
Running build ...
env DEVELOPER_DIR=/Applications/Xcode-27.0.0-Release.Candidate.app xcrun xcodebuild -IDEClonedSourcePackagesDirPathOverride=$PWD/.dependencies -skipMacroValidation -skipPackagePluginValidation -derivedDataPath $PWD/.derivedData build -scheme textbundleify-Package -destination generic/platform=xrOS
Command line invocation:
/Applications/Xcode-27.0.0-Release.Candidate.app/Contents/Developer/usr/bin/xcodebuild -IDEClonedSourcePackagesDirPathOverride=/Users/admin/builder/spi-builder-workspace/.dependencies -skipMacroValidation -skipPackagePluginValidation -derivedDataPath /Users/admin/builder/spi-builder-workspace/.derivedData build -scheme textbundleify-Package -destination generic/platform=xrOS
Resolve Package Graph
Resolve Package Graph
Resolved source packages:
textbundleify: /Users/admin/builder/spi-builder-workspace
PathKit: https://github.com/kylef/PathKit.git @ 0.9.2
Spectre: https://github.com/kylef/Spectre.git @ 0.9.2
ComputePackagePrebuildTargetDependencyGraph
Prepare packages
CreateBuildRequest
SendProjectDescription
CreateBuildOperation
ComputeTargetDependencyGraph
note: Building targets in dependency order
note: Target dependency graph (5 targets)
Target 'textbundleify-product' in project 'textbundleify'
➜ Explicit dependency on target 'TextBundleify' in project 'textbundleify'
➜ Explicit dependency on target 'PathKit-product' in project 'PathKit'
Target 'TextBundleify-product' in project 'textbundleify'
➜ Explicit dependency on target 'TextBundleify' in project 'textbundleify'
➜ Explicit dependency on target 'PathKit-product' in project 'PathKit'
Target 'TextBundleify' in project 'textbundleify'
➜ Explicit dependency on target 'PathKit-product' in project 'PathKit'
Target 'PathKit-product' in project 'PathKit'
➜ Explicit dependency on target 'PathKit' in project 'PathKit'
Target 'PathKit' in project 'PathKit' (no dependencies)
GatherProvisioningInputs
CreateBuildDescription
ExecuteExternalTool /Applications/Xcode-27.0.0-Release.Candidate.app/Contents/Developer/Toolchains/XcodeDefault.xctoolchain/usr/bin/clang -v -E -dM -isysroot /Applications/Xcode-27.0.0-Release.Candidate.app/Contents/Developer/Platforms/XROS.platform/Developer/SDKs/XROS27.0.sdk -x c -c /dev/null
ExecuteExternalTool /Applications/Xcode-27.0.0-Release.Candidate.app/Contents/Developer/Toolchains/XcodeDefault.xctoolchain/usr/bin/swiftc --version
ExecuteExternalTool /Applications/Xcode-27.0.0-Release.Candidate.app/Contents/Developer/Toolchains/XcodeDefault.xctoolchain/usr/bin/ld -version_details
Build description signature: 695e81f7bdb6a5a7ed3c33fcfafa3aaa
Build description path: /Users/admin/builder/spi-builder-workspace/.derivedData/Build/Intermediates.noindex/XCBuildData/695e81f7bdb6a5a7ed3c33fcfafa3aaa.xcbuilddata
CreateBuildDirectory /Users/admin/builder/spi-builder-workspace/.derivedData/ModuleCache.noindex
cd /Users/admin/builder/spi-builder-workspace/.swiftpm/xcode
builtin-create-build-directory /Users/admin/builder/spi-builder-workspace/.derivedData/ModuleCache.noindex
CreateBuildDirectory /Users/admin/builder/spi-builder-workspace/.derivedData/CompilationCache.noindex
cd /Users/admin/builder/spi-builder-workspace/.swiftpm/xcode
builtin-create-build-directory /Users/admin/builder/spi-builder-workspace/.derivedData/CompilationCache.noindex
CreateBuildDirectory /Users/admin/builder/spi-builder-workspace/.derivedData/SDKExplicitPrecompiledModules
cd /Users/admin/builder/spi-builder-workspace/.swiftpm/xcode
builtin-create-build-directory /Users/admin/builder/spi-builder-workspace/.derivedData/SDKExplicitPrecompiledModules
CreateBuildDirectory /Users/admin/builder/spi-builder-workspace/.derivedData/Build/Products
cd /Users/admin/builder/spi-builder-workspace/.swiftpm/xcode
builtin-create-build-directory /Users/admin/builder/spi-builder-workspace/.derivedData/Build/Products
CreateBuildDirectory /Users/admin/builder/spi-builder-workspace/.derivedData/Build/Intermediates.noindex
cd /Users/admin/builder/spi-builder-workspace/.swiftpm/xcode
builtin-create-build-directory /Users/admin/builder/spi-builder-workspace/.derivedData/Build/Intermediates.noindex
ClangStatCache /Applications/Xcode-27.0.0-Release.Candidate.app/Contents/Developer/Toolchains/XcodeDefault.xctoolchain/usr/bin/clang-stat-cache /Applications/Xcode-27.0.0-Release.Candidate.app/Contents/Developer/Platforms/XROS.platform/Developer/SDKs/XROS27.0.sdk /Users/admin/builder/spi-builder-workspace/.derivedData/SDKStatCaches.noindex/xros27.0-24M361-e829b21a6f8c9b70876ba0858053c044735bd543db762f57723cac368afd1ce4.sdkstatcache
cd /Users/admin/builder/spi-builder-workspace/.swiftpm/xcode
/Applications/Xcode-27.0.0-Release.Candidate.app/Contents/Developer/Toolchains/XcodeDefault.xctoolchain/usr/bin/clang-stat-cache /Applications/Xcode-27.0.0-Release.Candidate.app/Contents/Developer/Platforms/XROS.platform/Developer/SDKs/XROS27.0.sdk -o /Users/admin/builder/spi-builder-workspace/.derivedData/SDKStatCaches.noindex/xros27.0-24M361-e829b21a6f8c9b70876ba0858053c044735bd543db762f57723cac368afd1ce4.sdkstatcache
CreateBuildDirectory /Users/admin/builder/spi-builder-workspace/.derivedData/Build/Intermediates.noindex/SwiftExplicitPrecompiledModules
cd /Users/admin/builder/spi-builder-workspace/.swiftpm/xcode
builtin-create-build-directory /Users/admin/builder/spi-builder-workspace/.derivedData/Build/Intermediates.noindex/SwiftExplicitPrecompiledModules
CreateBuildDirectory /Users/admin/builder/spi-builder-workspace/.derivedData/Build/Intermediates.noindex/PrecompiledHeaders
cd /Users/admin/builder/spi-builder-workspace/.swiftpm/xcode
builtin-create-build-directory /Users/admin/builder/spi-builder-workspace/.derivedData/Build/Intermediates.noindex/PrecompiledHeaders
CreateBuildDirectory /Users/admin/builder/spi-builder-workspace/.derivedData/Build/Intermediates.noindex/ExplicitPrecompiledModules
cd /Users/admin/builder/spi-builder-workspace/.swiftpm/xcode
builtin-create-build-directory /Users/admin/builder/spi-builder-workspace/.derivedData/Build/Intermediates.noindex/ExplicitPrecompiledModules
CreateBuildDirectory /Users/admin/builder/spi-builder-workspace/.derivedData/Build/Intermediates.noindex/EagerLinkingTBDs/Debug-xros
cd /Users/admin/builder/spi-builder-workspace/.swiftpm/xcode
builtin-create-build-directory /Users/admin/builder/spi-builder-workspace/.derivedData/Build/Intermediates.noindex/EagerLinkingTBDs/Debug-xros
CreateBuildDirectory /Users/admin/builder/spi-builder-workspace/.derivedData/Build/Products/Debug-xros
cd /Users/admin/builder/spi-builder-workspace/.swiftpm/xcode
builtin-create-build-directory /Users/admin/builder/spi-builder-workspace/.derivedData/Build/Products/Debug-xros
CreateBuildDirectory /Users/admin/builder/spi-builder-workspace/.derivedData/Build/Products/Debug-xros/PackageFrameworks
cd /Users/admin/builder/spi-builder-workspace/.swiftpm/xcode
builtin-create-build-directory /Users/admin/builder/spi-builder-workspace/.derivedData/Build/Products/Debug-xros/PackageFrameworks
WriteAuxiliaryFile /Users/admin/builder/spi-builder-workspace/.derivedData/Build/Intermediates.noindex/textbundleify.build/Debug-xros/TextBundleify-t.build/TextBundleify.DependencyStaticMetadataFileList (in target 'TextBundleify' from project 'textbundleify')
cd /Users/admin/builder/spi-builder-workspace
write-file /Users/admin/builder/spi-builder-workspace/.derivedData/Build/Intermediates.noindex/textbundleify.build/Debug-xros/TextBundleify-t.build/TextBundleify.DependencyStaticMetadataFileList
WriteAuxiliaryFile /Users/admin/builder/spi-builder-workspace/.derivedData/Build/Intermediates.noindex/textbundleify.build/Debug-xros/TextBundleify-t.build/TextBundleify.modulemap (in target 'TextBundleify' from project 'textbundleify')
cd /Users/admin/builder/spi-builder-workspace
write-file /Users/admin/builder/spi-builder-workspace/.derivedData/Build/Intermediates.noindex/textbundleify.build/Debug-xros/TextBundleify-t.build/TextBundleify.modulemap
WriteAuxiliaryFile /Users/admin/builder/spi-builder-workspace/.derivedData/Build/Intermediates.noindex/textbundleify.build/Debug-xros/textbundleify-p.build/textbundleify.DependencyMetadataFileList (in target 'textbundleify-product' from project 'textbundleify')
cd /Users/admin/builder/spi-builder-workspace
write-file /Users/admin/builder/spi-builder-workspace/.derivedData/Build/Intermediates.noindex/textbundleify.build/Debug-xros/textbundleify-p.build/textbundleify.DependencyMetadataFileList
WriteAuxiliaryFile /Users/admin/builder/spi-builder-workspace/.derivedData/Build/Intermediates.noindex/textbundleify.build/Debug-xros/textbundleify-p.build/textbundleify.DependencyStaticMetadataFileList (in target 'textbundleify-product' from project 'textbundleify')
cd /Users/admin/builder/spi-builder-workspace
write-file /Users/admin/builder/spi-builder-workspace/.derivedData/Build/Intermediates.noindex/textbundleify.build/Debug-xros/textbundleify-p.build/textbundleify.DependencyStaticMetadataFileList
WriteAuxiliaryFile /Users/admin/builder/spi-builder-workspace/.derivedData/Build/Intermediates.noindex/textbundleify.build/Debug-xros/textbundleify-p.build/Objects-normal/arm64/textbundleify.LinkFileList (in target 'textbundleify-product' from project 'textbundleify')
cd /Users/admin/builder/spi-builder-workspace
write-file /Users/admin/builder/spi-builder-workspace/.derivedData/Build/Intermediates.noindex/textbundleify.build/Debug-xros/textbundleify-p.build/Objects-normal/arm64/textbundleify.LinkFileList
WriteAuxiliaryFile /Users/admin/builder/spi-builder-workspace/.derivedData/Build/Intermediates.noindex/textbundleify.build/Debug-xros/textbundleify-p.build/Objects-normal/arm64/textbundleify.SwiftFileList (in target 'textbundleify-product' from project 'textbundleify')
cd /Users/admin/builder/spi-builder-workspace
write-file /Users/admin/builder/spi-builder-workspace/.derivedData/Build/Intermediates.noindex/textbundleify.build/Debug-xros/textbundleify-p.build/Objects-normal/arm64/textbundleify.SwiftFileList
WriteAuxiliaryFile /Users/admin/builder/spi-builder-workspace/.derivedData/Build/Intermediates.noindex/textbundleify.build/Debug-xros/textbundleify-p.build/Objects-normal/arm64/textbundleify_const_extract_protocols.json (in target 'textbundleify-product' from project 'textbundleify')
cd /Users/admin/builder/spi-builder-workspace
write-file /Users/admin/builder/spi-builder-workspace/.derivedData/Build/Intermediates.noindex/textbundleify.build/Debug-xros/textbundleify-p.build/Objects-normal/arm64/textbundleify_const_extract_protocols.json
WriteAuxiliaryFile /Users/admin/builder/spi-builder-workspace/.derivedData/Build/Intermediates.noindex/textbundleify.build/Debug-xros/textbundleify-p.build/Objects-normal/arm64/textbundleify-OutputFileMap.json (in target 'textbundleify-product' from project 'textbundleify')
cd /Users/admin/builder/spi-builder-workspace
write-file /Users/admin/builder/spi-builder-workspace/.derivedData/Build/Intermediates.noindex/textbundleify.build/Debug-xros/textbundleify-p.build/Objects-normal/arm64/textbundleify-OutputFileMap.json
WriteAuxiliaryFile /Users/admin/builder/spi-builder-workspace/.derivedData/Build/Intermediates.noindex/textbundleify.build/Debug-xros/TextBundleify-t.build/TextBundleify.DependencyMetadataFileList (in target 'TextBundleify' from project 'textbundleify')
cd /Users/admin/builder/spi-builder-workspace
write-file /Users/admin/builder/spi-builder-workspace/.derivedData/Build/Intermediates.noindex/textbundleify.build/Debug-xros/TextBundleify-t.build/TextBundleify.DependencyMetadataFileList
WriteAuxiliaryFile /Users/admin/builder/spi-builder-workspace/.derivedData/Build/Intermediates.noindex/textbundleify.build/Debug-xros/TextBundleify-t.build/Objects-normal/arm64/TextBundleify_const_extract_protocols.json (in target 'TextBundleify' from project 'textbundleify')
cd /Users/admin/builder/spi-builder-workspace
write-file /Users/admin/builder/spi-builder-workspace/.derivedData/Build/Intermediates.noindex/textbundleify.build/Debug-xros/TextBundleify-t.build/Objects-normal/arm64/TextBundleify_const_extract_protocols.json
WriteAuxiliaryFile /Users/admin/builder/spi-builder-workspace/.derivedData/Build/Intermediates.noindex/textbundleify.build/Debug-xros/TextBundleify-t.build/Objects-normal/arm64/TextBundleify.LinkFileList (in target 'TextBundleify' from project 'textbundleify')
cd /Users/admin/builder/spi-builder-workspace
write-file /Users/admin/builder/spi-builder-workspace/.derivedData/Build/Intermediates.noindex/textbundleify.build/Debug-xros/TextBundleify-t.build/Objects-normal/arm64/TextBundleify.LinkFileList
WriteAuxiliaryFile /Users/admin/builder/spi-builder-workspace/.derivedData/Build/Intermediates.noindex/textbundleify.build/Debug-xros/TextBundleify-t.build/Objects-normal/arm64/TextBundleify.SwiftFileList (in target 'TextBundleify' from project 'textbundleify')
cd /Users/admin/builder/spi-builder-workspace
write-file /Users/admin/builder/spi-builder-workspace/.derivedData/Build/Intermediates.noindex/textbundleify.build/Debug-xros/TextBundleify-t.build/Objects-normal/arm64/TextBundleify.SwiftFileList
WriteAuxiliaryFile /Users/admin/builder/spi-builder-workspace/.derivedData/Build/Intermediates.noindex/textbundleify.build/Debug-xros/TextBundleify-t.build/Objects-normal/arm64/TextBundleify.SwiftConstValuesFileList (in target 'TextBundleify' from project 'textbundleify')
cd /Users/admin/builder/spi-builder-workspace
write-file /Users/admin/builder/spi-builder-workspace/.derivedData/Build/Intermediates.noindex/textbundleify.build/Debug-xros/TextBundleify-t.build/Objects-normal/arm64/TextBundleify.SwiftConstValuesFileList
WriteAuxiliaryFile /Users/admin/builder/spi-builder-workspace/.derivedData/Build/Intermediates.noindex/textbundleify.build/Debug-xros/TextBundleify-t.build/Objects-normal/arm64/TextBundleify-OutputFileMap.json (in target 'TextBundleify' from project 'textbundleify')
cd /Users/admin/builder/spi-builder-workspace
write-file /Users/admin/builder/spi-builder-workspace/.derivedData/Build/Intermediates.noindex/textbundleify.build/Debug-xros/TextBundleify-t.build/Objects-normal/arm64/TextBundleify-OutputFileMap.json
Copy /Users/admin/builder/spi-builder-workspace/.derivedData/Build/Intermediates.noindex/GeneratedModuleMaps-xros/TextBundleify.modulemap /Users/admin/builder/spi-builder-workspace/.derivedData/Build/Intermediates.noindex/textbundleify.build/Debug-xros/TextBundleify-t.build/TextBundleify.modulemap (in target 'TextBundleify' from project 'textbundleify')
cd /Users/admin/builder/spi-builder-workspace
builtin-copy -exclude .DS_Store -exclude CVS -exclude .svn -exclude .git -exclude .hg -resolve-src-symlinks /Users/admin/builder/spi-builder-workspace/.derivedData/Build/Intermediates.noindex/textbundleify.build/Debug-xros/TextBundleify-t.build/TextBundleify.modulemap /Users/admin/builder/spi-builder-workspace/.derivedData/Build/Intermediates.noindex/GeneratedModuleMaps-xros
WriteAuxiliaryFile /Users/admin/builder/spi-builder-workspace/.derivedData/Build/Intermediates.noindex/PathKit.build/Debug-xros/PathKit-t.build/PathKit.DependencyMetadataFileList (in target 'PathKit' from project 'PathKit')
cd /Users/admin/builder/spi-builder-workspace/.dependencies/checkouts/PathKit
write-file /Users/admin/builder/spi-builder-workspace/.derivedData/Build/Intermediates.noindex/PathKit.build/Debug-xros/PathKit-t.build/PathKit.DependencyMetadataFileList
WriteAuxiliaryFile /Users/admin/builder/spi-builder-workspace/.derivedData/Build/Intermediates.noindex/PathKit.build/Debug-xros/PathKit-t.build/PathKit.DependencyStaticMetadataFileList (in target 'PathKit' from project 'PathKit')
cd /Users/admin/builder/spi-builder-workspace/.dependencies/checkouts/PathKit
write-file /Users/admin/builder/spi-builder-workspace/.derivedData/Build/Intermediates.noindex/PathKit.build/Debug-xros/PathKit-t.build/PathKit.DependencyStaticMetadataFileList
WriteAuxiliaryFile /Users/admin/builder/spi-builder-workspace/.derivedData/Build/Intermediates.noindex/PathKit.build/Debug-xros/PathKit-t.build/PathKit.modulemap (in target 'PathKit' from project 'PathKit')
cd /Users/admin/builder/spi-builder-workspace/.dependencies/checkouts/PathKit
write-file /Users/admin/builder/spi-builder-workspace/.derivedData/Build/Intermediates.noindex/PathKit.build/Debug-xros/PathKit-t.build/PathKit.modulemap
WriteAuxiliaryFile /Users/admin/builder/spi-builder-workspace/.derivedData/Build/Intermediates.noindex/PathKit.build/Debug-xros/PathKit-t.build/Objects-normal/arm64/PathKit.SwiftFileList (in target 'PathKit' from project 'PathKit')
cd /Users/admin/builder/spi-builder-workspace/.dependencies/checkouts/PathKit
write-file /Users/admin/builder/spi-builder-workspace/.derivedData/Build/Intermediates.noindex/PathKit.build/Debug-xros/PathKit-t.build/Objects-normal/arm64/PathKit.SwiftFileList
WriteAuxiliaryFile /Users/admin/builder/spi-builder-workspace/.derivedData/Build/Intermediates.noindex/PathKit.build/Debug-xros/PathKit-t.build/Objects-normal/arm64/PathKit_const_extract_protocols.json (in target 'PathKit' from project 'PathKit')
cd /Users/admin/builder/spi-builder-workspace/.dependencies/checkouts/PathKit
write-file /Users/admin/builder/spi-builder-workspace/.derivedData/Build/Intermediates.noindex/PathKit.build/Debug-xros/PathKit-t.build/Objects-normal/arm64/PathKit_const_extract_protocols.json
WriteAuxiliaryFile /Users/admin/builder/spi-builder-workspace/.derivedData/Build/Intermediates.noindex/PathKit.build/Debug-xros/PathKit-t.build/Objects-normal/arm64/PathKit.SwiftConstValuesFileList (in target 'PathKit' from project 'PathKit')
cd /Users/admin/builder/spi-builder-workspace/.dependencies/checkouts/PathKit
write-file /Users/admin/builder/spi-builder-workspace/.derivedData/Build/Intermediates.noindex/PathKit.build/Debug-xros/PathKit-t.build/Objects-normal/arm64/PathKit.SwiftConstValuesFileList
WriteAuxiliaryFile /Users/admin/builder/spi-builder-workspace/.derivedData/Build/Intermediates.noindex/PathKit.build/Debug-xros/PathKit-t.build/Objects-normal/arm64/PathKit.LinkFileList (in target 'PathKit' from project 'PathKit')
cd /Users/admin/builder/spi-builder-workspace/.dependencies/checkouts/PathKit
write-file /Users/admin/builder/spi-builder-workspace/.derivedData/Build/Intermediates.noindex/PathKit.build/Debug-xros/PathKit-t.build/Objects-normal/arm64/PathKit.LinkFileList
WriteAuxiliaryFile /Users/admin/builder/spi-builder-workspace/.derivedData/Build/Intermediates.noindex/PathKit.build/Debug-xros/PathKit-t.build/Objects-normal/arm64/PathKit-OutputFileMap.json (in target 'PathKit' from project 'PathKit')
cd /Users/admin/builder/spi-builder-workspace/.dependencies/checkouts/PathKit
write-file /Users/admin/builder/spi-builder-workspace/.derivedData/Build/Intermediates.noindex/PathKit.build/Debug-xros/PathKit-t.build/Objects-normal/arm64/PathKit-OutputFileMap.json
Copy /Users/admin/builder/spi-builder-workspace/.derivedData/Build/Intermediates.noindex/GeneratedModuleMaps-xros/PathKit.modulemap /Users/admin/builder/spi-builder-workspace/.derivedData/Build/Intermediates.noindex/PathKit.build/Debug-xros/PathKit-t.build/PathKit.modulemap (in target 'PathKit' from project 'PathKit')
cd /Users/admin/builder/spi-builder-workspace/.dependencies/checkouts/PathKit
builtin-copy -exclude .DS_Store -exclude CVS -exclude .svn -exclude .git -exclude .hg -resolve-src-symlinks /Users/admin/builder/spi-builder-workspace/.derivedData/Build/Intermediates.noindex/PathKit.build/Debug-xros/PathKit-t.build/PathKit.modulemap /Users/admin/builder/spi-builder-workspace/.derivedData/Build/Intermediates.noindex/GeneratedModuleMaps-xros
SwiftDriver PathKit normal arm64 com.apple.xcode.tools.swift.compiler (in target 'PathKit' from project 'PathKit')
cd /Users/admin/builder/spi-builder-workspace/.swiftpm/xcode
builtin-SwiftDriver -- /Applications/Xcode-27.0.0-Release.Candidate.app/Contents/Developer/Toolchains/XcodeDefault.xctoolchain/usr/bin/swiftc -parse-as-library -module-name PathKit -Onone @/Users/admin/builder/spi-builder-workspace/.derivedData/Build/Intermediates.noindex/PathKit.build/Debug-xros/PathKit-t.build/Objects-normal/arm64/PathKit.SwiftFileList -DSWIFT_PACKAGE -DDEBUG -DSWIFT_MODULE_RESOURCE_BUNDLE_UNAVAILABLE -DXcode -plugin-path /Applications/Xcode-27.0.0-Release.Candidate.app/Contents/Developer/Toolchains/XcodeDefault.xctoolchain/usr/lib/swift/host/plugins/testing -enable-experimental-feature DebugDescriptionMacro -sdk /Applications/Xcode-27.0.0-Release.Candidate.app/Contents/Developer/Platforms/XROS.platform/Developer/SDKs/XROS27.0.sdk -target arm64-apple-xros1.0 -g -module-cache-path /Users/admin/builder/spi-builder-workspace/.derivedData/ModuleCache.noindex -Xfrontend -serialize-debugging-options -enable-testing -suppress-warnings -index-store-path /Users/admin/builder/spi-builder-workspace/.derivedData/Index.noindex/DataStore -Xcc -D_LIBCPP_HARDENING_MODE\=_LIBCPP_HARDENING_MODE_DEBUG -swift-version 4.2 -I /Users/admin/builder/spi-builder-workspace/.derivedData/Build/Products/Debug-xros -Isystem /Applications/Xcode-27.0.0-Release.Candidate.app/Contents/Developer/Platforms/XROS.platform/Developer/usr/lib -F /Users/admin/builder/spi-builder-workspace/.derivedData/Build/Products/Debug-xros -F /Applications/Xcode-27.0.0-Release.Candidate.app/Contents/Developer/Platforms/XROS.platform/Developer/Library/Frameworks -F /Applications/Xcode-27.0.0-Release.Candidate.app/Contents/Developer/Platforms/XROS.platform/Developer/SDKs/XROS27.0.sdk/Developer/Library/Frameworks -c -j10 -enable-batch-mode -incremental -Xcc -ivfsstatcache -Xcc /Users/admin/builder/spi-builder-workspace/.derivedData/SDKStatCaches.noindex/xros27.0-24M361-e829b21a6f8c9b70876ba0858053c044735bd543db762f57723cac368afd1ce4.sdkstatcache -output-file-map /Users/admin/builder/spi-builder-workspace/.derivedData/Build/Intermediates.noindex/PathKit.build/Debug-xros/PathKit-t.build/Objects-normal/arm64/PathKit-OutputFileMap.json -save-temps -no-color-diagnostics -emit-dependencies -emit-module -emit-module-path /Users/admin/builder/spi-builder-workspace/.derivedData/Build/Intermediates.noindex/PathKit.build/Debug-xros/PathKit-t.build/Objects-normal/arm64/PathKit.swiftmodule -serialize-diagnostics -validate-clang-modules-once -clang-build-session-file /Users/admin/builder/spi-builder-workspace/.derivedData/ModuleCache.noindex/Session.modulevalidation -Xcc -fmodules-prune-interval\=86400 -Xcc -fmodules-prune-after\=345600 -emit-const-values -const-gather-protocols-list /Users/admin/builder/spi-builder-workspace/.derivedData/Build/Intermediates.noindex/PathKit.build/Debug-xros/PathKit-t.build/Objects-normal/arm64/PathKit_const_extract_protocols.json -Xcc -I/Users/admin/builder/spi-builder-workspace/.derivedData/Build/Products/Debug-xros/include -Xcc -I/Users/admin/builder/spi-builder-workspace/.derivedData/Build/Intermediates.noindex/PathKit.build/Debug-xros/PathKit-t.build/DerivedSources-normal/arm64 -Xcc -I/Users/admin/builder/spi-builder-workspace/.derivedData/Build/Intermediates.noindex/PathKit.build/Debug-xros/PathKit-t.build/DerivedSources/arm64 -Xcc -I/Users/admin/builder/spi-builder-workspace/.derivedData/Build/Intermediates.noindex/PathKit.build/Debug-xros/PathKit-t.build/DerivedSources -Xcc -DSWIFT_PACKAGE -Xcc -DDEBUG\=1 -emit-objc-header -emit-objc-header-path /Users/admin/builder/spi-builder-workspace/.derivedData/Build/Intermediates.noindex/PathKit.build/Debug-xros/PathKit-t.build/Objects-normal/arm64/PathKit-Swift.h -working-directory /Users/admin/builder/spi-builder-workspace/.swiftpm/xcode -experimental-emit-module-separately -disable-cmo
SwiftEmitModule normal arm64 Emitting\ module\ for\ PathKit (in target 'PathKit' from project 'PathKit')
SwiftCompile normal arm64 (in target 'PathKit' from project 'PathKit')
cd /Users/admin/builder/spi-builder-workspace/.swiftpm/xcode
SwiftCompile normal arm64 Compiling\ PathKit.swift /Users/admin/builder/spi-builder-workspace/.dependencies/checkouts/PathKit/Sources/PathKit.swift (in target 'PathKit' from project 'PathKit')
SwiftCompile normal arm64 /Users/admin/builder/spi-builder-workspace/.dependencies/checkouts/PathKit/Sources/PathKit.swift (in target 'PathKit' from project 'PathKit')
cd /Users/admin/builder/spi-builder-workspace/.swiftpm/xcode
builtin-SwiftPerFileCompile PathKit.swift
SwiftDriverJobDiscovery normal arm64 Emitting module for PathKit (in target 'PathKit' from project 'PathKit')
SwiftDriver\ Compilation\ Requirements PathKit normal arm64 com.apple.xcode.tools.swift.compiler (in target 'PathKit' from project 'PathKit')
cd /Users/admin/builder/spi-builder-workspace/.swiftpm/xcode
builtin-Swift-Compilation-Requirements -- /Applications/Xcode-27.0.0-Release.Candidate.app/Contents/Developer/Toolchains/XcodeDefault.xctoolchain/usr/bin/swiftc -parse-as-library -module-name PathKit -Onone @/Users/admin/builder/spi-builder-workspace/.derivedData/Build/Intermediates.noindex/PathKit.build/Debug-xros/PathKit-t.build/Objects-normal/arm64/PathKit.SwiftFileList -DSWIFT_PACKAGE -DDEBUG -DSWIFT_MODULE_RESOURCE_BUNDLE_UNAVAILABLE -DXcode -plugin-path /Applications/Xcode-27.0.0-Release.Candidate.app/Contents/Developer/Toolchains/XcodeDefault.xctoolchain/usr/lib/swift/host/plugins/testing -enable-experimental-feature DebugDescriptionMacro -sdk /Applications/Xcode-27.0.0-Release.Candidate.app/Contents/Developer/Platforms/XROS.platform/Developer/SDKs/XROS27.0.sdk -target arm64-apple-xros1.0 -g -module-cache-path /Users/admin/builder/spi-builder-workspace/.derivedData/ModuleCache.noindex -Xfrontend -serialize-debugging-options -enable-testing -suppress-warnings -index-store-path /Users/admin/builder/spi-builder-workspace/.derivedData/Index.noindex/DataStore -Xcc -D_LIBCPP_HARDENING_MODE\=_LIBCPP_HARDENING_MODE_DEBUG -swift-version 4.2 -I /Users/admin/builder/spi-builder-workspace/.derivedData/Build/Products/Debug-xros -Isystem /Applications/Xcode-27.0.0-Release.Candidate.app/Contents/Developer/Platforms/XROS.platform/Developer/usr/lib -F /Users/admin/builder/spi-builder-workspace/.derivedData/Build/Products/Debug-xros -F /Applications/Xcode-27.0.0-Release.Candidate.app/Contents/Developer/Platforms/XROS.platform/Developer/Library/Frameworks -F /Applications/Xcode-27.0.0-Release.Candidate.app/Contents/Developer/Platforms/XROS.platform/Developer/SDKs/XROS27.0.sdk/Developer/Library/Frameworks -c -j10 -enable-batch-mode -incremental -Xcc -ivfsstatcache -Xcc /Users/admin/builder/spi-builder-workspace/.derivedData/SDKStatCaches.noindex/xros27.0-24M361-e829b21a6f8c9b70876ba0858053c044735bd543db762f57723cac368afd1ce4.sdkstatcache -output-file-map /Users/admin/builder/spi-builder-workspace/.derivedData/Build/Intermediates.noindex/PathKit.build/Debug-xros/PathKit-t.build/Objects-normal/arm64/PathKit-OutputFileMap.json -save-temps -no-color-diagnostics -emit-dependencies -emit-module -emit-module-path /Users/admin/builder/spi-builder-workspace/.derivedData/Build/Intermediates.noindex/PathKit.build/Debug-xros/PathKit-t.build/Objects-normal/arm64/PathKit.swiftmodule -serialize-diagnostics -validate-clang-modules-once -clang-build-session-file /Users/admin/builder/spi-builder-workspace/.derivedData/ModuleCache.noindex/Session.modulevalidation -Xcc -fmodules-prune-interval\=86400 -Xcc -fmodules-prune-after\=345600 -emit-const-values -const-gather-protocols-list /Users/admin/builder/spi-builder-workspace/.derivedData/Build/Intermediates.noindex/PathKit.build/Debug-xros/PathKit-t.build/Objects-normal/arm64/PathKit_const_extract_protocols.json -Xcc -I/Users/admin/builder/spi-builder-workspace/.derivedData/Build/Products/Debug-xros/include -Xcc -I/Users/admin/builder/spi-builder-workspace/.derivedData/Build/Intermediates.noindex/PathKit.build/Debug-xros/PathKit-t.build/DerivedSources-normal/arm64 -Xcc -I/Users/admin/builder/spi-builder-workspace/.derivedData/Build/Intermediates.noindex/PathKit.build/Debug-xros/PathKit-t.build/DerivedSources/arm64 -Xcc -I/Users/admin/builder/spi-builder-workspace/.derivedData/Build/Intermediates.noindex/PathKit.build/Debug-xros/PathKit-t.build/DerivedSources -Xcc -DSWIFT_PACKAGE -Xcc -DDEBUG\=1 -emit-objc-header -emit-objc-header-path /Users/admin/builder/spi-builder-workspace/.derivedData/Build/Intermediates.noindex/PathKit.build/Debug-xros/PathKit-t.build/Objects-normal/arm64/PathKit-Swift.h -working-directory /Users/admin/builder/spi-builder-workspace/.swiftpm/xcode -experimental-emit-module-separately -disable-cmo
SwiftMergeGeneratedHeaders /Users/admin/builder/spi-builder-workspace/.derivedData/Build/Intermediates.noindex/GeneratedModuleMaps-xros/PathKit-Swift.h /Users/admin/builder/spi-builder-workspace/.derivedData/Build/Intermediates.noindex/PathKit.build/Debug-xros/PathKit-t.build/Objects-normal/arm64/PathKit-Swift.h (in target 'PathKit' from project 'PathKit')
cd /Users/admin/builder/spi-builder-workspace/.dependencies/checkouts/PathKit
builtin-swiftHeaderTool -arch arm64 /Users/admin/builder/spi-builder-workspace/.derivedData/Build/Intermediates.noindex/PathKit.build/Debug-xros/PathKit-t.build/Objects-normal/arm64/PathKit-Swift.h -o /Users/admin/builder/spi-builder-workspace/.derivedData/Build/Intermediates.noindex/GeneratedModuleMaps-xros/PathKit-Swift.h
Copy /Users/admin/builder/spi-builder-workspace/.derivedData/Build/Products/Debug-xros/PathKit.swiftmodule/arm64-apple-xros.swiftdoc /Users/admin/builder/spi-builder-workspace/.derivedData/Build/Intermediates.noindex/PathKit.build/Debug-xros/PathKit-t.build/Objects-normal/arm64/PathKit.swiftdoc (in target 'PathKit' from project 'PathKit')
cd /Users/admin/builder/spi-builder-workspace/.dependencies/checkouts/PathKit
builtin-copy -exclude .DS_Store -exclude CVS -exclude .svn -exclude .git -exclude .hg -resolve-src-symlinks -rename /Users/admin/builder/spi-builder-workspace/.derivedData/Build/Intermediates.noindex/PathKit.build/Debug-xros/PathKit-t.build/Objects-normal/arm64/PathKit.swiftdoc /Users/admin/builder/spi-builder-workspace/.derivedData/Build/Products/Debug-xros/PathKit.swiftmodule/arm64-apple-xros.swiftdoc
Copy /Users/admin/builder/spi-builder-workspace/.derivedData/Build/Products/Debug-xros/PathKit.swiftmodule/arm64-apple-xros.abi.json /Users/admin/builder/spi-builder-workspace/.derivedData/Build/Intermediates.noindex/PathKit.build/Debug-xros/PathKit-t.build/Objects-normal/arm64/PathKit.abi.json (in target 'PathKit' from project 'PathKit')
cd /Users/admin/builder/spi-builder-workspace/.dependencies/checkouts/PathKit
builtin-copy -exclude .DS_Store -exclude CVS -exclude .svn -exclude .git -exclude .hg -resolve-src-symlinks -rename /Users/admin/builder/spi-builder-workspace/.derivedData/Build/Intermediates.noindex/PathKit.build/Debug-xros/PathKit-t.build/Objects-normal/arm64/PathKit.abi.json /Users/admin/builder/spi-builder-workspace/.derivedData/Build/Products/Debug-xros/PathKit.swiftmodule/arm64-apple-xros.abi.json
Copy /Users/admin/builder/spi-builder-workspace/.derivedData/Build/Products/Debug-xros/PathKit.swiftmodule/arm64-apple-xros.swiftmodule /Users/admin/builder/spi-builder-workspace/.derivedData/Build/Intermediates.noindex/PathKit.build/Debug-xros/PathKit-t.build/Objects-normal/arm64/PathKit.swiftmodule (in target 'PathKit' from project 'PathKit')
cd /Users/admin/builder/spi-builder-workspace/.dependencies/checkouts/PathKit
builtin-copy -exclude .DS_Store -exclude CVS -exclude .svn -exclude .git -exclude .hg -resolve-src-symlinks -rename /Users/admin/builder/spi-builder-workspace/.derivedData/Build/Intermediates.noindex/PathKit.build/Debug-xros/PathKit-t.build/Objects-normal/arm64/PathKit.swiftmodule /Users/admin/builder/spi-builder-workspace/.derivedData/Build/Products/Debug-xros/PathKit.swiftmodule/arm64-apple-xros.swiftmodule
Copy /Users/admin/builder/spi-builder-workspace/.derivedData/Build/Products/Debug-xros/PathKit.swiftmodule/Project/arm64-apple-xros.swiftsourceinfo /Users/admin/builder/spi-builder-workspace/.derivedData/Build/Intermediates.noindex/PathKit.build/Debug-xros/PathKit-t.build/Objects-normal/arm64/PathKit.swiftsourceinfo (in target 'PathKit' from project 'PathKit')
cd /Users/admin/builder/spi-builder-workspace/.dependencies/checkouts/PathKit
builtin-copy -exclude .DS_Store -exclude CVS -exclude .svn -exclude .git -exclude .hg -resolve-src-symlinks -rename /Users/admin/builder/spi-builder-workspace/.derivedData/Build/Intermediates.noindex/PathKit.build/Debug-xros/PathKit-t.build/Objects-normal/arm64/PathKit.swiftsourceinfo /Users/admin/builder/spi-builder-workspace/.derivedData/Build/Products/Debug-xros/PathKit.swiftmodule/Project/arm64-apple-xros.swiftsourceinfo
SwiftDriver TextBundleify normal arm64 com.apple.xcode.tools.swift.compiler (in target 'TextBundleify' from project 'textbundleify')
cd /Users/admin/builder/spi-builder-workspace/.swiftpm/xcode
builtin-SwiftDriver -- /Applications/Xcode-27.0.0-Release.Candidate.app/Contents/Developer/Toolchains/XcodeDefault.xctoolchain/usr/bin/swiftc -parse-as-library -module-name TextBundleify -Onone @/Users/admin/builder/spi-builder-workspace/.derivedData/Build/Intermediates.noindex/textbundleify.build/Debug-xros/TextBundleify-t.build/Objects-normal/arm64/TextBundleify.SwiftFileList -DSWIFT_PACKAGE -DDEBUG -DSWIFT_MODULE_RESOURCE_BUNDLE_UNAVAILABLE -DXcode -plugin-path /Applications/Xcode-27.0.0-Release.Candidate.app/Contents/Developer/Toolchains/XcodeDefault.xctoolchain/usr/lib/swift/host/plugins/testing -enable-experimental-feature DebugDescriptionMacro -sdk /Applications/Xcode-27.0.0-Release.Candidate.app/Contents/Developer/Platforms/XROS.platform/Developer/SDKs/XROS27.0.sdk -target arm64-apple-xros1.0 -g -module-cache-path /Users/admin/builder/spi-builder-workspace/.derivedData/ModuleCache.noindex -Xfrontend -serialize-debugging-options -enable-testing -index-store-path /Users/admin/builder/spi-builder-workspace/.derivedData/Index.noindex/DataStore -Xcc -D_LIBCPP_HARDENING_MODE\=_LIBCPP_HARDENING_MODE_DEBUG -swift-version 4 -I /Users/admin/builder/spi-builder-workspace/.derivedData/Build/Products/Debug-xros -Isystem /Applications/Xcode-27.0.0-Release.Candidate.app/Contents/Developer/Platforms/XROS.platform/Developer/usr/lib -F /Users/admin/builder/spi-builder-workspace/.derivedData/Build/Products/Debug-xros/PackageFrameworks -F /Users/admin/builder/spi-builder-workspace/.derivedData/Build/Products/Debug-xros -F /Applications/Xcode-27.0.0-Release.Candidate.app/Contents/Developer/Platforms/XROS.platform/Developer/Library/Frameworks -F /Applications/Xcode-27.0.0-Release.Candidate.app/Contents/Developer/Platforms/XROS.platform/Developer/SDKs/XROS27.0.sdk/Developer/Library/Frameworks -c -j10 -enable-batch-mode -incremental -Xcc -ivfsstatcache -Xcc /Users/admin/builder/spi-builder-workspace/.derivedData/SDKStatCaches.noindex/xros27.0-24M361-e829b21a6f8c9b70876ba0858053c044735bd543db762f57723cac368afd1ce4.sdkstatcache -output-file-map /Users/admin/builder/spi-builder-workspace/.derivedData/Build/Intermediates.noindex/textbundleify.build/Debug-xros/TextBundleify-t.build/Objects-normal/arm64/TextBundleify-OutputFileMap.json -save-temps -no-color-diagnostics -emit-dependencies -emit-module -emit-module-path /Users/admin/builder/spi-builder-workspace/.derivedData/Build/Intermediates.noindex/textbundleify.build/Debug-xros/TextBundleify-t.build/Objects-normal/arm64/TextBundleify.swiftmodule -serialize-diagnostics -validate-clang-modules-once -clang-build-session-file /Users/admin/builder/spi-builder-workspace/.derivedData/ModuleCache.noindex/Session.modulevalidation -Xcc -fmodules-prune-interval\=86400 -Xcc -fmodules-prune-after\=345600 -emit-const-values -const-gather-protocols-list /Users/admin/builder/spi-builder-workspace/.derivedData/Build/Intermediates.noindex/textbundleify.build/Debug-xros/TextBundleify-t.build/Objects-normal/arm64/TextBundleify_const_extract_protocols.json -Xcc -I/Users/admin/builder/spi-builder-workspace/.derivedData/Build/Products/Debug-xros/include -Xcc -I/Users/admin/builder/spi-builder-workspace/.derivedData/Build/Intermediates.noindex/textbundleify.build/Debug-xros/TextBundleify-t.build/DerivedSources-normal/arm64 -Xcc -I/Users/admin/builder/spi-builder-workspace/.derivedData/Build/Intermediates.noindex/textbundleify.build/Debug-xros/TextBundleify-t.build/DerivedSources/arm64 -Xcc -I/Users/admin/builder/spi-builder-workspace/.derivedData/Build/Intermediates.noindex/textbundleify.build/Debug-xros/TextBundleify-t.build/DerivedSources -Xcc -DSWIFT_PACKAGE -Xcc -DDEBUG\=1 -emit-objc-header -emit-objc-header-path /Users/admin/builder/spi-builder-workspace/.derivedData/Build/Intermediates.noindex/textbundleify.build/Debug-xros/TextBundleify-t.build/Objects-normal/arm64/TextBundleify-Swift.h -working-directory /Users/admin/builder/spi-builder-workspace/.swiftpm/xcode -experimental-emit-module-separately -disable-cmo
SwiftEmitModule normal arm64 Emitting\ module\ for\ TextBundleify (in target 'TextBundleify' from project 'textbundleify')
SwiftCompile normal arm64 (in target 'TextBundleify' from project 'textbundleify')
cd /Users/admin/builder/spi-builder-workspace/.swiftpm/xcode
SwiftCompile normal arm64 Compiling\ TextBundleify.swift /Users/admin/builder/spi-builder-workspace/Sources/TextBundleify/TextBundleify.swift (in target 'TextBundleify' from project 'textbundleify')
/Users/admin/builder/spi-builder-workspace/Sources/TextBundleify/TextBundleify.swift:88:20: error: cannot find 'Process' in scope
86 | private static func filepathForFile(named filename: String, in path: Path) -> Path? {
87 | // adapted from https://gist.github.com/Seasons7/836d3676884a40c8c98a
88 | let task = Process()
| `- error: cannot find 'Process' in scope
89 | let pipe = Pipe()
90 |
Failed frontend command:
/Applications/Xcode-27.0.0-Release.Candidate.app/Contents/Developer/Toolchains/XcodeDefault.xctoolchain/usr/bin/swift-frontend -frontend -c /Users/admin/builder/spi-builder-workspace/Sources/TextBundleify/Console.swift -primary-file /Users/admin/builder/spi-builder-workspace/Sources/TextBundleify/TextBundleify.swift -emit-dependencies-path /Users/admin/builder/spi-builder-workspace/.derivedData/Build/Intermediates.noindex/textbundleify.build/Debug-xros/TextBundleify-t.build/Objects-normal/arm64/TextBundleify.d -emit-const-values-path /Users/admin/builder/spi-builder-workspace/.derivedData/Build/Intermediates.noindex/textbundleify.build/Debug-xros/TextBundleify-t.build/Objects-normal/arm64/TextBundleify.swiftconstvalues -emit-reference-dependencies-path /Users/admin/builder/spi-builder-workspace/.derivedData/Build/Intermediates.noindex/textbundleify.build/Debug-xros/TextBundleify-t.build/Objects-normal/arm64/TextBundleify.swiftdeps -serialize-diagnostics-path /Users/admin/builder/spi-builder-workspace/.derivedData/Build/Intermediates.noindex/textbundleify.build/Debug-xros/TextBundleify-t.build/Objects-normal/arm64/TextBundleify.dia -target arm64-apple-xros1.0 -Xllvm -aarch64-use-tbi -enable-objc-interop -stack-check -sdk /Applications/Xcode-27.0.0-Release.Candidate.app/Contents/Developer/Platforms/XROS.platform/Developer/SDKs/XROS27.0.sdk -I /Users/admin/builder/spi-builder-workspace/.derivedData/Build/Products/Debug-xros -Isystem /Applications/Xcode-27.0.0-Release.Candidate.app/Contents/Developer/Platforms/XROS.platform/Developer/usr/lib -F /Users/admin/builder/spi-builder-workspace/.derivedData/Build/Products/Debug-xros/PackageFrameworks -F /Users/admin/builder/spi-builder-workspace/.derivedData/Build/Products/Debug-xros -F /Applications/Xcode-27.0.0-Release.Candidate.app/Contents/Developer/Platforms/XROS.platform/Developer/Library/Frameworks -F /Applications/Xcode-27.0.0-Release.Candidate.app/Contents/Developer/Platforms/XROS.platform/Developer/SDKs/XROS27.0.sdk/Developer/Library/Frameworks -module-cache-path /Users/admin/builder/spi-builder-workspace/.derivedData/ModuleCache.noindex -no-color-diagnostics -Xcc -fno-color-diagnostics -enable-testing -g -debug-info-format\=dwarf -dwarf-version\=4 -swift-version 4 -Onone -D SWIFT_PACKAGE -D DEBUG -D SWIFT_MODULE_RESOURCE_BUNDLE_UNAVAILABLE -D Xcode -serialize-debugging-options -enable-experimental-feature DebugDescriptionMacro -empty-abi-descriptor -plugin-path /Applications/Xcode-27.0.0-Release.Candidate.app/Contents/Developer/Toolchains/XcodeDefault.xctoolchain/usr/lib/swift/host/plugins/testing -validate-clang-modules-once -clang-build-session-file /Users/admin/builder/spi-builder-workspace/.derivedData/ModuleCache.noindex/Session.modulevalidation -Xcc -working-directory -Xcc /Users/admin/builder/spi-builder-workspace/.swiftpm/xcode -enable-anonymous-context-mangled-names -file-compilation-dir /Users/admin/builder/spi-builder-workspace/.swiftpm/xcode -Xcc -D_LIBCPP_HARDENING_MODE\=_LIBCPP_HARDENING_MODE_DEBUG -Xcc -ivfsstatcache -Xcc /Users/admin/builder/spi-builder-workspace/.derivedData/SDKStatCaches.noindex/xros27.0-24M361-e829b21a6f8c9b70876ba0858053c044735bd543db762f57723cac368afd1ce4.sdkstatcache -Xcc -fmodules-prune-interval\=86400 -Xcc -fmodules-prune-after\=345600 -Xcc -I/Users/admin/builder/spi-builder-workspace/.derivedData/Build/Products/Debug-xros/include -Xcc -I/Users/admin/builder/spi-builder-workspace/.derivedData/Build/Intermediates.noindex/textbundleify.build/Debug-xros/TextBundleify-t.build/DerivedSources-normal/arm64 -Xcc -I/Users/admin/builder/spi-builder-workspace/.derivedData/Build/Intermediates.noindex/textbundleify.build/Debug-xros/TextBundleify-t.build/DerivedSources/arm64 -Xcc -I/Users/admin/builder/spi-builder-workspace/.derivedData/Build/Intermediates.noindex/textbundleify.build/Debug-xros/TextBundleify-t.build/DerivedSources -Xcc -DSWIFT_PACKAGE -Xcc -DDEBUG\=1 -no-auto-bridging-header-chaining -module-name TextBundleify -const-gather-protocols-file /Users/admin/builder/spi-builder-workspace/.derivedData/Build/Intermediates.noindex/textbundleify.build/Debug-xros/TextBundleify-t.build/Objects-normal/arm64/TextBundleify_const_extract_protocols.json -disable-clang-spi -target-sdk-version 27.0 -target-sdk-name xros27.0 -external-plugin-path /Applications/Xcode-27.0.0-Release.Candidate.app/Contents/Developer/Platforms/XROS.platform/Developer/usr/lib/swift/host/plugins\#/Applications/Xcode-27.0.0-Release.Candidate.app/Contents/Developer/Platforms/XROS.platform/Developer/usr/bin/swift-plugin-server -external-plugin-path /Applications/Xcode-27.0.0-Release.Candidate.app/Contents/Developer/Platforms/XROS.platform/Developer/usr/local/lib/swift/host/plugins\#/Applications/Xcode-27.0.0-Release.Candidate.app/Contents/Developer/Platforms/XROS.platform/Developer/usr/bin/swift-plugin-server -in-process-plugin-server-path /Applications/Xcode-27.0.0-Release.Candidate.app/Contents/Developer/Toolchains/XcodeDefault.xctoolchain/usr/lib/swift/host/libSwiftInProcPluginServer.dylib -plugin-path /Applications/Xcode-27.0.0-Release.Candidate.app/Contents/Developer/Toolchains/XcodeDefault.xctoolchain/usr/lib/swift/host/plugins -plugin-path /Applications/Xcode-27.0.0-Release.Candidate.app/Contents/Developer/Toolchains/XcodeDefault.xctoolchain/usr/local/lib/swift/host/plugins -parse-as-library -o /Users/admin/builder/spi-builder-workspace/.derivedData/Build/Intermediates.noindex/textbundleify.build/Debug-xros/TextBundleify-t.build/Objects-normal/arm64/TextBundleify.o -index-unit-output-path /textbundleify.build/Debug-xros/TextBundleify-t.build/Objects-normal/arm64/TextBundleify.o -index-store-path /Users/admin/builder/spi-builder-workspace/.derivedData/Index.noindex/DataStore -index-system-modules
SwiftCompile normal arm64 /Users/admin/builder/spi-builder-workspace/Sources/TextBundleify/TextBundleify.swift (in target 'TextBundleify' from project 'textbundleify')
cd /Users/admin/builder/spi-builder-workspace/.swiftpm/xcode
builtin-SwiftPerFileCompile TextBundleify.swift
SwiftCompile normal arm64 Compiling\ Console.swift /Users/admin/builder/spi-builder-workspace/Sources/TextBundleify/Console.swift (in target 'TextBundleify' from project 'textbundleify')
SwiftCompile normal arm64 /Users/admin/builder/spi-builder-workspace/Sources/TextBundleify/Console.swift (in target 'TextBundleify' from project 'textbundleify')
cd /Users/admin/builder/spi-builder-workspace/.swiftpm/xcode
builtin-SwiftPerFileCompile Console.swift
SwiftDriverJobDiscovery normal arm64 Compiling Console.swift (in target 'TextBundleify' from project 'textbundleify')
SwiftDriverJobDiscovery normal arm64 Compiling PathKit.swift (in target 'PathKit' from project 'PathKit')
SwiftDriver\ Compilation PathKit normal arm64 com.apple.xcode.tools.swift.compiler (in target 'PathKit' from project 'PathKit')
cd /Users/admin/builder/spi-builder-workspace/.swiftpm/xcode
builtin-Swift-Compilation -- /Applications/Xcode-27.0.0-Release.Candidate.app/Contents/Developer/Toolchains/XcodeDefault.xctoolchain/usr/bin/swiftc -parse-as-library -module-name PathKit -Onone @/Users/admin/builder/spi-builder-workspace/.derivedData/Build/Intermediates.noindex/PathKit.build/Debug-xros/PathKit-t.build/Objects-normal/arm64/PathKit.SwiftFileList -DSWIFT_PACKAGE -DDEBUG -DSWIFT_MODULE_RESOURCE_BUNDLE_UNAVAILABLE -DXcode -plugin-path /Applications/Xcode-27.0.0-Release.Candidate.app/Contents/Developer/Toolchains/XcodeDefault.xctoolchain/usr/lib/swift/host/plugins/testing -enable-experimental-feature DebugDescriptionMacro -sdk /Applications/Xcode-27.0.0-Release.Candidate.app/Contents/Developer/Platforms/XROS.platform/Developer/SDKs/XROS27.0.sdk -target arm64-apple-xros1.0 -g -module-cache-path /Users/admin/builder/spi-builder-workspace/.derivedData/ModuleCache.noindex -Xfrontend -serialize-debugging-options -enable-testing -suppress-warnings -index-store-path /Users/admin/builder/spi-builder-workspace/.derivedData/Index.noindex/DataStore -Xcc -D_LIBCPP_HARDENING_MODE\=_LIBCPP_HARDENING_MODE_DEBUG -swift-version 4.2 -I /Users/admin/builder/spi-builder-workspace/.derivedData/Build/Products/Debug-xros -Isystem /Applications/Xcode-27.0.0-Release.Candidate.app/Contents/Developer/Platforms/XROS.platform/Developer/usr/lib -F /Users/admin/builder/spi-builder-workspace/.derivedData/Build/Products/Debug-xros -F /Applications/Xcode-27.0.0-Release.Candidate.app/Contents/Developer/Platforms/XROS.platform/Developer/Library/Frameworks -F /Applications/Xcode-27.0.0-Release.Candidate.app/Contents/Developer/Platforms/XROS.platform/Developer/SDKs/XROS27.0.sdk/Developer/Library/Frameworks -c -j10 -enable-batch-mode -incremental -Xcc -ivfsstatcache -Xcc /Users/admin/builder/spi-builder-workspace/.derivedData/SDKStatCaches.noindex/xros27.0-24M361-e829b21a6f8c9b70876ba0858053c044735bd543db762f57723cac368afd1ce4.sdkstatcache -output-file-map /Users/admin/builder/spi-builder-workspace/.derivedData/Build/Intermediates.noindex/PathKit.build/Debug-xros/PathKit-t.build/Objects-normal/arm64/PathKit-OutputFileMap.json -save-temps -no-color-diagnostics -emit-dependencies -emit-module -emit-module-path /Users/admin/builder/spi-builder-workspace/.derivedData/Build/Intermediates.noindex/PathKit.build/Debug-xros/PathKit-t.build/Objects-normal/arm64/PathKit.swiftmodule -serialize-diagnostics -validate-clang-modules-once -clang-build-session-file /Users/admin/builder/spi-builder-workspace/.derivedData/ModuleCache.noindex/Session.modulevalidation -Xcc -fmodules-prune-interval\=86400 -Xcc -fmodules-prune-after\=345600 -emit-const-values -const-gather-protocols-list /Users/admin/builder/spi-builder-workspace/.derivedData/Build/Intermediates.noindex/PathKit.build/Debug-xros/PathKit-t.build/Objects-normal/arm64/PathKit_const_extract_protocols.json -Xcc -I/Users/admin/builder/spi-builder-workspace/.derivedData/Build/Products/Debug-xros/include -Xcc -I/Users/admin/builder/spi-builder-workspace/.derivedData/Build/Intermediates.noindex/PathKit.build/Debug-xros/PathKit-t.build/DerivedSources-normal/arm64 -Xcc -I/Users/admin/builder/spi-builder-workspace/.derivedData/Build/Intermediates.noindex/PathKit.build/Debug-xros/PathKit-t.build/DerivedSources/arm64 -Xcc -I/Users/admin/builder/spi-builder-workspace/.derivedData/Build/Intermediates.noindex/PathKit.build/Debug-xros/PathKit-t.build/DerivedSources -Xcc -DSWIFT_PACKAGE -Xcc -DDEBUG\=1 -emit-objc-header -emit-objc-header-path /Users/admin/builder/spi-builder-workspace/.derivedData/Build/Intermediates.noindex/PathKit.build/Debug-xros/PathKit-t.build/Objects-normal/arm64/PathKit-Swift.h -working-directory /Users/admin/builder/spi-builder-workspace/.swiftpm/xcode -experimental-emit-module-separately -disable-cmo
Ld /Users/admin/builder/spi-builder-workspace/.derivedData/Build/Products/Debug-xros/PathKit.o normal (in target 'PathKit' from project 'PathKit')
cd /Users/admin/builder/spi-builder-workspace/.dependencies/checkouts/PathKit
/Applications/Xcode-27.0.0-Release.Candidate.app/Contents/Developer/Toolchains/XcodeDefault.xctoolchain/usr/bin/clang -Xlinker -reproducible -target arm64-apple-xros1.0 -r -isysroot /Applications/Xcode-27.0.0-Release.Candidate.app/Contents/Developer/Platforms/XROS.platform/Developer/SDKs/XROS27.0.sdk -O0 -w -Xlinker -no_warn_duplicate_libraries -F/Users/admin/builder/spi-builder-workspace/.derivedData/Build/Intermediates.noindex/EagerLinkingTBDs/Debug-xros -F/Users/admin/builder/spi-builder-workspace/.derivedData/Build/Products/Debug-xros -iframework /Applications/Xcode-27.0.0-Release.Candidate.app/Contents/Developer/Platforms/XROS.platform/Developer/Library/Frameworks -iframework /Applications/Xcode-27.0.0-Release.Candidate.app/Contents/Developer/Platforms/XROS.platform/Developer/SDKs/XROS27.0.sdk/Developer/Library/Frameworks -filelist /Users/admin/builder/spi-builder-workspace/.derivedData/Build/Intermediates.noindex/PathKit.build/Debug-xros/PathKit-t.build/Objects-normal/arm64/PathKit.LinkFileList -nostdlib -Xlinker -object_path_lto -Xlinker /Users/admin/builder/spi-builder-workspace/.derivedData/Build/Intermediates.noindex/PathKit.build/Debug-xros/PathKit-t.build/Objects-normal/arm64/PathKit_lto.o -Xlinker -no_deduplicate -Xlinker -dependency_info -Xlinker /Users/admin/builder/spi-builder-workspace/.derivedData/Build/Intermediates.noindex/PathKit.build/Debug-xros/PathKit-t.build/Objects-normal/arm64/PathKit_dependency_info.dat -fobjc-link-runtime -L/Applications/Xcode-27.0.0-Release.Candidate.app/Contents/Developer/Toolchains/XcodeDefault.xctoolchain/usr/lib/swift/xros -L/usr/lib/swift -Xlinker -add_ast_path -Xlinker /Users/admin/builder/spi-builder-workspace/.derivedData/Build/Intermediates.noindex/PathKit.build/Debug-xros/PathKit-t.build/Objects-normal/arm64/PathKit.swiftmodule -o /Users/admin/builder/spi-builder-workspace/.derivedData/Build/Products/Debug-xros/PathKit.o
ExtractAppIntentsMetadata (in target 'PathKit' from project 'PathKit')
cd /Users/admin/builder/spi-builder-workspace/.dependencies/checkouts/PathKit
/Applications/Xcode-27.0.0-Release.Candidate.app/Contents/Developer/Toolchains/XcodeDefault.xctoolchain/usr/bin/appintentsmetadataprocessor --toolchain-dir /var/run/com.apple.security.cryptexd/mnt/com.apple.MobileAsset.MetalToolchain-v27.1.266.1.3vJOJJ/Metal.xctoolchain --module-name PathKit --sdk-root /Applications/Xcode-27.0.0-Release.Candidate.app/Contents/Developer/Platforms/XROS.platform/Developer/SDKs/XROS27.0.sdk --xcode-version 27A266a --platform-family xrOS --deployment-target 1.0 --bundle-identifier pathkit.PathKit --output /Users/admin/builder/spi-builder-workspace/.derivedData/Build/Products/Debug-xros/PathKit.appintents --target-triple arm64-apple-xros1.0 --binary-file /Users/admin/builder/spi-builder-workspace/.derivedData/Build/Products/Debug-xros/PathKit.o --dependency-file /Users/admin/builder/spi-builder-workspace/.derivedData/Build/Intermediates.noindex/PathKit.build/Debug-xros/PathKit-t.build/Objects-normal/arm64/PathKit_dependency_info.dat --stringsdata-file /Users/admin/builder/spi-builder-workspace/.derivedData/Build/Intermediates.noindex/PathKit.build/Debug-xros/PathKit-t.build/Objects-normal/arm64/ExtractedAppShortcutsMetadata.stringsdata --source-file-list /Users/admin/builder/spi-builder-workspace/.derivedData/Build/Intermediates.noindex/PathKit.build/Debug-xros/PathKit-t.build/Objects-normal/arm64/PathKit.SwiftFileList --metadata-file-list /Users/admin/builder/spi-builder-workspace/.derivedData/Build/Intermediates.noindex/PathKit.build/Debug-xros/PathKit-t.build/PathKit.DependencyMetadataFileList --static-metadata-file-list /Users/admin/builder/spi-builder-workspace/.derivedData/Build/Intermediates.noindex/PathKit.build/Debug-xros/PathKit-t.build/PathKit.DependencyStaticMetadataFileList --swift-const-vals-list /Users/admin/builder/spi-builder-workspace/.derivedData/Build/Intermediates.noindex/PathKit.build/Debug-xros/PathKit-t.build/Objects-normal/arm64/PathKit.SwiftConstValuesFileList --force --compile-time-extraction --deployment-aware-processing --no-app-shortcuts-localization
PruneExplicitPrecompiledModules /Users/admin/builder/spi-builder-workspace/.derivedData/Build/Intermediates.noindex/ExplicitPrecompiledModules
PruneExplicitPrecompiledModules /Users/admin/builder/spi-builder-workspace/.derivedData/SDKExplicitPrecompiledModules
PruneExplicitPrecompiledModules /Users/admin/builder/spi-builder-workspace/.derivedData/Build/Intermediates.noindex/SwiftExplicitPrecompiledModules
2026-09-16 22:59:04.246 xcodebuild[726:4647] [MT] IDERunDestination: Supported platforms for the buildables in the current scheme is empty.
** BUILD FAILED **
The following build commands failed:
SwiftCompile normal arm64 Compiling\ TextBundleify.swift /Users/admin/builder/spi-builder-workspace/Sources/TextBundleify/TextBundleify.swift (in target 'TextBundleify' from project 'textbundleify')
SwiftCompile normal arm64 /Users/admin/builder/spi-builder-workspace/Sources/TextBundleify/TextBundleify.swift (in target 'TextBundleify' from project 'textbundleify')
Building workspace textbundleify with scheme textbundleify-Package
(3 failures)
Command line invocation:
/Applications/Xcode-27.0.0-Release.Candidate.app/Contents/Developer/usr/bin/xcodebuild -IDEClonedSourcePackagesDirPathOverride=/Users/admin/builder/spi-builder-workspace/.dependencies -resolvePackageDependencies
Resolve Package Graph
Resolved source packages:
PathKit: https://github.com/kylef/PathKit.git @ 0.9.2
textbundleify: /Users/admin/builder/spi-builder-workspace
Spectre: https://github.com/kylef/Spectre.git @ 0.9.2
resolved source packages: PathKit, textbundleify, Spectre
2026-09-16 22:59:10.586 xcodebuild[780:4975] [MT] IDERunDestination: Supported platforms for the buildables in the current scheme is empty.
{
"dependencies" : [
{
"identity" : "pathkit",
"requirement" : {
"range" : [
{
"lower_bound" : "0.9.1",
"upper_bound" : "1.0.0"
}
]
},
"type" : "sourceControl",
"url" : "https://github.com/kylef/PathKit.git"
}
],
"manifest_display_name" : "textbundleify",
"name" : "textbundleify",
"path" : "/Users/admin/builder/spi-builder-workspace",
"platforms" : [
],
"products" : [
{
"name" : "textbundleify",
"targets" : [
"textbundleify-main"
],
"type" : {
"executable" : null
}
},
{
"name" : "TextBundleify",
"targets" : [
"TextBundleify"
],
"type" : {
"library" : [
"automatic"
]
}
}
],
"targets" : [
{
"c99name" : "textbundleify_main",
"module_type" : "SwiftTarget",
"name" : "textbundleify-main",
"path" : "Sources/textbundleify-main",
"product_memberships" : [
"textbundleify"
],
"sources" : [
"main.swift"
],
"target_dependencies" : [
"TextBundleify"
],
"type" : "executable"
},
{
"c99name" : "TextBundleify",
"module_type" : "SwiftTarget",
"name" : "TextBundleify",
"path" : "Sources/TextBundleify",
"product_dependencies" : [
"PathKit"
],
"product_memberships" : [
"textbundleify",
"TextBundleify"
],
"sources" : [
"Console.swift",
"TextBundleify.swift"
],
"type" : "library"
}
],
"tools_version" : "4.0"
}
{
"workspace" : {
"name" : "textbundleify",
"schemes" : [
"textbundleify",
"TextBundleify",
"textbundleify-Package"
]
}
}
2026-09-16 22:59:11.826 xcodebuild[788:5043] [MT] IDERunDestination: Supported platforms for the buildables in the current scheme is empty.
{
"workspace" : {
"name" : "textbundleify",
"schemes" : [
"textbundleify",
"TextBundleify",
"textbundleify-Package"
]
}
}
2026-09-16 22:59:12.854 xcodebuild[790:5076] [MT] IDERunDestination: Supported platforms for the buildables in the current scheme is empty.
Running build ...
env DEVELOPER_DIR=/Applications/Xcode-27.0.0-Release.Candidate.app xcrun xcodebuild -IDEClonedSourcePackagesDirPathOverride=$PWD/.dependencies -skipMacroValidation -skipPackagePluginValidation -derivedDataPath $PWD/.derivedData build -scheme textbundleify-Package -destination generic/platform=xrOS
Command line invocation:
/Applications/Xcode-27.0.0-Release.Candidate.app/Contents/Developer/usr/bin/xcodebuild -IDEClonedSourcePackagesDirPathOverride=/Users/admin/builder/spi-builder-workspace/.dependencies -skipMacroValidation -skipPackagePluginValidation -derivedDataPath /Users/admin/builder/spi-builder-workspace/.derivedData build -scheme textbundleify-Package -destination generic/platform=xrOS
Resolve Package Graph
Resolved source packages:
textbundleify: /Users/admin/builder/spi-builder-workspace
PathKit: https://github.com/kylef/PathKit.git @ 0.9.2
Spectre: https://github.com/kylef/Spectre.git @ 0.9.2
ComputePackagePrebuildTargetDependencyGraph
Prepare packages
CreateBuildRequest
SendProjectDescription
CreateBuildOperation
ComputeTargetDependencyGraph
note: Building targets in dependency order
note: Target dependency graph (5 targets)
Target 'textbundleify-product' in project 'textbundleify'
➜ Explicit dependency on target 'TextBundleify' in project 'textbundleify'
➜ Explicit dependency on target 'PathKit-product' in project 'PathKit'
Target 'TextBundleify-product' in project 'textbundleify'
➜ Explicit dependency on target 'TextBundleify' in project 'textbundleify'
➜ Explicit dependency on target 'PathKit-product' in project 'PathKit'
Target 'TextBundleify' in project 'textbundleify'
➜ Explicit dependency on target 'PathKit-product' in project 'PathKit'
Target 'PathKit-product' in project 'PathKit'
➜ Explicit dependency on target 'PathKit' in project 'PathKit'
Target 'PathKit' in project 'PathKit' (no dependencies)
GatherProvisioningInputs
CreateBuildDescription
ClangStatCache /Applications/Xcode-27.0.0-Release.Candidate.app/Contents/Developer/Toolchains/XcodeDefault.xctoolchain/usr/bin/clang-stat-cache /Applications/Xcode-27.0.0-Release.Candidate.app/Contents/Developer/Platforms/XROS.platform/Developer/SDKs/XROS27.0.sdk /Users/admin/builder/spi-builder-workspace/.derivedData/SDKStatCaches.noindex/xros27.0-24M361-e829b21a6f8c9b70876ba0858053c044735bd543db762f57723cac368afd1ce4.sdkstatcache
cd /Users/admin/builder/spi-builder-workspace/.swiftpm/xcode
/Applications/Xcode-27.0.0-Release.Candidate.app/Contents/Developer/Toolchains/XcodeDefault.xctoolchain/usr/bin/clang-stat-cache /Applications/Xcode-27.0.0-Release.Candidate.app/Contents/Developer/Platforms/XROS.platform/Developer/SDKs/XROS27.0.sdk -o /Users/admin/builder/spi-builder-workspace/.derivedData/SDKStatCaches.noindex/xros27.0-24M361-e829b21a6f8c9b70876ba0858053c044735bd543db762f57723cac368afd1ce4.sdkstatcache
SwiftDriver TextBundleify normal arm64 com.apple.xcode.tools.swift.compiler (in target 'TextBundleify' from project 'textbundleify')
cd /Users/admin/builder/spi-builder-workspace/.swiftpm/xcode
builtin-SwiftDriver -- /Applications/Xcode-27.0.0-Release.Candidate.app/Contents/Developer/Toolchains/XcodeDefault.xctoolchain/usr/bin/swiftc -parse-as-library -module-name TextBundleify -Onone @/Users/admin/builder/spi-builder-workspace/.derivedData/Build/Intermediates.noindex/textbundleify.build/Debug-xros/TextBundleify-t.build/Objects-normal/arm64/TextBundleify.SwiftFileList -DSWIFT_PACKAGE -DDEBUG -DSWIFT_MODULE_RESOURCE_BUNDLE_UNAVAILABLE -DXcode -plugin-path /Applications/Xcode-27.0.0-Release.Candidate.app/Contents/Developer/Toolchains/XcodeDefault.xctoolchain/usr/lib/swift/host/plugins/testing -enable-experimental-feature DebugDescriptionMacro -sdk /Applications/Xcode-27.0.0-Release.Candidate.app/Contents/Developer/Platforms/XROS.platform/Developer/SDKs/XROS27.0.sdk -target arm64-apple-xros1.0 -g -module-cache-path /Users/admin/builder/spi-builder-workspace/.derivedData/ModuleCache.noindex -Xfrontend -serialize-debugging-options -enable-testing -index-store-path /Users/admin/builder/spi-builder-workspace/.derivedData/Index.noindex/DataStore -Xcc -D_LIBCPP_HARDENING_MODE\=_LIBCPP_HARDENING_MODE_DEBUG -swift-version 4 -I /Users/admin/builder/spi-builder-workspace/.derivedData/Build/Products/Debug-xros -Isystem /Applications/Xcode-27.0.0-Release.Candidate.app/Contents/Developer/Platforms/XROS.platform/Developer/usr/lib -F /Users/admin/builder/spi-builder-workspace/.derivedData/Build/Products/Debug-xros/PackageFrameworks -F /Users/admin/builder/spi-builder-workspace/.derivedData/Build/Products/Debug-xros -F /Applications/Xcode-27.0.0-Release.Candidate.app/Contents/Developer/Platforms/XROS.platform/Developer/Library/Frameworks -F /Applications/Xcode-27.0.0-Release.Candidate.app/Contents/Developer/Platforms/XROS.platform/Developer/SDKs/XROS27.0.sdk/Developer/Library/Frameworks -c -j10 -enable-batch-mode -incremental -Xcc -ivfsstatcache -Xcc /Users/admin/builder/spi-builder-workspace/.derivedData/SDKStatCaches.noindex/xros27.0-24M361-e829b21a6f8c9b70876ba0858053c044735bd543db762f57723cac368afd1ce4.sdkstatcache -output-file-map /Users/admin/builder/spi-builder-workspace/.derivedData/Build/Intermediates.noindex/textbundleify.build/Debug-xros/TextBundleify-t.build/Objects-normal/arm64/TextBundleify-OutputFileMap.json -save-temps -no-color-diagnostics -emit-dependencies -emit-module -emit-module-path /Users/admin/builder/spi-builder-workspace/.derivedData/Build/Intermediates.noindex/textbundleify.build/Debug-xros/TextBundleify-t.build/Objects-normal/arm64/TextBundleify.swiftmodule -serialize-diagnostics -validate-clang-modules-once -clang-build-session-file /Users/admin/builder/spi-builder-workspace/.derivedData/ModuleCache.noindex/Session.modulevalidation -Xcc -fmodules-prune-interval\=86400 -Xcc -fmodules-prune-after\=345600 -emit-const-values -const-gather-protocols-list /Users/admin/builder/spi-builder-workspace/.derivedData/Build/Intermediates.noindex/textbundleify.build/Debug-xros/TextBundleify-t.build/Objects-normal/arm64/TextBundleify_const_extract_protocols.json -Xcc -I/Users/admin/builder/spi-builder-workspace/.derivedData/Build/Products/Debug-xros/include -Xcc -I/Users/admin/builder/spi-builder-workspace/.derivedData/Build/Intermediates.noindex/textbundleify.build/Debug-xros/TextBundleify-t.build/DerivedSources-normal/arm64 -Xcc -I/Users/admin/builder/spi-builder-workspace/.derivedData/Build/Intermediates.noindex/textbundleify.build/Debug-xros/TextBundleify-t.build/DerivedSources/arm64 -Xcc -I/Users/admin/builder/spi-builder-workspace/.derivedData/Build/Intermediates.noindex/textbundleify.build/Debug-xros/TextBundleify-t.build/DerivedSources -Xcc -DSWIFT_PACKAGE -Xcc -DDEBUG\=1 -emit-objc-header -emit-objc-header-path /Users/admin/builder/spi-builder-workspace/.derivedData/Build/Intermediates.noindex/textbundleify.build/Debug-xros/TextBundleify-t.build/Objects-normal/arm64/TextBundleify-Swift.h -working-directory /Users/admin/builder/spi-builder-workspace/.swiftpm/xcode -experimental-emit-module-separately -disable-cmo
ExtractAppIntentsMetadata (in target 'PathKit' from project 'PathKit')
cd /Users/admin/builder/spi-builder-workspace/.dependencies/checkouts/PathKit
/Applications/Xcode-27.0.0-Release.Candidate.app/Contents/Developer/Toolchains/XcodeDefault.xctoolchain/usr/bin/appintentsmetadataprocessor --toolchain-dir /var/run/com.apple.security.cryptexd/mnt/com.apple.MobileAsset.MetalToolchain-v27.1.266.1.3vJOJJ/Metal.xctoolchain --module-name PathKit --sdk-root /Applications/Xcode-27.0.0-Release.Candidate.app/Contents/Developer/Platforms/XROS.platform/Developer/SDKs/XROS27.0.sdk --xcode-version 27A266a --platform-family xrOS --deployment-target 1.0 --bundle-identifier pathkit.PathKit --output /Users/admin/builder/spi-builder-workspace/.derivedData/Build/Products/Debug-xros/PathKit.appintents --target-triple arm64-apple-xros1.0 --binary-file /Users/admin/builder/spi-builder-workspace/.derivedData/Build/Products/Debug-xros/PathKit.o --dependency-file /Users/admin/builder/spi-builder-workspace/.derivedData/Build/Intermediates.noindex/PathKit.build/Debug-xros/PathKit-t.build/Objects-normal/arm64/PathKit_dependency_info.dat --stringsdata-file /Users/admin/builder/spi-builder-workspace/.derivedData/Build/Intermediates.noindex/PathKit.build/Debug-xros/PathKit-t.build/Objects-normal/arm64/ExtractedAppShortcutsMetadata.stringsdata --source-file-list /Users/admin/builder/spi-builder-workspace/.derivedData/Build/Intermediates.noindex/PathKit.build/Debug-xros/PathKit-t.build/Objects-normal/arm64/PathKit.SwiftFileList --metadata-file-list /Users/admin/builder/spi-builder-workspace/.derivedData/Build/Intermediates.noindex/PathKit.build/Debug-xros/PathKit-t.build/PathKit.DependencyMetadataFileList --static-metadata-file-list /Users/admin/builder/spi-builder-workspace/.derivedData/Build/Intermediates.noindex/PathKit.build/Debug-xros/PathKit-t.build/PathKit.DependencyStaticMetadataFileList --swift-const-vals-list /Users/admin/builder/spi-builder-workspace/.derivedData/Build/Intermediates.noindex/PathKit.build/Debug-xros/PathKit-t.build/Objects-normal/arm64/PathKit.SwiftConstValuesFileList --force --compile-time-extraction --deployment-aware-processing --no-app-shortcuts-localization
2026-09-16 22:59:14.387 appintentsmetadataprocessor[794:5146] Starting appintentsmetadataprocessor export
2026-09-16 22:59:14.474 appintentsmetadataprocessor[794:5146] Extracted no relevant App Intents symbols, skipping writing output
SwiftEmitModule normal arm64 Emitting\ module\ for\ TextBundleify (in target 'TextBundleify' from project 'textbundleify')
SwiftCompile normal arm64 (in target 'TextBundleify' from project 'textbundleify')
cd /Users/admin/builder/spi-builder-workspace/.swiftpm/xcode
SwiftCompile normal arm64 Compiling\ TextBundleify.swift /Users/admin/builder/spi-builder-workspace/Sources/TextBundleify/TextBundleify.swift (in target 'TextBundleify' from project 'textbundleify')
SwiftCompile normal arm64 /Users/admin/builder/spi-builder-workspace/Sources/TextBundleify/TextBundleify.swift (in target 'TextBundleify' from project 'textbundleify')
cd /Users/admin/builder/spi-builder-workspace/.swiftpm/xcode
builtin-SwiftPerFileCompile TextBundleify.swift
/Users/admin/builder/spi-builder-workspace/Sources/TextBundleify/TextBundleify.swift:88:20: error: cannot find 'Process' in scope
86 | private static func filepathForFile(named filename: String, in path: Path) -> Path? {
87 | // adapted from https://gist.github.com/Seasons7/836d3676884a40c8c98a
88 | let task = Process()
| `- error: cannot find 'Process' in scope
89 | let pipe = Pipe()
90 |
Failed frontend command:
/Applications/Xcode-27.0.0-Release.Candidate.app/Contents/Developer/Toolchains/XcodeDefault.xctoolchain/usr/bin/swift-frontend -frontend -c /Users/admin/builder/spi-builder-workspace/Sources/TextBundleify/Console.swift -primary-file /Users/admin/builder/spi-builder-workspace/Sources/TextBundleify/TextBundleify.swift -emit-dependencies-path /Users/admin/builder/spi-builder-workspace/.derivedData/Build/Intermediates.noindex/textbundleify.build/Debug-xros/TextBundleify-t.build/Objects-normal/arm64/TextBundleify.d -emit-const-values-path /Users/admin/builder/spi-builder-workspace/.derivedData/Build/Intermediates.noindex/textbundleify.build/Debug-xros/TextBundleify-t.build/Objects-normal/arm64/TextBundleify.swiftconstvalues -emit-reference-dependencies-path /Users/admin/builder/spi-builder-workspace/.derivedData/Build/Intermediates.noindex/textbundleify.build/Debug-xros/TextBundleify-t.build/Objects-normal/arm64/TextBundleify.swiftdeps -serialize-diagnostics-path /Users/admin/builder/spi-builder-workspace/.derivedData/Build/Intermediates.noindex/textbundleify.build/Debug-xros/TextBundleify-t.build/Objects-normal/arm64/TextBundleify.dia -target arm64-apple-xros1.0 -Xllvm -aarch64-use-tbi -enable-objc-interop -stack-check -sdk /Applications/Xcode-27.0.0-Release.Candidate.app/Contents/Developer/Platforms/XROS.platform/Developer/SDKs/XROS27.0.sdk -I /Users/admin/builder/spi-builder-workspace/.derivedData/Build/Products/Debug-xros -Isystem /Applications/Xcode-27.0.0-Release.Candidate.app/Contents/Developer/Platforms/XROS.platform/Developer/usr/lib -F /Users/admin/builder/spi-builder-workspace/.derivedData/Build/Products/Debug-xros/PackageFrameworks -F /Users/admin/builder/spi-builder-workspace/.derivedData/Build/Products/Debug-xros -F /Applications/Xcode-27.0.0-Release.Candidate.app/Contents/Developer/Platforms/XROS.platform/Developer/Library/Frameworks -F /Applications/Xcode-27.0.0-Release.Candidate.app/Contents/Developer/Platforms/XROS.platform/Developer/SDKs/XROS27.0.sdk/Developer/Library/Frameworks -module-cache-path /Users/admin/builder/spi-builder-workspace/.derivedData/ModuleCache.noindex -no-color-diagnostics -Xcc -fno-color-diagnostics -enable-testing -g -debug-info-format\=dwarf -dwarf-version\=4 -swift-version 4 -Onone -D SWIFT_PACKAGE -D DEBUG -D SWIFT_MODULE_RESOURCE_BUNDLE_UNAVAILABLE -D Xcode -serialize-debugging-options -enable-experimental-feature DebugDescriptionMacro -empty-abi-descriptor -plugin-path /Applications/Xcode-27.0.0-Release.Candidate.app/Contents/Developer/Toolchains/XcodeDefault.xctoolchain/usr/lib/swift/host/plugins/testing -validate-clang-modules-once -clang-build-session-file /Users/admin/builder/spi-builder-workspace/.derivedData/ModuleCache.noindex/Session.modulevalidation -Xcc -working-directory -Xcc /Users/admin/builder/spi-builder-workspace/.swiftpm/xcode -enable-anonymous-context-mangled-names -file-compilation-dir /Users/admin/builder/spi-builder-workspace/.swiftpm/xcode -Xcc -D_LIBCPP_HARDENING_MODE\=_LIBCPP_HARDENING_MODE_DEBUG -Xcc -ivfsstatcache -Xcc /Users/admin/builder/spi-builder-workspace/.derivedData/SDKStatCaches.noindex/xros27.0-24M361-e829b21a6f8c9b70876ba0858053c044735bd543db762f57723cac368afd1ce4.sdkstatcache -Xcc -fmodules-prune-interval\=86400 -Xcc -fmodules-prune-after\=345600 -Xcc -I/Users/admin/builder/spi-builder-workspace/.derivedData/Build/Products/Debug-xros/include -Xcc -I/Users/admin/builder/spi-builder-workspace/.derivedData/Build/Intermediates.noindex/textbundleify.build/Debug-xros/TextBundleify-t.build/DerivedSources-normal/arm64 -Xcc -I/Users/admin/builder/spi-builder-workspace/.derivedData/Build/Intermediates.noindex/textbundleify.build/Debug-xros/TextBundleify-t.build/DerivedSources/arm64 -Xcc -I/Users/admin/builder/spi-builder-workspace/.derivedData/Build/Intermediates.noindex/textbundleify.build/Debug-xros/TextBundleify-t.build/DerivedSources -Xcc -DSWIFT_PACKAGE -Xcc -DDEBUG\=1 -no-auto-bridging-header-chaining -module-name TextBundleify -const-gather-protocols-file /Users/admin/builder/spi-builder-workspace/.derivedData/Build/Intermediates.noindex/textbundleify.build/Debug-xros/TextBundleify-t.build/Objects-normal/arm64/TextBundleify_const_extract_protocols.json -disable-clang-spi -target-sdk-version 27.0 -target-sdk-name xros27.0 -external-plugin-path /Applications/Xcode-27.0.0-Release.Candidate.app/Contents/Developer/Platforms/XROS.platform/Developer/usr/lib/swift/host/plugins\#/Applications/Xcode-27.0.0-Release.Candidate.app/Contents/Developer/Platforms/XROS.platform/Developer/usr/bin/swift-plugin-server -external-plugin-path /Applications/Xcode-27.0.0-Release.Candidate.app/Contents/Developer/Platforms/XROS.platform/Developer/usr/local/lib/swift/host/plugins\#/Applications/Xcode-27.0.0-Release.Candidate.app/Contents/Developer/Platforms/XROS.platform/Developer/usr/bin/swift-plugin-server -in-process-plugin-server-path /Applications/Xcode-27.0.0-Release.Candidate.app/Contents/Developer/Toolchains/XcodeDefault.xctoolchain/usr/lib/swift/host/libSwiftInProcPluginServer.dylib -plugin-path /Applications/Xcode-27.0.0-Release.Candidate.app/Contents/Developer/Toolchains/XcodeDefault.xctoolchain/usr/lib/swift/host/plugins -plugin-path /Applications/Xcode-27.0.0-Release.Candidate.app/Contents/Developer/Toolchains/XcodeDefault.xctoolchain/usr/local/lib/swift/host/plugins -parse-as-library -o /Users/admin/builder/spi-builder-workspace/.derivedData/Build/Intermediates.noindex/textbundleify.build/Debug-xros/TextBundleify-t.build/Objects-normal/arm64/TextBundleify.o -index-unit-output-path /textbundleify.build/Debug-xros/TextBundleify-t.build/Objects-normal/arm64/TextBundleify.o -index-store-path /Users/admin/builder/spi-builder-workspace/.derivedData/Index.noindex/DataStore -index-system-modules
SwiftDriverJobDiscovery normal arm64 Emitting module for TextBundleify (in target 'TextBundleify' from project 'textbundleify')
SwiftDriver\ Compilation\ Requirements TextBundleify normal arm64 com.apple.xcode.tools.swift.compiler (in target 'TextBundleify' from project 'textbundleify')
cd /Users/admin/builder/spi-builder-workspace/.swiftpm/xcode
builtin-Swift-Compilation-Requirements -- /Applications/Xcode-27.0.0-Release.Candidate.app/Contents/Developer/Toolchains/XcodeDefault.xctoolchain/usr/bin/swiftc -parse-as-library -module-name TextBundleify -Onone @/Users/admin/builder/spi-builder-workspace/.derivedData/Build/Intermediates.noindex/textbundleify.build/Debug-xros/TextBundleify-t.build/Objects-normal/arm64/TextBundleify.SwiftFileList -DSWIFT_PACKAGE -DDEBUG -DSWIFT_MODULE_RESOURCE_BUNDLE_UNAVAILABLE -DXcode -plugin-path /Applications/Xcode-27.0.0-Release.Candidate.app/Contents/Developer/Toolchains/XcodeDefault.xctoolchain/usr/lib/swift/host/plugins/testing -enable-experimental-feature DebugDescriptionMacro -sdk /Applications/Xcode-27.0.0-Release.Candidate.app/Contents/Developer/Platforms/XROS.platform/Developer/SDKs/XROS27.0.sdk -target arm64-apple-xros1.0 -g -module-cache-path /Users/admin/builder/spi-builder-workspace/.derivedData/ModuleCache.noindex -Xfrontend -serialize-debugging-options -enable-testing -index-store-path /Users/admin/builder/spi-builder-workspace/.derivedData/Index.noindex/DataStore -Xcc -D_LIBCPP_HARDENING_MODE\=_LIBCPP_HARDENING_MODE_DEBUG -swift-version 4 -I /Users/admin/builder/spi-builder-workspace/.derivedData/Build/Products/Debug-xros -Isystem /Applications/Xcode-27.0.0-Release.Candidate.app/Contents/Developer/Platforms/XROS.platform/Developer/usr/lib -F /Users/admin/builder/spi-builder-workspace/.derivedData/Build/Products/Debug-xros/PackageFrameworks -F /Users/admin/builder/spi-builder-workspace/.derivedData/Build/Products/Debug-xros -F /Applications/Xcode-27.0.0-Release.Candidate.app/Contents/Developer/Platforms/XROS.platform/Developer/Library/Frameworks -F /Applications/Xcode-27.0.0-Release.Candidate.app/Contents/Developer/Platforms/XROS.platform/Developer/SDKs/XROS27.0.sdk/Developer/Library/Frameworks -c -j10 -enable-batch-mode -incremental -Xcc -ivfsstatcache -Xcc /Users/admin/builder/spi-builder-workspace/.derivedData/SDKStatCaches.noindex/xros27.0-24M361-e829b21a6f8c9b70876ba0858053c044735bd543db762f57723cac368afd1ce4.sdkstatcache -output-file-map /Users/admin/builder/spi-builder-workspace/.derivedData/Build/Intermediates.noindex/textbundleify.build/Debug-xros/TextBundleify-t.build/Objects-normal/arm64/TextBundleify-OutputFileMap.json -save-temps -no-color-diagnostics -emit-dependencies -emit-module -emit-module-path /Users/admin/builder/spi-builder-workspace/.derivedData/Build/Intermediates.noindex/textbundleify.build/Debug-xros/TextBundleify-t.build/Objects-normal/arm64/TextBundleify.swiftmodule -serialize-diagnostics -validate-clang-modules-once -clang-build-session-file /Users/admin/builder/spi-builder-workspace/.derivedData/ModuleCache.noindex/Session.modulevalidation -Xcc -fmodules-prune-interval\=86400 -Xcc -fmodules-prune-after\=345600 -emit-const-values -const-gather-protocols-list /Users/admin/builder/spi-builder-workspace/.derivedData/Build/Intermediates.noindex/textbundleify.build/Debug-xros/TextBundleify-t.build/Objects-normal/arm64/TextBundleify_const_extract_protocols.json -Xcc -I/Users/admin/builder/spi-builder-workspace/.derivedData/Build/Products/Debug-xros/include -Xcc -I/Users/admin/builder/spi-builder-workspace/.derivedData/Build/Intermediates.noindex/textbundleify.build/Debug-xros/TextBundleify-t.build/DerivedSources-normal/arm64 -Xcc -I/Users/admin/builder/spi-builder-workspace/.derivedData/Build/Intermediates.noindex/textbundleify.build/Debug-xros/TextBundleify-t.build/DerivedSources/arm64 -Xcc -I/Users/admin/builder/spi-builder-workspace/.derivedData/Build/Intermediates.noindex/textbundleify.build/Debug-xros/TextBundleify-t.build/DerivedSources -Xcc -DSWIFT_PACKAGE -Xcc -DDEBUG\=1 -emit-objc-header -emit-objc-header-path /Users/admin/builder/spi-builder-workspace/.derivedData/Build/Intermediates.noindex/textbundleify.build/Debug-xros/TextBundleify-t.build/Objects-normal/arm64/TextBundleify-Swift.h -working-directory /Users/admin/builder/spi-builder-workspace/.swiftpm/xcode -experimental-emit-module-separately -disable-cmo
SwiftMergeGeneratedHeaders /Users/admin/builder/spi-builder-workspace/.derivedData/Build/Intermediates.noindex/GeneratedModuleMaps-xros/TextBundleify-Swift.h /Users/admin/builder/spi-builder-workspace/.derivedData/Build/Intermediates.noindex/textbundleify.build/Debug-xros/TextBundleify-t.build/Objects-normal/arm64/TextBundleify-Swift.h (in target 'TextBundleify' from project 'textbundleify')
cd /Users/admin/builder/spi-builder-workspace
builtin-swiftHeaderTool -arch arm64 /Users/admin/builder/spi-builder-workspace/.derivedData/Build/Intermediates.noindex/textbundleify.build/Debug-xros/TextBundleify-t.build/Objects-normal/arm64/TextBundleify-Swift.h -o /Users/admin/builder/spi-builder-workspace/.derivedData/Build/Intermediates.noindex/GeneratedModuleMaps-xros/TextBundleify-Swift.h
Copy /Users/admin/builder/spi-builder-workspace/.derivedData/Build/Products/Debug-xros/TextBundleify.swiftmodule/arm64-apple-xros.swiftdoc /Users/admin/builder/spi-builder-workspace/.derivedData/Build/Intermediates.noindex/textbundleify.build/Debug-xros/TextBundleify-t.build/Objects-normal/arm64/TextBundleify.swiftdoc (in target 'TextBundleify' from project 'textbundleify')
cd /Users/admin/builder/spi-builder-workspace
builtin-copy -exclude .DS_Store -exclude CVS -exclude .svn -exclude .git -exclude .hg -resolve-src-symlinks -rename /Users/admin/builder/spi-builder-workspace/.derivedData/Build/Intermediates.noindex/textbundleify.build/Debug-xros/TextBundleify-t.build/Objects-normal/arm64/TextBundleify.swiftdoc /Users/admin/builder/spi-builder-workspace/.derivedData/Build/Products/Debug-xros/TextBundleify.swiftmodule/arm64-apple-xros.swiftdoc
Copy /Users/admin/builder/spi-builder-workspace/.derivedData/Build/Products/Debug-xros/TextBundleify.swiftmodule/arm64-apple-xros.swiftmodule /Users/admin/builder/spi-builder-workspace/.derivedData/Build/Intermediates.noindex/textbundleify.build/Debug-xros/TextBundleify-t.build/Objects-normal/arm64/TextBundleify.swiftmodule (in target 'TextBundleify' from project 'textbundleify')
cd /Users/admin/builder/spi-builder-workspace
builtin-copy -exclude .DS_Store -exclude CVS -exclude .svn -exclude .git -exclude .hg -resolve-src-symlinks -rename /Users/admin/builder/spi-builder-workspace/.derivedData/Build/Intermediates.noindex/textbundleify.build/Debug-xros/TextBundleify-t.build/Objects-normal/arm64/TextBundleify.swiftmodule /Users/admin/builder/spi-builder-workspace/.derivedData/Build/Products/Debug-xros/TextBundleify.swiftmodule/arm64-apple-xros.swiftmodule
Copy /Users/admin/builder/spi-builder-workspace/.derivedData/Build/Products/Debug-xros/TextBundleify.swiftmodule/arm64-apple-xros.abi.json /Users/admin/builder/spi-builder-workspace/.derivedData/Build/Intermediates.noindex/textbundleify.build/Debug-xros/TextBundleify-t.build/Objects-normal/arm64/TextBundleify.abi.json (in target 'TextBundleify' from project 'textbundleify')
cd /Users/admin/builder/spi-builder-workspace
builtin-copy -exclude .DS_Store -exclude CVS -exclude .svn -exclude .git -exclude .hg -resolve-src-symlinks -rename /Users/admin/builder/spi-builder-workspace/.derivedData/Build/Intermediates.noindex/textbundleify.build/Debug-xros/TextBundleify-t.build/Objects-normal/arm64/TextBundleify.abi.json /Users/admin/builder/spi-builder-workspace/.derivedData/Build/Products/Debug-xros/TextBundleify.swiftmodule/arm64-apple-xros.abi.json
Copy /Users/admin/builder/spi-builder-workspace/.derivedData/Build/Products/Debug-xros/TextBundleify.swiftmodule/Project/arm64-apple-xros.swiftsourceinfo /Users/admin/builder/spi-builder-workspace/.derivedData/Build/Intermediates.noindex/textbundleify.build/Debug-xros/TextBundleify-t.build/Objects-normal/arm64/TextBundleify.swiftsourceinfo (in target 'TextBundleify' from project 'textbundleify')
cd /Users/admin/builder/spi-builder-workspace
builtin-copy -exclude .DS_Store -exclude CVS -exclude .svn -exclude .git -exclude .hg -resolve-src-symlinks -rename /Users/admin/builder/spi-builder-workspace/.derivedData/Build/Intermediates.noindex/textbundleify.build/Debug-xros/TextBundleify-t.build/Objects-normal/arm64/TextBundleify.swiftsourceinfo /Users/admin/builder/spi-builder-workspace/.derivedData/Build/Products/Debug-xros/TextBundleify.swiftmodule/Project/arm64-apple-xros.swiftsourceinfo
SwiftDriver textbundleify normal arm64 com.apple.xcode.tools.swift.compiler (in target 'textbundleify-product' from project 'textbundleify')
cd /Users/admin/builder/spi-builder-workspace/.swiftpm/xcode
builtin-SwiftDriver -- /Applications/Xcode-27.0.0-Release.Candidate.app/Contents/Developer/Toolchains/XcodeDefault.xctoolchain/usr/bin/swiftc -module-name textbundleify_main -Onone @/Users/admin/builder/spi-builder-workspace/.derivedData/Build/Intermediates.noindex/textbundleify.build/Debug-xros/textbundleify-p.build/Objects-normal/arm64/textbundleify.SwiftFileList -DSWIFT_PACKAGE -DDEBUG -DXcode -plugin-path /Applications/Xcode-27.0.0-Release.Candidate.app/Contents/Developer/Toolchains/XcodeDefault.xctoolchain/usr/lib/swift/host/plugins/testing -enable-experimental-feature DebugDescriptionMacro -sdk /Applications/Xcode-27.0.0-Release.Candidate.app/Contents/Developer/Platforms/XROS.platform/Developer/SDKs/XROS27.0.sdk -target arm64-apple-xros1.0 -g -module-cache-path /Users/admin/builder/spi-builder-workspace/.derivedData/ModuleCache.noindex -Xfrontend -serialize-debugging-options -enable-testing -index-store-path /Users/admin/builder/spi-builder-workspace/.derivedData/Index.noindex/DataStore -Xcc -D_LIBCPP_HARDENING_MODE\=_LIBCPP_HARDENING_MODE_DEBUG -swift-version 4 -I /Users/admin/builder/spi-builder-workspace/.derivedData/Build/Products/Debug-xros -Isystem /Applications/Xcode-27.0.0-Release.Candidate.app/Contents/Developer/Platforms/XROS.platform/Developer/usr/lib -F /Users/admin/builder/spi-builder-workspace/.derivedData/Build/Products/Debug-xros/PackageFrameworks -F /Users/admin/builder/spi-builder-workspace/.derivedData/Build/Products/Debug-xros -F /Applications/Xcode-27.0.0-Release.Candidate.app/Contents/Developer/Platforms/XROS.platform/Developer/Library/Frameworks -F /Applications/Xcode-27.0.0-Release.Candidate.app/Contents/Developer/Platforms/XROS.platform/Developer/SDKs/XROS27.0.sdk/Developer/Library/Frameworks -c -j10 -enable-batch-mode -incremental -Xcc -ivfsstatcache -Xcc /Users/admin/builder/spi-builder-workspace/.derivedData/SDKStatCaches.noindex/xros27.0-24M361-e829b21a6f8c9b70876ba0858053c044735bd543db762f57723cac368afd1ce4.sdkstatcache -output-file-map /Users/admin/builder/spi-builder-workspace/.derivedData/Build/Intermediates.noindex/textbundleify.build/Debug-xros/textbundleify-p.build/Objects-normal/arm64/textbundleify-OutputFileMap.json -save-temps -no-color-diagnostics -emit-dependencies -emit-module -emit-module-path /Users/admin/builder/spi-builder-workspace/.derivedData/Build/Intermediates.noindex/textbundleify.build/Debug-xros/textbundleify-p.build/Objects-normal/arm64/textbundleify_main.swiftmodule -serialize-diagnostics -validate-clang-modules-once -clang-build-session-file /Users/admin/builder/spi-builder-workspace/.derivedData/ModuleCache.noindex/Session.modulevalidation -Xcc -fmodules-prune-interval\=86400 -Xcc -fmodules-prune-after\=345600 -emit-const-values -const-gather-protocols-list /Users/admin/builder/spi-builder-workspace/.derivedData/Build/Intermediates.noindex/textbundleify.build/Debug-xros/textbundleify-p.build/Objects-normal/arm64/textbundleify_const_extract_protocols.json -Xcc -I/Users/admin/builder/spi-builder-workspace/.derivedData/Build/Products/Debug-xros/include -Xcc -I/Users/admin/builder/spi-builder-workspace/.derivedData/Build/Intermediates.noindex/textbundleify.build/Debug-xros/textbundleify-p.build/DerivedSources-normal/arm64 -Xcc -I/Users/admin/builder/spi-builder-workspace/.derivedData/Build/Intermediates.noindex/textbundleify.build/Debug-xros/textbundleify-p.build/DerivedSources/arm64 -Xcc -I/Users/admin/builder/spi-builder-workspace/.derivedData/Build/Intermediates.noindex/textbundleify.build/Debug-xros/textbundleify-p.build/DerivedSources -Xcc -DSWIFT_PACKAGE -Xcc -DDEBUG\=1 -working-directory /Users/admin/builder/spi-builder-workspace/.swiftpm/xcode -experimental-emit-module-separately -disable-cmo
SwiftCompile normal arm64 Compiling\ main.swift /Users/admin/builder/spi-builder-workspace/Sources/textbundleify-main/main.swift (in target 'textbundleify-product' from project 'textbundleify')
SwiftCompile normal arm64 /Users/admin/builder/spi-builder-workspace/Sources/textbundleify-main/main.swift (in target 'textbundleify-product' from project 'textbundleify')
cd /Users/admin/builder/spi-builder-workspace/.swiftpm/xcode
builtin-SwiftPerFileCompile main.swift
SwiftEmitModule normal arm64 Emitting\ module\ for\ textbundleify_main (in target 'textbundleify-product' from project 'textbundleify')
SwiftCompile normal arm64 (in target 'textbundleify-product' from project 'textbundleify')
cd /Users/admin/builder/spi-builder-workspace/.swiftpm/xcode
PruneExplicitPrecompiledModules /Users/admin/builder/spi-builder-workspace/.derivedData/Build/Intermediates.noindex/ExplicitPrecompiledModules
PruneExplicitPrecompiledModules /Users/admin/builder/spi-builder-workspace/.derivedData/Build/Intermediates.noindex/SwiftExplicitPrecompiledModules
PruneExplicitPrecompiledModules /Users/admin/builder/spi-builder-workspace/.derivedData/SDKExplicitPrecompiledModules
2026-09-16 22:59:13.830 xcodebuild[791:5100] [MT] IDERunDestination: Supported platforms for the buildables in the current scheme is empty.
** BUILD FAILED **
The following build commands failed:
SwiftCompile normal arm64 /Users/admin/builder/spi-builder-workspace/Sources/TextBundleify/TextBundleify.swift (in target 'TextBundleify' from project 'textbundleify')
SwiftCompile normal arm64 Compiling\ TextBundleify.swift /Users/admin/builder/spi-builder-workspace/Sources/TextBundleify/TextBundleify.swift (in target 'TextBundleify' from project 'textbundleify')
Building workspace textbundleify with scheme textbundleify-Package
(3 failures)
BUILD FAILURE 6.4 visionOS