Build Information
Failed to build SnapshotTestingHEIC, reference master (acfca0), with Swift 6.2 for Wasm on 23 Sep 2026 11:58:00 UTC.
Build Command
bash -c docker run --pull=always --rm -v "checkouts-54344844-1":/host -w "$PWD" -e JAVA_HOME="/root/.sdkman/candidates/java/current" -e SPI_BUILD="1" -e SPI_PROCESSING="1" registry.gitlab.com/saguaro1/spi-images:wasm-6.2-latest swift build --swift-sdk swift-6.2-RELEASE_wasm 2>&1Build Log
========================================
RunAll
========================================
Builder version: 5.1.0
Interrupt handler set up.
========================================
Checkout
========================================
Clone URL: https://github.com/alexey1312/SnapshotTestingHEIC.git
Reference: master
Initialized empty Git repository in /host/spi-builder-workspace/.git/
hint: Using 'master' as the name for the initial branch. This default branch name
hint: is subject to change. To configure the initial branch name to use in all
hint: of your new repositories, which will suppress this warning, call:
hint:
hint: git config --global init.defaultBranch <name>
hint:
hint: Names commonly chosen instead of 'master' are 'main', 'trunk' and
hint: 'development'. The just-created branch can be renamed via this command:
hint:
hint: git branch -m <name>
From https://github.com/alexey1312/SnapshotTestingHEIC
* branch master -> FETCH_HEAD
* [new branch] master -> origin/master
HEAD is now at acfca05 Link the project page from the README
Cloned https://github.com/alexey1312/SnapshotTestingHEIC.git
Revision (git rev-parse @):
acfca05db2d724e8ab7ae26273a37f2b35421f9f
SUCCESS checkout https://github.com/alexey1312/SnapshotTestingHEIC.git at master
========================================
Build
========================================
Selected platform: wasm
Swift version: 6.2
Building package at path: $PWD
https://github.com/alexey1312/SnapshotTestingHEIC.git
Running build ...
bash -c docker run --pull=always --rm -v "checkouts-54344844-1":/host -w "$PWD" -e JAVA_HOME="/root/.sdkman/candidates/java/current" -e SPI_BUILD="1" -e SPI_PROCESSING="1" registry.gitlab.com/saguaro1/spi-images:wasm-6.2-latest swift build --swift-sdk swift-6.2-RELEASE_wasm 2>&1
wasm-6.2-latest: Pulling from saguaro1/spi-images
Digest: sha256:ff44196b45f83e5a0a99a627b185f548850d9bc1242e3dee2178fb1570812fe8
Status: Image is up to date for registry.gitlab.com/saguaro1/spi-images:wasm-6.2-latest
Fetching https://github.com/pointfreeco/swift-snapshot-testing.git
[1/16477] Fetching swift-snapshot-testing
Fetched https://github.com/pointfreeco/swift-snapshot-testing.git from cache (2.17s)
Computing version for https://github.com/pointfreeco/swift-snapshot-testing.git
Computed https://github.com/pointfreeco/swift-snapshot-testing.git at 1.19.6 (2.36s)
Fetching https://github.com/pointfreeco/swift-custom-dump
Fetching https://github.com/swiftlang/swift-syntax
[1/5666] Fetching swift-custom-dump
[5667/85680] Fetching swift-custom-dump, swift-syntax
Fetched https://github.com/pointfreeco/swift-custom-dump from cache (3.35s)
Fetched https://github.com/swiftlang/swift-syntax from cache (3.37s)
Computing version for https://github.com/pointfreeco/swift-custom-dump
Computed https://github.com/pointfreeco/swift-custom-dump at 1.7.3 (3.56s)
Fetching https://github.com/pointfreeco/xctest-dynamic-overlay
[1/2727] Fetching xctest-dynamic-overlay
Fetched https://github.com/pointfreeco/xctest-dynamic-overlay from cache (0.74s)
Computing version for https://github.com/pointfreeco/xctest-dynamic-overlay
Computed https://github.com/pointfreeco/xctest-dynamic-overlay at 1.13.1 (1.65s)
Computing version for https://github.com/swiftlang/swift-syntax
Computed https://github.com/swiftlang/swift-syntax at 604.0.0 (0.26s)
Creating working copy for https://github.com/pointfreeco/swift-custom-dump
Working copy of https://github.com/pointfreeco/swift-custom-dump resolved at 1.7.3
Creating working copy for https://github.com/pointfreeco/xctest-dynamic-overlay
Working copy of https://github.com/pointfreeco/xctest-dynamic-overlay resolved at 1.13.1
Creating working copy for https://github.com/swiftlang/swift-syntax
Working copy of https://github.com/swiftlang/swift-syntax resolved at 604.0.0
Creating working copy for https://github.com/pointfreeco/swift-snapshot-testing.git
Working copy of https://github.com/pointfreeco/swift-snapshot-testing.git resolved at 1.19.6
Building for debugging...
[0/3] Write sources
[2/3] Write swift-version-24593BA9C3E375BF.txt
error: emit-module command failed with exit code 1 (use -v to see invocation)
[4/34] Emitting module SnapshotTesting
/host/spi-builder-workspace/.build/checkouts/swift-snapshot-testing/Sources/SnapshotTesting/AssertSnapshot.swift:577:10: error: no such module 'CoreServices'
575 |
576 | #if !os(Android) && !os(Linux) && !os(Windows)
577 | import CoreServices
| `- error: no such module 'CoreServices'
578 |
579 | func uniformTypeIdentifier(fromExtension pathExtension: String) -> String? {
[5/38] Compiling SnapshotTesting UIImage.swift
/host/spi-builder-workspace/.build/checkouts/swift-snapshot-testing/Sources/SnapshotTesting/AssertSnapshot.swift:577:10: error: no such module 'CoreServices'
575 |
576 | #if !os(Android) && !os(Linux) && !os(Windows)
577 | import CoreServices
| `- error: no such module 'CoreServices'
578 |
579 | func uniformTypeIdentifier(fromExtension pathExtension: String) -> String? {
[6/38] Compiling SnapshotTesting UIView.swift
/host/spi-builder-workspace/.build/checkouts/swift-snapshot-testing/Sources/SnapshotTesting/AssertSnapshot.swift:577:10: error: no such module 'CoreServices'
575 |
576 | #if !os(Android) && !os(Linux) && !os(Windows)
577 | import CoreServices
| `- error: no such module 'CoreServices'
578 |
579 | func uniformTypeIdentifier(fromExtension pathExtension: String) -> String? {
[7/38] Compiling SnapshotTesting UIViewController.swift
/host/spi-builder-workspace/.build/checkouts/swift-snapshot-testing/Sources/SnapshotTesting/AssertSnapshot.swift:577:10: error: no such module 'CoreServices'
575 |
576 | #if !os(Android) && !os(Linux) && !os(Windows)
577 | import CoreServices
| `- error: no such module 'CoreServices'
578 |
579 | func uniformTypeIdentifier(fromExtension pathExtension: String) -> String? {
[8/38] Compiling SnapshotTesting URLRequest.swift
/host/spi-builder-workspace/.build/checkouts/swift-snapshot-testing/Sources/SnapshotTesting/AssertSnapshot.swift:577:10: error: no such module 'CoreServices'
575 |
576 | #if !os(Android) && !os(Linux) && !os(Windows)
577 | import CoreServices
| `- error: no such module 'CoreServices'
578 |
579 | func uniformTypeIdentifier(fromExtension pathExtension: String) -> String? {
[9/38] Compiling SnapshotTesting SpriteKit.swift
/host/spi-builder-workspace/.build/checkouts/swift-snapshot-testing/Sources/SnapshotTesting/AssertSnapshot.swift:577:10: error: no such module 'CoreServices'
575 |
576 | #if !os(Android) && !os(Linux) && !os(Windows)
577 | import CoreServices
| `- error: no such module 'CoreServices'
578 |
579 | func uniformTypeIdentifier(fromExtension pathExtension: String) -> String? {
[10/38] Compiling SnapshotTesting String.swift
/host/spi-builder-workspace/.build/checkouts/swift-snapshot-testing/Sources/SnapshotTesting/AssertSnapshot.swift:577:10: error: no such module 'CoreServices'
575 |
576 | #if !os(Android) && !os(Linux) && !os(Windows)
577 | import CoreServices
| `- error: no such module 'CoreServices'
578 |
579 | func uniformTypeIdentifier(fromExtension pathExtension: String) -> String? {
[11/38] Compiling SnapshotTesting SwiftUIView.swift
/host/spi-builder-workspace/.build/checkouts/swift-snapshot-testing/Sources/SnapshotTesting/AssertSnapshot.swift:577:10: error: no such module 'CoreServices'
575 |
576 | #if !os(Android) && !os(Linux) && !os(Windows)
577 | import CoreServices
| `- error: no such module 'CoreServices'
578 |
579 | func uniformTypeIdentifier(fromExtension pathExtension: String) -> String? {
[12/38] Compiling SnapshotTesting UIBezierPath.swift
/host/spi-builder-workspace/.build/checkouts/swift-snapshot-testing/Sources/SnapshotTesting/AssertSnapshot.swift:577:10: error: no such module 'CoreServices'
575 |
576 | #if !os(Android) && !os(Linux) && !os(Windows)
577 | import CoreServices
| `- error: no such module 'CoreServices'
578 |
579 | func uniformTypeIdentifier(fromExtension pathExtension: String) -> String? {
[13/38] Compiling SnapshotTesting Deprecations.swift
/host/spi-builder-workspace/.build/checkouts/swift-snapshot-testing/Sources/SnapshotTesting/AssertSnapshot.swift:577:10: error: no such module 'CoreServices'
575 |
576 | #if !os(Android) && !os(Linux) && !os(Windows)
577 | import CoreServices
| `- error: no such module 'CoreServices'
578 |
579 | func uniformTypeIdentifier(fromExtension pathExtension: String) -> String? {
[14/38] Compiling SnapshotTesting RecordIssue.swift
/host/spi-builder-workspace/.build/checkouts/swift-snapshot-testing/Sources/SnapshotTesting/AssertSnapshot.swift:577:10: error: no such module 'CoreServices'
575 |
576 | #if !os(Android) && !os(Linux) && !os(Windows)
577 | import CoreServices
| `- error: no such module 'CoreServices'
578 |
579 | func uniformTypeIdentifier(fromExtension pathExtension: String) -> String? {
[15/38] Compiling SnapshotTesting SnapshotTestingConfiguration.swift
/host/spi-builder-workspace/.build/checkouts/swift-snapshot-testing/Sources/SnapshotTesting/AssertSnapshot.swift:577:10: error: no such module 'CoreServices'
575 |
576 | #if !os(Android) && !os(Linux) && !os(Windows)
577 | import CoreServices
| `- error: no such module 'CoreServices'
578 |
579 | func uniformTypeIdentifier(fromExtension pathExtension: String) -> String? {
[16/38] Compiling SnapshotTesting SnapshotsTestTrait.swift
/host/spi-builder-workspace/.build/checkouts/swift-snapshot-testing/Sources/SnapshotTesting/AssertSnapshot.swift:577:10: error: no such module 'CoreServices'
575 |
576 | #if !os(Android) && !os(Linux) && !os(Windows)
577 | import CoreServices
| `- error: no such module 'CoreServices'
578 |
579 | func uniformTypeIdentifier(fromExtension pathExtension: String) -> String? {
[17/38] Compiling SnapshotTesting NSImage.swift
/host/spi-builder-workspace/.build/checkouts/swift-snapshot-testing/Sources/SnapshotTesting/AssertSnapshot.swift:577:10: error: no such module 'CoreServices'
575 |
576 | #if !os(Android) && !os(Linux) && !os(Windows)
577 | import CoreServices
| `- error: no such module 'CoreServices'
578 |
579 | func uniformTypeIdentifier(fromExtension pathExtension: String) -> String? {
[18/38] Compiling SnapshotTesting NSView.swift
/host/spi-builder-workspace/.build/checkouts/swift-snapshot-testing/Sources/SnapshotTesting/AssertSnapshot.swift:577:10: error: no such module 'CoreServices'
575 |
576 | #if !os(Android) && !os(Linux) && !os(Windows)
577 | import CoreServices
| `- error: no such module 'CoreServices'
578 |
579 | func uniformTypeIdentifier(fromExtension pathExtension: String) -> String? {
[19/38] Compiling SnapshotTesting NSViewController.swift
/host/spi-builder-workspace/.build/checkouts/swift-snapshot-testing/Sources/SnapshotTesting/AssertSnapshot.swift:577:10: error: no such module 'CoreServices'
575 |
576 | #if !os(Android) && !os(Linux) && !os(Windows)
577 | import CoreServices
| `- error: no such module 'CoreServices'
578 |
579 | func uniformTypeIdentifier(fromExtension pathExtension: String) -> String? {
[20/38] Compiling SnapshotTesting SceneKit.swift
/host/spi-builder-workspace/.build/checkouts/swift-snapshot-testing/Sources/SnapshotTesting/AssertSnapshot.swift:577:10: error: no such module 'CoreServices'
575 |
576 | #if !os(Android) && !os(Linux) && !os(Windows)
577 | import CoreServices
| `- error: no such module 'CoreServices'
578 |
579 | func uniformTypeIdentifier(fromExtension pathExtension: String) -> String? {
[21/38] Compiling SnapshotTesting AssertSnapshot.swift
/host/spi-builder-workspace/.build/checkouts/swift-snapshot-testing/Sources/SnapshotTesting/AssertSnapshot.swift:577:10: error: no such module 'CoreServices'
575 |
576 | #if !os(Android) && !os(Linux) && !os(Windows)
577 | import CoreServices
| `- error: no such module 'CoreServices'
578 |
579 | func uniformTypeIdentifier(fromExtension pathExtension: String) -> String? {
[22/38] Compiling SnapshotTesting Async.swift
/host/spi-builder-workspace/.build/checkouts/swift-snapshot-testing/Sources/SnapshotTesting/AssertSnapshot.swift:577:10: error: no such module 'CoreServices'
575 |
576 | #if !os(Android) && !os(Linux) && !os(Windows)
577 | import CoreServices
| `- error: no such module 'CoreServices'
578 |
579 | func uniformTypeIdentifier(fromExtension pathExtension: String) -> String? {
[23/38] Compiling SnapshotTesting Internal.swift
/host/spi-builder-workspace/.build/checkouts/swift-snapshot-testing/Sources/SnapshotTesting/AssertSnapshot.swift:577:10: error: no such module 'CoreServices'
575 |
576 | #if !os(Android) && !os(Linux) && !os(Windows)
577 | import CoreServices
| `- error: no such module 'CoreServices'
578 |
579 | func uniformTypeIdentifier(fromExtension pathExtension: String) -> String? {
[24/38] Compiling SnapshotTesting PlistEncoder.swift
/host/spi-builder-workspace/.build/checkouts/swift-snapshot-testing/Sources/SnapshotTesting/AssertSnapshot.swift:577:10: error: no such module 'CoreServices'
575 |
576 | #if !os(Android) && !os(Linux) && !os(Windows)
577 | import CoreServices
| `- error: no such module 'CoreServices'
578 |
579 | func uniformTypeIdentifier(fromExtension pathExtension: String) -> String? {
[25/38] Compiling SnapshotTesting String+SpecialCharacters.swift
/host/spi-builder-workspace/.build/checkouts/swift-snapshot-testing/Sources/SnapshotTesting/AssertSnapshot.swift:577:10: error: no such module 'CoreServices'
575 |
576 | #if !os(Android) && !os(Linux) && !os(Windows)
577 | import CoreServices
| `- error: no such module 'CoreServices'
578 |
579 | func uniformTypeIdentifier(fromExtension pathExtension: String) -> String? {
[26/38] Compiling SnapshotTesting CaseIterable.swift
/host/spi-builder-workspace/.build/checkouts/swift-snapshot-testing/Sources/SnapshotTesting/AssertSnapshot.swift:577:10: error: no such module 'CoreServices'
575 |
576 | #if !os(Android) && !os(Linux) && !os(Windows)
577 | import CoreServices
| `- error: no such module 'CoreServices'
578 |
579 | func uniformTypeIdentifier(fromExtension pathExtension: String) -> String? {
[27/38] Compiling SnapshotTesting Data.swift
/host/spi-builder-workspace/.build/checkouts/swift-snapshot-testing/Sources/SnapshotTesting/AssertSnapshot.swift:577:10: error: no such module 'CoreServices'
575 |
576 | #if !os(Android) && !os(Linux) && !os(Windows)
577 | import CoreServices
| `- error: no such module 'CoreServices'
578 |
579 | func uniformTypeIdentifier(fromExtension pathExtension: String) -> String? {
[28/38] Compiling SnapshotTesting Encodable.swift
/host/spi-builder-workspace/.build/checkouts/swift-snapshot-testing/Sources/SnapshotTesting/AssertSnapshot.swift:577:10: error: no such module 'CoreServices'
575 |
576 | #if !os(Android) && !os(Linux) && !os(Windows)
577 | import CoreServices
| `- error: no such module 'CoreServices'
578 |
579 | func uniformTypeIdentifier(fromExtension pathExtension: String) -> String? {
[29/38] Compiling SnapshotTesting NSBezierPath.swift
/host/spi-builder-workspace/.build/checkouts/swift-snapshot-testing/Sources/SnapshotTesting/AssertSnapshot.swift:577:10: error: no such module 'CoreServices'
575 |
576 | #if !os(Android) && !os(Linux) && !os(Windows)
577 | import CoreServices
| `- error: no such module 'CoreServices'
578 |
579 | func uniformTypeIdentifier(fromExtension pathExtension: String) -> String? {
[30/38] Compiling SnapshotTesting Snapshotting.swift
/host/spi-builder-workspace/.build/checkouts/swift-snapshot-testing/Sources/SnapshotTesting/AssertSnapshot.swift:577:10: error: no such module 'CoreServices'
575 |
576 | #if !os(Android) && !os(Linux) && !os(Windows)
577 | import CoreServices
| `- error: no such module 'CoreServices'
578 |
579 | func uniformTypeIdentifier(fromExtension pathExtension: String) -> String? {
[31/38] Compiling SnapshotTesting Any.swift
/host/spi-builder-workspace/.build/checkouts/swift-snapshot-testing/Sources/SnapshotTesting/AssertSnapshot.swift:577:10: error: no such module 'CoreServices'
575 |
576 | #if !os(Android) && !os(Linux) && !os(Windows)
577 | import CoreServices
| `- error: no such module 'CoreServices'
578 |
579 | func uniformTypeIdentifier(fromExtension pathExtension: String) -> String? {
[32/38] Compiling SnapshotTesting CALayer.swift
/host/spi-builder-workspace/.build/checkouts/swift-snapshot-testing/Sources/SnapshotTesting/AssertSnapshot.swift:577:10: error: no such module 'CoreServices'
575 |
576 | #if !os(Android) && !os(Linux) && !os(Windows)
577 | import CoreServices
| `- error: no such module 'CoreServices'
578 |
579 | func uniformTypeIdentifier(fromExtension pathExtension: String) -> String? {
[33/38] Compiling SnapshotTesting CGPath.swift
/host/spi-builder-workspace/.build/checkouts/swift-snapshot-testing/Sources/SnapshotTesting/AssertSnapshot.swift:577:10: error: no such module 'CoreServices'
575 |
576 | #if !os(Android) && !os(Linux) && !os(Windows)
577 | import CoreServices
| `- error: no such module 'CoreServices'
578 |
579 | func uniformTypeIdentifier(fromExtension pathExtension: String) -> String? {
[34/38] Compiling SnapshotTesting View.swift
/host/spi-builder-workspace/.build/checkouts/swift-snapshot-testing/Sources/SnapshotTesting/AssertSnapshot.swift:577:10: error: no such module 'CoreServices'
575 |
576 | #if !os(Android) && !os(Linux) && !os(Windows)
577 | import CoreServices
| `- error: no such module 'CoreServices'
578 |
579 | func uniformTypeIdentifier(fromExtension pathExtension: String) -> String? {
[35/38] Compiling SnapshotTesting XCTAttachment.swift
/host/spi-builder-workspace/.build/checkouts/swift-snapshot-testing/Sources/SnapshotTesting/AssertSnapshot.swift:577:10: error: no such module 'CoreServices'
575 |
576 | #if !os(Android) && !os(Linux) && !os(Windows)
577 | import CoreServices
| `- error: no such module 'CoreServices'
578 |
579 | func uniformTypeIdentifier(fromExtension pathExtension: String) -> String? {
[36/38] Compiling SnapshotTesting Diff.swift
/host/spi-builder-workspace/.build/checkouts/swift-snapshot-testing/Sources/SnapshotTesting/AssertSnapshot.swift:577:10: error: no such module 'CoreServices'
575 |
576 | #if !os(Android) && !os(Linux) && !os(Windows)
577 | import CoreServices
| `- error: no such module 'CoreServices'
578 |
579 | func uniformTypeIdentifier(fromExtension pathExtension: String) -> String? {
[37/38] Compiling SnapshotTesting Diffing.swift
/host/spi-builder-workspace/.build/checkouts/swift-snapshot-testing/Sources/SnapshotTesting/AssertSnapshot.swift:577:10: error: no such module 'CoreServices'
575 |
576 | #if !os(Android) && !os(Linux) && !os(Windows)
577 | import CoreServices
| `- error: no such module 'CoreServices'
578 |
579 | func uniformTypeIdentifier(fromExtension pathExtension: String) -> String? {
[38/38] Compiling SnapshotTesting Wait.swift
/host/spi-builder-workspace/.build/checkouts/swift-snapshot-testing/Sources/SnapshotTesting/AssertSnapshot.swift:577:10: error: no such module 'CoreServices'
575 |
576 | #if !os(Android) && !os(Linux) && !os(Windows)
577 | import CoreServices
| `- error: no such module 'CoreServices'
578 |
579 | func uniformTypeIdentifier(fromExtension pathExtension: String) -> String? {
BUILD FAILURE 6.2 wasm