Build Information
Failed to build ShareKit, reference main (28d397), with Swift 6.1 for watchOS using Xcode 16.3 on 21 Aug 2026 02:59:57 UTC.
Build Command
env DEVELOPER_DIR=/Applications/Xcode-16.3.0.app xcrun xcodebuild -IDEClonedSourcePackagesDirPathOverride=$PWD/.dependencies -skipMacroValidation -skipPackagePluginValidation -derivedDataPath $PWD/.derivedData build -scheme ShareKit -destination generic/platform=watchOSBuild Log
========================================
RunAll
========================================
Builder version: 5.0.2
Interrupt handler set up.
========================================
Checkout
========================================
Clone URL: https://github.com/markbattistella/ShareKit.git
Reference: main
Initialized empty Git repository in /Users/admin/builder/spi-builder-workspace/.git/
From https://github.com/markbattistella/ShareKit
* branch main -> FETCH_HEAD
* [new branch] main -> origin/main
HEAD is now at 28d397c 2026-08-21
Cloned https://github.com/markbattistella/ShareKit.git
Revision (git rev-parse @):
28d397cc5a207b3c9f70d3e59cdee2406c952427
SPI manifest file found: $PWD/.spi.yml
SUCCESS checkout https://github.com/markbattistella/ShareKit.git at main
========================================
Build
========================================
Selected platform: watchOS
Swift version: 6.1
Building package at path: $PWD
https://github.com/markbattistella/ShareKit.git
https://github.com/markbattistella/ShareKit.git
{
"dependencies" : [
],
"manifest_display_name" : "ShareKit",
"name" : "ShareKit",
"path" : "/Users/admin/builder/spi-builder-workspace",
"platforms" : [
{
"name" : "ios",
"version" : "17.0"
}
],
"products" : [
{
"name" : "ShareKit",
"targets" : [
"ShareKit"
],
"type" : {
"library" : [
"automatic"
]
}
}
],
"swift_languages_versions" : [
"6"
],
"targets" : [
{
"c99name" : "ShareKit",
"module_type" : "SwiftTarget",
"name" : "ShareKit",
"path" : "Sources/ShareKit",
"product_memberships" : [
"ShareKit"
],
"sources" : [
"Shareable.swift",
"UIActivityPresenter.swift",
"UIShareLink.swift"
],
"type" : "library"
}
],
"tools_version" : "6.0"
}
Command line invocation:
/Applications/Xcode-16.3.0.app/Contents/Developer/usr/bin/xcodebuild -IDEClonedSourcePackagesDirPathOverride=/Users/admin/builder/spi-builder-workspace/.dependencies -resolvePackageDependencies
Resolve Package Graph
Resolve Package Graph
Resolved source packages:
ShareKit: /Users/admin/builder/spi-builder-workspace
resolved source packages: ShareKit
{
"dependencies" : [
],
"manifest_display_name" : "ShareKit",
"name" : "ShareKit",
"path" : "/Users/admin/builder/spi-builder-workspace",
"platforms" : [
{
"name" : "ios",
"version" : "17.0"
}
],
"products" : [
{
"name" : "ShareKit",
"targets" : [
"ShareKit"
],
"type" : {
"library" : [
"automatic"
]
}
}
],
"swift_languages_versions" : [
"6"
],
"targets" : [
{
"c99name" : "ShareKit",
"module_type" : "SwiftTarget",
"name" : "ShareKit",
"path" : "Sources/ShareKit",
"product_memberships" : [
"ShareKit"
],
"sources" : [
"Shareable.swift",
"UIActivityPresenter.swift",
"UIShareLink.swift"
],
"type" : "library"
}
],
"tools_version" : "6.0"
}
{
"workspace" : {
"name" : "spi-builder-workspace",
"schemes" : [
"ShareKit"
]
}
}
Running build ...
env DEVELOPER_DIR=/Applications/Xcode-16.3.0.app xcrun xcodebuild -IDEClonedSourcePackagesDirPathOverride=$PWD/.dependencies -skipMacroValidation -skipPackagePluginValidation -derivedDataPath $PWD/.derivedData build -scheme ShareKit -destination generic/platform=watchOS OTHER_SWIFT_FLAGS=-stats-output-dir .stats
Command line invocation:
/Applications/Xcode-16.3.0.app/Contents/Developer/usr/bin/xcodebuild -IDEClonedSourcePackagesDirPathOverride=/Users/admin/builder/spi-builder-workspace/.dependencies -skipMacroValidation -skipPackagePluginValidation -derivedDataPath /Users/admin/builder/spi-builder-workspace/.derivedData build -scheme ShareKit -destination generic/platform=watchOS "OTHER_SWIFT_FLAGS=-stats-output-dir .stats"
Build settings from command line:
OTHER_SWIFT_FLAGS = -stats-output-dir .stats
Resolve Package Graph
Resolved source packages:
ShareKit: /Users/admin/builder/spi-builder-workspace
ComputePackagePrebuildTargetDependencyGraph
Prepare packages
CreateBuildRequest
SendProjectDescription
CreateBuildOperation
ComputeTargetDependencyGraph
note: Building targets in dependency order
note: Target dependency graph (2 targets)
Target 'ShareKit' in project 'ShareKit'
➜ Explicit dependency on target 'ShareKit' in project 'ShareKit'
Target 'ShareKit' in project 'ShareKit' (no dependencies)
GatherProvisioningInputs
CreateBuildDescription
ExecuteExternalTool /Applications/Xcode-16.3.0.app/Contents/Developer/Toolchains/XcodeDefault.xctoolchain/usr/bin/clang -v -E -dM -isysroot /Applications/Xcode-16.3.0.app/Contents/Developer/Platforms/WatchOS.platform/Developer/SDKs/WatchOS11.4.sdk -x c -c /dev/null
ExecuteExternalTool /Applications/Xcode-16.3.0.app/Contents/Developer/Toolchains/XcodeDefault.xctoolchain/usr/bin/swiftc --version
ExecuteExternalTool /Applications/Xcode-16.3.0.app/Contents/Developer/Toolchains/XcodeDefault.xctoolchain/usr/bin/ld -version_details
Build description signature: f4aac79cf7f1d561fad82b57facfcc24
Build description path: /Users/admin/builder/spi-builder-workspace/.derivedData/Build/Intermediates.noindex/XCBuildData/f4aac79cf7f1d561fad82b57facfcc24.xcbuilddata
CreateBuildDirectory /Users/admin/builder/spi-builder-workspace/.derivedData/Build/Products
cd /Users/admin/builder/spi-builder-workspace/.swiftpm/xcode
builtin-create-build-directory /Users/admin/builder/spi-builder-workspace/.derivedData/Build/Products
CreateBuildDirectory /Users/admin/builder/spi-builder-workspace/.derivedData/Build/Intermediates.noindex
cd /Users/admin/builder/spi-builder-workspace/.swiftpm/xcode
builtin-create-build-directory /Users/admin/builder/spi-builder-workspace/.derivedData/Build/Intermediates.noindex
ClangStatCache /Applications/Xcode-16.3.0.app/Contents/Developer/Toolchains/XcodeDefault.xctoolchain/usr/bin/clang-stat-cache /Applications/Xcode-16.3.0.app/Contents/Developer/Platforms/WatchOS.platform/Developer/SDKs/WatchOS11.4.sdk /Users/admin/builder/spi-builder-workspace/.derivedData/SDKStatCaches.noindex/watchos11.4-22T246-43efb940ff07ba2497b70ec94253f576.sdkstatcache
cd /Users/admin/builder/spi-builder-workspace/.swiftpm/xcode
/Applications/Xcode-16.3.0.app/Contents/Developer/Toolchains/XcodeDefault.xctoolchain/usr/bin/clang-stat-cache /Applications/Xcode-16.3.0.app/Contents/Developer/Platforms/WatchOS.platform/Developer/SDKs/WatchOS11.4.sdk -o /Users/admin/builder/spi-builder-workspace/.derivedData/SDKStatCaches.noindex/watchos11.4-22T246-43efb940ff07ba2497b70ec94253f576.sdkstatcache
CreateBuildDirectory /Users/admin/builder/spi-builder-workspace/.derivedData/Build/Products/Debug-watchos
cd /Users/admin/builder/spi-builder-workspace/.swiftpm/xcode
builtin-create-build-directory /Users/admin/builder/spi-builder-workspace/.derivedData/Build/Products/Debug-watchos
CreateBuildDirectory /Users/admin/builder/spi-builder-workspace/.derivedData/Build/Intermediates.noindex/EagerLinkingTBDs/Debug-watchos
cd /Users/admin/builder/spi-builder-workspace/.swiftpm/xcode
builtin-create-build-directory /Users/admin/builder/spi-builder-workspace/.derivedData/Build/Intermediates.noindex/EagerLinkingTBDs/Debug-watchos
CreateBuildDirectory /Users/admin/builder/spi-builder-workspace/.derivedData/Build/Products/Debug-watchos/PackageFrameworks
cd /Users/admin/builder/spi-builder-workspace/.swiftpm/xcode
builtin-create-build-directory /Users/admin/builder/spi-builder-workspace/.derivedData/Build/Products/Debug-watchos/PackageFrameworks
WriteAuxiliaryFile /Users/admin/builder/spi-builder-workspace/.derivedData/Build/Intermediates.noindex/ShareKit.build/Debug-watchos/ShareKit.build/ShareKit.modulemap (in target 'ShareKit' from project 'ShareKit')
cd /Users/admin/builder/spi-builder-workspace
write-file /Users/admin/builder/spi-builder-workspace/.derivedData/Build/Intermediates.noindex/ShareKit.build/Debug-watchos/ShareKit.build/ShareKit.modulemap
WriteAuxiliaryFile /Users/admin/builder/spi-builder-workspace/.derivedData/Build/Intermediates.noindex/ShareKit.build/Debug-watchos/ShareKit.build/ShareKit.DependencyMetadataFileList (in target 'ShareKit' from project 'ShareKit')
cd /Users/admin/builder/spi-builder-workspace
write-file /Users/admin/builder/spi-builder-workspace/.derivedData/Build/Intermediates.noindex/ShareKit.build/Debug-watchos/ShareKit.build/ShareKit.DependencyMetadataFileList
WriteAuxiliaryFile /Users/admin/builder/spi-builder-workspace/.derivedData/Build/Intermediates.noindex/ShareKit.build/Debug-watchos/ShareKit.build/ShareKit.DependencyStaticMetadataFileList (in target 'ShareKit' from project 'ShareKit')
cd /Users/admin/builder/spi-builder-workspace
write-file /Users/admin/builder/spi-builder-workspace/.derivedData/Build/Intermediates.noindex/ShareKit.build/Debug-watchos/ShareKit.build/ShareKit.DependencyStaticMetadataFileList
WriteAuxiliaryFile /Users/admin/builder/spi-builder-workspace/.derivedData/Build/Intermediates.noindex/ShareKit.build/Debug-watchos/ShareKit.build/Objects-normal/arm64/ShareKit_const_extract_protocols.json (in target 'ShareKit' from project 'ShareKit')
cd /Users/admin/builder/spi-builder-workspace
write-file /Users/admin/builder/spi-builder-workspace/.derivedData/Build/Intermediates.noindex/ShareKit.build/Debug-watchos/ShareKit.build/Objects-normal/arm64/ShareKit_const_extract_protocols.json
WriteAuxiliaryFile /Users/admin/builder/spi-builder-workspace/.derivedData/Build/Intermediates.noindex/ShareKit.build/Debug-watchos/ShareKit.build/Objects-normal/arm64_32/ShareKit.SwiftConstValuesFileList (in target 'ShareKit' from project 'ShareKit')
cd /Users/admin/builder/spi-builder-workspace
write-file /Users/admin/builder/spi-builder-workspace/.derivedData/Build/Intermediates.noindex/ShareKit.build/Debug-watchos/ShareKit.build/Objects-normal/arm64_32/ShareKit.SwiftConstValuesFileList
WriteAuxiliaryFile /Users/admin/builder/spi-builder-workspace/.derivedData/Build/Intermediates.noindex/ShareKit.build/Debug-watchos/ShareKit.build/Objects-normal/arm64_32/ShareKit-OutputFileMap.json (in target 'ShareKit' from project 'ShareKit')
cd /Users/admin/builder/spi-builder-workspace
write-file /Users/admin/builder/spi-builder-workspace/.derivedData/Build/Intermediates.noindex/ShareKit.build/Debug-watchos/ShareKit.build/Objects-normal/arm64_32/ShareKit-OutputFileMap.json
WriteAuxiliaryFile /Users/admin/builder/spi-builder-workspace/.derivedData/Build/Intermediates.noindex/ShareKit.build/Debug-watchos/ShareKit.build/Objects-normal/arm64_32/ShareKit.LinkFileList (in target 'ShareKit' from project 'ShareKit')
cd /Users/admin/builder/spi-builder-workspace
write-file /Users/admin/builder/spi-builder-workspace/.derivedData/Build/Intermediates.noindex/ShareKit.build/Debug-watchos/ShareKit.build/Objects-normal/arm64_32/ShareKit.LinkFileList
WriteAuxiliaryFile /Users/admin/builder/spi-builder-workspace/.derivedData/Build/Intermediates.noindex/ShareKit.build/Debug-watchos/ShareKit.build/Objects-normal/arm64_32/ShareKit.SwiftFileList (in target 'ShareKit' from project 'ShareKit')
cd /Users/admin/builder/spi-builder-workspace
write-file /Users/admin/builder/spi-builder-workspace/.derivedData/Build/Intermediates.noindex/ShareKit.build/Debug-watchos/ShareKit.build/Objects-normal/arm64_32/ShareKit.SwiftFileList
WriteAuxiliaryFile /Users/admin/builder/spi-builder-workspace/.derivedData/Build/Intermediates.noindex/ShareKit.build/Debug-watchos/ShareKit.build/Objects-normal/arm64_32/ShareKit_const_extract_protocols.json (in target 'ShareKit' from project 'ShareKit')
cd /Users/admin/builder/spi-builder-workspace
write-file /Users/admin/builder/spi-builder-workspace/.derivedData/Build/Intermediates.noindex/ShareKit.build/Debug-watchos/ShareKit.build/Objects-normal/arm64_32/ShareKit_const_extract_protocols.json
WriteAuxiliaryFile /Users/admin/builder/spi-builder-workspace/.derivedData/Build/Intermediates.noindex/ShareKit.build/Debug-watchos/ShareKit.build/Objects-normal/arm64/ShareKit.SwiftFileList (in target 'ShareKit' from project 'ShareKit')
cd /Users/admin/builder/spi-builder-workspace
write-file /Users/admin/builder/spi-builder-workspace/.derivedData/Build/Intermediates.noindex/ShareKit.build/Debug-watchos/ShareKit.build/Objects-normal/arm64/ShareKit.SwiftFileList
WriteAuxiliaryFile /Users/admin/builder/spi-builder-workspace/.derivedData/Build/Intermediates.noindex/ShareKit.build/Debug-watchos/ShareKit.build/Objects-normal/arm64/ShareKit.SwiftConstValuesFileList (in target 'ShareKit' from project 'ShareKit')
cd /Users/admin/builder/spi-builder-workspace
write-file /Users/admin/builder/spi-builder-workspace/.derivedData/Build/Intermediates.noindex/ShareKit.build/Debug-watchos/ShareKit.build/Objects-normal/arm64/ShareKit.SwiftConstValuesFileList
WriteAuxiliaryFile /Users/admin/builder/spi-builder-workspace/.derivedData/Build/Intermediates.noindex/ShareKit.build/Debug-watchos/ShareKit.build/Objects-normal/arm64/ShareKit.LinkFileList (in target 'ShareKit' from project 'ShareKit')
cd /Users/admin/builder/spi-builder-workspace
write-file /Users/admin/builder/spi-builder-workspace/.derivedData/Build/Intermediates.noindex/ShareKit.build/Debug-watchos/ShareKit.build/Objects-normal/arm64/ShareKit.LinkFileList
WriteAuxiliaryFile /Users/admin/builder/spi-builder-workspace/.derivedData/Build/Intermediates.noindex/ShareKit.build/Debug-watchos/ShareKit.build/Objects-normal/arm64/ShareKit-OutputFileMap.json (in target 'ShareKit' from project 'ShareKit')
cd /Users/admin/builder/spi-builder-workspace
write-file /Users/admin/builder/spi-builder-workspace/.derivedData/Build/Intermediates.noindex/ShareKit.build/Debug-watchos/ShareKit.build/Objects-normal/arm64/ShareKit-OutputFileMap.json
Copy /Users/admin/builder/spi-builder-workspace/.derivedData/Build/Intermediates.noindex/GeneratedModuleMaps-watchos/ShareKit.modulemap /Users/admin/builder/spi-builder-workspace/.derivedData/Build/Intermediates.noindex/ShareKit.build/Debug-watchos/ShareKit.build/ShareKit.modulemap (in target 'ShareKit' from project 'ShareKit')
cd /Users/admin/builder/spi-builder-workspace
builtin-copy -exclude .DS_Store -exclude CVS -exclude .svn -exclude .git -exclude .hg -resolve-src-symlinks /Users/admin/builder/spi-builder-workspace/.derivedData/Build/Intermediates.noindex/ShareKit.build/Debug-watchos/ShareKit.build/ShareKit.modulemap /Users/admin/builder/spi-builder-workspace/.derivedData/Build/Intermediates.noindex/GeneratedModuleMaps-watchos
SwiftDriver ShareKit normal arm64 com.apple.xcode.tools.swift.compiler (in target 'ShareKit' from project 'ShareKit')
cd /Users/admin/builder/spi-builder-workspace/.swiftpm/xcode
builtin-SwiftDriver -- /Applications/Xcode-16.3.0.app/Contents/Developer/Toolchains/XcodeDefault.xctoolchain/usr/bin/swiftc -module-name ShareKit -Onone -enforce-exclusivity\=checked @/Users/admin/builder/spi-builder-workspace/.derivedData/Build/Intermediates.noindex/ShareKit.build/Debug-watchos/ShareKit.build/Objects-normal/arm64/ShareKit.SwiftFileList -DSWIFT_PACKAGE -DDEBUG -stats-output-dir .stats -plugin-path /Applications/Xcode-16.3.0.app/Contents/Developer/Toolchains/XcodeDefault.xctoolchain/usr/lib/swift/host/plugins/testing -enable-experimental-feature DebugDescriptionMacro -sdk /Applications/Xcode-16.3.0.app/Contents/Developer/Platforms/WatchOS.platform/Developer/SDKs/WatchOS11.4.sdk -target arm64-apple-watchos10.0 -g -module-cache-path /Users/admin/builder/spi-builder-workspace/.derivedData/ModuleCache.noindex -Xfrontend -serialize-debugging-options -enable-testing -index-store-path /Users/admin/builder/spi-builder-workspace/.derivedData/Index.noindex/DataStore -swift-version 6 -I /Users/admin/builder/spi-builder-workspace/.derivedData/Build/Products/Debug-watchos -I /Applications/Xcode-16.3.0.app/Contents/Developer/Platforms/WatchOS.platform/Developer/usr/lib -F /Users/admin/builder/spi-builder-workspace/.derivedData/Build/Products/Debug-watchos -F /Applications/Xcode-16.3.0.app/Contents/Developer/Platforms/WatchOS.platform/Developer/Library/Frameworks -F /Applications/Xcode-16.3.0.app/Contents/Developer/Platforms/WatchOS.platform/Developer/SDKs/WatchOS11.4.sdk/Developer/Library/Frameworks -c -j10 -enable-batch-mode -incremental -Xcc -ivfsstatcache -Xcc /Users/admin/builder/spi-builder-workspace/.derivedData/SDKStatCaches.noindex/watchos11.4-22T246-43efb940ff07ba2497b70ec94253f576.sdkstatcache -output-file-map /Users/admin/builder/spi-builder-workspace/.derivedData/Build/Intermediates.noindex/ShareKit.build/Debug-watchos/ShareKit.build/Objects-normal/arm64/ShareKit-OutputFileMap.json -use-frontend-parseable-output -save-temps -no-color-diagnostics -serialize-diagnostics -emit-dependencies -emit-module -emit-module-path /Users/admin/builder/spi-builder-workspace/.derivedData/Build/Intermediates.noindex/ShareKit.build/Debug-watchos/ShareKit.build/Objects-normal/arm64/ShareKit.swiftmodule -validate-clang-modules-once -clang-build-session-file /Users/admin/builder/spi-builder-workspace/.derivedData/ModuleCache.noindex/Session.modulevalidation -package-name spi_builder_workspace -Xcc -I/Users/admin/builder/spi-builder-workspace/.derivedData/Build/Intermediates.noindex/ShareKit.build/Debug-watchos/ShareKit.build/swift-overrides.hmap -emit-const-values -Xfrontend -const-gather-protocols-file -Xfrontend /Users/admin/builder/spi-builder-workspace/.derivedData/Build/Intermediates.noindex/ShareKit.build/Debug-watchos/ShareKit.build/Objects-normal/arm64/ShareKit_const_extract_protocols.json -Xcc -I/Users/admin/builder/spi-builder-workspace/.derivedData/Build/Products/Debug-watchos/include -Xcc -I/Users/admin/builder/spi-builder-workspace/.derivedData/Build/Intermediates.noindex/ShareKit.build/Debug-watchos/ShareKit.build/DerivedSources-normal/arm64 -Xcc -I/Users/admin/builder/spi-builder-workspace/.derivedData/Build/Intermediates.noindex/ShareKit.build/Debug-watchos/ShareKit.build/DerivedSources/arm64 -Xcc -I/Users/admin/builder/spi-builder-workspace/.derivedData/Build/Intermediates.noindex/ShareKit.build/Debug-watchos/ShareKit.build/DerivedSources -Xcc -DSWIFT_PACKAGE -Xcc -DDEBUG\=1 -emit-objc-header -emit-objc-header-path /Users/admin/builder/spi-builder-workspace/.derivedData/Build/Intermediates.noindex/ShareKit.build/Debug-watchos/ShareKit.build/Objects-normal/arm64/ShareKit-Swift.h -working-directory /Users/admin/builder/spi-builder-workspace/.swiftpm/xcode -experimental-emit-module-separately -disable-cmo
SwiftDriver ShareKit normal arm64_32 com.apple.xcode.tools.swift.compiler (in target 'ShareKit' from project 'ShareKit')
cd /Users/admin/builder/spi-builder-workspace/.swiftpm/xcode
builtin-SwiftDriver -- /Applications/Xcode-16.3.0.app/Contents/Developer/Toolchains/XcodeDefault.xctoolchain/usr/bin/swiftc -module-name ShareKit -Onone -enforce-exclusivity\=checked @/Users/admin/builder/spi-builder-workspace/.derivedData/Build/Intermediates.noindex/ShareKit.build/Debug-watchos/ShareKit.build/Objects-normal/arm64_32/ShareKit.SwiftFileList -DSWIFT_PACKAGE -DDEBUG -stats-output-dir .stats -plugin-path /Applications/Xcode-16.3.0.app/Contents/Developer/Toolchains/XcodeDefault.xctoolchain/usr/lib/swift/host/plugins/testing -enable-experimental-feature DebugDescriptionMacro -sdk /Applications/Xcode-16.3.0.app/Contents/Developer/Platforms/WatchOS.platform/Developer/SDKs/WatchOS11.4.sdk -target arm64_32-apple-watchos10.0 -g -module-cache-path /Users/admin/builder/spi-builder-workspace/.derivedData/ModuleCache.noindex -Xfrontend -serialize-debugging-options -enable-testing -index-store-path /Users/admin/builder/spi-builder-workspace/.derivedData/Index.noindex/DataStore -swift-version 6 -I /Users/admin/builder/spi-builder-workspace/.derivedData/Build/Products/Debug-watchos -I /Applications/Xcode-16.3.0.app/Contents/Developer/Platforms/WatchOS.platform/Developer/usr/lib -F /Users/admin/builder/spi-builder-workspace/.derivedData/Build/Products/Debug-watchos -F /Applications/Xcode-16.3.0.app/Contents/Developer/Platforms/WatchOS.platform/Developer/Library/Frameworks -F /Applications/Xcode-16.3.0.app/Contents/Developer/Platforms/WatchOS.platform/Developer/SDKs/WatchOS11.4.sdk/Developer/Library/Frameworks -c -j10 -enable-batch-mode -incremental -Xcc -ivfsstatcache -Xcc /Users/admin/builder/spi-builder-workspace/.derivedData/SDKStatCaches.noindex/watchos11.4-22T246-43efb940ff07ba2497b70ec94253f576.sdkstatcache -output-file-map /Users/admin/builder/spi-builder-workspace/.derivedData/Build/Intermediates.noindex/ShareKit.build/Debug-watchos/ShareKit.build/Objects-normal/arm64_32/ShareKit-OutputFileMap.json -use-frontend-parseable-output -save-temps -no-color-diagnostics -serialize-diagnostics -emit-dependencies -emit-module -emit-module-path /Users/admin/builder/spi-builder-workspace/.derivedData/Build/Intermediates.noindex/ShareKit.build/Debug-watchos/ShareKit.build/Objects-normal/arm64_32/ShareKit.swiftmodule -validate-clang-modules-once -clang-build-session-file /Users/admin/builder/spi-builder-workspace/.derivedData/ModuleCache.noindex/Session.modulevalidation -package-name spi_builder_workspace -Xcc -I/Users/admin/builder/spi-builder-workspace/.derivedData/Build/Intermediates.noindex/ShareKit.build/Debug-watchos/ShareKit.build/swift-overrides.hmap -emit-const-values -Xfrontend -const-gather-protocols-file -Xfrontend /Users/admin/builder/spi-builder-workspace/.derivedData/Build/Intermediates.noindex/ShareKit.build/Debug-watchos/ShareKit.build/Objects-normal/arm64_32/ShareKit_const_extract_protocols.json -Xcc -I/Users/admin/builder/spi-builder-workspace/.derivedData/Build/Products/Debug-watchos/include -Xcc -I/Users/admin/builder/spi-builder-workspace/.derivedData/Build/Intermediates.noindex/ShareKit.build/Debug-watchos/ShareKit.build/DerivedSources-normal/arm64_32 -Xcc -I/Users/admin/builder/spi-builder-workspace/.derivedData/Build/Intermediates.noindex/ShareKit.build/Debug-watchos/ShareKit.build/DerivedSources/arm64_32 -Xcc -I/Users/admin/builder/spi-builder-workspace/.derivedData/Build/Intermediates.noindex/ShareKit.build/Debug-watchos/ShareKit.build/DerivedSources -Xcc -DSWIFT_PACKAGE -Xcc -DDEBUG\=1 -emit-objc-header -emit-objc-header-path /Users/admin/builder/spi-builder-workspace/.derivedData/Build/Intermediates.noindex/ShareKit.build/Debug-watchos/ShareKit.build/Objects-normal/arm64_32/ShareKit-Swift.h -working-directory /Users/admin/builder/spi-builder-workspace/.swiftpm/xcode -experimental-emit-module-separately -disable-cmo
SwiftEmitModule normal arm64_32 Emitting\ module\ for\ ShareKit (in target 'ShareKit' from project 'ShareKit')
EmitSwiftModule normal arm64_32 (in target 'ShareKit' from project 'ShareKit')
cd /Users/admin/builder/spi-builder-workspace/.swiftpm/xcode
/Users/admin/builder/spi-builder-workspace/Sources/ShareKit/Shareable.swift:19:33: error: cannot find type 'UIActivity' in scope
var applicationActivities: [UIActivity]? { get }
^~~~~~~~~~
/Users/admin/builder/spi-builder-workspace/Sources/ShareKit/Shareable.swift:22:33: error: cannot find type 'UIActivity' in scope
var excludedActivityTypes: [UIActivity.ActivityType]? { get }
^~~~~~~~~~
/Users/admin/builder/spi-builder-workspace/Sources/ShareKit/Shareable.swift:29:33: error: cannot find type 'UIActivity' in scope
var applicationActivities: [UIActivity]? { nil }
^~~~~~~~~~
/Users/admin/builder/spi-builder-workspace/Sources/ShareKit/Shareable.swift:32:33: error: cannot find type 'UIActivity' in scope
var excludedActivityTypes: [UIActivity.ActivityType]? { nil }
^~~~~~~~~~
/Users/admin/builder/spi-builder-workspace/Sources/ShareKit/Shareable.swift:43:21: error: cannot find type 'UIActivity' in scope
_ activityType: UIActivity.ActivityType?,
^~~~~~~~~~
/Users/admin/builder/spi-builder-workspace/Sources/ShareKit/UIActivityPresenter.swift:19:43: error: cannot find type 'UIActivityViewController' in scope
private weak var presentedController: UIActivityViewController?
^~~~~~~~~~~~~~~~~~~~~~~~
/Users/admin/builder/spi-builder-workspace/Sources/ShareKit/UIActivityPresenter.swift:28:19: error: @escaping attribute only applies to function types
callback: @escaping Callback
^~~~~~~~~~
/Users/admin/builder/spi-builder-workspace/Sources/ShareKit/UIActivityPresenter.swift:51:52: error: cannot find type 'UIViewController' in scope
private func activePresentationController() -> UIViewController? {
^~~~~~~~~~~~~~~~
/Users/admin/builder/spi-builder-workspace/Sources/ShareKit/UIActivityPresenter.swift:66:56: error: cannot find type 'UIViewController' in scope
private func topMost(from vc: UIViewController) -> UIViewController {
^~~~~~~~~~~~~~~~
/Users/admin/builder/spi-builder-workspace/Sources/ShareKit/UIActivityPresenter.swift:66:35: error: cannot find type 'UIViewController' in scope
private func topMost(from vc: UIViewController) -> UIViewController {
^~~~~~~~~~~~~~~~
/Users/admin/builder/spi-builder-workspace/Sources/ShareKit/UIActivityPresenter.swift:74:25: error: cannot find type 'UIActivityViewController' in scope
for controller: UIActivityViewController,
^~~~~~~~~~~~~~~~~~~~~~~~
/Users/admin/builder/spi-builder-workspace/Sources/ShareKit/UIActivityPresenter.swift:75:38: error: cannot find type 'UIViewController' in scope
presentingFrom presentingVC: UIViewController
^~~~~~~~~~~~~~~~
/Users/admin/builder/spi-builder-workspace/Sources/ShareKit/UIShareLink.swift:56:19: error: @escaping attribute only applies to function types
callback: @escaping Callback,
^~~~~~~~~~
/Users/admin/builder/spi-builder-workspace/Sources/ShareKit/UIShareLink.swift:75:19: error: @escaping attribute only applies to function types
callback: @escaping Callback,
^~~~~~~~~~
/Users/admin/builder/spi-builder-workspace/Sources/ShareKit/UIShareLink.swift:138:19: error: @escaping attribute only applies to function types
callback: @escaping Callback
^~~~~~~~~~
/Users/admin/builder/spi-builder-workspace/Sources/ShareKit/UIShareLink.swift:149:19: error: @escaping attribute only applies to function types
callback: @escaping Callback
^~~~~~~~~~
/Users/admin/builder/spi-builder-workspace/Sources/ShareKit/UIShareLink.swift:166:19: error: @escaping attribute only applies to function types
callback: @escaping Callback
^~~~~~~~~~
/Users/admin/builder/spi-builder-workspace/Sources/ShareKit/UIShareLink.swift:181:19: error: @escaping attribute only applies to function types
callback: @escaping Callback
^~~~~~~~~~
Failed frontend command:
/Applications/Xcode-16.3.0.app/Contents/Developer/Toolchains/XcodeDefault.xctoolchain/usr/bin/swift-frontend -frontend -emit-module -experimental-skip-non-inlinable-function-bodies-without-types /Users/admin/builder/spi-builder-workspace/Sources/ShareKit/Shareable.swift /Users/admin/builder/spi-builder-workspace/Sources/ShareKit/UIActivityPresenter.swift /Users/admin/builder/spi-builder-workspace/Sources/ShareKit/UIShareLink.swift -target arm64_32-apple-watchos10.0 -enable-objc-interop -sdk /Applications/Xcode-16.3.0.app/Contents/Developer/Platforms/WatchOS.platform/Developer/SDKs/WatchOS11.4.sdk -I /Users/admin/builder/spi-builder-workspace/.derivedData/Build/Products/Debug-watchos -I /Applications/Xcode-16.3.0.app/Contents/Developer/Platforms/WatchOS.platform/Developer/usr/lib -F /Users/admin/builder/spi-builder-workspace/.derivedData/Build/Products/Debug-watchos -F /Applications/Xcode-16.3.0.app/Contents/Developer/Platforms/WatchOS.platform/Developer/Library/Frameworks -F /Applications/Xcode-16.3.0.app/Contents/Developer/Platforms/WatchOS.platform/Developer/SDKs/WatchOS11.4.sdk/Developer/Library/Frameworks -no-color-diagnostics -enable-testing -g -debug-info-format\=dwarf -dwarf-version\=4 -module-cache-path /Users/admin/builder/spi-builder-workspace/.derivedData/ModuleCache.noindex -swift-version 6 -enforce-exclusivity\=checked -stats-output-dir /Users/admin/builder/spi-builder-workspace/.swiftpm/xcode/.stats -Onone -D SWIFT_PACKAGE -D DEBUG -serialize-debugging-options -const-gather-protocols-file /Users/admin/builder/spi-builder-workspace/.derivedData/Build/Intermediates.noindex/ShareKit.build/Debug-watchos/ShareKit.build/Objects-normal/arm64_32/ShareKit_const_extract_protocols.json -enable-experimental-feature DebugDescriptionMacro -empty-abi-descriptor -plugin-path /Applications/Xcode-16.3.0.app/Contents/Developer/Toolchains/XcodeDefault.xctoolchain/usr/lib/swift/host/plugins/testing -validate-clang-modules-once -clang-build-session-file /Users/admin/builder/spi-builder-workspace/.derivedData/ModuleCache.noindex/Session.modulevalidation -Xcc -working-directory -Xcc /Users/admin/builder/spi-builder-workspace/.swiftpm/xcode -resource-dir /Applications/Xcode-16.3.0.app/Contents/Developer/Toolchains/XcodeDefault.xctoolchain/usr/lib/swift -enable-anonymous-context-mangled-names -file-compilation-dir /Users/admin/builder/spi-builder-workspace/.swiftpm/xcode -Xcc -ivfsstatcache -Xcc /Users/admin/builder/spi-builder-workspace/.derivedData/SDKStatCaches.noindex/watchos11.4-22T246-43efb940ff07ba2497b70ec94253f576.sdkstatcache -Xcc -I/Users/admin/builder/spi-builder-workspace/.derivedData/Build/Intermediates.noindex/ShareKit.build/Debug-watchos/ShareKit.build/swift-overrides.hmap -Xcc -I/Users/admin/builder/spi-builder-workspace/.derivedData/Build/Products/Debug-watchos/include -Xcc -I/Users/admin/builder/spi-builder-workspace/.derivedData/Build/Intermediates.noindex/ShareKit.build/Debug-watchos/ShareKit.build/DerivedSources-normal/arm64_32 -Xcc -I/Users/admin/builder/spi-builder-workspace/.derivedData/Build/Intermediates.noindex/ShareKit.build/Debug-watchos/ShareKit.build/DerivedSources/arm64_32 -Xcc -I/Users/admin/builder/spi-builder-workspace/.derivedData/Build/Intermediates.noindex/ShareKit.build/Debug-watchos/ShareKit.build/DerivedSources -Xcc -DSWIFT_PACKAGE -Xcc -DDEBUG\=1 -module-name ShareKit -package-name spi_builder_workspace -frontend-parseable-output -disable-clang-spi -target-sdk-version 11.4 -target-sdk-name watchos11.4 -external-plugin-path /Applications/Xcode-16.3.0.app/Contents/Developer/Platforms/WatchOS.platform/Developer/usr/lib/swift/host/plugins\#/Applications/Xcode-16.3.0.app/Contents/Developer/Platforms/WatchOS.platform/Developer/usr/bin/swift-plugin-server -external-plugin-path /Applications/Xcode-16.3.0.app/Contents/Developer/Platforms/WatchOS.platform/Developer/usr/local/lib/swift/host/plugins\#/Applications/Xcode-16.3.0.app/Contents/Developer/Platforms/WatchOS.platform/Developer/usr/bin/swift-plugin-server -in-process-plugin-server-path /Applications/Xcode-16.3.0.app/Contents/Developer/Toolchains/XcodeDefault.xctoolchain/usr/lib/swift/host/libSwiftInProcPluginServer.dylib -plugin-path /Applications/Xcode-16.3.0.app/Contents/Developer/Toolchains/XcodeDefault.xctoolchain/usr/lib/swift/host/plugins -plugin-path /Applications/Xcode-16.3.0.app/Contents/Developer/Toolchains/XcodeDefault.xctoolchain/usr/local/lib/swift/host/plugins -emit-module-doc-path /Users/admin/builder/spi-builder-workspace/.derivedData/Build/Intermediates.noindex/ShareKit.build/Debug-watchos/ShareKit.build/Objects-normal/arm64_32/ShareKit.swiftdoc -emit-module-source-info-path /Users/admin/builder/spi-builder-workspace/.derivedData/Build/Intermediates.noindex/ShareKit.build/Debug-watchos/ShareKit.build/Objects-normal/arm64_32/ShareKit.swiftsourceinfo -emit-objc-header-path /Users/admin/builder/spi-builder-workspace/.derivedData/Build/Intermediates.noindex/ShareKit.build/Debug-watchos/ShareKit.build/Objects-normal/arm64_32/ShareKit-Swift.h -serialize-diagnostics-path /Users/admin/builder/spi-builder-workspace/.derivedData/Build/Intermediates.noindex/ShareKit.build/Debug-watchos/ShareKit.build/Objects-normal/arm64_32/ShareKit-master-emit-module.dia -emit-dependencies-path /Users/admin/builder/spi-builder-workspace/.derivedData/Build/Intermediates.noindex/ShareKit.build/Debug-watchos/ShareKit.build/Objects-normal/arm64_32/ShareKit-master-emit-module.d -o /Users/admin/builder/spi-builder-workspace/.derivedData/Build/Intermediates.noindex/ShareKit.build/Debug-watchos/ShareKit.build/Objects-normal/arm64_32/ShareKit.swiftmodule -emit-abi-descriptor-path /Users/admin/builder/spi-builder-workspace/.derivedData/Build/Intermediates.noindex/ShareKit.build/Debug-watchos/ShareKit.build/Objects-normal/arm64_32/ShareKit.abi.json
SwiftEmitModule normal arm64 Emitting\ module\ for\ ShareKit (in target 'ShareKit' from project 'ShareKit')
EmitSwiftModule normal arm64 (in target 'ShareKit' from project 'ShareKit')
cd /Users/admin/builder/spi-builder-workspace/.swiftpm/xcode
/Users/admin/builder/spi-builder-workspace/Sources/ShareKit/Shareable.swift:19:33: error: cannot find type 'UIActivity' in scope
var applicationActivities: [UIActivity]? { get }
^~~~~~~~~~
/Users/admin/builder/spi-builder-workspace/Sources/ShareKit/Shareable.swift:22:33: error: cannot find type 'UIActivity' in scope
var excludedActivityTypes: [UIActivity.ActivityType]? { get }
^~~~~~~~~~
/Users/admin/builder/spi-builder-workspace/Sources/ShareKit/Shareable.swift:29:33: error: cannot find type 'UIActivity' in scope
var applicationActivities: [UIActivity]? { nil }
^~~~~~~~~~
/Users/admin/builder/spi-builder-workspace/Sources/ShareKit/Shareable.swift:32:33: error: cannot find type 'UIActivity' in scope
var excludedActivityTypes: [UIActivity.ActivityType]? { nil }
^~~~~~~~~~
/Users/admin/builder/spi-builder-workspace/Sources/ShareKit/Shareable.swift:43:21: error: cannot find type 'UIActivity' in scope
_ activityType: UIActivity.ActivityType?,
^~~~~~~~~~
/Users/admin/builder/spi-builder-workspace/Sources/ShareKit/UIActivityPresenter.swift:19:43: error: cannot find type 'UIActivityViewController' in scope
private weak var presentedController: UIActivityViewController?
^~~~~~~~~~~~~~~~~~~~~~~~
/Users/admin/builder/spi-builder-workspace/Sources/ShareKit/UIActivityPresenter.swift:28:19: error: @escaping attribute only applies to function types
callback: @escaping Callback
^~~~~~~~~~
/Users/admin/builder/spi-builder-workspace/Sources/ShareKit/UIActivityPresenter.swift:51:52: error: cannot find type 'UIViewController' in scope
private func activePresentationController() -> UIViewController? {
^~~~~~~~~~~~~~~~
/Users/admin/builder/spi-builder-workspace/Sources/ShareKit/UIActivityPresenter.swift:66:56: error: cannot find type 'UIViewController' in scope
private func topMost(from vc: UIViewController) -> UIViewController {
^~~~~~~~~~~~~~~~
/Users/admin/builder/spi-builder-workspace/Sources/ShareKit/UIActivityPresenter.swift:66:35: error: cannot find type 'UIViewController' in scope
private func topMost(from vc: UIViewController) -> UIViewController {
^~~~~~~~~~~~~~~~
/Users/admin/builder/spi-builder-workspace/Sources/ShareKit/UIActivityPresenter.swift:74:25: error: cannot find type 'UIActivityViewController' in scope
for controller: UIActivityViewController,
^~~~~~~~~~~~~~~~~~~~~~~~
/Users/admin/builder/spi-builder-workspace/Sources/ShareKit/UIActivityPresenter.swift:75:38: error: cannot find type 'UIViewController' in scope
presentingFrom presentingVC: UIViewController
^~~~~~~~~~~~~~~~
/Users/admin/builder/spi-builder-workspace/Sources/ShareKit/UIShareLink.swift:56:19: error: @escaping attribute only applies to function types
callback: @escaping Callback,
^~~~~~~~~~
/Users/admin/builder/spi-builder-workspace/Sources/ShareKit/UIShareLink.swift:75:19: error: @escaping attribute only applies to function types
callback: @escaping Callback,
^~~~~~~~~~
/Users/admin/builder/spi-builder-workspace/Sources/ShareKit/UIShareLink.swift:138:19: error: @escaping attribute only applies to function types
callback: @escaping Callback
^~~~~~~~~~
/Users/admin/builder/spi-builder-workspace/Sources/ShareKit/UIShareLink.swift:149:19: error: @escaping attribute only applies to function types
callback: @escaping Callback
^~~~~~~~~~
/Users/admin/builder/spi-builder-workspace/Sources/ShareKit/UIShareLink.swift:166:19: error: @escaping attribute only applies to function types
callback: @escaping Callback
^~~~~~~~~~
/Users/admin/builder/spi-builder-workspace/Sources/ShareKit/UIShareLink.swift:181:19: error: @escaping attribute only applies to function types
callback: @escaping Callback
^~~~~~~~~~
Failed frontend command:
/Applications/Xcode-16.3.0.app/Contents/Developer/Toolchains/XcodeDefault.xctoolchain/usr/bin/swift-frontend -frontend -emit-module -experimental-skip-non-inlinable-function-bodies-without-types /Users/admin/builder/spi-builder-workspace/Sources/ShareKit/Shareable.swift /Users/admin/builder/spi-builder-workspace/Sources/ShareKit/UIActivityPresenter.swift /Users/admin/builder/spi-builder-workspace/Sources/ShareKit/UIShareLink.swift -target arm64-apple-watchos10.0 -Xllvm -aarch64-use-tbi -enable-objc-interop -stack-check -sdk /Applications/Xcode-16.3.0.app/Contents/Developer/Platforms/WatchOS.platform/Developer/SDKs/WatchOS11.4.sdk -I /Users/admin/builder/spi-builder-workspace/.derivedData/Build/Products/Debug-watchos -I /Applications/Xcode-16.3.0.app/Contents/Developer/Platforms/WatchOS.platform/Developer/usr/lib -F /Users/admin/builder/spi-builder-workspace/.derivedData/Build/Products/Debug-watchos -F /Applications/Xcode-16.3.0.app/Contents/Developer/Platforms/WatchOS.platform/Developer/Library/Frameworks -F /Applications/Xcode-16.3.0.app/Contents/Developer/Platforms/WatchOS.platform/Developer/SDKs/WatchOS11.4.sdk/Developer/Library/Frameworks -no-color-diagnostics -enable-testing -g -debug-info-format\=dwarf -dwarf-version\=4 -module-cache-path /Users/admin/builder/spi-builder-workspace/.derivedData/ModuleCache.noindex -swift-version 6 -enforce-exclusivity\=checked -stats-output-dir /Users/admin/builder/spi-builder-workspace/.swiftpm/xcode/.stats -Onone -D SWIFT_PACKAGE -D DEBUG -serialize-debugging-options -const-gather-protocols-file /Users/admin/builder/spi-builder-workspace/.derivedData/Build/Intermediates.noindex/ShareKit.build/Debug-watchos/ShareKit.build/Objects-normal/arm64/ShareKit_const_extract_protocols.json -enable-experimental-feature DebugDescriptionMacro -empty-abi-descriptor -plugin-path /Applications/Xcode-16.3.0.app/Contents/Developer/Toolchains/XcodeDefault.xctoolchain/usr/lib/swift/host/plugins/testing -validate-clang-modules-once -clang-build-session-file /Users/admin/builder/spi-builder-workspace/.derivedData/ModuleCache.noindex/Session.modulevalidation -Xcc -working-directory -Xcc /Users/admin/builder/spi-builder-workspace/.swiftpm/xcode -resource-dir /Applications/Xcode-16.3.0.app/Contents/Developer/Toolchains/XcodeDefault.xctoolchain/usr/lib/swift -enable-anonymous-context-mangled-names -file-compilation-dir /Users/admin/builder/spi-builder-workspace/.swiftpm/xcode -Xcc -ivfsstatcache -Xcc /Users/admin/builder/spi-builder-workspace/.derivedData/SDKStatCaches.noindex/watchos11.4-22T246-43efb940ff07ba2497b70ec94253f576.sdkstatcache -Xcc -I/Users/admin/builder/spi-builder-workspace/.derivedData/Build/Intermediates.noindex/ShareKit.build/Debug-watchos/ShareKit.build/swift-overrides.hmap -Xcc -I/Users/admin/builder/spi-builder-workspace/.derivedData/Build/Products/Debug-watchos/include -Xcc -I/Users/admin/builder/spi-builder-workspace/.derivedData/Build/Intermediates.noindex/ShareKit.build/Debug-watchos/ShareKit.build/DerivedSources-normal/arm64 -Xcc -I/Users/admin/builder/spi-builder-workspace/.derivedData/Build/Intermediates.noindex/ShareKit.build/Debug-watchos/ShareKit.build/DerivedSources/arm64 -Xcc -I/Users/admin/builder/spi-builder-workspace/.derivedData/Build/Intermediates.noindex/ShareKit.build/Debug-watchos/ShareKit.build/DerivedSources -Xcc -DSWIFT_PACKAGE -Xcc -DDEBUG\=1 -module-name ShareKit -package-name spi_builder_workspace -frontend-parseable-output -disable-clang-spi -target-sdk-version 11.4 -target-sdk-name watchos11.4 -external-plugin-path /Applications/Xcode-16.3.0.app/Contents/Developer/Platforms/WatchOS.platform/Developer/usr/lib/swift/host/plugins\#/Applications/Xcode-16.3.0.app/Contents/Developer/Platforms/WatchOS.platform/Developer/usr/bin/swift-plugin-server -external-plugin-path /Applications/Xcode-16.3.0.app/Contents/Developer/Platforms/WatchOS.platform/Developer/usr/local/lib/swift/host/plugins\#/Applications/Xcode-16.3.0.app/Contents/Developer/Platforms/WatchOS.platform/Developer/usr/bin/swift-plugin-server -in-process-plugin-server-path /Applications/Xcode-16.3.0.app/Contents/Developer/Toolchains/XcodeDefault.xctoolchain/usr/lib/swift/host/libSwiftInProcPluginServer.dylib -plugin-path /Applications/Xcode-16.3.0.app/Contents/Developer/Toolchains/XcodeDefault.xctoolchain/usr/lib/swift/host/plugins -plugin-path /Applications/Xcode-16.3.0.app/Contents/Developer/Toolchains/XcodeDefault.xctoolchain/usr/local/lib/swift/host/plugins -emit-module-doc-path /Users/admin/builder/spi-builder-workspace/.derivedData/Build/Intermediates.noindex/ShareKit.build/Debug-watchos/ShareKit.build/Objects-normal/arm64/ShareKit.swiftdoc -emit-module-source-info-path /Users/admin/builder/spi-builder-workspace/.derivedData/Build/Intermediates.noindex/ShareKit.build/Debug-watchos/ShareKit.build/Objects-normal/arm64/ShareKit.swiftsourceinfo -emit-objc-header-path /Users/admin/builder/spi-builder-workspace/.derivedData/Build/Intermediates.noindex/ShareKit.build/Debug-watchos/ShareKit.build/Objects-normal/arm64/ShareKit-Swift.h -serialize-diagnostics-path /Users/admin/builder/spi-builder-workspace/.derivedData/Build/Intermediates.noindex/ShareKit.build/Debug-watchos/ShareKit.build/Objects-normal/arm64/ShareKit-master-emit-module.dia -emit-dependencies-path /Users/admin/builder/spi-builder-workspace/.derivedData/Build/Intermediates.noindex/ShareKit.build/Debug-watchos/ShareKit.build/Objects-normal/arm64/ShareKit-master-emit-module.d -o /Users/admin/builder/spi-builder-workspace/.derivedData/Build/Intermediates.noindex/ShareKit.build/Debug-watchos/ShareKit.build/Objects-normal/arm64/ShareKit.swiftmodule -emit-abi-descriptor-path /Users/admin/builder/spi-builder-workspace/.derivedData/Build/Intermediates.noindex/ShareKit.build/Debug-watchos/ShareKit.build/Objects-normal/arm64/ShareKit.abi.json
SwiftCompile normal arm64_32 Compiling\ Shareable.swift /Users/admin/builder/spi-builder-workspace/Sources/ShareKit/Shareable.swift (in target 'ShareKit' from project 'ShareKit')
SwiftCompile normal arm64_32 /Users/admin/builder/spi-builder-workspace/Sources/ShareKit/Shareable.swift (in target 'ShareKit' from project 'ShareKit')
cd /Users/admin/builder/spi-builder-workspace/.swiftpm/xcode
SwiftCompile normal arm64 Compiling\ UIShareLink.swift /Users/admin/builder/spi-builder-workspace/Sources/ShareKit/UIShareLink.swift (in target 'ShareKit' from project 'ShareKit')
SwiftCompile normal arm64 /Users/admin/builder/spi-builder-workspace/Sources/ShareKit/UIShareLink.swift (in target 'ShareKit' from project 'ShareKit')
cd /Users/admin/builder/spi-builder-workspace/.swiftpm/xcode
SwiftCompile normal arm64_32 Compiling\ UIShareLink.swift /Users/admin/builder/spi-builder-workspace/Sources/ShareKit/UIShareLink.swift (in target 'ShareKit' from project 'ShareKit')
SwiftCompile normal arm64_32 /Users/admin/builder/spi-builder-workspace/Sources/ShareKit/UIShareLink.swift (in target 'ShareKit' from project 'ShareKit')
cd /Users/admin/builder/spi-builder-workspace/.swiftpm/xcode
SwiftCompile normal arm64_32 Compiling\ UIActivityPresenter.swift /Users/admin/builder/spi-builder-workspace/Sources/ShareKit/UIActivityPresenter.swift (in target 'ShareKit' from project 'ShareKit')
SwiftCompile normal arm64_32 /Users/admin/builder/spi-builder-workspace/Sources/ShareKit/UIActivityPresenter.swift (in target 'ShareKit' from project 'ShareKit')
cd /Users/admin/builder/spi-builder-workspace/.swiftpm/xcode
SwiftCompile normal arm64 Compiling\ UIActivityPresenter.swift /Users/admin/builder/spi-builder-workspace/Sources/ShareKit/UIActivityPresenter.swift (in target 'ShareKit' from project 'ShareKit')
SwiftCompile normal arm64 /Users/admin/builder/spi-builder-workspace/Sources/ShareKit/UIActivityPresenter.swift (in target 'ShareKit' from project 'ShareKit')
cd /Users/admin/builder/spi-builder-workspace/.swiftpm/xcode
SwiftCompile normal arm64 Compiling\ Shareable.swift /Users/admin/builder/spi-builder-workspace/Sources/ShareKit/Shareable.swift (in target 'ShareKit' from project 'ShareKit')
SwiftCompile normal arm64 /Users/admin/builder/spi-builder-workspace/Sources/ShareKit/Shareable.swift (in target 'ShareKit' from project 'ShareKit')
cd /Users/admin/builder/spi-builder-workspace/.swiftpm/xcode
** BUILD FAILED **
The following build commands failed:
EmitSwiftModule normal arm64_32 (in target 'ShareKit' from project 'ShareKit')
SwiftEmitModule normal arm64_32 Emitting\ module\ for\ ShareKit (in target 'ShareKit' from project 'ShareKit')
EmitSwiftModule normal arm64 (in target 'ShareKit' from project 'ShareKit')
SwiftEmitModule normal arm64 Emitting\ module\ for\ ShareKit (in target 'ShareKit' from project 'ShareKit')
Building workspace spi-builder-workspace with scheme ShareKit
(5 failures)
Command line invocation:
/Applications/Xcode-16.3.0.app/Contents/Developer/usr/bin/xcodebuild -IDEClonedSourcePackagesDirPathOverride=/Users/admin/builder/spi-builder-workspace/.dependencies -resolvePackageDependencies
Resolve Package Graph
Resolved source packages:
ShareKit: /Users/admin/builder/spi-builder-workspace
resolved source packages: ShareKit
{
"dependencies" : [
],
"manifest_display_name" : "ShareKit",
"name" : "ShareKit",
"path" : "/Users/admin/builder/spi-builder-workspace",
"platforms" : [
{
"name" : "ios",
"version" : "17.0"
}
],
"products" : [
{
"name" : "ShareKit",
"targets" : [
"ShareKit"
],
"type" : {
"library" : [
"automatic"
]
}
}
],
"swift_languages_versions" : [
"6"
],
"targets" : [
{
"c99name" : "ShareKit",
"module_type" : "SwiftTarget",
"name" : "ShareKit",
"path" : "Sources/ShareKit",
"product_memberships" : [
"ShareKit"
],
"sources" : [
"Shareable.swift",
"UIActivityPresenter.swift",
"UIShareLink.swift"
],
"type" : "library"
}
],
"tools_version" : "6.0"
}
{
"workspace" : {
"name" : "spi-builder-workspace",
"schemes" : [
"ShareKit"
]
}
}
Running build ...
env DEVELOPER_DIR=/Applications/Xcode-16.3.0.app xcrun xcodebuild -IDEClonedSourcePackagesDirPathOverride=$PWD/.dependencies -skipMacroValidation -skipPackagePluginValidation -derivedDataPath $PWD/.derivedData build -scheme ShareKit -destination generic/platform=watchOS
Command line invocation:
/Applications/Xcode-16.3.0.app/Contents/Developer/usr/bin/xcodebuild -IDEClonedSourcePackagesDirPathOverride=/Users/admin/builder/spi-builder-workspace/.dependencies -skipMacroValidation -skipPackagePluginValidation -derivedDataPath /Users/admin/builder/spi-builder-workspace/.derivedData build -scheme ShareKit -destination generic/platform=watchOS
Resolve Package Graph
Resolved source packages:
ShareKit: /Users/admin/builder/spi-builder-workspace
ComputePackagePrebuildTargetDependencyGraph
Prepare packages
CreateBuildRequest
SendProjectDescription
CreateBuildOperation
ComputeTargetDependencyGraph
note: Building targets in dependency order
note: Target dependency graph (2 targets)
Target 'ShareKit' in project 'ShareKit'
➜ Explicit dependency on target 'ShareKit' in project 'ShareKit'
Target 'ShareKit' in project 'ShareKit' (no dependencies)
GatherProvisioningInputs
CreateBuildDescription
ExecuteExternalTool /Applications/Xcode-16.3.0.app/Contents/Developer/Toolchains/XcodeDefault.xctoolchain/usr/bin/clang -v -E -dM -isysroot /Applications/Xcode-16.3.0.app/Contents/Developer/Platforms/WatchOS.platform/Developer/SDKs/WatchOS11.4.sdk -x c -c /dev/null
ExecuteExternalTool /Applications/Xcode-16.3.0.app/Contents/Developer/Toolchains/XcodeDefault.xctoolchain/usr/bin/swiftc --version
ExecuteExternalTool /Applications/Xcode-16.3.0.app/Contents/Developer/Toolchains/XcodeDefault.xctoolchain/usr/bin/ld -version_details
Build description signature: 2d516e78204a5aa73d62df4f8e9e8574
Build description path: /Users/admin/builder/spi-builder-workspace/.derivedData/Build/Intermediates.noindex/XCBuildData/2d516e78204a5aa73d62df4f8e9e8574.xcbuilddata
ClangStatCache /Applications/Xcode-16.3.0.app/Contents/Developer/Toolchains/XcodeDefault.xctoolchain/usr/bin/clang-stat-cache /Applications/Xcode-16.3.0.app/Contents/Developer/Platforms/WatchOS.platform/Developer/SDKs/WatchOS11.4.sdk /Users/admin/builder/spi-builder-workspace/.derivedData/SDKStatCaches.noindex/watchos11.4-22T246-43efb940ff07ba2497b70ec94253f576.sdkstatcache
cd /Users/admin/builder/spi-builder-workspace/.swiftpm/xcode
/Applications/Xcode-16.3.0.app/Contents/Developer/Toolchains/XcodeDefault.xctoolchain/usr/bin/clang-stat-cache /Applications/Xcode-16.3.0.app/Contents/Developer/Platforms/WatchOS.platform/Developer/SDKs/WatchOS11.4.sdk -o /Users/admin/builder/spi-builder-workspace/.derivedData/SDKStatCaches.noindex/watchos11.4-22T246-43efb940ff07ba2497b70ec94253f576.sdkstatcache
SwiftDriver ShareKit normal arm64_32 com.apple.xcode.tools.swift.compiler (in target 'ShareKit' from project 'ShareKit')
cd /Users/admin/builder/spi-builder-workspace/.swiftpm/xcode
builtin-SwiftDriver -- /Applications/Xcode-16.3.0.app/Contents/Developer/Toolchains/XcodeDefault.xctoolchain/usr/bin/swiftc -module-name ShareKit -Onone -enforce-exclusivity\=checked @/Users/admin/builder/spi-builder-workspace/.derivedData/Build/Intermediates.noindex/ShareKit.build/Debug-watchos/ShareKit.build/Objects-normal/arm64_32/ShareKit.SwiftFileList -DSWIFT_PACKAGE -DDEBUG -DXcode -plugin-path /Applications/Xcode-16.3.0.app/Contents/Developer/Toolchains/XcodeDefault.xctoolchain/usr/lib/swift/host/plugins/testing -enable-experimental-feature DebugDescriptionMacro -sdk /Applications/Xcode-16.3.0.app/Contents/Developer/Platforms/WatchOS.platform/Developer/SDKs/WatchOS11.4.sdk -target arm64_32-apple-watchos10.0 -g -module-cache-path /Users/admin/builder/spi-builder-workspace/.derivedData/ModuleCache.noindex -Xfrontend -serialize-debugging-options -enable-testing -index-store-path /Users/admin/builder/spi-builder-workspace/.derivedData/Index.noindex/DataStore -swift-version 6 -I /Users/admin/builder/spi-builder-workspace/.derivedData/Build/Products/Debug-watchos -I /Applications/Xcode-16.3.0.app/Contents/Developer/Platforms/WatchOS.platform/Developer/usr/lib -F /Users/admin/builder/spi-builder-workspace/.derivedData/Build/Products/Debug-watchos -F /Applications/Xcode-16.3.0.app/Contents/Developer/Platforms/WatchOS.platform/Developer/Library/Frameworks -F /Applications/Xcode-16.3.0.app/Contents/Developer/Platforms/WatchOS.platform/Developer/SDKs/WatchOS11.4.sdk/Developer/Library/Frameworks -c -j10 -enable-batch-mode -incremental -Xcc -ivfsstatcache -Xcc /Users/admin/builder/spi-builder-workspace/.derivedData/SDKStatCaches.noindex/watchos11.4-22T246-43efb940ff07ba2497b70ec94253f576.sdkstatcache -output-file-map /Users/admin/builder/spi-builder-workspace/.derivedData/Build/Intermediates.noindex/ShareKit.build/Debug-watchos/ShareKit.build/Objects-normal/arm64_32/ShareKit-OutputFileMap.json -use-frontend-parseable-output -save-temps -no-color-diagnostics -serialize-diagnostics -emit-dependencies -emit-module -emit-module-path /Users/admin/builder/spi-builder-workspace/.derivedData/Build/Intermediates.noindex/ShareKit.build/Debug-watchos/ShareKit.build/Objects-normal/arm64_32/ShareKit.swiftmodule -validate-clang-modules-once -clang-build-session-file /Users/admin/builder/spi-builder-workspace/.derivedData/ModuleCache.noindex/Session.modulevalidation -package-name spi_builder_workspace -Xcc -I/Users/admin/builder/spi-builder-workspace/.derivedData/Build/Intermediates.noindex/ShareKit.build/Debug-watchos/ShareKit.build/swift-overrides.hmap -emit-const-values -Xfrontend -const-gather-protocols-file -Xfrontend /Users/admin/builder/spi-builder-workspace/.derivedData/Build/Intermediates.noindex/ShareKit.build/Debug-watchos/ShareKit.build/Objects-normal/arm64_32/ShareKit_const_extract_protocols.json -Xcc -I/Users/admin/builder/spi-builder-workspace/.derivedData/Build/Products/Debug-watchos/include -Xcc -I/Users/admin/builder/spi-builder-workspace/.derivedData/Build/Intermediates.noindex/ShareKit.build/Debug-watchos/ShareKit.build/DerivedSources-normal/arm64_32 -Xcc -I/Users/admin/builder/spi-builder-workspace/.derivedData/Build/Intermediates.noindex/ShareKit.build/Debug-watchos/ShareKit.build/DerivedSources/arm64_32 -Xcc -I/Users/admin/builder/spi-builder-workspace/.derivedData/Build/Intermediates.noindex/ShareKit.build/Debug-watchos/ShareKit.build/DerivedSources -Xcc -DSWIFT_PACKAGE -Xcc -DDEBUG\=1 -emit-objc-header -emit-objc-header-path /Users/admin/builder/spi-builder-workspace/.derivedData/Build/Intermediates.noindex/ShareKit.build/Debug-watchos/ShareKit.build/Objects-normal/arm64_32/ShareKit-Swift.h -working-directory /Users/admin/builder/spi-builder-workspace/.swiftpm/xcode -experimental-emit-module-separately -disable-cmo
SwiftDriver ShareKit normal arm64 com.apple.xcode.tools.swift.compiler (in target 'ShareKit' from project 'ShareKit')
cd /Users/admin/builder/spi-builder-workspace/.swiftpm/xcode
builtin-SwiftDriver -- /Applications/Xcode-16.3.0.app/Contents/Developer/Toolchains/XcodeDefault.xctoolchain/usr/bin/swiftc -module-name ShareKit -Onone -enforce-exclusivity\=checked @/Users/admin/builder/spi-builder-workspace/.derivedData/Build/Intermediates.noindex/ShareKit.build/Debug-watchos/ShareKit.build/Objects-normal/arm64/ShareKit.SwiftFileList -DSWIFT_PACKAGE -DDEBUG -DXcode -plugin-path /Applications/Xcode-16.3.0.app/Contents/Developer/Toolchains/XcodeDefault.xctoolchain/usr/lib/swift/host/plugins/testing -enable-experimental-feature DebugDescriptionMacro -sdk /Applications/Xcode-16.3.0.app/Contents/Developer/Platforms/WatchOS.platform/Developer/SDKs/WatchOS11.4.sdk -target arm64-apple-watchos10.0 -g -module-cache-path /Users/admin/builder/spi-builder-workspace/.derivedData/ModuleCache.noindex -Xfrontend -serialize-debugging-options -enable-testing -index-store-path /Users/admin/builder/spi-builder-workspace/.derivedData/Index.noindex/DataStore -swift-version 6 -I /Users/admin/builder/spi-builder-workspace/.derivedData/Build/Products/Debug-watchos -I /Applications/Xcode-16.3.0.app/Contents/Developer/Platforms/WatchOS.platform/Developer/usr/lib -F /Users/admin/builder/spi-builder-workspace/.derivedData/Build/Products/Debug-watchos -F /Applications/Xcode-16.3.0.app/Contents/Developer/Platforms/WatchOS.platform/Developer/Library/Frameworks -F /Applications/Xcode-16.3.0.app/Contents/Developer/Platforms/WatchOS.platform/Developer/SDKs/WatchOS11.4.sdk/Developer/Library/Frameworks -c -j10 -enable-batch-mode -incremental -Xcc -ivfsstatcache -Xcc /Users/admin/builder/spi-builder-workspace/.derivedData/SDKStatCaches.noindex/watchos11.4-22T246-43efb940ff07ba2497b70ec94253f576.sdkstatcache -output-file-map /Users/admin/builder/spi-builder-workspace/.derivedData/Build/Intermediates.noindex/ShareKit.build/Debug-watchos/ShareKit.build/Objects-normal/arm64/ShareKit-OutputFileMap.json -use-frontend-parseable-output -save-temps -no-color-diagnostics -serialize-diagnostics -emit-dependencies -emit-module -emit-module-path /Users/admin/builder/spi-builder-workspace/.derivedData/Build/Intermediates.noindex/ShareKit.build/Debug-watchos/ShareKit.build/Objects-normal/arm64/ShareKit.swiftmodule -validate-clang-modules-once -clang-build-session-file /Users/admin/builder/spi-builder-workspace/.derivedData/ModuleCache.noindex/Session.modulevalidation -package-name spi_builder_workspace -Xcc -I/Users/admin/builder/spi-builder-workspace/.derivedData/Build/Intermediates.noindex/ShareKit.build/Debug-watchos/ShareKit.build/swift-overrides.hmap -emit-const-values -Xfrontend -const-gather-protocols-file -Xfrontend /Users/admin/builder/spi-builder-workspace/.derivedData/Build/Intermediates.noindex/ShareKit.build/Debug-watchos/ShareKit.build/Objects-normal/arm64/ShareKit_const_extract_protocols.json -Xcc -I/Users/admin/builder/spi-builder-workspace/.derivedData/Build/Products/Debug-watchos/include -Xcc -I/Users/admin/builder/spi-builder-workspace/.derivedData/Build/Intermediates.noindex/ShareKit.build/Debug-watchos/ShareKit.build/DerivedSources-normal/arm64 -Xcc -I/Users/admin/builder/spi-builder-workspace/.derivedData/Build/Intermediates.noindex/ShareKit.build/Debug-watchos/ShareKit.build/DerivedSources/arm64 -Xcc -I/Users/admin/builder/spi-builder-workspace/.derivedData/Build/Intermediates.noindex/ShareKit.build/Debug-watchos/ShareKit.build/DerivedSources -Xcc -DSWIFT_PACKAGE -Xcc -DDEBUG\=1 -emit-objc-header -emit-objc-header-path /Users/admin/builder/spi-builder-workspace/.derivedData/Build/Intermediates.noindex/ShareKit.build/Debug-watchos/ShareKit.build/Objects-normal/arm64/ShareKit-Swift.h -working-directory /Users/admin/builder/spi-builder-workspace/.swiftpm/xcode -experimental-emit-module-separately -disable-cmo
SwiftCompile normal arm64 Compiling\ Shareable.swift /Users/admin/builder/spi-builder-workspace/Sources/ShareKit/Shareable.swift (in target 'ShareKit' from project 'ShareKit')
SwiftCompile normal arm64 /Users/admin/builder/spi-builder-workspace/Sources/ShareKit/Shareable.swift (in target 'ShareKit' from project 'ShareKit')
cd /Users/admin/builder/spi-builder-workspace/.swiftpm/xcode
SwiftCompile normal arm64 Compiling\ UIShareLink.swift /Users/admin/builder/spi-builder-workspace/Sources/ShareKit/UIShareLink.swift (in target 'ShareKit' from project 'ShareKit')
SwiftCompile normal arm64 /Users/admin/builder/spi-builder-workspace/Sources/ShareKit/UIShareLink.swift (in target 'ShareKit' from project 'ShareKit')
cd /Users/admin/builder/spi-builder-workspace/.swiftpm/xcode
SwiftCompile normal arm64 Compiling\ UIActivityPresenter.swift /Users/admin/builder/spi-builder-workspace/Sources/ShareKit/UIActivityPresenter.swift (in target 'ShareKit' from project 'ShareKit')
SwiftCompile normal arm64 /Users/admin/builder/spi-builder-workspace/Sources/ShareKit/UIActivityPresenter.swift (in target 'ShareKit' from project 'ShareKit')
cd /Users/admin/builder/spi-builder-workspace/.swiftpm/xcode
SwiftEmitModule normal arm64_32 Emitting\ module\ for\ ShareKit (in target 'ShareKit' from project 'ShareKit')
EmitSwiftModule normal arm64_32 (in target 'ShareKit' from project 'ShareKit')
cd /Users/admin/builder/spi-builder-workspace/.swiftpm/xcode
SwiftEmitModule normal arm64 Emitting\ module\ for\ ShareKit (in target 'ShareKit' from project 'ShareKit')
Failed frontend command:
/Applications/Xcode-16.3.0.app/Contents/Developer/Toolchains/XcodeDefault.xctoolchain/usr/bin/swift-frontend -frontend -emit-module -experimental-skip-non-inlinable-function-bodies-without-types /Users/admin/builder/spi-builder-workspace/Sources/ShareKit/Shareable.swift /Users/admin/builder/spi-builder-workspace/Sources/ShareKit/UIActivityPresenter.swift /Users/admin/builder/spi-builder-workspace/Sources/ShareKit/UIShareLink.swift -target arm64-apple-watchos10.0 -Xllvm -aarch64-use-tbi -enable-objc-interop -stack-check -sdk /Applications/Xcode-16.3.0.app/Contents/Developer/Platforms/WatchOS.platform/Developer/SDKs/WatchOS11.4.sdk -I /Users/admin/builder/spi-builder-workspace/.derivedData/Build/Products/Debug-watchos -I /Applications/Xcode-16.3.0.app/Contents/Developer/Platforms/WatchOS.platform/Developer/usr/lib -F /Users/admin/builder/spi-builder-workspace/.derivedData/Build/Products/Debug-watchos -F /Applications/Xcode-16.3.0.app/Contents/Developer/Platforms/WatchOS.platform/Developer/Library/Frameworks -F /Applications/Xcode-16.3.0.app/Contents/Developer/Platforms/WatchOS.platform/Developer/SDKs/WatchOS11.4.sdk/Developer/Library/Frameworks -no-color-diagnostics -enable-testing -g -debug-info-format\=dwarf -dwarf-version\=4 -module-cache-path /Users/admin/builder/spi-builder-workspace/.derivedData/ModuleCache.noindex -swift-version 6 -enforce-exclusivity\=checked -Onone -D SWIFT_PACKAGE -D DEBUG -D Xcode -serialize-debugging-options -const-gather-protocols-file /Users/admin/builder/spi-builder-workspace/.derivedData/Build/Intermediates.noindex/ShareKit.build/Debug-watchos/ShareKit.build/Objects-normal/arm64/ShareKit_const_extract_protocols.json -enable-experimental-feature DebugDescriptionMacro -empty-abi-descriptor -plugin-path /Applications/Xcode-16.3.0.app/Contents/Developer/Toolchains/XcodeDefault.xctoolchain/usr/lib/swift/host/plugins/testing -validate-clang-modules-once -clang-build-session-file /Users/admin/builder/spi-builder-workspace/.derivedData/ModuleCache.noindex/Session.modulevalidation -Xcc -working-directory -Xcc /Users/admin/builder/spi-builder-workspace/.swiftpm/xcode -resource-dir /Applications/Xcode-16.3.0.app/Contents/Developer/Toolchains/XcodeDefault.xctoolchain/usr/lib/swift -enable-anonymous-context-mangled-names -file-compilation-dir /Users/admin/builder/spi-builder-workspace/.swiftpm/xcode -Xcc -ivfsstatcache -Xcc /Users/admin/builder/spi-builder-workspace/.derivedData/SDKStatCaches.noindex/watchos11.4-22T246-43efb940ff07ba2497b70ec94253f576.sdkstatcache -Xcc -I/Users/admin/builder/spi-builder-workspace/.derivedData/Build/Intermediates.noindex/ShareKit.build/Debug-watchos/ShareKit.build/swift-overrides.hmap -Xcc -I/Users/admin/builder/spi-builder-workspace/.derivedData/Build/Products/Debug-watchos/include -Xcc -I/Users/admin/builder/spi-builder-workspace/.derivedData/Build/Intermediates.noindex/ShareKit.build/Debug-watchos/ShareKit.build/DerivedSources-normal/arm64 -Xcc -I/Users/admin/builder/spi-builder-workspace/.derivedData/Build/Intermediates.noindex/ShareKit.build/Debug-watchos/ShareKit.build/DerivedSources/arm64 -Xcc -I/Users/admin/builder/spi-builder-workspace/.derivedData/Build/Intermediates.noindex/ShareKit.build/Debug-watchos/ShareKit.build/DerivedSources -Xcc -DSWIFT_PACKAGE -Xcc -DDEBUG\=1 -module-name ShareKit -package-name spi_builder_workspace -frontend-parseable-output -disable-clang-spi -target-sdk-version 11.4 -target-sdk-name watchos11.4 -external-plugin-path /Applications/Xcode-16.3.0.app/Contents/Developer/Platforms/WatchOS.platform/Developer/usr/lib/swift/host/plugins\#/Applications/Xcode-16.3.0.app/Contents/Developer/Platforms/WatchOS.platform/Developer/usr/bin/swift-plugin-server -external-plugin-path /Applications/Xcode-16.3.0.app/Contents/Developer/Platforms/WatchOS.platform/Developer/usr/local/lib/swift/host/plugins\#/Applications/Xcode-16.3.0.app/Contents/Developer/Platforms/WatchOS.platform/Developer/usr/bin/swift-plugin-server -in-process-plugin-server-path /Applications/Xcode-16.3.0.app/Contents/Developer/Toolchains/XcodeDefault.xctoolchain/usr/lib/swift/host/libSwiftInProcPluginServer.dylib -plugin-path /Applications/Xcode-16.3.0.app/Contents/Developer/Toolchains/XcodeDefault.xctoolchain/usr/lib/swift/host/plugins -plugin-path /Applications/Xcode-16.3.0.app/Contents/Developer/Toolchains/XcodeDefault.xctoolchain/usr/local/lib/swift/host/plugins -emit-module-doc-path /Users/admin/builder/spi-builder-workspace/.derivedData/Build/Intermediates.noindex/ShareKit.build/Debug-watchos/ShareKit.build/Objects-normal/arm64/ShareKit.swiftdoc -emit-module-source-info-path /Users/admin/builder/spi-builder-workspace/.derivedData/Build/Intermediates.noindex/ShareKit.build/Debug-watchos/ShareKit.build/Objects-normal/arm64/ShareKit.swiftsourceinfo -emit-objc-header-path /Users/admin/builder/spi-builder-workspace/.derivedData/Build/Intermediates.noindex/ShareKit.build/Debug-watchos/ShareKit.build/Objects-normal/arm64/ShareKit-Swift.h -serialize-diagnostics-path /Users/admin/builder/spi-builder-workspace/.derivedData/Build/Intermediates.noindex/ShareKit.build/Debug-watchos/ShareKit.build/Objects-normal/arm64/ShareKit-master-emit-module.dia -emit-dependencies-path /Users/admin/builder/spi-builder-workspace/.derivedData/Build/Intermediates.noindex/ShareKit.build/Debug-watchos/ShareKit.build/Objects-normal/arm64/ShareKit-master-emit-module.d -o /Users/admin/builder/spi-builder-workspace/.derivedData/Build/Intermediates.noindex/ShareKit.build/Debug-watchos/ShareKit.build/Objects-normal/arm64/ShareKit.swiftmodule -emit-abi-descriptor-path /Users/admin/builder/spi-builder-workspace/.derivedData/Build/Intermediates.noindex/ShareKit.build/Debug-watchos/ShareKit.build/Objects-normal/arm64/ShareKit.abi.json
EmitSwiftModule normal arm64 (in target 'ShareKit' from project 'ShareKit')
cd /Users/admin/builder/spi-builder-workspace/.swiftpm/xcode
/Users/admin/builder/spi-builder-workspace/Sources/ShareKit/Shareable.swift:19:33: error: cannot find type 'UIActivity' in scope
var applicationActivities: [UIActivity]? { get }
^~~~~~~~~~
/Users/admin/builder/spi-builder-workspace/Sources/ShareKit/Shareable.swift:22:33: error: cannot find type 'UIActivity' in scope
var excludedActivityTypes: [UIActivity.ActivityType]? { get }
^~~~~~~~~~
/Users/admin/builder/spi-builder-workspace/Sources/ShareKit/Shareable.swift:29:33: error: cannot find type 'UIActivity' in scope
var applicationActivities: [UIActivity]? { nil }
^~~~~~~~~~
/Users/admin/builder/spi-builder-workspace/Sources/ShareKit/Shareable.swift:32:33: error: cannot find type 'UIActivity' in scope
var excludedActivityTypes: [UIActivity.ActivityType]? { nil }
^~~~~~~~~~
/Users/admin/builder/spi-builder-workspace/Sources/ShareKit/Shareable.swift:43:21: error: cannot find type 'UIActivity' in scope
_ activityType: UIActivity.ActivityType?,
^~~~~~~~~~
/Users/admin/builder/spi-builder-workspace/Sources/ShareKit/UIActivityPresenter.swift:19:43: error: cannot find type 'UIActivityViewController' in scope
private weak var presentedController: UIActivityViewController?
^~~~~~~~~~~~~~~~~~~~~~~~
/Users/admin/builder/spi-builder-workspace/Sources/ShareKit/UIActivityPresenter.swift:28:19: error: @escaping attribute only applies to function types
callback: @escaping Callback
^~~~~~~~~~
/Users/admin/builder/spi-builder-workspace/Sources/ShareKit/UIActivityPresenter.swift:51:52: error: cannot find type 'UIViewController' in scope
private func activePresentationController() -> UIViewController? {
^~~~~~~~~~~~~~~~
/Users/admin/builder/spi-builder-workspace/Sources/ShareKit/UIActivityPresenter.swift:66:56: error: cannot find type 'UIViewController' in scope
private func topMost(from vc: UIViewController) -> UIViewController {
^~~~~~~~~~~~~~~~
/Users/admin/builder/spi-builder-workspace/Sources/ShareKit/UIActivityPresenter.swift:66:35: error: cannot find type 'UIViewController' in scope
private func topMost(from vc: UIViewController) -> UIViewController {
^~~~~~~~~~~~~~~~
/Users/admin/builder/spi-builder-workspace/Sources/ShareKit/UIActivityPresenter.swift:74:25: error: cannot find type 'UIActivityViewController' in scope
for controller: UIActivityViewController,
^~~~~~~~~~~~~~~~~~~~~~~~
/Users/admin/builder/spi-builder-workspace/Sources/ShareKit/UIActivityPresenter.swift:75:38: error: cannot find type 'UIViewController' in scope
presentingFrom presentingVC: UIViewController
^~~~~~~~~~~~~~~~
/Users/admin/builder/spi-builder-workspace/Sources/ShareKit/UIShareLink.swift:56:19: error: @escaping attribute only applies to function types
callback: @escaping Callback,
^~~~~~~~~~
/Users/admin/builder/spi-builder-workspace/Sources/ShareKit/UIShareLink.swift:75:19: error: @escaping attribute only applies to function types
callback: @escaping Callback,
^~~~~~~~~~
/Users/admin/builder/spi-builder-workspace/Sources/ShareKit/UIShareLink.swift:138:19: error: @escaping attribute only applies to function types
callback: @escaping Callback
^~~~~~~~~~
/Users/admin/builder/spi-builder-workspace/Sources/ShareKit/UIShareLink.swift:149:19: error: @escaping attribute only applies to function types
callback: @escaping Callback
^~~~~~~~~~
/Users/admin/builder/spi-builder-workspace/Sources/ShareKit/UIShareLink.swift:166:19: error: @escaping attribute only applies to function types
callback: @escaping Callback
^~~~~~~~~~
/Users/admin/builder/spi-builder-workspace/Sources/ShareKit/UIShareLink.swift:181:19: error: @escaping attribute only applies to function types
callback: @escaping Callback
^~~~~~~~~~
SwiftCompile normal arm64_32 Compiling\ UIShareLink.swift /Users/admin/builder/spi-builder-workspace/Sources/ShareKit/UIShareLink.swift (in target 'ShareKit' from project 'ShareKit')
SwiftCompile normal arm64_32 /Users/admin/builder/spi-builder-workspace/Sources/ShareKit/UIShareLink.swift (in target 'ShareKit' from project 'ShareKit')
cd /Users/admin/builder/spi-builder-workspace/.swiftpm/xcode
SwiftCompile normal arm64_32 Compiling\ Shareable.swift /Users/admin/builder/spi-builder-workspace/Sources/ShareKit/Shareable.swift (in target 'ShareKit' from project 'ShareKit')
SwiftCompile normal arm64_32 /Users/admin/builder/spi-builder-workspace/Sources/ShareKit/Shareable.swift (in target 'ShareKit' from project 'ShareKit')
cd /Users/admin/builder/spi-builder-workspace/.swiftpm/xcode
SwiftCompile normal arm64_32 Compiling\ UIActivityPresenter.swift /Users/admin/builder/spi-builder-workspace/Sources/ShareKit/UIActivityPresenter.swift (in target 'ShareKit' from project 'ShareKit')
SwiftCompile normal arm64_32 /Users/admin/builder/spi-builder-workspace/Sources/ShareKit/UIActivityPresenter.swift (in target 'ShareKit' from project 'ShareKit')
cd /Users/admin/builder/spi-builder-workspace/.swiftpm/xcode
** BUILD FAILED **
The following build commands failed:
SwiftEmitModule normal arm64 Emitting\ module\ for\ ShareKit (in target 'ShareKit' from project 'ShareKit')
EmitSwiftModule normal arm64 (in target 'ShareKit' from project 'ShareKit')
Building workspace spi-builder-workspace with scheme ShareKit
(3 failures)
BUILD FAILURE 6.1 watchOS