Build Information
Failed to build transitions, reference main (58aaa8), with Swift 6.3 for watchOS using Xcode 26.4 on 4 Oct 2026 19:33:13 UTC.
Build Command
env DEVELOPER_DIR=/Applications/Xcode-26.5.0.app xcrun xcodebuild -IDEClonedSourcePackagesDirPathOverride=$PWD/.dependencies -skipMacroValidation -skipPackagePluginValidation -derivedDataPath $PWD/.derivedData build -scheme transitions -destination generic/platform=watchOSBuild Log
========================================
RunAll
========================================
Builder version: 5.1.1
Interrupt handler set up.
========================================
Checkout
========================================
Clone URL: https://github.com/space-code/transitions.git
Reference: main
Initialized empty Git repository in /Users/admin/builder/spi-builder-workspace/.git/
From https://github.com/space-code/transitions
* branch main -> FETCH_HEAD
* [new branch] main -> origin/main
HEAD is now at 58aaa8b chore(deps): update jdx/mise-action action to v5 (#54)
Cloned https://github.com/space-code/transitions.git
Revision (git rev-parse @):
58aaa8bd1425ddb7c816c378a78eac296adcdcbf
SUCCESS checkout https://github.com/space-code/transitions.git at main
========================================
Build
========================================
Selected platform: watchOS
Swift version: 6.3
Building package at path: $PWD
https://github.com/space-code/transitions.git
Command line invocation:
/Applications/Xcode-26.5.0.app/Contents/Developer/usr/bin/xcodebuild -IDEClonedSourcePackagesDirPathOverride=/Users/admin/builder/spi-builder-workspace/.dependencies -resolvePackageDependencies
Resolve Package Graph
Resolve Package Graph
Resolved source packages:
transitions: /Users/admin/builder/spi-builder-workspace
resolved source packages: transitions
2026-10-04 15:32:54.155 xcodebuild[541:3114] [MT] IDERunDestination: Supported platforms for the buildables in the current scheme is empty.
{
"dependencies" : [
],
"manifest_display_name" : "transitions",
"name" : "transitions",
"path" : "/Users/admin/builder/spi-builder-workspace",
"platforms" : [
{
"name" : "ios",
"version" : "12.0"
}
],
"products" : [
{
"name" : "Transitions",
"targets" : [
"Transitions"
],
"type" : {
"library" : [
"automatic"
]
}
}
],
"targets" : [
{
"c99name" : "TransitionsTests",
"module_type" : "SwiftTarget",
"name" : "TransitionsTests",
"path" : "Tests/TransitionsTests",
"sources" : [
"TransitionsTests.swift"
],
"target_dependencies" : [
"Transitions"
],
"type" : "test"
},
{
"c99name" : "Transitions",
"module_type" : "SwiftTarget",
"name" : "Transitions",
"path" : "Sources/Transitions",
"product_memberships" : [
"Transitions"
],
"sources" : [
"Classes/Core/CoreTransition.swift",
"Classes/Core/Extensions/UIViewController+CustomTransition.swift",
"Classes/Core/Transitions/Interfaces/ICoreTransition.swift",
"Classes/Core/Transitions/Interfaces/IInteractiveTransition.swift",
"Classes/CustomTransition.swift"
],
"type" : "library"
}
],
"tools_version" : "6.0"
}
{
"workspace" : {
"name" : "spi-builder-workspace",
"schemes" : [
"transitions"
]
}
}
2026-10-04 15:33:02.149 xcodebuild[658:3980] [MT] IDERunDestination: Supported platforms for the buildables in the current scheme is empty.
Running build ...
env DEVELOPER_DIR=/Applications/Xcode-26.5.0.app xcrun xcodebuild -IDEClonedSourcePackagesDirPathOverride=$PWD/.dependencies -skipMacroValidation -skipPackagePluginValidation -derivedDataPath $PWD/.derivedData build -scheme transitions -destination generic/platform=watchOS
Command line invocation:
/Applications/Xcode-26.5.0.app/Contents/Developer/usr/bin/xcodebuild -IDEClonedSourcePackagesDirPathOverride=/Users/admin/builder/spi-builder-workspace/.dependencies -skipMacroValidation -skipPackagePluginValidation -derivedDataPath /Users/admin/builder/spi-builder-workspace/.derivedData build -scheme transitions -destination generic/platform=watchOS
Resolve Package Graph
Resolved source packages:
transitions: /Users/admin/builder/spi-builder-workspace
ComputePackagePrebuildTargetDependencyGraph
Prepare packages
CreateBuildRequest
SendProjectDescription
CreateBuildOperation
ComputeTargetDependencyGraph
note: Building targets in dependency order
note: Target dependency graph (2 targets)
Target 'Transitions' in project 'transitions'
➜ Explicit dependency on target 'Transitions' in project 'transitions'
Target 'Transitions' in project 'transitions' (no dependencies)
GatherProvisioningInputs
CreateBuildDescription
ExecuteExternalTool /Applications/Xcode-26.5.0.app/Contents/Developer/Toolchains/XcodeDefault.xctoolchain/usr/bin/clang -v -E -dM -isysroot /Applications/Xcode-26.5.0.app/Contents/Developer/Platforms/WatchOS.platform/Developer/SDKs/WatchOS26.5.sdk -x c -c /dev/null
ExecuteExternalTool /Applications/Xcode-26.5.0.app/Contents/Developer/Toolchains/XcodeDefault.xctoolchain/usr/bin/swiftc --version
ExecuteExternalTool /Applications/Xcode-26.5.0.app/Contents/Developer/Toolchains/XcodeDefault.xctoolchain/usr/bin/ld -version_details
Build description signature: 11d3e1b6e0f54cb9e4901f6af1f0e558
Build description path: /Users/admin/builder/spi-builder-workspace/.derivedData/Build/Intermediates.noindex/XCBuildData/11d3e1b6e0f54cb9e4901f6af1f0e558.xcbuilddata
CreateBuildDirectory /Users/admin/builder/spi-builder-workspace/.derivedData/Build/Products
cd /Users/admin/builder/spi-builder-workspace/.swiftpm/xcode
builtin-create-build-directory /Users/admin/builder/spi-builder-workspace/.derivedData/Build/Products
ClangStatCache /Applications/Xcode-26.5.0.app/Contents/Developer/Toolchains/XcodeDefault.xctoolchain/usr/bin/clang-stat-cache /Applications/Xcode-26.5.0.app/Contents/Developer/Platforms/WatchOS.platform/Developer/SDKs/WatchOS26.5.sdk /Users/admin/builder/spi-builder-workspace/.derivedData/SDKStatCaches.noindex/watchos26.5-23T570-688ef53f1462e2c8f657fdc38a81448f7931b973dfc65d9472806dbbc3af9379.sdkstatcache
cd /Users/admin/builder/spi-builder-workspace/.swiftpm/xcode
/Applications/Xcode-26.5.0.app/Contents/Developer/Toolchains/XcodeDefault.xctoolchain/usr/bin/clang-stat-cache /Applications/Xcode-26.5.0.app/Contents/Developer/Platforms/WatchOS.platform/Developer/SDKs/WatchOS26.5.sdk -o /Users/admin/builder/spi-builder-workspace/.derivedData/SDKStatCaches.noindex/watchos26.5-23T570-688ef53f1462e2c8f657fdc38a81448f7931b973dfc65d9472806dbbc3af9379.sdkstatcache
CreateBuildDirectory /Users/admin/builder/spi-builder-workspace/.derivedData/Build/Intermediates.noindex
cd /Users/admin/builder/spi-builder-workspace/.swiftpm/xcode
builtin-create-build-directory /Users/admin/builder/spi-builder-workspace/.derivedData/Build/Intermediates.noindex
CreateBuildDirectory /Users/admin/builder/spi-builder-workspace/.derivedData/Build/Intermediates.noindex/SwiftExplicitPrecompiledModules
cd /Users/admin/builder/spi-builder-workspace/.swiftpm/xcode
builtin-create-build-directory /Users/admin/builder/spi-builder-workspace/.derivedData/Build/Intermediates.noindex/SwiftExplicitPrecompiledModules
CreateBuildDirectory /Users/admin/builder/spi-builder-workspace/.derivedData/Build/Intermediates.noindex/ExplicitPrecompiledModules
cd /Users/admin/builder/spi-builder-workspace/.swiftpm/xcode
builtin-create-build-directory /Users/admin/builder/spi-builder-workspace/.derivedData/Build/Intermediates.noindex/ExplicitPrecompiledModules
CreateBuildDirectory /Users/admin/builder/spi-builder-workspace/.derivedData/Build/Products/Debug-watchos
cd /Users/admin/builder/spi-builder-workspace/.swiftpm/xcode
builtin-create-build-directory /Users/admin/builder/spi-builder-workspace/.derivedData/Build/Products/Debug-watchos
CreateBuildDirectory /Users/admin/builder/spi-builder-workspace/.derivedData/Build/Intermediates.noindex/EagerLinkingTBDs/Debug-watchos
cd /Users/admin/builder/spi-builder-workspace/.swiftpm/xcode
builtin-create-build-directory /Users/admin/builder/spi-builder-workspace/.derivedData/Build/Intermediates.noindex/EagerLinkingTBDs/Debug-watchos
CreateBuildDirectory /Users/admin/builder/spi-builder-workspace/.derivedData/Build/Products/Debug-watchos/PackageFrameworks
cd /Users/admin/builder/spi-builder-workspace/.swiftpm/xcode
builtin-create-build-directory /Users/admin/builder/spi-builder-workspace/.derivedData/Build/Products/Debug-watchos/PackageFrameworks
WriteAuxiliaryFile /Users/admin/builder/spi-builder-workspace/.derivedData/Build/Intermediates.noindex/transitions.build/Debug-watchos/Transitions.build/Transitions.modulemap (in target 'Transitions' from project 'transitions')
cd /Users/admin/builder/spi-builder-workspace
write-file /Users/admin/builder/spi-builder-workspace/.derivedData/Build/Intermediates.noindex/transitions.build/Debug-watchos/Transitions.build/Transitions.modulemap
WriteAuxiliaryFile /Users/admin/builder/spi-builder-workspace/.derivedData/Build/Intermediates.noindex/transitions.build/Debug-watchos/Transitions.build/Transitions.DependencyMetadataFileList (in target 'Transitions' from project 'transitions')
cd /Users/admin/builder/spi-builder-workspace
write-file /Users/admin/builder/spi-builder-workspace/.derivedData/Build/Intermediates.noindex/transitions.build/Debug-watchos/Transitions.build/Transitions.DependencyMetadataFileList
WriteAuxiliaryFile /Users/admin/builder/spi-builder-workspace/.derivedData/Build/Intermediates.noindex/transitions.build/Debug-watchos/Transitions.build/Transitions.DependencyStaticMetadataFileList (in target 'Transitions' from project 'transitions')
cd /Users/admin/builder/spi-builder-workspace
write-file /Users/admin/builder/spi-builder-workspace/.derivedData/Build/Intermediates.noindex/transitions.build/Debug-watchos/Transitions.build/Transitions.DependencyStaticMetadataFileList
WriteAuxiliaryFile /Users/admin/builder/spi-builder-workspace/.derivedData/Build/Intermediates.noindex/transitions.build/Debug-watchos/Transitions.build/Objects-normal/armv7k/Transitions-OutputFileMap.json (in target 'Transitions' from project 'transitions')
cd /Users/admin/builder/spi-builder-workspace
write-file /Users/admin/builder/spi-builder-workspace/.derivedData/Build/Intermediates.noindex/transitions.build/Debug-watchos/Transitions.build/Objects-normal/armv7k/Transitions-OutputFileMap.json
WriteAuxiliaryFile /Users/admin/builder/spi-builder-workspace/.derivedData/Build/Intermediates.noindex/transitions.build/Debug-watchos/Transitions.build/Objects-normal/armv7k/Transitions.SwiftFileList (in target 'Transitions' from project 'transitions')
cd /Users/admin/builder/spi-builder-workspace
write-file /Users/admin/builder/spi-builder-workspace/.derivedData/Build/Intermediates.noindex/transitions.build/Debug-watchos/Transitions.build/Objects-normal/armv7k/Transitions.SwiftFileList
WriteAuxiliaryFile /Users/admin/builder/spi-builder-workspace/.derivedData/Build/Intermediates.noindex/transitions.build/Debug-watchos/Transitions.build/Objects-normal/armv7k/Transitions_const_extract_protocols.json (in target 'Transitions' from project 'transitions')
cd /Users/admin/builder/spi-builder-workspace
write-file /Users/admin/builder/spi-builder-workspace/.derivedData/Build/Intermediates.noindex/transitions.build/Debug-watchos/Transitions.build/Objects-normal/armv7k/Transitions_const_extract_protocols.json
WriteAuxiliaryFile /Users/admin/builder/spi-builder-workspace/.derivedData/Build/Intermediates.noindex/transitions.build/Debug-watchos/Transitions.build/Objects-normal/armv7k/Transitions.LinkFileList (in target 'Transitions' from project 'transitions')
cd /Users/admin/builder/spi-builder-workspace
write-file /Users/admin/builder/spi-builder-workspace/.derivedData/Build/Intermediates.noindex/transitions.build/Debug-watchos/Transitions.build/Objects-normal/armv7k/Transitions.LinkFileList
WriteAuxiliaryFile /Users/admin/builder/spi-builder-workspace/.derivedData/Build/Intermediates.noindex/transitions.build/Debug-watchos/Transitions.build/Objects-normal/arm64_32/Transitions_const_extract_protocols.json (in target 'Transitions' from project 'transitions')
cd /Users/admin/builder/spi-builder-workspace
write-file /Users/admin/builder/spi-builder-workspace/.derivedData/Build/Intermediates.noindex/transitions.build/Debug-watchos/Transitions.build/Objects-normal/arm64_32/Transitions_const_extract_protocols.json
WriteAuxiliaryFile /Users/admin/builder/spi-builder-workspace/.derivedData/Build/Intermediates.noindex/transitions.build/Debug-watchos/Transitions.build/Objects-normal/arm64_32/Transitions-OutputFileMap.json (in target 'Transitions' from project 'transitions')
cd /Users/admin/builder/spi-builder-workspace
write-file /Users/admin/builder/spi-builder-workspace/.derivedData/Build/Intermediates.noindex/transitions.build/Debug-watchos/Transitions.build/Objects-normal/arm64_32/Transitions-OutputFileMap.json
WriteAuxiliaryFile /Users/admin/builder/spi-builder-workspace/.derivedData/Build/Intermediates.noindex/transitions.build/Debug-watchos/Transitions.build/Objects-normal/armv7k/Transitions.SwiftConstValuesFileList (in target 'Transitions' from project 'transitions')
cd /Users/admin/builder/spi-builder-workspace
write-file /Users/admin/builder/spi-builder-workspace/.derivedData/Build/Intermediates.noindex/transitions.build/Debug-watchos/Transitions.build/Objects-normal/armv7k/Transitions.SwiftConstValuesFileList
WriteAuxiliaryFile /Users/admin/builder/spi-builder-workspace/.derivedData/Build/Intermediates.noindex/transitions.build/Debug-watchos/Transitions.build/Objects-normal/arm64_32/Transitions.SwiftFileList (in target 'Transitions' from project 'transitions')
cd /Users/admin/builder/spi-builder-workspace
write-file /Users/admin/builder/spi-builder-workspace/.derivedData/Build/Intermediates.noindex/transitions.build/Debug-watchos/Transitions.build/Objects-normal/arm64_32/Transitions.SwiftFileList
WriteAuxiliaryFile /Users/admin/builder/spi-builder-workspace/.derivedData/Build/Intermediates.noindex/transitions.build/Debug-watchos/Transitions.build/Objects-normal/arm64_32/Transitions.SwiftConstValuesFileList (in target 'Transitions' from project 'transitions')
cd /Users/admin/builder/spi-builder-workspace
write-file /Users/admin/builder/spi-builder-workspace/.derivedData/Build/Intermediates.noindex/transitions.build/Debug-watchos/Transitions.build/Objects-normal/arm64_32/Transitions.SwiftConstValuesFileList
WriteAuxiliaryFile /Users/admin/builder/spi-builder-workspace/.derivedData/Build/Intermediates.noindex/transitions.build/Debug-watchos/Transitions.build/Objects-normal/arm64_32/Transitions.LinkFileList (in target 'Transitions' from project 'transitions')
cd /Users/admin/builder/spi-builder-workspace
write-file /Users/admin/builder/spi-builder-workspace/.derivedData/Build/Intermediates.noindex/transitions.build/Debug-watchos/Transitions.build/Objects-normal/arm64_32/Transitions.LinkFileList
WriteAuxiliaryFile /Users/admin/builder/spi-builder-workspace/.derivedData/Build/Intermediates.noindex/transitions.build/Debug-watchos/Transitions.build/Objects-normal/arm64/Transitions.SwiftFileList (in target 'Transitions' from project 'transitions')
cd /Users/admin/builder/spi-builder-workspace
write-file /Users/admin/builder/spi-builder-workspace/.derivedData/Build/Intermediates.noindex/transitions.build/Debug-watchos/Transitions.build/Objects-normal/arm64/Transitions.SwiftFileList
WriteAuxiliaryFile /Users/admin/builder/spi-builder-workspace/.derivedData/Build/Intermediates.noindex/transitions.build/Debug-watchos/Transitions.build/Objects-normal/arm64/Transitions.LinkFileList (in target 'Transitions' from project 'transitions')
cd /Users/admin/builder/spi-builder-workspace
write-file /Users/admin/builder/spi-builder-workspace/.derivedData/Build/Intermediates.noindex/transitions.build/Debug-watchos/Transitions.build/Objects-normal/arm64/Transitions.LinkFileList
WriteAuxiliaryFile /Users/admin/builder/spi-builder-workspace/.derivedData/Build/Intermediates.noindex/transitions.build/Debug-watchos/Transitions.build/Objects-normal/arm64/Transitions_const_extract_protocols.json (in target 'Transitions' from project 'transitions')
cd /Users/admin/builder/spi-builder-workspace
write-file /Users/admin/builder/spi-builder-workspace/.derivedData/Build/Intermediates.noindex/transitions.build/Debug-watchos/Transitions.build/Objects-normal/arm64/Transitions_const_extract_protocols.json
WriteAuxiliaryFile /Users/admin/builder/spi-builder-workspace/.derivedData/Build/Intermediates.noindex/transitions.build/Debug-watchos/Transitions.build/Objects-normal/arm64/Transitions-OutputFileMap.json (in target 'Transitions' from project 'transitions')
cd /Users/admin/builder/spi-builder-workspace
write-file /Users/admin/builder/spi-builder-workspace/.derivedData/Build/Intermediates.noindex/transitions.build/Debug-watchos/Transitions.build/Objects-normal/arm64/Transitions-OutputFileMap.json
WriteAuxiliaryFile /Users/admin/builder/spi-builder-workspace/.derivedData/Build/Intermediates.noindex/transitions.build/Debug-watchos/Transitions.build/Objects-normal/arm64/Transitions.SwiftConstValuesFileList (in target 'Transitions' from project 'transitions')
cd /Users/admin/builder/spi-builder-workspace
write-file /Users/admin/builder/spi-builder-workspace/.derivedData/Build/Intermediates.noindex/transitions.build/Debug-watchos/Transitions.build/Objects-normal/arm64/Transitions.SwiftConstValuesFileList
Copy /Users/admin/builder/spi-builder-workspace/.derivedData/Build/Intermediates.noindex/GeneratedModuleMaps-watchos/Transitions.modulemap /Users/admin/builder/spi-builder-workspace/.derivedData/Build/Intermediates.noindex/transitions.build/Debug-watchos/Transitions.build/Transitions.modulemap (in target 'Transitions' from project 'transitions')
cd /Users/admin/builder/spi-builder-workspace
builtin-copy -exclude .DS_Store -exclude CVS -exclude .svn -exclude .git -exclude .hg -resolve-src-symlinks /Users/admin/builder/spi-builder-workspace/.derivedData/Build/Intermediates.noindex/transitions.build/Debug-watchos/Transitions.build/Transitions.modulemap /Users/admin/builder/spi-builder-workspace/.derivedData/Build/Intermediates.noindex/GeneratedModuleMaps-watchos
SwiftDriver Transitions normal arm64_32 com.apple.xcode.tools.swift.compiler (in target 'Transitions' from project 'transitions')
cd /Users/admin/builder/spi-builder-workspace/.swiftpm/xcode
builtin-SwiftDriver -- /Applications/Xcode-26.5.0.app/Contents/Developer/Toolchains/XcodeDefault.xctoolchain/usr/bin/swiftc -module-name Transitions -Onone @/Users/admin/builder/spi-builder-workspace/.derivedData/Build/Intermediates.noindex/transitions.build/Debug-watchos/Transitions.build/Objects-normal/arm64_32/Transitions.SwiftFileList -DSWIFT_PACKAGE -DDEBUG -DSWIFT_MODULE_RESOURCE_BUNDLE_UNAVAILABLE -DXcode -plugin-path /Applications/Xcode-26.5.0.app/Contents/Developer/Toolchains/XcodeDefault.xctoolchain/usr/lib/swift/host/plugins/testing -enable-experimental-feature DebugDescriptionMacro -sdk /Applications/Xcode-26.5.0.app/Contents/Developer/Platforms/WatchOS.platform/Developer/SDKs/WatchOS26.5.sdk -target arm64_32-apple-watchos5.0 -g -module-cache-path /Users/admin/builder/spi-builder-workspace/.derivedData/ModuleCache.noindex -Xfrontend -serialize-debugging-options -profile-coverage-mapping -profile-generate -enable-testing -index-store-path /Users/admin/builder/spi-builder-workspace/.derivedData/Index.noindex/DataStore -Xcc -D_LIBCPP_HARDENING_MODE\=_LIBCPP_HARDENING_MODE_DEBUG -swift-version 6 -I /Users/admin/builder/spi-builder-workspace/.derivedData/Build/Products/Debug-watchos -Isystem /Applications/Xcode-26.5.0.app/Contents/Developer/Platforms/WatchOS.platform/Developer/usr/lib -F /Users/admin/builder/spi-builder-workspace/.derivedData/Build/Products/Debug-watchos -F /Applications/Xcode-26.5.0.app/Contents/Developer/Platforms/WatchOS.platform/Developer/Library/Frameworks -F /Applications/Xcode-26.5.0.app/Contents/Developer/Platforms/WatchOS.platform/Developer/SDKs/WatchOS26.5.sdk/Developer/Library/Frameworks -c -j10 -enable-batch-mode -incremental -Xcc -ivfsstatcache -Xcc /Users/admin/builder/spi-builder-workspace/.derivedData/SDKStatCaches.noindex/watchos26.5-23T570-688ef53f1462e2c8f657fdc38a81448f7931b973dfc65d9472806dbbc3af9379.sdkstatcache -output-file-map /Users/admin/builder/spi-builder-workspace/.derivedData/Build/Intermediates.noindex/transitions.build/Debug-watchos/Transitions.build/Objects-normal/arm64_32/Transitions-OutputFileMap.json -use-frontend-parseable-output -save-temps -no-color-diagnostics -explicit-module-build -module-cache-path /Users/admin/builder/spi-builder-workspace/.derivedData/Build/Intermediates.noindex/SwiftExplicitPrecompiledModules -clang-scanner-module-cache-path /Users/admin/builder/spi-builder-workspace/.derivedData/ModuleCache.noindex -sdk-module-cache-path /Users/admin/builder/spi-builder-workspace/.derivedData/ModuleCache.noindex -serialize-diagnostics -emit-dependencies -emit-module -emit-module-path /Users/admin/builder/spi-builder-workspace/.derivedData/Build/Intermediates.noindex/transitions.build/Debug-watchos/Transitions.build/Objects-normal/arm64_32/Transitions.swiftmodule -validate-clang-modules-once -clang-build-session-file /Users/admin/builder/spi-builder-workspace/.derivedData/ModuleCache.noindex/Session.modulevalidation -package-name spi_builder_workspace -Xcc -I/Users/admin/builder/spi-builder-workspace/.derivedData/Build/Intermediates.noindex/transitions.build/Debug-watchos/Transitions.build/swift-overrides.hmap -emit-const-values -Xfrontend -const-gather-protocols-file -Xfrontend /Users/admin/builder/spi-builder-workspace/.derivedData/Build/Intermediates.noindex/transitions.build/Debug-watchos/Transitions.build/Objects-normal/arm64_32/Transitions_const_extract_protocols.json -Xcc -I/Users/admin/builder/spi-builder-workspace/.derivedData/Build/Products/Debug-watchos/include -Xcc -I/Users/admin/builder/spi-builder-workspace/.derivedData/Build/Intermediates.noindex/transitions.build/Debug-watchos/Transitions.build/DerivedSources-normal/arm64_32 -Xcc -I/Users/admin/builder/spi-builder-workspace/.derivedData/Build/Intermediates.noindex/transitions.build/Debug-watchos/Transitions.build/DerivedSources/arm64_32 -Xcc -I/Users/admin/builder/spi-builder-workspace/.derivedData/Build/Intermediates.noindex/transitions.build/Debug-watchos/Transitions.build/DerivedSources -Xcc -DSWIFT_PACKAGE -Xcc -DDEBUG\=1 -emit-objc-header -emit-objc-header-path /Users/admin/builder/spi-builder-workspace/.derivedData/Build/Intermediates.noindex/transitions.build/Debug-watchos/Transitions.build/Objects-normal/arm64_32/Transitions-Swift.h -working-directory /Users/admin/builder/spi-builder-workspace/.swiftpm/xcode -experimental-emit-module-separately -disable-cmo
SwiftDriver Transitions normal arm64 com.apple.xcode.tools.swift.compiler (in target 'Transitions' from project 'transitions')
cd /Users/admin/builder/spi-builder-workspace/.swiftpm/xcode
builtin-SwiftDriver -- /Applications/Xcode-26.5.0.app/Contents/Developer/Toolchains/XcodeDefault.xctoolchain/usr/bin/swiftc -module-name Transitions -Onone @/Users/admin/builder/spi-builder-workspace/.derivedData/Build/Intermediates.noindex/transitions.build/Debug-watchos/Transitions.build/Objects-normal/arm64/Transitions.SwiftFileList -DSWIFT_PACKAGE -DDEBUG -DSWIFT_MODULE_RESOURCE_BUNDLE_UNAVAILABLE -DXcode -plugin-path /Applications/Xcode-26.5.0.app/Contents/Developer/Toolchains/XcodeDefault.xctoolchain/usr/lib/swift/host/plugins/testing -enable-experimental-feature DebugDescriptionMacro -sdk /Applications/Xcode-26.5.0.app/Contents/Developer/Platforms/WatchOS.platform/Developer/SDKs/WatchOS26.5.sdk -target arm64-apple-watchos5.0 -g -module-cache-path /Users/admin/builder/spi-builder-workspace/.derivedData/ModuleCache.noindex -Xfrontend -serialize-debugging-options -profile-coverage-mapping -profile-generate -enable-testing -index-store-path /Users/admin/builder/spi-builder-workspace/.derivedData/Index.noindex/DataStore -Xcc -D_LIBCPP_HARDENING_MODE\=_LIBCPP_HARDENING_MODE_DEBUG -swift-version 6 -I /Users/admin/builder/spi-builder-workspace/.derivedData/Build/Products/Debug-watchos -Isystem /Applications/Xcode-26.5.0.app/Contents/Developer/Platforms/WatchOS.platform/Developer/usr/lib -F /Users/admin/builder/spi-builder-workspace/.derivedData/Build/Products/Debug-watchos -F /Applications/Xcode-26.5.0.app/Contents/Developer/Platforms/WatchOS.platform/Developer/Library/Frameworks -F /Applications/Xcode-26.5.0.app/Contents/Developer/Platforms/WatchOS.platform/Developer/SDKs/WatchOS26.5.sdk/Developer/Library/Frameworks -c -j10 -enable-batch-mode -incremental -Xcc -ivfsstatcache -Xcc /Users/admin/builder/spi-builder-workspace/.derivedData/SDKStatCaches.noindex/watchos26.5-23T570-688ef53f1462e2c8f657fdc38a81448f7931b973dfc65d9472806dbbc3af9379.sdkstatcache -output-file-map /Users/admin/builder/spi-builder-workspace/.derivedData/Build/Intermediates.noindex/transitions.build/Debug-watchos/Transitions.build/Objects-normal/arm64/Transitions-OutputFileMap.json -use-frontend-parseable-output -save-temps -no-color-diagnostics -explicit-module-build -module-cache-path /Users/admin/builder/spi-builder-workspace/.derivedData/Build/Intermediates.noindex/SwiftExplicitPrecompiledModules -clang-scanner-module-cache-path /Users/admin/builder/spi-builder-workspace/.derivedData/ModuleCache.noindex -sdk-module-cache-path /Users/admin/builder/spi-builder-workspace/.derivedData/ModuleCache.noindex -serialize-diagnostics -emit-dependencies -emit-module -emit-module-path /Users/admin/builder/spi-builder-workspace/.derivedData/Build/Intermediates.noindex/transitions.build/Debug-watchos/Transitions.build/Objects-normal/arm64/Transitions.swiftmodule -validate-clang-modules-once -clang-build-session-file /Users/admin/builder/spi-builder-workspace/.derivedData/ModuleCache.noindex/Session.modulevalidation -package-name spi_builder_workspace -Xcc -I/Users/admin/builder/spi-builder-workspace/.derivedData/Build/Intermediates.noindex/transitions.build/Debug-watchos/Transitions.build/swift-overrides.hmap -emit-const-values -Xfrontend -const-gather-protocols-file -Xfrontend /Users/admin/builder/spi-builder-workspace/.derivedData/Build/Intermediates.noindex/transitions.build/Debug-watchos/Transitions.build/Objects-normal/arm64/Transitions_const_extract_protocols.json -Xcc -I/Users/admin/builder/spi-builder-workspace/.derivedData/Build/Products/Debug-watchos/include -Xcc -I/Users/admin/builder/spi-builder-workspace/.derivedData/Build/Intermediates.noindex/transitions.build/Debug-watchos/Transitions.build/DerivedSources-normal/arm64 -Xcc -I/Users/admin/builder/spi-builder-workspace/.derivedData/Build/Intermediates.noindex/transitions.build/Debug-watchos/Transitions.build/DerivedSources/arm64 -Xcc -I/Users/admin/builder/spi-builder-workspace/.derivedData/Build/Intermediates.noindex/transitions.build/Debug-watchos/Transitions.build/DerivedSources -Xcc -DSWIFT_PACKAGE -Xcc -DDEBUG\=1 -emit-objc-header -emit-objc-header-path /Users/admin/builder/spi-builder-workspace/.derivedData/Build/Intermediates.noindex/transitions.build/Debug-watchos/Transitions.build/Objects-normal/arm64/Transitions-Swift.h -working-directory /Users/admin/builder/spi-builder-workspace/.swiftpm/xcode -experimental-emit-module-separately -disable-cmo
SwiftDriver Transitions normal armv7k com.apple.xcode.tools.swift.compiler (in target 'Transitions' from project 'transitions')
cd /Users/admin/builder/spi-builder-workspace/.swiftpm/xcode
builtin-SwiftDriver -- /Applications/Xcode-26.5.0.app/Contents/Developer/Toolchains/XcodeDefault.xctoolchain/usr/bin/swiftc -module-name Transitions -Onone @/Users/admin/builder/spi-builder-workspace/.derivedData/Build/Intermediates.noindex/transitions.build/Debug-watchos/Transitions.build/Objects-normal/armv7k/Transitions.SwiftFileList -DSWIFT_PACKAGE -DDEBUG -DSWIFT_MODULE_RESOURCE_BUNDLE_UNAVAILABLE -DXcode -plugin-path /Applications/Xcode-26.5.0.app/Contents/Developer/Toolchains/XcodeDefault.xctoolchain/usr/lib/swift/host/plugins/testing -enable-experimental-feature DebugDescriptionMacro -sdk /Applications/Xcode-26.5.0.app/Contents/Developer/Platforms/WatchOS.platform/Developer/SDKs/WatchOS26.5.sdk -target armv7k-apple-watchos5.0 -g -module-cache-path /Users/admin/builder/spi-builder-workspace/.derivedData/ModuleCache.noindex -Xfrontend -serialize-debugging-options -profile-coverage-mapping -profile-generate -enable-testing -index-store-path /Users/admin/builder/spi-builder-workspace/.derivedData/Index.noindex/DataStore -Xcc -D_LIBCPP_HARDENING_MODE\=_LIBCPP_HARDENING_MODE_DEBUG -swift-version 6 -I /Users/admin/builder/spi-builder-workspace/.derivedData/Build/Products/Debug-watchos -Isystem /Applications/Xcode-26.5.0.app/Contents/Developer/Platforms/WatchOS.platform/Developer/usr/lib -F /Users/admin/builder/spi-builder-workspace/.derivedData/Build/Products/Debug-watchos -F /Applications/Xcode-26.5.0.app/Contents/Developer/Platforms/WatchOS.platform/Developer/Library/Frameworks -F /Applications/Xcode-26.5.0.app/Contents/Developer/Platforms/WatchOS.platform/Developer/SDKs/WatchOS26.5.sdk/Developer/Library/Frameworks -c -j10 -enable-batch-mode -incremental -Xcc -ivfsstatcache -Xcc /Users/admin/builder/spi-builder-workspace/.derivedData/SDKStatCaches.noindex/watchos26.5-23T570-688ef53f1462e2c8f657fdc38a81448f7931b973dfc65d9472806dbbc3af9379.sdkstatcache -output-file-map /Users/admin/builder/spi-builder-workspace/.derivedData/Build/Intermediates.noindex/transitions.build/Debug-watchos/Transitions.build/Objects-normal/armv7k/Transitions-OutputFileMap.json -use-frontend-parseable-output -save-temps -no-color-diagnostics -explicit-module-build -module-cache-path /Users/admin/builder/spi-builder-workspace/.derivedData/Build/Intermediates.noindex/SwiftExplicitPrecompiledModules -clang-scanner-module-cache-path /Users/admin/builder/spi-builder-workspace/.derivedData/ModuleCache.noindex -sdk-module-cache-path /Users/admin/builder/spi-builder-workspace/.derivedData/ModuleCache.noindex -serialize-diagnostics -emit-dependencies -emit-module -emit-module-path /Users/admin/builder/spi-builder-workspace/.derivedData/Build/Intermediates.noindex/transitions.build/Debug-watchos/Transitions.build/Objects-normal/armv7k/Transitions.swiftmodule -validate-clang-modules-once -clang-build-session-file /Users/admin/builder/spi-builder-workspace/.derivedData/ModuleCache.noindex/Session.modulevalidation -package-name spi_builder_workspace -Xcc -I/Users/admin/builder/spi-builder-workspace/.derivedData/Build/Intermediates.noindex/transitions.build/Debug-watchos/Transitions.build/swift-overrides.hmap -emit-const-values -Xfrontend -const-gather-protocols-file -Xfrontend /Users/admin/builder/spi-builder-workspace/.derivedData/Build/Intermediates.noindex/transitions.build/Debug-watchos/Transitions.build/Objects-normal/armv7k/Transitions_const_extract_protocols.json -Xcc -I/Users/admin/builder/spi-builder-workspace/.derivedData/Build/Products/Debug-watchos/include -Xcc -I/Users/admin/builder/spi-builder-workspace/.derivedData/Build/Intermediates.noindex/transitions.build/Debug-watchos/Transitions.build/DerivedSources-normal/armv7k -Xcc -I/Users/admin/builder/spi-builder-workspace/.derivedData/Build/Intermediates.noindex/transitions.build/Debug-watchos/Transitions.build/DerivedSources/armv7k -Xcc -I/Users/admin/builder/spi-builder-workspace/.derivedData/Build/Intermediates.noindex/transitions.build/Debug-watchos/Transitions.build/DerivedSources -Xcc -DSWIFT_PACKAGE -Xcc -DDEBUG\=1 -emit-objc-header -emit-objc-header-path /Users/admin/builder/spi-builder-workspace/.derivedData/Build/Intermediates.noindex/transitions.build/Debug-watchos/Transitions.build/Objects-normal/armv7k/Transitions-Swift.h -working-directory /Users/admin/builder/spi-builder-workspace/.swiftpm/xcode -experimental-emit-module-separately -disable-cmo
SwiftExplicitDependencyGeneratePcm armv7k /Users/admin/builder/spi-builder-workspace/.derivedData/ModuleCache.noindex/_Builtin_float-9MGM9VU0PEMKSTW8BBVNVP7PQ.pcm
SwiftExplicitDependencyGeneratePcm armv7k /Users/admin/builder/spi-builder-workspace/.derivedData/ModuleCache.noindex/_Builtin_stddef-6IRMF7QDYT5Q8LMH89XUFJQ69.pcm
SwiftExplicitDependencyGeneratePcm armv7k /Users/admin/builder/spi-builder-workspace/.derivedData/ModuleCache.noindex/SwiftShims-54O3XTFTGS0DCHGQXX0VXAKIW.pcm
SwiftExplicitDependencyGeneratePcm armv7k /Users/admin/builder/spi-builder-workspace/.derivedData/ModuleCache.noindex/_AvailabilityInternal-EFXN1W5VCP6ADN05CH69KOJMD.pcm
SwiftExplicitDependencyGeneratePcm armv7k /Users/admin/builder/spi-builder-workspace/.derivedData/ModuleCache.noindex/DeveloperToolsSupport-6JPG6I58RYGR77DS3MSWHRILH.pcm
SwiftExplicitDependencyGeneratePcm armv7k /Users/admin/builder/spi-builder-workspace/.derivedData/ModuleCache.noindex/_SwiftConcurrencyShims-HF1NBH7P9KULYHML9AVKSA4P.pcm
SwiftExplicitDependencyGeneratePcm armv7k /Users/admin/builder/spi-builder-workspace/.derivedData/ModuleCache.noindex/_Builtin_stdbool-3F5M0YH52IF7ISNJDW2IHEQ2A.pcm
SwiftExplicitDependencyGeneratePcm armv7k /Users/admin/builder/spi-builder-workspace/.derivedData/ModuleCache.noindex/ptrcheck-84CJDWDKWYKE887DNNOFBAKE5.pcm
SwiftExplicitDependencyGeneratePcm armv7k /Users/admin/builder/spi-builder-workspace/.derivedData/ModuleCache.noindex/ptrauth-D1KUVP5BW8V6YRBE3MNVCBE2E.pcm
SwiftExplicitDependencyGeneratePcm armv7k /Users/admin/builder/spi-builder-workspace/.derivedData/ModuleCache.noindex/_Builtin_stdarg-D4LWD3SLKMEEMR29WTOG26Q5T.pcm
SwiftExplicitDependencyGeneratePcm arm64 /Users/admin/builder/spi-builder-workspace/.derivedData/ModuleCache.noindex/_Builtin_stddef-7O9IMW3SKT9J5KMH1DFSCTUT2.pcm
SwiftExplicitDependencyGeneratePcm arm64_32 /Users/admin/builder/spi-builder-workspace/.derivedData/ModuleCache.noindex/ptrauth-EIGELRNUEL7SAJU41BKCUDR6K.pcm
SwiftExplicitDependencyGeneratePcm arm64_32 /Users/admin/builder/spi-builder-workspace/.derivedData/ModuleCache.noindex/SwiftShims-Y9UOIV5KSIS0KDX5BDVVAMKQ.pcm
SwiftExplicitDependencyGeneratePcm arm64 /Users/admin/builder/spi-builder-workspace/.derivedData/ModuleCache.noindex/SwiftShims-BSAA6BK72NLSMMSC85W2FICHH.pcm
SwiftExplicitDependencyGeneratePcm arm64_32 /Users/admin/builder/spi-builder-workspace/.derivedData/ModuleCache.noindex/_SwiftConcurrencyShims-49MSOLZ7F449TZ0TRVKQIVZNP.pcm
SwiftExplicitDependencyGeneratePcm arm64 /Users/admin/builder/spi-builder-workspace/.derivedData/ModuleCache.noindex/_Builtin_float-2WT5Y9SB362ACJMEXFZK7ZNN2.pcm
SwiftExplicitDependencyGeneratePcm arm64 /Users/admin/builder/spi-builder-workspace/.derivedData/ModuleCache.noindex/_Builtin_stdarg-30UO0JZ3BZL3UJMXZ8NY7BG2N.pcm
SwiftExplicitDependencyGeneratePcm arm64_32 /Users/admin/builder/spi-builder-workspace/.derivedData/ModuleCache.noindex/_AvailabilityInternal-DLHW2QV8S38P9IRN7DKDTHEP9.pcm
SwiftExplicitDependencyGeneratePcm arm64 /Users/admin/builder/spi-builder-workspace/.derivedData/ModuleCache.noindex/DeveloperToolsSupport-3Z5QE87KGVW8G2DDTR9K1HB9K.pcm
SwiftExplicitDependencyGeneratePcm arm64_32 /Users/admin/builder/spi-builder-workspace/.derivedData/ModuleCache.noindex/ptrcheck-AUKOWKLJ5LR59DLJDZ0QMNHKP.pcm
SwiftExplicitDependencyGeneratePcm arm64_32 /Users/admin/builder/spi-builder-workspace/.derivedData/ModuleCache.noindex/DeveloperToolsSupport-2GO81KTT8NADYY1YLL3E6R3U0.pcm
SwiftExplicitDependencyGeneratePcm arm64 /Users/admin/builder/spi-builder-workspace/.derivedData/ModuleCache.noindex/ptrauth-6RRLJFTMP964BUOH3ZA18NCET.pcm
SwiftExplicitDependencyGeneratePcm arm64 /Users/admin/builder/spi-builder-workspace/.derivedData/ModuleCache.noindex/_AvailabilityInternal-EOZA7RNZF83GHAFYVNANSPB7K.pcm
SwiftExplicitDependencyGeneratePcm arm64_32 /Users/admin/builder/spi-builder-workspace/.derivedData/ModuleCache.noindex/_Builtin_stdbool-29VZCTHK280GJHA571SXG9ASG.pcm
SwiftExplicitDependencyGeneratePcm arm64_32 /Users/admin/builder/spi-builder-workspace/.derivedData/ModuleCache.noindex/_Builtin_float-BHCK2B2ROVBMZ91A2DBMECP3P.pcm
SwiftExplicitDependencyGeneratePcm arm64_32 /Users/admin/builder/spi-builder-workspace/.derivedData/ModuleCache.noindex/_Builtin_stdarg-2846LW51WR3FJYNEE769BGM54.pcm
SwiftExplicitDependencyGeneratePcm arm64 /Users/admin/builder/spi-builder-workspace/.derivedData/ModuleCache.noindex/_SwiftConcurrencyShims-6JV4TIBCO35VV8QOUUP4HYHU8.pcm
SwiftExplicitDependencyGeneratePcm arm64 /Users/admin/builder/spi-builder-workspace/.derivedData/ModuleCache.noindex/_Builtin_stdbool-3K0NS9706ZZKMB26W34N7NRJO.pcm
SwiftExplicitDependencyGeneratePcm arm64_32 /Users/admin/builder/spi-builder-workspace/.derivedData/ModuleCache.noindex/_Builtin_stddef-44ZBBCAVH9H95PIUL2R06EPNN.pcm
SwiftExplicitDependencyGeneratePcm arm64 /Users/admin/builder/spi-builder-workspace/.derivedData/ModuleCache.noindex/ptrcheck-B3DWAI23K1VSBZ9B4HQFDUGA9.pcm
SwiftExplicitDependencyGeneratePcm armv7k /Users/admin/builder/spi-builder-workspace/.derivedData/ModuleCache.noindex/_DarwinFoundation1-ADE3NB165C6L2JTXOQ8OTD6BF.pcm
SwiftExplicitDependencyGeneratePcm arm64_32 /Users/admin/builder/spi-builder-workspace/.derivedData/ModuleCache.noindex/_DarwinFoundation1-BH2JKT0EOE6EKNI1RBDKTQWZU.pcm
SwiftExplicitDependencyGeneratePcm arm64 /Users/admin/builder/spi-builder-workspace/.derivedData/ModuleCache.noindex/_DarwinFoundation1-227SNA2OQZAYY2EILOQ4OZWWI.pcm
SwiftExplicitDependencyGeneratePcm armv7k /Users/admin/builder/spi-builder-workspace/.derivedData/ModuleCache.noindex/_Builtin_limits-1Q4YKVDE3QBNIZPTETVUW17T3.pcm
SwiftExplicitDependencyGeneratePcm armv7k /Users/admin/builder/spi-builder-workspace/.derivedData/ModuleCache.noindex/_DarwinFoundation2-DV4KEW6PHTUWM9UDXVAKG4PHY.pcm
SwiftExplicitDependencyGeneratePcm arm64_32 /Users/admin/builder/spi-builder-workspace/.derivedData/ModuleCache.noindex/_Builtin_limits-6HWMASE09GWITZD3QJ535CHWD.pcm
SwiftExplicitDependencyGeneratePcm arm64_32 /Users/admin/builder/spi-builder-workspace/.derivedData/ModuleCache.noindex/_DarwinFoundation2-9GSSHE2BT8BHCO2O1DDAW0NKJ.pcm
SwiftExplicitDependencyGeneratePcm arm64 /Users/admin/builder/spi-builder-workspace/.derivedData/ModuleCache.noindex/_Builtin_limits-BZZBOTGJQZJ01O3UJXM4TUTUN.pcm
SwiftExplicitDependencyGeneratePcm arm64 /Users/admin/builder/spi-builder-workspace/.derivedData/ModuleCache.noindex/_DarwinFoundation2-AWB6S4FOQZ2F9R5HPQGPXLQM1.pcm
SwiftExplicitDependencyGeneratePcm armv7k /Users/admin/builder/spi-builder-workspace/.derivedData/ModuleCache.noindex/_Builtin_tgmath-BR8NO7JN4VG2HSGONWEURT7Q9.pcm
SwiftExplicitDependencyGeneratePcm armv7k /Users/admin/builder/spi-builder-workspace/.derivedData/ModuleCache.noindex/sys_types-A40CZMME078D7VG6FJ9GFAUT1.pcm
SwiftExplicitDependencyGeneratePcm armv7k /Users/admin/builder/spi-builder-workspace/.derivedData/ModuleCache.noindex/_Builtin_stdint-4UJPCK27WLNAZ5JG8BDJ95Y7T.pcm
SwiftExplicitDependencyGeneratePcm arm64_32 /Users/admin/builder/spi-builder-workspace/.derivedData/ModuleCache.noindex/sys_types-7PPBQQMP9WOPXZY9PV3O6HWOJ.pcm
SwiftExplicitDependencyGeneratePcm arm64_32 /Users/admin/builder/spi-builder-workspace/.derivedData/ModuleCache.noindex/_Builtin_tgmath-CLWIHJL0E1YNNKOM2DFNKXLSN.pcm
SwiftExplicitDependencyGeneratePcm arm64_32 /Users/admin/builder/spi-builder-workspace/.derivedData/ModuleCache.noindex/_Builtin_stdint-A5GOZXANJIP53GSEWN310YNNY.pcm
SwiftExplicitDependencyGeneratePcm arm64 /Users/admin/builder/spi-builder-workspace/.derivedData/ModuleCache.noindex/_Builtin_tgmath-52S12NPAFZC0JNVGTPT0KX4GS.pcm
SwiftExplicitDependencyGeneratePcm arm64 /Users/admin/builder/spi-builder-workspace/.derivedData/ModuleCache.noindex/_Builtin_stdint-ZZ44XETV7JCUHQPW9HSEGAW0.pcm
SwiftExplicitDependencyGeneratePcm arm64 /Users/admin/builder/spi-builder-workspace/.derivedData/ModuleCache.noindex/sys_types-44TDJXBNABH6YIBIB1L6UJG2A.pcm
SwiftExplicitDependencyGeneratePcm armv7k /Users/admin/builder/spi-builder-workspace/.derivedData/ModuleCache.noindex/_DarwinFoundation3-EBKFW3VQLO7I73Z6JO2EF7K9T.pcm
SwiftExplicitDependencyGeneratePcm armv7k /Users/admin/builder/spi-builder-workspace/.derivedData/ModuleCache.noindex/_Builtin_stdatomic-32ECWZ72BOH2QGMSIB20D4WTK.pcm
SwiftExplicitDependencyGeneratePcm armv7k /Users/admin/builder/spi-builder-workspace/.derivedData/ModuleCache.noindex/_Builtin_intrinsics-SQ43A7BTU3D7D8JJURJJQW3X.pcm
SwiftExplicitDependencyGeneratePcm arm64_32 /Users/admin/builder/spi-builder-workspace/.derivedData/ModuleCache.noindex/_Builtin_intrinsics-3R0A4SIF6N104KFIOXPA025L7.pcm
SwiftExplicitDependencyGeneratePcm arm64_32 /Users/admin/builder/spi-builder-workspace/.derivedData/ModuleCache.noindex/_Builtin_stdatomic-5U5ITJZ0O5PNT4FRT0VIAZW0S.pcm
SwiftExplicitDependencyGeneratePcm arm64_32 /Users/admin/builder/spi-builder-workspace/.derivedData/ModuleCache.noindex/_DarwinFoundation3-86NTIOJMBO32S9WDN64L1LC6L.pcm
SwiftExplicitDependencyGeneratePcm arm64 /Users/admin/builder/spi-builder-workspace/.derivedData/ModuleCache.noindex/_Builtin_intrinsics-9F51UDMJGCH2YPDOXH60OPSS9.pcm
SwiftExplicitDependencyGeneratePcm arm64 /Users/admin/builder/spi-builder-workspace/.derivedData/ModuleCache.noindex/_Builtin_stdatomic-4FPXSGJ3807R0A98B7RJ7KO3P.pcm
SwiftExplicitDependencyGeneratePcm arm64 /Users/admin/builder/spi-builder-workspace/.derivedData/ModuleCache.noindex/_DarwinFoundation3-DG1LCR8UJOFMAEKZ4QOY33HZX.pcm
SwiftExplicitDependencyGeneratePcm armv7k /Users/admin/builder/spi-builder-workspace/.derivedData/ModuleCache.noindex/_Builtin_inttypes-8B9XQ9DWPY04NISEJWZ2RW2L6.pcm
SwiftExplicitDependencyGeneratePcm arm64_32 /Users/admin/builder/spi-builder-workspace/.derivedData/ModuleCache.noindex/_Builtin_inttypes-IK3B20A93OGK2P0MVMMPHD49.pcm
SwiftExplicitDependencyGeneratePcm arm64 /Users/admin/builder/spi-builder-workspace/.derivedData/ModuleCache.noindex/_Builtin_inttypes-9RH3ZGRF7L0UFIAA3RWNP3416.pcm
SwiftExplicitDependencyGeneratePcm armv7k /Users/admin/builder/spi-builder-workspace/.derivedData/ModuleCache.noindex/Darwin-9PFSQ7LZ2AK01ELYMABKS3GL8.pcm
SwiftExplicitDependencyGeneratePcm armv7k /Users/admin/builder/spi-builder-workspace/.derivedData/ModuleCache.noindex/simd-JDGST7QYHRT2XM5C6FU0I24Q.pcm
SwiftExplicitDependencyGeneratePcm arm64_32 /Users/admin/builder/spi-builder-workspace/.derivedData/ModuleCache.noindex/Darwin-7EOY6B0FYD3NKAS35RMGXP5LK.pcm
SwiftExplicitDependencyGeneratePcm arm64 /Users/admin/builder/spi-builder-workspace/.derivedData/ModuleCache.noindex/Darwin-16I5UGYPDATFKFISIN5OQGOVM.pcm
SwiftExplicitDependencyGeneratePcm arm64_32 /Users/admin/builder/spi-builder-workspace/.derivedData/ModuleCache.noindex/simd-1DNCP4NJ53D3H5JQJ5PMHIZO9.pcm
SwiftExplicitDependencyGeneratePcm arm64 /Users/admin/builder/spi-builder-workspace/.derivedData/ModuleCache.noindex/simd-4FRD9SUHM7EOTN524JYBMDL9S.pcm
SwiftExplicitDependencyGeneratePcm armv7k /Users/admin/builder/spi-builder-workspace/.derivedData/ModuleCache.noindex/ObjectiveC-E0ZDS99EDVATS2F85SO1ROOW3.pcm
SwiftExplicitDependencyGeneratePcm armv7k /Users/admin/builder/spi-builder-workspace/.derivedData/ModuleCache.noindex/MachO-5AHWAIT8GJXLH4ACAZ0WGYDC9.pcm
SwiftExplicitDependencyGeneratePcm arm64 /Users/admin/builder/spi-builder-workspace/.derivedData/ModuleCache.noindex/ObjectiveC-8UETU9VIN6TLHAJS803FFNIGA.pcm
SwiftExplicitDependencyGeneratePcm arm64 /Users/admin/builder/spi-builder-workspace/.derivedData/ModuleCache.noindex/MachO-5ONAD48ZCP7NZVK80MAC9ZP1V.pcm
SwiftExplicitDependencyGeneratePcm arm64_32 /Users/admin/builder/spi-builder-workspace/.derivedData/ModuleCache.noindex/ObjectiveC-MY1YPPP48ZKLRCFMRI5GO9R.pcm
SwiftExplicitDependencyGeneratePcm arm64_32 /Users/admin/builder/spi-builder-workspace/.derivedData/ModuleCache.noindex/MachO-AZNX121YHV7UPYG4ADKN4OZAW.pcm
SwiftExplicitDependencyGeneratePcm armv7k /Users/admin/builder/spi-builder-workspace/.derivedData/ModuleCache.noindex/os_object-18PXU9H3WOD68TY6MAL1ZLNP9.pcm
SwiftExplicitDependencyGeneratePcm arm64 /Users/admin/builder/spi-builder-workspace/.derivedData/ModuleCache.noindex/os_object-DJJBVMOS2UUUVOJOUK4V18IDX.pcm
SwiftExplicitDependencyGeneratePcm arm64_32 /Users/admin/builder/spi-builder-workspace/.derivedData/ModuleCache.noindex/os_object-E0CVHB9RT7I5F6HKP5IXA5JJN.pcm
SwiftExplicitDependencyGeneratePcm armv7k /Users/admin/builder/spi-builder-workspace/.derivedData/ModuleCache.noindex/Spatial-2F6C1JI8GXHD7TTTYQP4B26ZH.pcm
SwiftExplicitDependencyGeneratePcm armv7k /Users/admin/builder/spi-builder-workspace/.derivedData/ModuleCache.noindex/os_workgroup-BVJ42AVMIW7DCL8N126TAMQWH.pcm
SwiftExplicitDependencyGeneratePcm arm64_32 /Users/admin/builder/spi-builder-workspace/.derivedData/ModuleCache.noindex/os_workgroup-3O8OVEKEFKDEG3VCH3RTEZ94B.pcm
SwiftExplicitDependencyGeneratePcm arm64 /Users/admin/builder/spi-builder-workspace/.derivedData/ModuleCache.noindex/os_workgroup-B77XM89IDYHHAHLL7HI5JSCBX.pcm
SwiftExplicitDependencyGeneratePcm arm64_32 /Users/admin/builder/spi-builder-workspace/.derivedData/ModuleCache.noindex/Spatial-85VKLU4REP851J02ULVCRFSGO.pcm
SwiftExplicitDependencyGeneratePcm armv7k /Users/admin/builder/spi-builder-workspace/.derivedData/ModuleCache.noindex/Dispatch-E47IY0S0HQME5O93LIR5ULUJ3.pcm
SwiftExplicitDependencyGeneratePcm arm64 /Users/admin/builder/spi-builder-workspace/.derivedData/ModuleCache.noindex/Spatial-9HRB93N5VW6PYLGE8T0EFPCBN.pcm
SwiftExplicitDependencyGeneratePcm arm64 /Users/admin/builder/spi-builder-workspace/.derivedData/ModuleCache.noindex/Dispatch-VJEF7PUQ9LH822JVM5XG6MK1.pcm
SwiftExplicitDependencyGeneratePcm arm64_32 /Users/admin/builder/spi-builder-workspace/.derivedData/ModuleCache.noindex/Dispatch-1FJ1MI5CEQAKDW1VL40ZXGEZX.pcm
SwiftExplicitDependencyGeneratePcm armv7k /Users/admin/builder/spi-builder-workspace/.derivedData/ModuleCache.noindex/CoreFoundation-7GHF7X5P6ZD825PTKSHFN9ZI4.pcm
SwiftExplicitDependencyGeneratePcm armv7k /Users/admin/builder/spi-builder-workspace/.derivedData/ModuleCache.noindex/XPC-9DTZ8AF9XTWF42TLLJ49FJTST.pcm
SwiftExplicitDependencyGeneratePcm arm64_32 /Users/admin/builder/spi-builder-workspace/.derivedData/ModuleCache.noindex/CoreFoundation-2WN2GWDD3XFIB7PUN7AGTCXVV.pcm
SwiftExplicitDependencyGeneratePcm arm64_32 /Users/admin/builder/spi-builder-workspace/.derivedData/ModuleCache.noindex/XPC-OZIOUFM4EDBR3SQ2IFY2FZJ3.pcm
SwiftExplicitDependencyGeneratePcm arm64 /Users/admin/builder/spi-builder-workspace/.derivedData/ModuleCache.noindex/XPC-BSDTMJV05ILJA5FSICCCI2OL5.pcm
SwiftExplicitDependencyGeneratePcm arm64 /Users/admin/builder/spi-builder-workspace/.derivedData/ModuleCache.noindex/CoreFoundation-DJJGOYJ4YNQ64CSPYCZOO8QAP.pcm
SwiftExplicitDependencyGeneratePcm armv7k /Users/admin/builder/spi-builder-workspace/.derivedData/ModuleCache.noindex/os-99ATW2U7G5N5ZUXXLC3T7KSD7.pcm
SwiftExplicitDependencyGeneratePcm arm64_32 /Users/admin/builder/spi-builder-workspace/.derivedData/ModuleCache.noindex/os-AZZ732J76QGJY33B6R5MIFKZA.pcm
SwiftExplicitDependencyGeneratePcm arm64 /Users/admin/builder/spi-builder-workspace/.derivedData/ModuleCache.noindex/os-7D8S9K5739H2BVJ8T4L2OULD4.pcm
SwiftExplicitDependencyGeneratePcm armv7k /Users/admin/builder/spi-builder-workspace/.derivedData/ModuleCache.noindex/CoreGraphics-4Q20BONXRDLEUPQMDZAPAEFTA.pcm
SwiftExplicitDependencyGeneratePcm armv7k /Users/admin/builder/spi-builder-workspace/.derivedData/ModuleCache.noindex/Security-7SE760WZ2OEJ7HFR5VXFCZI9G.pcm
SwiftExplicitDependencyGeneratePcm arm64_32 /Users/admin/builder/spi-builder-workspace/.derivedData/ModuleCache.noindex/CoreGraphics-F524NRJVGDPKYF3PEKGNT518N.pcm
SwiftExplicitDependencyGeneratePcm arm64_32 /Users/admin/builder/spi-builder-workspace/.derivedData/ModuleCache.noindex/Security-7N2K583MEDYU75HOC5BPDGNTH.pcm
SwiftExplicitDependencyGeneratePcm arm64 /Users/admin/builder/spi-builder-workspace/.derivedData/ModuleCache.noindex/CoreGraphics-3MA5R5UK6GBUOC4P4OFE5VS19.pcm
SwiftExplicitDependencyGeneratePcm arm64 /Users/admin/builder/spi-builder-workspace/.derivedData/ModuleCache.noindex/Security-AURWBFXY7JXCFHSY4JJOY36RH.pcm
SwiftExplicitDependencyGeneratePcm armv7k /Users/admin/builder/spi-builder-workspace/.derivedData/ModuleCache.noindex/Foundation-EPSSWBF5ZPDOEQV0Z1H7HHJ2F.pcm
SwiftExplicitDependencyGeneratePcm armv7k /Users/admin/builder/spi-builder-workspace/.derivedData/ModuleCache.noindex/CoreVideo-2PTN1YIYV7GU2CT9JDP5HZ84J.pcm
SwiftExplicitDependencyGeneratePcm armv7k /Users/admin/builder/spi-builder-workspace/.derivedData/ModuleCache.noindex/CoreText-A4VQNJC2C6N2YU8UC8HRQFWX7.pcm
SwiftExplicitDependencyGeneratePcm arm64 /Users/admin/builder/spi-builder-workspace/.derivedData/ModuleCache.noindex/Foundation-EK2FWRD3ACYA8LSCWDBUAPYS5.pcm
SwiftExplicitDependencyGeneratePcm arm64_32 /Users/admin/builder/spi-builder-workspace/.derivedData/ModuleCache.noindex/Foundation-83JWXXASQB5K8FJA2ZIQES3E6.pcm
SwiftExplicitDependencyGeneratePcm arm64 /Users/admin/builder/spi-builder-workspace/.derivedData/ModuleCache.noindex/CoreVideo-985TMIA44BSS94Q117Y6639D7.pcm
SwiftExplicitDependencyGeneratePcm arm64 /Users/admin/builder/spi-builder-workspace/.derivedData/ModuleCache.noindex/CoreText-EYJRKUQ27WCB1HTRB56IBRY9B.pcm
SwiftExplicitDependencyGeneratePcm arm64_32 /Users/admin/builder/spi-builder-workspace/.derivedData/ModuleCache.noindex/CoreText-79NY5LWZ8HPESJI0AO0MYLN5D.pcm
SwiftExplicitDependencyGeneratePcm arm64_32 /Users/admin/builder/spi-builder-workspace/.derivedData/ModuleCache.noindex/CoreVideo-7UOSE33Y508V1V3IPWM55SEZC.pcm
SwiftExplicitDependencyGeneratePcm armv7k /Users/admin/builder/spi-builder-workspace/.derivedData/ModuleCache.noindex/QuartzCore-A36590MAARDDONY7HJ514X72O.pcm
SwiftExplicitDependencyGeneratePcm armv7k /Users/admin/builder/spi-builder-workspace/.derivedData/ModuleCache.noindex/OSLog-B6IE36ZR3K4ZDO18PV6KIK4EC.pcm
SwiftExplicitDependencyGeneratePcm armv7k /Users/admin/builder/spi-builder-workspace/.derivedData/ModuleCache.noindex/UserNotifications-9ZIIM2EAGVHQM48XPIPXYG5QL.pcm
SwiftExplicitDependencyGeneratePcm armv7k /Users/admin/builder/spi-builder-workspace/.derivedData/ModuleCache.noindex/DataDetection-DUB5M90MZ6N494PBECDHCMZXX.pcm
SwiftExplicitDependencyGeneratePcm armv7k /Users/admin/builder/spi-builder-workspace/.derivedData/ModuleCache.noindex/UniformTypeIdentifiers-8VMTNDED00UJYJIL2KOGDB4CP.pcm
SwiftExplicitDependencyGeneratePcm armv7k /Users/admin/builder/spi-builder-workspace/.derivedData/ModuleCache.noindex/UIUtilities-21A195FL0ALQ74WSVKQ9WWTO1.pcm
SwiftExplicitDependencyGeneratePcm armv7k /Users/admin/builder/spi-builder-workspace/.derivedData/ModuleCache.noindex/CoreTransferable-CXY0UEA4B9J08H0EEQXPNIKIJ.pcm
SwiftExplicitDependencyGeneratePcm armv7k /Users/admin/builder/spi-builder-workspace/.derivedData/ModuleCache.noindex/Accessibility-5NDLT1NK1CT8W5DEJJL3D2Y53.pcm
SwiftExplicitDependencyGeneratePcm armv7k /Users/admin/builder/spi-builder-workspace/.derivedData/ModuleCache.noindex/Symbols-DRICWJL55WMAR41Y2XZDHKTX8.pcm
SwiftExplicitDependencyGeneratePcm arm64 /Users/admin/builder/spi-builder-workspace/.derivedData/ModuleCache.noindex/UniformTypeIdentifiers-E4TOLLH4NNWUYTNS6P5YENY2U.pcm
SwiftExplicitDependencyGeneratePcm arm64_32 /Users/admin/builder/spi-builder-workspace/.derivedData/ModuleCache.noindex/UniformTypeIdentifiers-DXPJZXQJE91T5VU8IBTRGQ22W.pcm
SwiftExplicitDependencyGeneratePcm arm64_32 /Users/admin/builder/spi-builder-workspace/.derivedData/ModuleCache.noindex/Symbols-5HQJBE5PYI2IPZ7PAHAX63AGK.pcm
SwiftExplicitDependencyGeneratePcm arm64 /Users/admin/builder/spi-builder-workspace/.derivedData/ModuleCache.noindex/CoreTransferable-A9D9L35UIWR6GL3GRYS68ZDXA.pcm
SwiftExplicitDependencyGeneratePcm arm64_32 /Users/admin/builder/spi-builder-workspace/.derivedData/ModuleCache.noindex/QuartzCore-12USPEGADCHTKDTUZCOAXAM63.pcm
SwiftExplicitDependencyGeneratePcm arm64 /Users/admin/builder/spi-builder-workspace/.derivedData/ModuleCache.noindex/UserNotifications-76B3ZCYYCXK8MRR2RYV6828AT.pcm
SwiftExplicitDependencyGeneratePcm arm64 /Users/admin/builder/spi-builder-workspace/.derivedData/ModuleCache.noindex/QuartzCore-576A9DFY3Z78V6WR7Q5C98BU1.pcm
SwiftExplicitDependencyGeneratePcm arm64 /Users/admin/builder/spi-builder-workspace/.derivedData/ModuleCache.noindex/Accessibility-6NVQ8KS1ZT8WH1VMRAAMMHEW6.pcm
SwiftExplicitDependencyGeneratePcm arm64 /Users/admin/builder/spi-builder-workspace/.derivedData/ModuleCache.noindex/UIUtilities-1QO3USC2GRAXGF6SE42B3HQP1.pcm
SwiftExplicitDependencyGeneratePcm arm64_32 /Users/admin/builder/spi-builder-workspace/.derivedData/ModuleCache.noindex/OSLog-15NEI8TBYNL7NGXG5C7ESCAFJ.pcm
SwiftExplicitDependencyGeneratePcm armv7k /Users/admin/builder/spi-builder-workspace/.derivedData/ModuleCache.noindex/SwiftUICore-2O7CH8TRNGIOERLHAYA5PR5HT.pcm
SwiftExplicitDependencyGeneratePcm arm64_32 /Users/admin/builder/spi-builder-workspace/.derivedData/ModuleCache.noindex/DataDetection-660BRTUFP46NFLQACAZMXQDZB.pcm
SwiftExplicitDependencyGeneratePcm armv7k /Users/admin/builder/spi-builder-workspace/.derivedData/ModuleCache.noindex/UIKit-366AOZ0HZFTSGBQLZEBENHO6K.pcm
SwiftExplicitDependencyGeneratePcm arm64_32 /Users/admin/builder/spi-builder-workspace/.derivedData/ModuleCache.noindex/CoreTransferable-6PBL3PO6Z26Q2BWB0QQ5I7VZX.pcm
SwiftExplicitDependencyGeneratePcm arm64_32 /Users/admin/builder/spi-builder-workspace/.derivedData/ModuleCache.noindex/UIUtilities-E19SAMDRKGYT98T5FC7RGOWDF.pcm
SwiftExplicitDependencyGeneratePcm arm64 /Users/admin/builder/spi-builder-workspace/.derivedData/ModuleCache.noindex/DataDetection-3EK58L9949CR2MZEX1ZGTH50R.pcm
SwiftExplicitDependencyGeneratePcm arm64 /Users/admin/builder/spi-builder-workspace/.derivedData/ModuleCache.noindex/OSLog-BGTA5CIZOXOV3QB3D2PVT5DN0.pcm
SwiftExplicitDependencyGeneratePcm arm64_32 /Users/admin/builder/spi-builder-workspace/.derivedData/ModuleCache.noindex/UserNotifications-4FDK30O6696DXAYXRVALE4S01.pcm
SwiftExplicitDependencyGeneratePcm arm64_32 /Users/admin/builder/spi-builder-workspace/.derivedData/ModuleCache.noindex/SwiftUICore-7GKJV7A5WP0EZL149SPH61M31.pcm
SwiftExplicitDependencyGeneratePcm arm64_32 /Users/admin/builder/spi-builder-workspace/.derivedData/ModuleCache.noindex/Accessibility-17K8378OMR05GTGTUM9VDIHIV.pcm
SwiftExplicitDependencyGeneratePcm arm64 /Users/admin/builder/spi-builder-workspace/.derivedData/ModuleCache.noindex/SwiftUICore-9LNO6LEESD9O6WBBN6EGBLDNN.pcm
SwiftExplicitDependencyGeneratePcm arm64 /Users/admin/builder/spi-builder-workspace/.derivedData/ModuleCache.noindex/Symbols-8BE6DNRL8LFORV399JKUZ6RM1.pcm
SwiftExplicitDependencyGeneratePcm arm64_32 /Users/admin/builder/spi-builder-workspace/.derivedData/ModuleCache.noindex/UIKit-6S0NXV803QSHD7MRFKRAJT7GD.pcm
SwiftExplicitDependencyGeneratePcm arm64 /Users/admin/builder/spi-builder-workspace/.derivedData/ModuleCache.noindex/UIKit-C5I9NHZ0ZNO9H8865LVB1667Z.pcm
SwiftCompile normal armv7k Compiling\ IInteractiveTransition.swift /Users/admin/builder/spi-builder-workspace/Sources/Transitions/Classes/Core/Transitions/Interfaces/IInteractiveTransition.swift (in target 'Transitions' from project 'transitions')
SwiftCompile normal armv7k /Users/admin/builder/spi-builder-workspace/Sources/Transitions/Classes/Core/Transitions/Interfaces/IInteractiveTransition.swift (in target 'Transitions' from project 'transitions')
cd /Users/admin/builder/spi-builder-workspace/.swiftpm/xcode
SwiftCompile normal armv7k Compiling\ UIViewController+CustomTransition.swift /Users/admin/builder/spi-builder-workspace/Sources/Transitions/Classes/Core/Extensions/UIViewController+CustomTransition.swift (in target 'Transitions' from project 'transitions')
SwiftCompile normal armv7k /Users/admin/builder/spi-builder-workspace/Sources/Transitions/Classes/Core/Extensions/UIViewController+CustomTransition.swift (in target 'Transitions' from project 'transitions')
cd /Users/admin/builder/spi-builder-workspace/.swiftpm/xcode
SwiftCompile normal armv7k Compiling\ CoreTransition.swift /Users/admin/builder/spi-builder-workspace/Sources/Transitions/Classes/Core/CoreTransition.swift (in target 'Transitions' from project 'transitions')
SwiftCompile normal armv7k /Users/admin/builder/spi-builder-workspace/Sources/Transitions/Classes/Core/CoreTransition.swift (in target 'Transitions' from project 'transitions')
cd /Users/admin/builder/spi-builder-workspace/.swiftpm/xcode
SwiftCompile normal armv7k Compiling\ CustomTransition.swift /Users/admin/builder/spi-builder-workspace/Sources/Transitions/Classes/CustomTransition.swift (in target 'Transitions' from project 'transitions')
SwiftCompile normal armv7k /Users/admin/builder/spi-builder-workspace/Sources/Transitions/Classes/CustomTransition.swift (in target 'Transitions' from project 'transitions')
cd /Users/admin/builder/spi-builder-workspace/.swiftpm/xcode
SwiftEmitModule normal armv7k Emitting\ module\ for\ Transitions (in target 'Transitions' from project 'transitions')
Failed frontend command:
/Applications/Xcode-26.5.0.app/Contents/Developer/Toolchains/XcodeDefault.xctoolchain/usr/bin/swift-frontend -frontend -emit-module -experimental-skip-non-inlinable-function-bodies-without-types /Users/admin/builder/spi-builder-workspace/Sources/Transitions/Classes/Core/CoreTransition.swift /Users/admin/builder/spi-builder-workspace/Sources/Transitions/Classes/Core/Extensions/UIViewController+CustomTransition.swift /Users/admin/builder/spi-builder-workspace/Sources/Transitions/Classes/Core/Transitions/Interfaces/ICoreTransition.swift /Users/admin/builder/spi-builder-workspace/Sources/Transitions/Classes/Core/Transitions/Interfaces/IInteractiveTransition.swift /Users/admin/builder/spi-builder-workspace/Sources/Transitions/Classes/CustomTransition.swift -target armv7k-apple-watchos5.0 -load-resolved-plugin /Applications/Xcode-26.5.0.app/Contents/Developer/Platforms/WatchOS.platform/Developer/usr/lib/swift/host/plugins/libFoundationMacros.dylib\#/Applications/Xcode-26.5.0.app/Contents/Developer/Platforms/WatchOS.platform/Developer/usr/bin/swift-plugin-server\#FoundationMacros -load-resolved-plugin /Applications/Xcode-26.5.0.app/Contents/Developer/Platforms/WatchOS.platform/Developer/usr/lib/swift/host/plugins/libObservationMacros.dylib\#/Applications/Xcode-26.5.0.app/Contents/Developer/Platforms/WatchOS.platform/Developer/usr/bin/swift-plugin-server\#ObservationMacros -load-resolved-plugin /Applications/Xcode-26.5.0.app/Contents/Developer/Platforms/WatchOS.platform/Developer/usr/lib/swift/host/plugins/libSwiftMacros.dylib\#/Applications/Xcode-26.5.0.app/Contents/Developer/Platforms/WatchOS.platform/Developer/usr/bin/swift-plugin-server\#SwiftMacros -load-resolved-plugin /Applications/Xcode-26.5.0.app/Contents/Developer/Platforms/WatchOS.platform/Developer/usr/lib/swift/host/plugins/libSwiftUIMacros.dylib\#/Applications/Xcode-26.5.0.app/Contents/Developer/Platforms/WatchOS.platform/Developer/usr/bin/swift-plugin-server\#SwiftUIMacros -disable-implicit-swift-modules -Xcc -fno-implicit-modules -Xcc -fno-implicit-module-maps -explicit-swift-module-map-file /Users/admin/builder/spi-builder-workspace/.derivedData/Build/Intermediates.noindex/transitions.build/Debug-watchos/Transitions.build/Objects-normal/armv7k/Transitions-dependencies-1.json -enable-objc-interop -sdk /Applications/Xcode-26.5.0.app/Contents/Developer/Platforms/WatchOS.platform/Developer/SDKs/WatchOS26.5.sdk -I /Users/admin/builder/spi-builder-workspace/.derivedData/Build/Products/Debug-watchos -Isystem /Applications/Xcode-26.5.0.app/Contents/Developer/Platforms/WatchOS.platform/Developer/usr/lib -F /Users/admin/builder/spi-builder-workspace/.derivedData/Build/Products/Debug-watchos -F /Applications/Xcode-26.5.0.app/Contents/Developer/Platforms/WatchOS.platform/Developer/Library/Frameworks -F /Applications/Xcode-26.5.0.app/Contents/Developer/Platforms/WatchOS.platform/Developer/SDKs/WatchOS26.5.sdk/Developer/Library/Frameworks -no-color-diagnostics -Xcc -fno-color-diagnostics -enable-testing -g -debug-info-format\=dwarf -dwarf-version\=4 -module-cache-path /Users/admin/builder/spi-builder-workspace/.derivedData/Build/Intermediates.noindex/SwiftExplicitPrecompiledModules -profile-generate -profile-coverage-mapping -swift-version 6 -Onone -D SWIFT_PACKAGE -D DEBUG -D SWIFT_MODULE_RESOURCE_BUNDLE_UNAVAILABLE -D Xcode -serialize-debugging-options -const-gather-protocols-file /Users/admin/builder/spi-builder-workspace/.derivedData/Build/Intermediates.noindex/transitions.build/Debug-watchos/Transitions.build/Objects-normal/armv7k/Transitions_const_extract_protocols.json -enable-experimental-feature DebugDescriptionMacro -empty-abi-descriptor -validate-clang-modules-once -clang-build-session-file /Users/admin/builder/spi-builder-workspace/.derivedData/ModuleCache.noindex/Session.modulevalidation -Xcc -working-directory -Xcc /Users/admin/builder/spi-builder-workspace/.swiftpm/xcode -enable-anonymous-context-mangled-names -file-compilation-dir /Users/admin/builder/spi-builder-workspace/.swiftpm/xcode -Xcc -D_LIBCPP_HARDENING_MODE\=_LIBCPP_HARDENING_MODE_DEBUG -Xcc -ivfsstatcache -Xcc /Users/admin/builder/spi-builder-workspace/.derivedData/SDKStatCaches.noindex/watchos26.5-23T570-688ef53f1462e2c8f657fdc38a81448f7931b973dfc65d9472806dbbc3af9379.sdkstatcache -Xcc -I/Users/admin/builder/spi-builder-workspace/.derivedData/Build/Intermediates.noindex/transitions.build/Debug-watchos/Transitions.build/swift-overrides.hmap -Xcc -I/Users/admin/builder/spi-builder-workspace/.derivedData/Build/Products/Debug-watchos/include -Xcc -I/Users/admin/builder/spi-builder-workspace/.derivedData/Build/Intermediates.noindex/transitions.build/Debug-watchos/Transitions.build/DerivedSources-normal/armv7k -Xcc -I/Users/admin/builder/spi-builder-workspace/.derivedData/Build/Intermediates.noindex/transitions.build/Debug-watchos/Transitions.build/DerivedSources/armv7k -Xcc -I/Users/admin/builder/spi-builder-workspace/.derivedData/Build/Intermediates.noindex/transitions.build/Debug-watchos/Transitions.build/DerivedSources -Xcc -DSWIFT_PACKAGE -Xcc -DDEBUG\=1 -no-auto-bridging-header-chaining -module-name Transitions -package-name spi_builder_workspace -frontend-parseable-output -disable-clang-spi -clang-target armv7k-apple-watchos26.5 -target-sdk-version 26.5 -target-sdk-name watchos26.5 -in-process-plugin-server-path /Applications/Xcode-26.5.0.app/Contents/Developer/Toolchains/XcodeDefault.xctoolchain/usr/lib/swift/host/libSwiftInProcPluginServer.dylib -emit-module-doc-path /Users/admin/builder/spi-builder-workspace/.derivedData/Build/Intermediates.noindex/transitions.build/Debug-watchos/Transitions.build/Objects-normal/armv7k/Transitions.swiftdoc -emit-module-source-info-path /Users/admin/builder/spi-builder-workspace/.derivedData/Build/Intermediates.noindex/transitions.build/Debug-watchos/Transitions.build/Objects-normal/armv7k/Transitions.swiftsourceinfo -emit-objc-header-path /Users/admin/builder/spi-builder-workspace/.derivedData/Build/Intermediates.noindex/transitions.build/Debug-watchos/Transitions.build/Objects-normal/armv7k/Transitions-Swift.h -serialize-diagnostics-path /Users/admin/builder/spi-builder-workspace/.derivedData/Build/Intermediates.noindex/transitions.build/Debug-watchos/Transitions.build/Objects-normal/armv7k/Transitions-primary-emit-module.dia -emit-dependencies-path /Users/admin/builder/spi-builder-workspace/.derivedData/Build/Intermediates.noindex/transitions.build/Debug-watchos/Transitions.build/Objects-normal/armv7k/Transitions-primary-emit-module.d -o /Users/admin/builder/spi-builder-workspace/.derivedData/Build/Intermediates.noindex/transitions.build/Debug-watchos/Transitions.build/Objects-normal/armv7k/Transitions.swiftmodule -emit-abi-descriptor-path /Users/admin/builder/spi-builder-workspace/.derivedData/Build/Intermediates.noindex/transitions.build/Debug-watchos/Transitions.build/Objects-normal/armv7k/Transitions.abi.json
EmitSwiftModule normal armv7k (in target 'Transitions' from project 'transitions')
cd /Users/admin/builder/spi-builder-workspace/.swiftpm/xcode
/Users/admin/builder/spi-builder-workspace/Sources/Transitions/Classes/Core/CoreTransition.swift:22:60: error: 'UIViewController' is unavailable in watchOS
public private(set) weak var presentingViewController: UIViewController?
^~~~~~~~~~~~~~~~
/Applications/Xcode-26.5.0.app/Contents/Developer/Platforms/WatchOS.platform/Developer/SDKs/WatchOS26.5.sdk/System/Library/Frameworks/UIKit.framework/Headers/UIViewController.h:102:12: note: 'UIViewController' has been explicitly marked unavailable here
@interface UIViewController : UIResponder <NSCoding, UIAppearanceContainer, UITraitEnvironment, UIContentContainer, UIFocusEnvironment>
^
/Users/admin/builder/spi-builder-workspace/Sources/Transitions/Classes/Core/CoreTransition.swift:24:59: error: 'UIViewController' is unavailable in watchOS
public private(set) weak var presentedViewController: UIViewController?
^~~~~~~~~~~~~~~~
/Applications/Xcode-26.5.0.app/Contents/Developer/Platforms/WatchOS.platform/Developer/SDKs/WatchOS26.5.sdk/System/Library/Frameworks/UIKit.framework/Headers/UIViewController.h:102:12: note: 'UIViewController' has been explicitly marked unavailable here
@interface UIViewController : UIResponder <NSCoding, UIAppearanceContainer, UITraitEnvironment, UIContentContainer, UIFocusEnvironment>
^
/Users/admin/builder/spi-builder-workspace/Sources/Transitions/Classes/Core/CoreTransition.swift:27:53: error: 'UIViewControllerContextTransitioning' is unavailable in watchOS
public private(set) weak var transitionContext: UIViewControllerContextTransitioning?
^~~~~~~~~~~~~~~~~~~~~~~~~~~~~~~~~~~~
/Applications/Xcode-26.5.0.app/Contents/Developer/Platforms/WatchOS.platform/Developer/SDKs/WatchOS26.5.sdk/System/Library/Frameworks/UIKit.framework/Headers/UIViewControllerTransitioning.h:68:11: note: 'UIViewControllerContextTransitioning' has been explicitly marked unavailable here
@protocol UIViewControllerContextTransitioning <NSObject>
^
/Users/admin/builder/spi-builder-workspace/Sources/Transitions/Classes/Core/CoreTransition.swift:29:52: error: 'UIViewController' is unavailable in watchOS
public private(set) weak var toViewController: UIViewController?
^~~~~~~~~~~~~~~~
/Applications/Xcode-26.5.0.app/Contents/Developer/Platforms/WatchOS.platform/Developer/SDKs/WatchOS26.5.sdk/System/Library/Frameworks/UIKit.framework/Headers/UIViewController.h:102:12: note: 'UIViewController' has been explicitly marked unavailable here
@interface UIViewController : UIResponder <NSCoding, UIAppearanceContainer, UITraitEnvironment, UIContentContainer, UIFocusEnvironment>
^
/Users/admin/builder/spi-builder-workspace/Sources/Transitions/Classes/Core/CoreTransition.swift:31:54: error: 'UIViewController' is unavailable in watchOS
public private(set) weak var fromViewController: UIViewController?
^~~~~~~~~~~~~~~~
/Applications/Xcode-26.5.0.app/Contents/Developer/Platforms/WatchOS.platform/Developer/SDKs/WatchOS26.5.sdk/System/Library/Frameworks/UIKit.framework/Headers/UIViewController.h:102:12: note: 'UIViewController' has been explicitly marked unavailable here
@interface UIViewController : UIResponder <NSCoding, UIAppearanceContainer, UITraitEnvironment, UIContentContainer, UIFocusEnvironment>
^
/Users/admin/builder/spi-builder-workspace/Sources/Transitions/Classes/Core/CoreTransition.swift:36:32: error: 'UIViewController' is unavailable in watchOS
weak var owningController: UIViewController?
^~~~~~~~~~~~~~~~
/Applications/Xcode-26.5.0.app/Contents/Developer/Platforms/WatchOS.platform/Developer/SDKs/WatchOS26.5.sdk/System/Library/Frameworks/UIKit.framework/Headers/UIViewController.h:102:12: note: 'UIViewController' has been explicitly marked unavailable here
@interface UIViewController : UIResponder <NSCoding, UIAppearanceContainer, UITraitEnvironment, UIContentContainer, UIFocusEnvironment>
^
/Users/admin/builder/spi-builder-workspace/Sources/Transitions/Classes/Core/CoreTransition.swift:39:59: error: 'UIView' is unavailable in watchOS
public private(set) weak var transitionContainerView: UIView?
^~~~~~
/Applications/Xcode-26.5.0.app/Contents/Developer/Platforms/WatchOS.platform/Developer/SDKs/WatchOS26.5.sdk/System/Library/Frameworks/UIKit.framework/Headers/UIView.h:148:12: note: 'UIView' has been explicitly marked unavailable here
@interface UIView : UIResponder <NSCoding, UIAppearance, UIAppearanceContainer, UIDynamicItem, UITraitEnvironment, UICoordinateSpace, UIFocusItem, UIFocusItemContainer, CALayerDelegate>
^
/Users/admin/builder/spi-builder-workspace/Sources/Transitions/Classes/Core/CoreTransition.swift:42:40: error: 'UIPercentDrivenInteractiveTransition' is unavailable in watchOS
private var interactionController: UIPercentDrivenInteractiveTransition?
^~~~~~~~~~~~~~~~~~~~~~~~~~~~~~~~~~~~
/Applications/Xcode-26.5.0.app/Contents/Developer/Platforms/WatchOS.platform/Developer/SDKs/WatchOS26.5.sdk/System/Library/Frameworks/UIKit.framework/Headers/UIViewControllerTransitioning.h:196:12: note: 'UIPercentDrivenInteractiveTransition' has been explicitly marked unavailable here
@interface UIPercentDrivenInteractiveTransition : NSObject <UIViewControllerInteractiveTransitioning>
^
/Users/admin/builder/spi-builder-workspace/Sources/Transitions/Classes/Core/CoreTransition.swift:118:48: error: 'UIViewControllerContextTransitioning' is unavailable in watchOS
open func transitionDuration(using _: (any UIViewControllerContextTransitioning)?) -> TimeInterval {
^~~~~~~~~~~~~~~~~~~~~~~~~~~~~~~~~~~~
/Applications/Xcode-26.5.0.app/Contents/Developer/Platforms/WatchOS.platform/Developer/SDKs/WatchOS26.5.sdk/System/Library/Frameworks/UIKit.framework/Headers/UIViewControllerTransitioning.h:68:11: note: 'UIViewControllerContextTransitioning' has been explicitly marked unavailable here
@protocol UIViewControllerContextTransitioning <NSObject>
^
/Users/admin/builder/spi-builder-workspace/Sources/Transitions/Classes/Core/CoreTransition.swift:122:62: error: 'UIViewControllerContextTransitioning' is unavailable in watchOS
open func animateTransition(using transitionContext: any UIViewControllerContextTransitioning) {
^~~~~~~~~~~~~~~~~~~~~~~~~~~~~~~~~~~~
/Applications/Xcode-26.5.0.app/Contents/Developer/Platforms/WatchOS.platform/Developer/SDKs/WatchOS26.5.sdk/System/Library/Frameworks/UIKit.framework/Headers/UIViewControllerTransitioning.h:68:11: note: 'UIViewControllerContextTransitioning' has been explicitly marked unavailable here
@protocol UIViewControllerContextTransitioning <NSObject>
^
/Users/admin/builder/spi-builder-workspace/Sources/Transitions/Classes/Core/CoreTransition.swift:141:38: error: 'UIViewControllerContextTransitioning' is unavailable in watchOS
using transitionContext: any UIViewControllerContextTransitioning
^~~~~~~~~~~~~~~~~~~~~~~~~~~~~~~~~~~~
/Applications/Xcode-26.5.0.app/Contents/Developer/Platforms/WatchOS.platform/Developer/SDKs/WatchOS26.5.sdk/System/Library/Frameworks/UIKit.framework/Headers/UIViewControllerTransitioning.h:68:11: note: 'UIViewControllerContextTransitioning' has been explicitly marked unavailable here
@protocol UIViewControllerContextTransitioning <NSObject>
^
/Users/admin/builder/spi-builder-workspace/Sources/Transitions/Classes/Core/CoreTransition.swift:142:14: error: 'UIViewImplicitlyAnimating' is unavailable in watchOS
) -> any UIViewImplicitlyAnimating {
^~~~~~~~~~~~~~~~~~~~~~~~~
/Applications/Xcode-26.5.0.app/Contents/Developer/Platforms/WatchOS.platform/Developer/SDKs/WatchOS26.5.sdk/System/Library/Frameworks/UIKit.framework/Headers/UIViewAnimating.h:77:11: note: 'UIViewImplicitlyAnimating' has been explicitly marked unavailable here
@protocol UIViewImplicitlyAnimating <UIViewAnimating>
^
/Users/admin/builder/spi-builder-workspace/Sources/Transitions/Classes/Core/CoreTransition.swift:140:5: warning: non-'@objc' instance method declared in extension cannot be overridden; use 'public' instead; this will be an error in a future Swift language mode
open func interruptibleAnimator(
^~~~
public
/Users/admin/builder/spi-builder-workspace/Sources/Transitions/Classes/Core/CoreTransition.swift:140:15: error: cannot override 'interruptibleAnimator' which has been marked unavailable
open func interruptibleAnimator(
^
UIKit.UIViewControllerAnimatedTransitioning.interruptibleAnimator:3:17: note: 'interruptibleAnimator(using:)' has been explicitly marked unavailable here
optional func interruptibleAnimator(using transitionContext: any UIViewControllerContextTransitioning) -> any UIViewImplicitlyAnimating}
^
/Users/admin/builder/spi-builder-workspace/Sources/Transitions/Classes/Core/CoreTransition.swift:117:27: error: 'UIViewControllerAnimatedTransitioning' is unavailable in watchOS
extension CoreTransition: UIViewControllerAnimatedTransitioning {
^~~~~~~~~~~~~~~~~~~~~~~~~~~~~~~~~~~~~
/Applications/Xcode-26.5.0.app/Contents/Developer/Platforms/WatchOS.platform/Developer/SDKs/WatchOS26.5.sdk/System/Library/Frameworks/UIKit.framework/Headers/UIViewControllerTransitioning.h:137:11: note: 'UIViewControllerAnimatedTransitioning' has been explicitly marked unavailable here
@protocol UIViewControllerAnimatedTransitioning <NSObject>
^
/Users/admin/builder/spi-builder-workspace/Sources/Transitions/Classes/Core/CoreTransition.swift:153:33: error: 'UIViewController' is unavailable in watchOS
forPresented presented: UIViewController,
^~~~~~~~~~~~~~~~
/Applications/Xcode-26.5.0.app/Contents/Developer/Platforms/WatchOS.platform/Developer/SDKs/WatchOS26.5.sdk/System/Library/Frameworks/UIKit.framework/Headers/UIViewController.h:102:12: note: 'UIViewController' has been explicitly marked unavailable here
@interface UIViewController : UIResponder <NSCoding, UIAppearanceContainer, UITraitEnvironment, UIContentContainer, UIFocusEnvironment>
^
/Users/admin/builder/spi-builder-workspace/Sources/Transitions/Classes/Core/CoreTransition.swift:154:21: error: 'UIViewController' is unavailable in watchOS
presenting: UIViewController,
^~~~~~~~~~~~~~~~
/Applications/Xcode-26.5.0.app/Contents/Developer/Platforms/WatchOS.platform/Developer/SDKs/WatchOS26.5.sdk/System/Library/Frameworks/UIKit.framework/Headers/UIViewController.h:102:12: note: 'UIViewController' has been explicitly marked unavailable here
@interface UIViewController : UIResponder <NSCoding, UIAppearanceContainer, UITraitEnvironment, UIContentContainer, UIFocusEnvironment>
^
/Users/admin/builder/spi-builder-workspace/Sources/Transitions/Classes/Core/CoreTransition.swift:155:19: error: 'UIViewController' is unavailable in watchOS
source _: UIViewController
^~~~~~~~~~~~~~~~
/Applications/Xcode-26.5.0.app/Contents/Developer/Platforms/WatchOS.platform/Developer/SDKs/WatchOS26.5.sdk/System/Library/Frameworks/UIKit.framework/Headers/UIViewController.h:102:12: note: 'UIViewController' has been explicitly marked unavailable here
@interface UIViewController : UIResponder <NSCoding, UIAppearanceContainer, UITraitEnvironment, UIContentContainer, UIFocusEnvironment>
^
/Users/admin/builder/spi-builder-workspace/Sources/Transitions/Classes/Core/CoreTransition.swift:156:15: error: 'UIViewControllerAnimatedTransitioning' is unavailable in watchOS
) -> (any UIViewControllerAnimatedTransitioning)? {
^~~~~~~~~~~~~~~~~~~~~~~~~~~~~~~~~~~~~
/Applications/Xcode-26.5.0.app/Contents/Developer/Platforms/WatchOS.platform/Developer/SDKs/WatchOS26.5.sdk/System/Library/Frameworks/UIKit.framework/Headers/UIViewControllerTransitioning.h:137:11: note: 'UIViewControllerAnimatedTransitioning' has been explicitly marked unavailable here
@protocol UIViewControllerAnimatedTransitioning <NSObject>
^
/Users/admin/builder/spi-builder-workspace/Sources/Transitions/Classes/Core/CoreTransition.swift:163:61: error: 'UIViewController' is unavailable in watchOS
public func animationController(forDismissed dismissed: UIViewController) -> UIViewControllerAnimatedTransitioning? {
^~~~~~~~~~~~~~~~
/Applications/Xcode-26.5.0.app/Contents/Developer/Platforms/WatchOS.platform/Developer/SDKs/WatchOS26.5.sdk/System/Library/Frameworks/UIKit.framework/Headers/UIViewController.h:102:12: note: 'UIViewController' has been explicitly marked unavailable here
@interface UIViewController : UIResponder <NSCoding, UIAppearanceContainer, UITraitEnvironment, UIContentContainer, UIFocusEnvironment>
^
/Users/admin/builder/spi-builder-workspace/Sources/Transitions/Classes/Core/CoreTransition.swift:163:82: error: 'UIViewControllerAnimatedTransitioning' is unavailable in watchOS
public func animationController(forDismissed dismissed: UIViewController) -> UIViewControllerAnimatedTransitioning? {
^~~~~~~~~~~~~~~~~~~~~~~~~~~~~~~~~~~~~
/Applications/Xcode-26.5.0.app/Contents/Developer/Platforms/WatchOS.platform/Developer/SDKs/WatchOS26.5.sdk/System/Library/Frameworks/UIKit.framework/Headers/UIViewControllerTransitioning.h:137:11: note: 'UIViewControllerAnimatedTransitioning' has been explicitly marked unavailable here
@protocol UIViewControllerAnimatedTransitioning <NSObject>
^
/Users/admin/builder/spi-builder-workspace/Sources/Transitions/Classes/Core/CoreTransition.swift:171:25: error: 'UIViewController' is unavailable in watchOS
forPresented _: UIViewController,
^~~~~~~~~~~~~~~~
/Applications/Xcode-26.5.0.app/Contents/Developer/Platforms/WatchOS.platform/Developer/SDKs/WatchOS26.5.sdk/System/Library/Frameworks/UIKit.framework/Headers/UIViewController.h:102:12: note: 'UIViewController' has been explicitly marked unavailable here
@interface UIViewController : UIResponder <NSCoding, UIAppearanceContainer, UITraitEnvironment, UIContentContainer, UIFocusEnvironment>
^
/Users/admin/builder/spi-builder-workspace/Sources/Transitions/Classes/Core/CoreTransition.swift:172:23: error: 'UIViewController' is unavailable in watchOS
presenting _: UIViewController?,
^~~~~~~~~~~~~~~~
/Applications/Xcode-26.5.0.app/Contents/Developer/Platforms/WatchOS.platform/Developer/SDKs/WatchOS26.5.sdk/System/Library/Frameworks/UIKit.framework/Headers/UIViewController.h:102:12: note: 'UIViewController' has been explicitly marked unavailable here
@interface UIViewController : UIResponder <NSCoding, UIAppearanceContainer, UITraitEnvironment, UIContentContainer, UIFocusEnvironment>
^
/Users/admin/builder/spi-builder-workspace/Sources/Transitions/Classes/Core/CoreTransition.swift:173:19: error: 'UIViewController' is unavailable in watchOS
source _: UIViewController
^~~~~~~~~~~~~~~~
/Applications/Xcode-26.5.0.app/Contents/Developer/Platforms/WatchOS.platform/Developer/SDKs/WatchOS26.5.sdk/System/Library/Frameworks/UIKit.framework/Headers/UIViewController.h:102:12: note: 'UIViewController' has been explicitly marked unavailable here
@interface UIViewController : UIResponder <NSCoding, UIAppearanceContainer, UITraitEnvironment, UIContentContainer, UIFocusEnvironment>
^
/Users/admin/builder/spi-builder-workspace/Sources/Transitions/Classes/Core/CoreTransition.swift:174:10: error: 'UIPresentationController' is unavailable in watchOS
) -> UIPresentationController? {
^~~~~~~~~~~~~~~~~~~~~~~~
/Applications/Xcode-26.5.0.app/Contents/Developer/Platforms/WatchOS.platform/Developer/SDKs/WatchOS26.5.sdk/System/Library/Frameworks/UIKit.framework/Headers/UIPresentationController.h:65:12: note: 'UIPresentationController' has been explicitly marked unavailable here
@interface UIPresentationController : NSObject <UIAppearanceContainer, UITraitEnvironment, UIContentContainer, UIFocusEnvironment>
^
/Users/admin/builder/spi-builder-workspace/Sources/Transitions/Classes/Core/CoreTransition.swift:151:27: error: 'UIViewControllerTransitioningDelegate' is unavailable in watchOS
extension CoreTransition: UIViewControllerTransitioningDelegate {
^~~~~~~~~~~~~~~~~~~~~~~~~~~~~~~~~~~~~
/Applications/Xcode-26.5.0.app/Contents/Developer/Platforms/WatchOS.platform/Developer/SDKs/WatchOS26.5.sdk/System/Library/Frameworks/UIKit.framework/Headers/UIViewControllerTransitioning.h:180:11: note: 'UIViewControllerTransitioningDelegate' has been explicitly marked unavailable here
@protocol UIViewControllerTransitioningDelegate <NSObject>
^
/Users/admin/builder/spi-builder-workspace/Sources/Transitions/Classes/Core/Extensions/UIViewController+CustomTransition.swift:18:18: error: 'UIViewController' is unavailable in watchOS
public extension UIViewController {
^~~~~~~~~~~~~~~~
/Applications/Xcode-26.5.0.app/Contents/Developer/Platforms/WatchOS.platform/Developer/SDKs/WatchOS26.5.sdk/System/Library/Frameworks/UIKit.framework/Headers/UIViewController.h:102:12: note: 'UIViewController' has been explicitly marked unavailable here
@interface UIViewController : UIResponder <NSCoding, UIAppearanceContainer, UITraitEnvironment, UIContentContainer, UIFocusEnvironment>
^
SwiftCompile normal armv7k Compiling\ ICoreTransition.swift /Users/admin/builder/spi-builder-workspace/Sources/Transitions/Classes/Core/Transitions/Interfaces/ICoreTransition.swift (in target 'Transitions' from project 'transitions')
SwiftCompile normal armv7k /Users/admin/builder/spi-builder-workspace/Sources/Transitions/Classes/Core/Transitions/Interfaces/ICoreTransition.swift (in target 'Transitions' from project 'transitions')
cd /Users/admin/builder/spi-builder-workspace/.swiftpm/xcode
SwiftEmitModule normal arm64 Emitting\ module\ for\ Transitions (in target 'Transitions' from project 'transitions')
EmitSwiftModule normal arm64 (in target 'Transitions' from project 'transitions')
cd /Users/admin/builder/spi-builder-workspace/.swiftpm/xcode
SwiftCompile normal arm64 Compiling\ CustomTransition.swift /Users/admin/builder/spi-builder-workspace/Sources/Transitions/Classes/CustomTransition.swift (in target 'Transitions' from project 'transitions')
SwiftCompile normal arm64 /Users/admin/builder/spi-builder-workspace/Sources/Transitions/Classes/CustomTransition.swift (in target 'Transitions' from project 'transitions')
cd /Users/admin/builder/spi-builder-workspace/.swiftpm/xcode
SwiftCompile normal arm64 Compiling\ UIViewController+CustomTransition.swift /Users/admin/builder/spi-builder-workspace/Sources/Transitions/Classes/Core/Extensions/UIViewController+CustomTransition.swift (in target 'Transitions' from project 'transitions')
SwiftCompile normal arm64 /Users/admin/builder/spi-builder-workspace/Sources/Transitions/Classes/Core/Extensions/UIViewController+CustomTransition.swift (in target 'Transitions' from project 'transitions')
cd /Users/admin/builder/spi-builder-workspace/.swiftpm/xcode
SwiftCompile normal arm64 Compiling\ CoreTransition.swift /Users/admin/builder/spi-builder-workspace/Sources/Transitions/Classes/Core/CoreTransition.swift (in target 'Transitions' from project 'transitions')
SwiftCompile normal arm64 /Users/admin/builder/spi-builder-workspace/Sources/Transitions/Classes/Core/CoreTransition.swift (in target 'Transitions' from project 'transitions')
cd /Users/admin/builder/spi-builder-workspace/.swiftpm/xcode
SwiftEmitModule normal arm64_32 Emitting\ module\ for\ Transitions (in target 'Transitions' from project 'transitions')
2026-10-04 15:33:03.621 xcodebuild[665:4045] [MT] IDERunDestination: Supported platforms for the buildables in the current scheme is empty.
** BUILD FAILED **
The following build commands failed:
SwiftEmitModule normal armv7k Emitting\ module\ for\ Transitions (in target 'Transitions' from project 'transitions')
EmitSwiftModule normal armv7k (in target 'Transitions' from project 'transitions')
Building workspace spi-builder-workspace with scheme transitions
(3 failures)
Command line invocation:
/Applications/Xcode-26.5.0.app/Contents/Developer/usr/bin/xcodebuild -IDEClonedSourcePackagesDirPathOverride=/Users/admin/builder/spi-builder-workspace/.dependencies -resolvePackageDependencies
Resolve Package Graph
Resolved source packages:
transitions: /Users/admin/builder/spi-builder-workspace
resolved source packages: transitions
2026-10-04 15:33:10.462 xcodebuild[834:4691] [MT] IDERunDestination: Supported platforms for the buildables in the current scheme is empty.
{
"dependencies" : [
],
"manifest_display_name" : "transitions",
"name" : "transitions",
"path" : "/Users/admin/builder/spi-builder-workspace",
"platforms" : [
{
"name" : "ios",
"version" : "12.0"
}
],
"products" : [
{
"name" : "Transitions",
"targets" : [
"Transitions"
],
"type" : {
"library" : [
"automatic"
]
}
}
],
"targets" : [
{
"c99name" : "TransitionsTests",
"module_type" : "SwiftTarget",
"name" : "TransitionsTests",
"path" : "Tests/TransitionsTests",
"sources" : [
"TransitionsTests.swift"
],
"target_dependencies" : [
"Transitions"
],
"type" : "test"
},
{
"c99name" : "Transitions",
"module_type" : "SwiftTarget",
"name" : "Transitions",
"path" : "Sources/Transitions",
"product_memberships" : [
"Transitions"
],
"sources" : [
"Classes/Core/CoreTransition.swift",
"Classes/Core/Extensions/UIViewController+CustomTransition.swift",
"Classes/Core/Transitions/Interfaces/ICoreTransition.swift",
"Classes/Core/Transitions/Interfaces/IInteractiveTransition.swift",
"Classes/CustomTransition.swift"
],
"type" : "library"
}
],
"tools_version" : "6.0"
}
{
"workspace" : {
"name" : "spi-builder-workspace",
"schemes" : [
"transitions"
]
}
}
2026-10-04 15:33:11.648 xcodebuild[867:4954] [MT] IDERunDestination: Supported platforms for the buildables in the current scheme is empty.
Running build ...
env DEVELOPER_DIR=/Applications/Xcode-26.5.0.app xcrun xcodebuild -IDEClonedSourcePackagesDirPathOverride=$PWD/.dependencies -skipMacroValidation -skipPackagePluginValidation -derivedDataPath $PWD/.derivedData build -scheme transitions -destination generic/platform=watchOS
Command line invocation:
/Applications/Xcode-26.5.0.app/Contents/Developer/usr/bin/xcodebuild -IDEClonedSourcePackagesDirPathOverride=/Users/admin/builder/spi-builder-workspace/.dependencies -skipMacroValidation -skipPackagePluginValidation -derivedDataPath /Users/admin/builder/spi-builder-workspace/.derivedData build -scheme transitions -destination generic/platform=watchOS
Resolve Package Graph
Resolved source packages:
transitions: /Users/admin/builder/spi-builder-workspace
ComputePackagePrebuildTargetDependencyGraph
Prepare packages
CreateBuildRequest
SendProjectDescription
CreateBuildOperation
ComputeTargetDependencyGraph
note: Building targets in dependency order
note: Target dependency graph (2 targets)
Target 'Transitions' in project 'transitions'
➜ Explicit dependency on target 'Transitions' in project 'transitions'
Target 'Transitions' in project 'transitions' (no dependencies)
GatherProvisioningInputs
CreateBuildDescription
ClangStatCache /Applications/Xcode-26.5.0.app/Contents/Developer/Toolchains/XcodeDefault.xctoolchain/usr/bin/clang-stat-cache /Applications/Xcode-26.5.0.app/Contents/Developer/Platforms/WatchOS.platform/Developer/SDKs/WatchOS26.5.sdk /Users/admin/builder/spi-builder-workspace/.derivedData/SDKStatCaches.noindex/watchos26.5-23T570-688ef53f1462e2c8f657fdc38a81448f7931b973dfc65d9472806dbbc3af9379.sdkstatcache
cd /Users/admin/builder/spi-builder-workspace/.swiftpm/xcode
/Applications/Xcode-26.5.0.app/Contents/Developer/Toolchains/XcodeDefault.xctoolchain/usr/bin/clang-stat-cache /Applications/Xcode-26.5.0.app/Contents/Developer/Platforms/WatchOS.platform/Developer/SDKs/WatchOS26.5.sdk -o /Users/admin/builder/spi-builder-workspace/.derivedData/SDKStatCaches.noindex/watchos26.5-23T570-688ef53f1462e2c8f657fdc38a81448f7931b973dfc65d9472806dbbc3af9379.sdkstatcache
SwiftDriver Transitions normal armv7k com.apple.xcode.tools.swift.compiler (in target 'Transitions' from project 'transitions')
cd /Users/admin/builder/spi-builder-workspace/.swiftpm/xcode
builtin-SwiftDriver -- /Applications/Xcode-26.5.0.app/Contents/Developer/Toolchains/XcodeDefault.xctoolchain/usr/bin/swiftc -module-name Transitions -Onone @/Users/admin/builder/spi-builder-workspace/.derivedData/Build/Intermediates.noindex/transitions.build/Debug-watchos/Transitions.build/Objects-normal/armv7k/Transitions.SwiftFileList -DSWIFT_PACKAGE -DDEBUG -DSWIFT_MODULE_RESOURCE_BUNDLE_UNAVAILABLE -DXcode -plugin-path /Applications/Xcode-26.5.0.app/Contents/Developer/Toolchains/XcodeDefault.xctoolchain/usr/lib/swift/host/plugins/testing -enable-experimental-feature DebugDescriptionMacro -sdk /Applications/Xcode-26.5.0.app/Contents/Developer/Platforms/WatchOS.platform/Developer/SDKs/WatchOS26.5.sdk -target armv7k-apple-watchos5.0 -g -module-cache-path /Users/admin/builder/spi-builder-workspace/.derivedData/ModuleCache.noindex -Xfrontend -serialize-debugging-options -profile-coverage-mapping -profile-generate -enable-testing -index-store-path /Users/admin/builder/spi-builder-workspace/.derivedData/Index.noindex/DataStore -Xcc -D_LIBCPP_HARDENING_MODE\=_LIBCPP_HARDENING_MODE_DEBUG -swift-version 6 -I /Users/admin/builder/spi-builder-workspace/.derivedData/Build/Products/Debug-watchos -Isystem /Applications/Xcode-26.5.0.app/Contents/Developer/Platforms/WatchOS.platform/Developer/usr/lib -F /Users/admin/builder/spi-builder-workspace/.derivedData/Build/Products/Debug-watchos -F /Applications/Xcode-26.5.0.app/Contents/Developer/Platforms/WatchOS.platform/Developer/Library/Frameworks -F /Applications/Xcode-26.5.0.app/Contents/Developer/Platforms/WatchOS.platform/Developer/SDKs/WatchOS26.5.sdk/Developer/Library/Frameworks -c -j10 -enable-batch-mode -incremental -Xcc -ivfsstatcache -Xcc /Users/admin/builder/spi-builder-workspace/.derivedData/SDKStatCaches.noindex/watchos26.5-23T570-688ef53f1462e2c8f657fdc38a81448f7931b973dfc65d9472806dbbc3af9379.sdkstatcache -output-file-map /Users/admin/builder/spi-builder-workspace/.derivedData/Build/Intermediates.noindex/transitions.build/Debug-watchos/Transitions.build/Objects-normal/armv7k/Transitions-OutputFileMap.json -use-frontend-parseable-output -save-temps -no-color-diagnostics -explicit-module-build -module-cache-path /Users/admin/builder/spi-builder-workspace/.derivedData/Build/Intermediates.noindex/SwiftExplicitPrecompiledModules -clang-scanner-module-cache-path /Users/admin/builder/spi-builder-workspace/.derivedData/ModuleCache.noindex -sdk-module-cache-path /Users/admin/builder/spi-builder-workspace/.derivedData/ModuleCache.noindex -serialize-diagnostics -emit-dependencies -emit-module -emit-module-path /Users/admin/builder/spi-builder-workspace/.derivedData/Build/Intermediates.noindex/transitions.build/Debug-watchos/Transitions.build/Objects-normal/armv7k/Transitions.swiftmodule -validate-clang-modules-once -clang-build-session-file /Users/admin/builder/spi-builder-workspace/.derivedData/ModuleCache.noindex/Session.modulevalidation -package-name spi_builder_workspace -Xcc -I/Users/admin/builder/spi-builder-workspace/.derivedData/Build/Intermediates.noindex/transitions.build/Debug-watchos/Transitions.build/swift-overrides.hmap -emit-const-values -Xfrontend -const-gather-protocols-file -Xfrontend /Users/admin/builder/spi-builder-workspace/.derivedData/Build/Intermediates.noindex/transitions.build/Debug-watchos/Transitions.build/Objects-normal/armv7k/Transitions_const_extract_protocols.json -Xcc -I/Users/admin/builder/spi-builder-workspace/.derivedData/Build/Products/Debug-watchos/include -Xcc -I/Users/admin/builder/spi-builder-workspace/.derivedData/Build/Intermediates.noindex/transitions.build/Debug-watchos/Transitions.build/DerivedSources-normal/armv7k -Xcc -I/Users/admin/builder/spi-builder-workspace/.derivedData/Build/Intermediates.noindex/transitions.build/Debug-watchos/Transitions.build/DerivedSources/armv7k -Xcc -I/Users/admin/builder/spi-builder-workspace/.derivedData/Build/Intermediates.noindex/transitions.build/Debug-watchos/Transitions.build/DerivedSources -Xcc -DSWIFT_PACKAGE -Xcc -DDEBUG\=1 -emit-objc-header -emit-objc-header-path /Users/admin/builder/spi-builder-workspace/.derivedData/Build/Intermediates.noindex/transitions.build/Debug-watchos/Transitions.build/Objects-normal/armv7k/Transitions-Swift.h -working-directory /Users/admin/builder/spi-builder-workspace/.swiftpm/xcode -experimental-emit-module-separately -disable-cmo
SwiftDriver Transitions normal arm64 com.apple.xcode.tools.swift.compiler (in target 'Transitions' from project 'transitions')
cd /Users/admin/builder/spi-builder-workspace/.swiftpm/xcode
builtin-SwiftDriver -- /Applications/Xcode-26.5.0.app/Contents/Developer/Toolchains/XcodeDefault.xctoolchain/usr/bin/swiftc -module-name Transitions -Onone @/Users/admin/builder/spi-builder-workspace/.derivedData/Build/Intermediates.noindex/transitions.build/Debug-watchos/Transitions.build/Objects-normal/arm64/Transitions.SwiftFileList -DSWIFT_PACKAGE -DDEBUG -DSWIFT_MODULE_RESOURCE_BUNDLE_UNAVAILABLE -DXcode -plugin-path /Applications/Xcode-26.5.0.app/Contents/Developer/Toolchains/XcodeDefault.xctoolchain/usr/lib/swift/host/plugins/testing -enable-experimental-feature DebugDescriptionMacro -sdk /Applications/Xcode-26.5.0.app/Contents/Developer/Platforms/WatchOS.platform/Developer/SDKs/WatchOS26.5.sdk -target arm64-apple-watchos5.0 -g -module-cache-path /Users/admin/builder/spi-builder-workspace/.derivedData/ModuleCache.noindex -Xfrontend -serialize-debugging-options -profile-coverage-mapping -profile-generate -enable-testing -index-store-path /Users/admin/builder/spi-builder-workspace/.derivedData/Index.noindex/DataStore -Xcc -D_LIBCPP_HARDENING_MODE\=_LIBCPP_HARDENING_MODE_DEBUG -swift-version 6 -I /Users/admin/builder/spi-builder-workspace/.derivedData/Build/Products/Debug-watchos -Isystem /Applications/Xcode-26.5.0.app/Contents/Developer/Platforms/WatchOS.platform/Developer/usr/lib -F /Users/admin/builder/spi-builder-workspace/.derivedData/Build/Products/Debug-watchos -F /Applications/Xcode-26.5.0.app/Contents/Developer/Platforms/WatchOS.platform/Developer/Library/Frameworks -F /Applications/Xcode-26.5.0.app/Contents/Developer/Platforms/WatchOS.platform/Developer/SDKs/WatchOS26.5.sdk/Developer/Library/Frameworks -c -j10 -enable-batch-mode -incremental -Xcc -ivfsstatcache -Xcc /Users/admin/builder/spi-builder-workspace/.derivedData/SDKStatCaches.noindex/watchos26.5-23T570-688ef53f1462e2c8f657fdc38a81448f7931b973dfc65d9472806dbbc3af9379.sdkstatcache -output-file-map /Users/admin/builder/spi-builder-workspace/.derivedData/Build/Intermediates.noindex/transitions.build/Debug-watchos/Transitions.build/Objects-normal/arm64/Transitions-OutputFileMap.json -use-frontend-parseable-output -save-temps -no-color-diagnostics -explicit-module-build -module-cache-path /Users/admin/builder/spi-builder-workspace/.derivedData/Build/Intermediates.noindex/SwiftExplicitPrecompiledModules -clang-scanner-module-cache-path /Users/admin/builder/spi-builder-workspace/.derivedData/ModuleCache.noindex -sdk-module-cache-path /Users/admin/builder/spi-builder-workspace/.derivedData/ModuleCache.noindex -serialize-diagnostics -emit-dependencies -emit-module -emit-module-path /Users/admin/builder/spi-builder-workspace/.derivedData/Build/Intermediates.noindex/transitions.build/Debug-watchos/Transitions.build/Objects-normal/arm64/Transitions.swiftmodule -validate-clang-modules-once -clang-build-session-file /Users/admin/builder/spi-builder-workspace/.derivedData/ModuleCache.noindex/Session.modulevalidation -package-name spi_builder_workspace -Xcc -I/Users/admin/builder/spi-builder-workspace/.derivedData/Build/Intermediates.noindex/transitions.build/Debug-watchos/Transitions.build/swift-overrides.hmap -emit-const-values -Xfrontend -const-gather-protocols-file -Xfrontend /Users/admin/builder/spi-builder-workspace/.derivedData/Build/Intermediates.noindex/transitions.build/Debug-watchos/Transitions.build/Objects-normal/arm64/Transitions_const_extract_protocols.json -Xcc -I/Users/admin/builder/spi-builder-workspace/.derivedData/Build/Products/Debug-watchos/include -Xcc -I/Users/admin/builder/spi-builder-workspace/.derivedData/Build/Intermediates.noindex/transitions.build/Debug-watchos/Transitions.build/DerivedSources-normal/arm64 -Xcc -I/Users/admin/builder/spi-builder-workspace/.derivedData/Build/Intermediates.noindex/transitions.build/Debug-watchos/Transitions.build/DerivedSources/arm64 -Xcc -I/Users/admin/builder/spi-builder-workspace/.derivedData/Build/Intermediates.noindex/transitions.build/Debug-watchos/Transitions.build/DerivedSources -Xcc -DSWIFT_PACKAGE -Xcc -DDEBUG\=1 -emit-objc-header -emit-objc-header-path /Users/admin/builder/spi-builder-workspace/.derivedData/Build/Intermediates.noindex/transitions.build/Debug-watchos/Transitions.build/Objects-normal/arm64/Transitions-Swift.h -working-directory /Users/admin/builder/spi-builder-workspace/.swiftpm/xcode -experimental-emit-module-separately -disable-cmo
SwiftDriver Transitions normal arm64_32 com.apple.xcode.tools.swift.compiler (in target 'Transitions' from project 'transitions')
cd /Users/admin/builder/spi-builder-workspace/.swiftpm/xcode
builtin-SwiftDriver -- /Applications/Xcode-26.5.0.app/Contents/Developer/Toolchains/XcodeDefault.xctoolchain/usr/bin/swiftc -module-name Transitions -Onone @/Users/admin/builder/spi-builder-workspace/.derivedData/Build/Intermediates.noindex/transitions.build/Debug-watchos/Transitions.build/Objects-normal/arm64_32/Transitions.SwiftFileList -DSWIFT_PACKAGE -DDEBUG -DSWIFT_MODULE_RESOURCE_BUNDLE_UNAVAILABLE -DXcode -plugin-path /Applications/Xcode-26.5.0.app/Contents/Developer/Toolchains/XcodeDefault.xctoolchain/usr/lib/swift/host/plugins/testing -enable-experimental-feature DebugDescriptionMacro -sdk /Applications/Xcode-26.5.0.app/Contents/Developer/Platforms/WatchOS.platform/Developer/SDKs/WatchOS26.5.sdk -target arm64_32-apple-watchos5.0 -g -module-cache-path /Users/admin/builder/spi-builder-workspace/.derivedData/ModuleCache.noindex -Xfrontend -serialize-debugging-options -profile-coverage-mapping -profile-generate -enable-testing -index-store-path /Users/admin/builder/spi-builder-workspace/.derivedData/Index.noindex/DataStore -Xcc -D_LIBCPP_HARDENING_MODE\=_LIBCPP_HARDENING_MODE_DEBUG -swift-version 6 -I /Users/admin/builder/spi-builder-workspace/.derivedData/Build/Products/Debug-watchos -Isystem /Applications/Xcode-26.5.0.app/Contents/Developer/Platforms/WatchOS.platform/Developer/usr/lib -F /Users/admin/builder/spi-builder-workspace/.derivedData/Build/Products/Debug-watchos -F /Applications/Xcode-26.5.0.app/Contents/Developer/Platforms/WatchOS.platform/Developer/Library/Frameworks -F /Applications/Xcode-26.5.0.app/Contents/Developer/Platforms/WatchOS.platform/Developer/SDKs/WatchOS26.5.sdk/Developer/Library/Frameworks -c -j10 -enable-batch-mode -incremental -Xcc -ivfsstatcache -Xcc /Users/admin/builder/spi-builder-workspace/.derivedData/SDKStatCaches.noindex/watchos26.5-23T570-688ef53f1462e2c8f657fdc38a81448f7931b973dfc65d9472806dbbc3af9379.sdkstatcache -output-file-map /Users/admin/builder/spi-builder-workspace/.derivedData/Build/Intermediates.noindex/transitions.build/Debug-watchos/Transitions.build/Objects-normal/arm64_32/Transitions-OutputFileMap.json -use-frontend-parseable-output -save-temps -no-color-diagnostics -explicit-module-build -module-cache-path /Users/admin/builder/spi-builder-workspace/.derivedData/Build/Intermediates.noindex/SwiftExplicitPrecompiledModules -clang-scanner-module-cache-path /Users/admin/builder/spi-builder-workspace/.derivedData/ModuleCache.noindex -sdk-module-cache-path /Users/admin/builder/spi-builder-workspace/.derivedData/ModuleCache.noindex -serialize-diagnostics -emit-dependencies -emit-module -emit-module-path /Users/admin/builder/spi-builder-workspace/.derivedData/Build/Intermediates.noindex/transitions.build/Debug-watchos/Transitions.build/Objects-normal/arm64_32/Transitions.swiftmodule -validate-clang-modules-once -clang-build-session-file /Users/admin/builder/spi-builder-workspace/.derivedData/ModuleCache.noindex/Session.modulevalidation -package-name spi_builder_workspace -Xcc -I/Users/admin/builder/spi-builder-workspace/.derivedData/Build/Intermediates.noindex/transitions.build/Debug-watchos/Transitions.build/swift-overrides.hmap -emit-const-values -Xfrontend -const-gather-protocols-file -Xfrontend /Users/admin/builder/spi-builder-workspace/.derivedData/Build/Intermediates.noindex/transitions.build/Debug-watchos/Transitions.build/Objects-normal/arm64_32/Transitions_const_extract_protocols.json -Xcc -I/Users/admin/builder/spi-builder-workspace/.derivedData/Build/Products/Debug-watchos/include -Xcc -I/Users/admin/builder/spi-builder-workspace/.derivedData/Build/Intermediates.noindex/transitions.build/Debug-watchos/Transitions.build/DerivedSources-normal/arm64_32 -Xcc -I/Users/admin/builder/spi-builder-workspace/.derivedData/Build/Intermediates.noindex/transitions.build/Debug-watchos/Transitions.build/DerivedSources/arm64_32 -Xcc -I/Users/admin/builder/spi-builder-workspace/.derivedData/Build/Intermediates.noindex/transitions.build/Debug-watchos/Transitions.build/DerivedSources -Xcc -DSWIFT_PACKAGE -Xcc -DDEBUG\=1 -emit-objc-header -emit-objc-header-path /Users/admin/builder/spi-builder-workspace/.derivedData/Build/Intermediates.noindex/transitions.build/Debug-watchos/Transitions.build/Objects-normal/arm64_32/Transitions-Swift.h -working-directory /Users/admin/builder/spi-builder-workspace/.swiftpm/xcode -experimental-emit-module-separately -disable-cmo
SwiftEmitModule normal armv7k Emitting\ module\ for\ Transitions (in target 'Transitions' from project 'transitions')
EmitSwiftModule normal armv7k (in target 'Transitions' from project 'transitions')
cd /Users/admin/builder/spi-builder-workspace/.swiftpm/xcode
/Users/admin/builder/spi-builder-workspace/Sources/Transitions/Classes/Core/CoreTransition.swift:22:60: error: 'UIViewController' is unavailable in watchOS
public private(set) weak var presentingViewController: UIViewController?
^~~~~~~~~~~~~~~~
/Applications/Xcode-26.5.0.app/Contents/Developer/Platforms/WatchOS.platform/Developer/SDKs/WatchOS26.5.sdk/System/Library/Frameworks/UIKit.framework/Headers/UIViewController.h:102:12: note: 'UIViewController' has been explicitly marked unavailable here
@interface UIViewController : UIResponder <NSCoding, UIAppearanceContainer, UITraitEnvironment, UIContentContainer, UIFocusEnvironment>
^
/Users/admin/builder/spi-builder-workspace/Sources/Transitions/Classes/Core/CoreTransition.swift:24:59: error: 'UIViewController' is unavailable in watchOS
public private(set) weak var presentedViewController: UIViewController?
^~~~~~~~~~~~~~~~
/Applications/Xcode-26.5.0.app/Contents/Developer/Platforms/WatchOS.platform/Developer/SDKs/WatchOS26.5.sdk/System/Library/Frameworks/UIKit.framework/Headers/UIViewController.h:102:12: note: 'UIViewController' has been explicitly marked unavailable here
@interface UIViewController : UIResponder <NSCoding, UIAppearanceContainer, UITraitEnvironment, UIContentContainer, UIFocusEnvironment>
^
/Users/admin/builder/spi-builder-workspace/Sources/Transitions/Classes/Core/CoreTransition.swift:27:53: error: 'UIViewControllerContextTransitioning' is unavailable in watchOS
public private(set) weak var transitionContext: UIViewControllerContextTransitioning?
^~~~~~~~~~~~~~~~~~~~~~~~~~~~~~~~~~~~
/Applications/Xcode-26.5.0.app/Contents/Developer/Platforms/WatchOS.platform/Developer/SDKs/WatchOS26.5.sdk/System/Library/Frameworks/UIKit.framework/Headers/UIViewControllerTransitioning.h:68:11: note: 'UIViewControllerContextTransitioning' has been explicitly marked unavailable here
@protocol UIViewControllerContextTransitioning <NSObject>
^
/Users/admin/builder/spi-builder-workspace/Sources/Transitions/Classes/Core/CoreTransition.swift:29:52: error: 'UIViewController' is unavailable in watchOS
public private(set) weak var toViewController: UIViewController?
^~~~~~~~~~~~~~~~
/Applications/Xcode-26.5.0.app/Contents/Developer/Platforms/WatchOS.platform/Developer/SDKs/WatchOS26.5.sdk/System/Library/Frameworks/UIKit.framework/Headers/UIViewController.h:102:12: note: 'UIViewController' has been explicitly marked unavailable here
@interface UIViewController : UIResponder <NSCoding, UIAppearanceContainer, UITraitEnvironment, UIContentContainer, UIFocusEnvironment>
^
/Users/admin/builder/spi-builder-workspace/Sources/Transitions/Classes/Core/CoreTransition.swift:31:54: error: 'UIViewController' is unavailable in watchOS
public private(set) weak var fromViewController: UIViewController?
^~~~~~~~~~~~~~~~
/Applications/Xcode-26.5.0.app/Contents/Developer/Platforms/WatchOS.platform/Developer/SDKs/WatchOS26.5.sdk/System/Library/Frameworks/UIKit.framework/Headers/UIViewController.h:102:12: note: 'UIViewController' has been explicitly marked unavailable here
@interface UIViewController : UIResponder <NSCoding, UIAppearanceContainer, UITraitEnvironment, UIContentContainer, UIFocusEnvironment>
^
/Users/admin/builder/spi-builder-workspace/Sources/Transitions/Classes/Core/CoreTransition.swift:36:32: error: 'UIViewController' is unavailable in watchOS
weak var owningController: UIViewController?
^~~~~~~~~~~~~~~~
/Applications/Xcode-26.5.0.app/Contents/Developer/Platforms/WatchOS.platform/Developer/SDKs/WatchOS26.5.sdk/System/Library/Frameworks/UIKit.framework/Headers/UIViewController.h:102:12: note: 'UIViewController' has been explicitly marked unavailable here
@interface UIViewController : UIResponder <NSCoding, UIAppearanceContainer, UITraitEnvironment, UIContentContainer, UIFocusEnvironment>
^
/Users/admin/builder/spi-builder-workspace/Sources/Transitions/Classes/Core/CoreTransition.swift:39:59: error: 'UIView' is unavailable in watchOS
public private(set) weak var transitionContainerView: UIView?
^~~~~~
/Applications/Xcode-26.5.0.app/Contents/Developer/Platforms/WatchOS.platform/Developer/SDKs/WatchOS26.5.sdk/System/Library/Frameworks/UIKit.framework/Headers/UIView.h:148:12: note: 'UIView' has been explicitly marked unavailable here
@interface UIView : UIResponder <NSCoding, UIAppearance, UIAppearanceContainer, UIDynamicItem, UITraitEnvironment, UICoordinateSpace, UIFocusItem, UIFocusItemContainer, CALayerDelegate>
^
/Users/admin/builder/spi-builder-workspace/Sources/Transitions/Classes/Core/CoreTransition.swift:42:40: error: 'UIPercentDrivenInteractiveTransition' is unavailable in watchOS
private var interactionController: UIPercentDrivenInteractiveTransition?
^~~~~~~~~~~~~~~~~~~~~~~~~~~~~~~~~~~~
/Applications/Xcode-26.5.0.app/Contents/Developer/Platforms/WatchOS.platform/Developer/SDKs/WatchOS26.5.sdk/System/Library/Frameworks/UIKit.framework/Headers/UIViewControllerTransitioning.h:196:12: note: 'UIPercentDrivenInteractiveTransition' has been explicitly marked unavailable here
@interface UIPercentDrivenInteractiveTransition : NSObject <UIViewControllerInteractiveTransitioning>
^
/Users/admin/builder/spi-builder-workspace/Sources/Transitions/Classes/Core/CoreTransition.swift:118:48: error: 'UIViewControllerContextTransitioning' is unavailable in watchOS
open func transitionDuration(using _: (any UIViewControllerContextTransitioning)?) -> TimeInterval {
^~~~~~~~~~~~~~~~~~~~~~~~~~~~~~~~~~~~
/Applications/Xcode-26.5.0.app/Contents/Developer/Platforms/WatchOS.platform/Developer/SDKs/WatchOS26.5.sdk/System/Library/Frameworks/UIKit.framework/Headers/UIViewControllerTransitioning.h:68:11: note: 'UIViewControllerContextTransitioning' has been explicitly marked unavailable here
@protocol UIViewControllerContextTransitioning <NSObject>
^
/Users/admin/builder/spi-builder-workspace/Sources/Transitions/Classes/Core/CoreTransition.swift:122:62: error: 'UIViewControllerContextTransitioning' is unavailable in watchOS
open func animateTransition(using transitionContext: any UIViewControllerContextTransitioning) {
^~~~~~~~~~~~~~~~~~~~~~~~~~~~~~~~~~~~
/Applications/Xcode-26.5.0.app/Contents/Developer/Platforms/WatchOS.platform/Developer/SDKs/WatchOS26.5.sdk/System/Library/Frameworks/UIKit.framework/Headers/UIViewControllerTransitioning.h:68:11: note: 'UIViewControllerContextTransitioning' has been explicitly marked unavailable here
@protocol UIViewControllerContextTransitioning <NSObject>
^
/Users/admin/builder/spi-builder-workspace/Sources/Transitions/Classes/Core/CoreTransition.swift:141:38: error: 'UIViewControllerContextTransitioning' is unavailable in watchOS
using transitionContext: any UIViewControllerContextTransitioning
^~~~~~~~~~~~~~~~~~~~~~~~~~~~~~~~~~~~
/Applications/Xcode-26.5.0.app/Contents/Developer/Platforms/WatchOS.platform/Developer/SDKs/WatchOS26.5.sdk/System/Library/Frameworks/UIKit.framework/Headers/UIViewControllerTransitioning.h:68:11: note: 'UIViewControllerContextTransitioning' has been explicitly marked unavailable here
@protocol UIViewControllerContextTransitioning <NSObject>
^
/Users/admin/builder/spi-builder-workspace/Sources/Transitions/Classes/Core/CoreTransition.swift:142:14: error: 'UIViewImplicitlyAnimating' is unavailable in watchOS
) -> any UIViewImplicitlyAnimating {
^~~~~~~~~~~~~~~~~~~~~~~~~
/Applications/Xcode-26.5.0.app/Contents/Developer/Platforms/WatchOS.platform/Developer/SDKs/WatchOS26.5.sdk/System/Library/Frameworks/UIKit.framework/Headers/UIViewAnimating.h:77:11: note: 'UIViewImplicitlyAnimating' has been explicitly marked unavailable here
@protocol UIViewImplicitlyAnimating <UIViewAnimating>
^
/Users/admin/builder/spi-builder-workspace/Sources/Transitions/Classes/Core/CoreTransition.swift:140:5: warning: non-'@objc' instance method declared in extension cannot be overridden; use 'public' instead; this will be an error in a future Swift language mode
open func interruptibleAnimator(
^~~~
public
/Users/admin/builder/spi-builder-workspace/Sources/Transitions/Classes/Core/CoreTransition.swift:140:15: error: cannot override 'interruptibleAnimator' which has been marked unavailable
open func interruptibleAnimator(
^
UIKit.UIViewControllerAnimatedTransitioning.interruptibleAnimator:3:17: note: 'interruptibleAnimator(using:)' has been explicitly marked unavailable here
optional func interruptibleAnimator(using transitionContext: any UIViewControllerContextTransitioning) -> any UIViewImplicitlyAnimating}
^
/Users/admin/builder/spi-builder-workspace/Sources/Transitions/Classes/Core/CoreTransition.swift:117:27: error: 'UIViewControllerAnimatedTransitioning' is unavailable in watchOS
extension CoreTransition: UIViewControllerAnimatedTransitioning {
^~~~~~~~~~~~~~~~~~~~~~~~~~~~~~~~~~~~~
/Applications/Xcode-26.5.0.app/Contents/Developer/Platforms/WatchOS.platform/Developer/SDKs/WatchOS26.5.sdk/System/Library/Frameworks/UIKit.framework/Headers/UIViewControllerTransitioning.h:137:11: note: 'UIViewControllerAnimatedTransitioning' has been explicitly marked unavailable here
@protocol UIViewControllerAnimatedTransitioning <NSObject>
^
/Users/admin/builder/spi-builder-workspace/Sources/Transitions/Classes/Core/CoreTransition.swift:153:33: error: 'UIViewController' is unavailable in watchOS
forPresented presented: UIViewController,
^~~~~~~~~~~~~~~~
/Applications/Xcode-26.5.0.app/Contents/Developer/Platforms/WatchOS.platform/Developer/SDKs/WatchOS26.5.sdk/System/Library/Frameworks/UIKit.framework/Headers/UIViewController.h:102:12: note: 'UIViewController' has been explicitly marked unavailable here
@interface UIViewController : UIResponder <NSCoding, UIAppearanceContainer, UITraitEnvironment, UIContentContainer, UIFocusEnvironment>
^
/Users/admin/builder/spi-builder-workspace/Sources/Transitions/Classes/Core/CoreTransition.swift:154:21: error: 'UIViewController' is unavailable in watchOS
presenting: UIViewController,
^~~~~~~~~~~~~~~~
/Applications/Xcode-26.5.0.app/Contents/Developer/Platforms/WatchOS.platform/Developer/SDKs/WatchOS26.5.sdk/System/Library/Frameworks/UIKit.framework/Headers/UIViewController.h:102:12: note: 'UIViewController' has been explicitly marked unavailable here
@interface UIViewController : UIResponder <NSCoding, UIAppearanceContainer, UITraitEnvironment, UIContentContainer, UIFocusEnvironment>
^
/Users/admin/builder/spi-builder-workspace/Sources/Transitions/Classes/Core/CoreTransition.swift:155:19: error: 'UIViewController' is unavailable in watchOS
source _: UIViewController
^~~~~~~~~~~~~~~~
/Applications/Xcode-26.5.0.app/Contents/Developer/Platforms/WatchOS.platform/Developer/SDKs/WatchOS26.5.sdk/System/Library/Frameworks/UIKit.framework/Headers/UIViewController.h:102:12: note: 'UIViewController' has been explicitly marked unavailable here
@interface UIViewController : UIResponder <NSCoding, UIAppearanceContainer, UITraitEnvironment, UIContentContainer, UIFocusEnvironment>
^
/Users/admin/builder/spi-builder-workspace/Sources/Transitions/Classes/Core/CoreTransition.swift:156:15: error: 'UIViewControllerAnimatedTransitioning' is unavailable in watchOS
) -> (any UIViewControllerAnimatedTransitioning)? {
^~~~~~~~~~~~~~~~~~~~~~~~~~~~~~~~~~~~~
/Applications/Xcode-26.5.0.app/Contents/Developer/Platforms/WatchOS.platform/Developer/SDKs/WatchOS26.5.sdk/System/Library/Frameworks/UIKit.framework/Headers/UIViewControllerTransitioning.h:137:11: note: 'UIViewControllerAnimatedTransitioning' has been explicitly marked unavailable here
@protocol UIViewControllerAnimatedTransitioning <NSObject>
^
/Users/admin/builder/spi-builder-workspace/Sources/Transitions/Classes/Core/CoreTransition.swift:163:61: error: 'UIViewController' is unavailable in watchOS
public func animationController(forDismissed dismissed: UIViewController) -> UIViewControllerAnimatedTransitioning? {
^~~~~~~~~~~~~~~~
/Applications/Xcode-26.5.0.app/Contents/Developer/Platforms/WatchOS.platform/Developer/SDKs/WatchOS26.5.sdk/System/Library/Frameworks/UIKit.framework/Headers/UIViewController.h:102:12: note: 'UIViewController' has been explicitly marked unavailable here
@interface UIViewController : UIResponder <NSCoding, UIAppearanceContainer, UITraitEnvironment, UIContentContainer, UIFocusEnvironment>
^
/Users/admin/builder/spi-builder-workspace/Sources/Transitions/Classes/Core/CoreTransition.swift:163:82: error: 'UIViewControllerAnimatedTransitioning' is unavailable in watchOS
public func animationController(forDismissed dismissed: UIViewController) -> UIViewControllerAnimatedTransitioning? {
^~~~~~~~~~~~~~~~~~~~~~~~~~~~~~~~~~~~~
/Applications/Xcode-26.5.0.app/Contents/Developer/Platforms/WatchOS.platform/Developer/SDKs/WatchOS26.5.sdk/System/Library/Frameworks/UIKit.framework/Headers/UIViewControllerTransitioning.h:137:11: note: 'UIViewControllerAnimatedTransitioning' has been explicitly marked unavailable here
@protocol UIViewControllerAnimatedTransitioning <NSObject>
^
/Users/admin/builder/spi-builder-workspace/Sources/Transitions/Classes/Core/CoreTransition.swift:171:25: error: 'UIViewController' is unavailable in watchOS
forPresented _: UIViewController,
^~~~~~~~~~~~~~~~
/Applications/Xcode-26.5.0.app/Contents/Developer/Platforms/WatchOS.platform/Developer/SDKs/WatchOS26.5.sdk/System/Library/Frameworks/UIKit.framework/Headers/UIViewController.h:102:12: note: 'UIViewController' has been explicitly marked unavailable here
@interface UIViewController : UIResponder <NSCoding, UIAppearanceContainer, UITraitEnvironment, UIContentContainer, UIFocusEnvironment>
^
/Users/admin/builder/spi-builder-workspace/Sources/Transitions/Classes/Core/CoreTransition.swift:172:23: error: 'UIViewController' is unavailable in watchOS
presenting _: UIViewController?,
^~~~~~~~~~~~~~~~
/Applications/Xcode-26.5.0.app/Contents/Developer/Platforms/WatchOS.platform/Developer/SDKs/WatchOS26.5.sdk/System/Library/Frameworks/UIKit.framework/Headers/UIViewController.h:102:12: note: 'UIViewController' has been explicitly marked unavailable here
@interface UIViewController : UIResponder <NSCoding, UIAppearanceContainer, UITraitEnvironment, UIContentContainer, UIFocusEnvironment>
^
/Users/admin/builder/spi-builder-workspace/Sources/Transitions/Classes/Core/CoreTransition.swift:173:19: error: 'UIViewController' is unavailable in watchOS
source _: UIViewController
^~~~~~~~~~~~~~~~
/Applications/Xcode-26.5.0.app/Contents/Developer/Platforms/WatchOS.platform/Developer/SDKs/WatchOS26.5.sdk/System/Library/Frameworks/UIKit.framework/Headers/UIViewController.h:102:12: note: 'UIViewController' has been explicitly marked unavailable here
@interface UIViewController : UIResponder <NSCoding, UIAppearanceContainer, UITraitEnvironment, UIContentContainer, UIFocusEnvironment>
^
/Users/admin/builder/spi-builder-workspace/Sources/Transitions/Classes/Core/CoreTransition.swift:174:10: error: 'UIPresentationController' is unavailable in watchOS
) -> UIPresentationController? {
^~~~~~~~~~~~~~~~~~~~~~~~
/Applications/Xcode-26.5.0.app/Contents/Developer/Platforms/WatchOS.platform/Developer/SDKs/WatchOS26.5.sdk/System/Library/Frameworks/UIKit.framework/Headers/UIPresentationController.h:65:12: note: 'UIPresentationController' has been explicitly marked unavailable here
@interface UIPresentationController : NSObject <UIAppearanceContainer, UITraitEnvironment, UIContentContainer, UIFocusEnvironment>
^
/Users/admin/builder/spi-builder-workspace/Sources/Transitions/Classes/Core/CoreTransition.swift:151:27: error: 'UIViewControllerTransitioningDelegate' is unavailable in watchOS
extension CoreTransition: UIViewControllerTransitioningDelegate {
^~~~~~~~~~~~~~~~~~~~~~~~~~~~~~~~~~~~~
/Applications/Xcode-26.5.0.app/Contents/Developer/Platforms/WatchOS.platform/Developer/SDKs/WatchOS26.5.sdk/System/Library/Frameworks/UIKit.framework/Headers/UIViewControllerTransitioning.h:180:11: note: 'UIViewControllerTransitioningDelegate' has been explicitly marked unavailable here
@protocol UIViewControllerTransitioningDelegate <NSObject>
^
/Users/admin/builder/spi-builder-workspace/Sources/Transitions/Classes/Core/Extensions/UIViewController+CustomTransition.swift:18:18: error: 'UIViewController' is unavailable in watchOS
public extension UIViewController {
^~~~~~~~~~~~~~~~
/Applications/Xcode-26.5.0.app/Contents/Developer/Platforms/WatchOS.platform/Developer/SDKs/WatchOS26.5.sdk/System/Library/Frameworks/UIKit.framework/Headers/UIViewController.h:102:12: note: 'UIViewController' has been explicitly marked unavailable here
@interface UIViewController : UIResponder <NSCoding, UIAppearanceContainer, UITraitEnvironment, UIContentContainer, UIFocusEnvironment>
^
Failed frontend command:
/Applications/Xcode-26.5.0.app/Contents/Developer/Toolchains/XcodeDefault.xctoolchain/usr/bin/swift-frontend -frontend -emit-module -experimental-skip-non-inlinable-function-bodies-without-types /Users/admin/builder/spi-builder-workspace/Sources/Transitions/Classes/Core/CoreTransition.swift /Users/admin/builder/spi-builder-workspace/Sources/Transitions/Classes/Core/Extensions/UIViewController+CustomTransition.swift /Users/admin/builder/spi-builder-workspace/Sources/Transitions/Classes/Core/Transitions/Interfaces/ICoreTransition.swift /Users/admin/builder/spi-builder-workspace/Sources/Transitions/Classes/Core/Transitions/Interfaces/IInteractiveTransition.swift /Users/admin/builder/spi-builder-workspace/Sources/Transitions/Classes/CustomTransition.swift -target armv7k-apple-watchos5.0 -load-resolved-plugin /Applications/Xcode-26.5.0.app/Contents/Developer/Platforms/WatchOS.platform/Developer/usr/lib/swift/host/plugins/libFoundationMacros.dylib\#/Applications/Xcode-26.5.0.app/Contents/Developer/Platforms/WatchOS.platform/Developer/usr/bin/swift-plugin-server\#FoundationMacros -load-resolved-plugin /Applications/Xcode-26.5.0.app/Contents/Developer/Platforms/WatchOS.platform/Developer/usr/lib/swift/host/plugins/libObservationMacros.dylib\#/Applications/Xcode-26.5.0.app/Contents/Developer/Platforms/WatchOS.platform/Developer/usr/bin/swift-plugin-server\#ObservationMacros -load-resolved-plugin /Applications/Xcode-26.5.0.app/Contents/Developer/Platforms/WatchOS.platform/Developer/usr/lib/swift/host/plugins/libSwiftMacros.dylib\#/Applications/Xcode-26.5.0.app/Contents/Developer/Platforms/WatchOS.platform/Developer/usr/bin/swift-plugin-server\#SwiftMacros -load-resolved-plugin /Applications/Xcode-26.5.0.app/Contents/Developer/Platforms/WatchOS.platform/Developer/usr/lib/swift/host/plugins/libSwiftUIMacros.dylib\#/Applications/Xcode-26.5.0.app/Contents/Developer/Platforms/WatchOS.platform/Developer/usr/bin/swift-plugin-server\#SwiftUIMacros -disable-implicit-swift-modules -Xcc -fno-implicit-modules -Xcc -fno-implicit-module-maps -explicit-swift-module-map-file /Users/admin/builder/spi-builder-workspace/.derivedData/Build/Intermediates.noindex/transitions.build/Debug-watchos/Transitions.build/Objects-normal/armv7k/Transitions-dependencies-1.json -enable-objc-interop -sdk /Applications/Xcode-26.5.0.app/Contents/Developer/Platforms/WatchOS.platform/Developer/SDKs/WatchOS26.5.sdk -I /Users/admin/builder/spi-builder-workspace/.derivedData/Build/Products/Debug-watchos -Isystem /Applications/Xcode-26.5.0.app/Contents/Developer/Platforms/WatchOS.platform/Developer/usr/lib -F /Users/admin/builder/spi-builder-workspace/.derivedData/Build/Products/Debug-watchos -F /Applications/Xcode-26.5.0.app/Contents/Developer/Platforms/WatchOS.platform/Developer/Library/Frameworks -F /Applications/Xcode-26.5.0.app/Contents/Developer/Platforms/WatchOS.platform/Developer/SDKs/WatchOS26.5.sdk/Developer/Library/Frameworks -no-color-diagnostics -Xcc -fno-color-diagnostics -enable-testing -g -debug-info-format\=dwarf -dwarf-version\=4 -module-cache-path /Users/admin/builder/spi-builder-workspace/.derivedData/Build/Intermediates.noindex/SwiftExplicitPrecompiledModules -profile-generate -profile-coverage-mapping -swift-version 6 -Onone -D SWIFT_PACKAGE -D DEBUG -D SWIFT_MODULE_RESOURCE_BUNDLE_UNAVAILABLE -D Xcode -serialize-debugging-options -const-gather-protocols-file /Users/admin/builder/spi-builder-workspace/.derivedData/Build/Intermediates.noindex/transitions.build/Debug-watchos/Transitions.build/Objects-normal/armv7k/Transitions_const_extract_protocols.json -enable-experimental-feature DebugDescriptionMacro -empty-abi-descriptor -validate-clang-modules-once -clang-build-session-file /Users/admin/builder/spi-builder-workspace/.derivedData/ModuleCache.noindex/Session.modulevalidation -Xcc -working-directory -Xcc /Users/admin/builder/spi-builder-workspace/.swiftpm/xcode -enable-anonymous-context-mangled-names -file-compilation-dir /Users/admin/builder/spi-builder-workspace/.swiftpm/xcode -Xcc -D_LIBCPP_HARDENING_MODE\=_LIBCPP_HARDENING_MODE_DEBUG -Xcc -ivfsstatcache -Xcc /Users/admin/builder/spi-builder-workspace/.derivedData/SDKStatCaches.noindex/watchos26.5-23T570-688ef53f1462e2c8f657fdc38a81448f7931b973dfc65d9472806dbbc3af9379.sdkstatcache -Xcc -I/Users/admin/builder/spi-builder-workspace/.derivedData/Build/Intermediates.noindex/transitions.build/Debug-watchos/Transitions.build/swift-overrides.hmap -Xcc -I/Users/admin/builder/spi-builder-workspace/.derivedData/Build/Products/Debug-watchos/include -Xcc -I/Users/admin/builder/spi-builder-workspace/.derivedData/Build/Intermediates.noindex/transitions.build/Debug-watchos/Transitions.build/DerivedSources-normal/armv7k -Xcc -I/Users/admin/builder/spi-builder-workspace/.derivedData/Build/Intermediates.noindex/transitions.build/Debug-watchos/Transitions.build/DerivedSources/armv7k -Xcc -I/Users/admin/builder/spi-builder-workspace/.derivedData/Build/Intermediates.noindex/transitions.build/Debug-watchos/Transitions.build/DerivedSources -Xcc -DSWIFT_PACKAGE -Xcc -DDEBUG\=1 -no-auto-bridging-header-chaining -module-name Transitions -package-name spi_builder_workspace -frontend-parseable-output -disable-clang-spi -clang-target armv7k-apple-watchos26.5 -target-sdk-version 26.5 -target-sdk-name watchos26.5 -in-process-plugin-server-path /Applications/Xcode-26.5.0.app/Contents/Developer/Toolchains/XcodeDefault.xctoolchain/usr/lib/swift/host/libSwiftInProcPluginServer.dylib -emit-module-doc-path /Users/admin/builder/spi-builder-workspace/.derivedData/Build/Intermediates.noindex/transitions.build/Debug-watchos/Transitions.build/Objects-normal/armv7k/Transitions.swiftdoc -emit-module-source-info-path /Users/admin/builder/spi-builder-workspace/.derivedData/Build/Intermediates.noindex/transitions.build/Debug-watchos/Transitions.build/Objects-normal/armv7k/Transitions.swiftsourceinfo -emit-objc-header-path /Users/admin/builder/spi-builder-workspace/.derivedData/Build/Intermediates.noindex/transitions.build/Debug-watchos/Transitions.build/Objects-normal/armv7k/Transitions-Swift.h -serialize-diagnostics-path /Users/admin/builder/spi-builder-workspace/.derivedData/Build/Intermediates.noindex/transitions.build/Debug-watchos/Transitions.build/Objects-normal/armv7k/Transitions-primary-emit-module.dia -emit-dependencies-path /Users/admin/builder/spi-builder-workspace/.derivedData/Build/Intermediates.noindex/transitions.build/Debug-watchos/Transitions.build/Objects-normal/armv7k/Transitions-primary-emit-module.d -o /Users/admin/builder/spi-builder-workspace/.derivedData/Build/Intermediates.noindex/transitions.build/Debug-watchos/Transitions.build/Objects-normal/armv7k/Transitions.swiftmodule -emit-abi-descriptor-path /Users/admin/builder/spi-builder-workspace/.derivedData/Build/Intermediates.noindex/transitions.build/Debug-watchos/Transitions.build/Objects-normal/armv7k/Transitions.abi.json
SwiftCompile normal armv7k Compiling\ CoreTransition.swift /Users/admin/builder/spi-builder-workspace/Sources/Transitions/Classes/Core/CoreTransition.swift (in target 'Transitions' from project 'transitions')
SwiftCompile normal armv7k /Users/admin/builder/spi-builder-workspace/Sources/Transitions/Classes/Core/CoreTransition.swift (in target 'Transitions' from project 'transitions')
cd /Users/admin/builder/spi-builder-workspace/.swiftpm/xcode
SwiftCompile normal armv7k Compiling\ CustomTransition.swift /Users/admin/builder/spi-builder-workspace/Sources/Transitions/Classes/CustomTransition.swift (in target 'Transitions' from project 'transitions')
SwiftCompile normal armv7k /Users/admin/builder/spi-builder-workspace/Sources/Transitions/Classes/CustomTransition.swift (in target 'Transitions' from project 'transitions')
cd /Users/admin/builder/spi-builder-workspace/.swiftpm/xcode
SwiftCompile normal armv7k Compiling\ UIViewController+CustomTransition.swift /Users/admin/builder/spi-builder-workspace/Sources/Transitions/Classes/Core/Extensions/UIViewController+CustomTransition.swift (in target 'Transitions' from project 'transitions')
SwiftCompile normal armv7k /Users/admin/builder/spi-builder-workspace/Sources/Transitions/Classes/Core/Extensions/UIViewController+CustomTransition.swift (in target 'Transitions' from project 'transitions')
cd /Users/admin/builder/spi-builder-workspace/.swiftpm/xcode
SwiftCompile normal armv7k Compiling\ ICoreTransition.swift /Users/admin/builder/spi-builder-workspace/Sources/Transitions/Classes/Core/Transitions/Interfaces/ICoreTransition.swift (in target 'Transitions' from project 'transitions')
SwiftCompile normal armv7k /Users/admin/builder/spi-builder-workspace/Sources/Transitions/Classes/Core/Transitions/Interfaces/ICoreTransition.swift (in target 'Transitions' from project 'transitions')
cd /Users/admin/builder/spi-builder-workspace/.swiftpm/xcode
SwiftCompile normal arm64 Compiling\ ICoreTransition.swift /Users/admin/builder/spi-builder-workspace/Sources/Transitions/Classes/Core/Transitions/Interfaces/ICoreTransition.swift (in target 'Transitions' from project 'transitions')
SwiftCompile normal arm64 /Users/admin/builder/spi-builder-workspace/Sources/Transitions/Classes/Core/Transitions/Interfaces/ICoreTransition.swift (in target 'Transitions' from project 'transitions')
cd /Users/admin/builder/spi-builder-workspace/.swiftpm/xcode
SwiftCompile normal arm64 Compiling\ CustomTransition.swift /Users/admin/builder/spi-builder-workspace/Sources/Transitions/Classes/CustomTransition.swift (in target 'Transitions' from project 'transitions')
SwiftCompile normal arm64 /Users/admin/builder/spi-builder-workspace/Sources/Transitions/Classes/CustomTransition.swift (in target 'Transitions' from project 'transitions')
cd /Users/admin/builder/spi-builder-workspace/.swiftpm/xcode
SwiftEmitModule normal arm64 Emitting\ module\ for\ Transitions (in target 'Transitions' from project 'transitions')
EmitSwiftModule normal arm64 (in target 'Transitions' from project 'transitions')
cd /Users/admin/builder/spi-builder-workspace/.swiftpm/xcode
SwiftEmitModule normal arm64_32 Emitting\ module\ for\ Transitions (in target 'Transitions' from project 'transitions')
EmitSwiftModule normal arm64_32 (in target 'Transitions' from project 'transitions')
cd /Users/admin/builder/spi-builder-workspace/.swiftpm/xcode
SwiftCompile normal arm64 Compiling\ IInteractiveTransition.swift /Users/admin/builder/spi-builder-workspace/Sources/Transitions/Classes/Core/Transitions/Interfaces/IInteractiveTransition.swift (in target 'Transitions' from project 'transitions')
SwiftCompile normal arm64 /Users/admin/builder/spi-builder-workspace/Sources/Transitions/Classes/Core/Transitions/Interfaces/IInteractiveTransition.swift (in target 'Transitions' from project 'transitions')
cd /Users/admin/builder/spi-builder-workspace/.swiftpm/xcode
2026-10-04 15:33:12.522 xcodebuild[871:4991] [MT] IDERunDestination: Supported platforms for the buildables in the current scheme is empty.
** BUILD FAILED **
The following build commands failed:
EmitSwiftModule normal armv7k (in target 'Transitions' from project 'transitions')
SwiftEmitModule normal armv7k Emitting\ module\ for\ Transitions (in target 'Transitions' from project 'transitions')
Building workspace spi-builder-workspace with scheme transitions
(3 failures)
BUILD FAILURE 6.3 watchOS