Build Information
Failed to build AEPUserProfile, reference main (863994), with Swift 6.3 for watchOS using Xcode 26.4 on 20 Sep 2026 22:20:58 UTC.
Build Command
env DEVELOPER_DIR=/Applications/Xcode-26.5.0.app xcrun xcodebuild -IDEClonedSourcePackagesDirPathOverride=$PWD/.dependencies -skipMacroValidation -skipPackagePluginValidation -derivedDataPath $PWD/.derivedData build -scheme AEPUserProfile -destination generic/platform=watchOSBuild Log
builtin-copy -exclude .DS_Store -exclude CVS -exclude .svn -exclude .git -exclude .hg -resolve-src-symlinks /Users/admin/builder/spi-builder-workspace/.derivedData/Build/Intermediates.noindex/AEPCore.build/Debug-watchos/AEPServices.build/AEPServices.modulemap /Users/admin/builder/spi-builder-workspace/.derivedData/Build/Intermediates.noindex/GeneratedModuleMaps-watchos
WriteAuxiliaryFile /Users/admin/builder/spi-builder-workspace/.derivedData/Build/Intermediates.noindex/AEPRulesEngine.build/Debug-watchos/AEPRulesEngine.build/Objects-normal/arm64_32/AEPRulesEngine.LinkFileList (in target 'AEPRulesEngine' from project 'AEPRulesEngine')
cd /Users/admin/builder/spi-builder-workspace/.dependencies/checkouts/aepsdk-rulesengine-ios
write-file /Users/admin/builder/spi-builder-workspace/.derivedData/Build/Intermediates.noindex/AEPRulesEngine.build/Debug-watchos/AEPRulesEngine.build/Objects-normal/arm64_32/AEPRulesEngine.LinkFileList
WriteAuxiliaryFile /Users/admin/builder/spi-builder-workspace/.derivedData/Build/Intermediates.noindex/AEPRulesEngine.build/Debug-watchos/AEPRulesEngine.build/Objects-normal/arm64_32/AEPRulesEngine-OutputFileMap.json (in target 'AEPRulesEngine' from project 'AEPRulesEngine')
cd /Users/admin/builder/spi-builder-workspace/.dependencies/checkouts/aepsdk-rulesengine-ios
write-file /Users/admin/builder/spi-builder-workspace/.derivedData/Build/Intermediates.noindex/AEPRulesEngine.build/Debug-watchos/AEPRulesEngine.build/Objects-normal/arm64_32/AEPRulesEngine-OutputFileMap.json
WriteAuxiliaryFile /Users/admin/builder/spi-builder-workspace/.derivedData/Build/Intermediates.noindex/AEPRulesEngine.build/Debug-watchos/AEPRulesEngine.build/Objects-normal/arm64/AEPRulesEngine_const_extract_protocols.json (in target 'AEPRulesEngine' from project 'AEPRulesEngine')
cd /Users/admin/builder/spi-builder-workspace/.dependencies/checkouts/aepsdk-rulesengine-ios
write-file /Users/admin/builder/spi-builder-workspace/.derivedData/Build/Intermediates.noindex/AEPRulesEngine.build/Debug-watchos/AEPRulesEngine.build/Objects-normal/arm64/AEPRulesEngine_const_extract_protocols.json
WriteAuxiliaryFile /Users/admin/builder/spi-builder-workspace/.derivedData/Build/Intermediates.noindex/AEPRulesEngine.build/Debug-watchos/AEPRulesEngine.build/Objects-normal/arm64/AEPRulesEngine.SwiftFileList (in target 'AEPRulesEngine' from project 'AEPRulesEngine')
cd /Users/admin/builder/spi-builder-workspace/.dependencies/checkouts/aepsdk-rulesengine-ios
write-file /Users/admin/builder/spi-builder-workspace/.derivedData/Build/Intermediates.noindex/AEPRulesEngine.build/Debug-watchos/AEPRulesEngine.build/Objects-normal/arm64/AEPRulesEngine.SwiftFileList
WriteAuxiliaryFile /Users/admin/builder/spi-builder-workspace/.derivedData/Build/Intermediates.noindex/AEPRulesEngine.build/Debug-watchos/AEPRulesEngine.build/Objects-normal/arm64/AEPRulesEngine.SwiftConstValuesFileList (in target 'AEPRulesEngine' from project 'AEPRulesEngine')
cd /Users/admin/builder/spi-builder-workspace/.dependencies/checkouts/aepsdk-rulesengine-ios
write-file /Users/admin/builder/spi-builder-workspace/.derivedData/Build/Intermediates.noindex/AEPRulesEngine.build/Debug-watchos/AEPRulesEngine.build/Objects-normal/arm64/AEPRulesEngine.SwiftConstValuesFileList
WriteAuxiliaryFile /Users/admin/builder/spi-builder-workspace/.derivedData/Build/Intermediates.noindex/AEPRulesEngine.build/Debug-watchos/AEPRulesEngine.build/Objects-normal/arm64/AEPRulesEngine.LinkFileList (in target 'AEPRulesEngine' from project 'AEPRulesEngine')
cd /Users/admin/builder/spi-builder-workspace/.dependencies/checkouts/aepsdk-rulesengine-ios
write-file /Users/admin/builder/spi-builder-workspace/.derivedData/Build/Intermediates.noindex/AEPRulesEngine.build/Debug-watchos/AEPRulesEngine.build/Objects-normal/arm64/AEPRulesEngine.LinkFileList
WriteAuxiliaryFile /Users/admin/builder/spi-builder-workspace/.derivedData/Build/Intermediates.noindex/AEPRulesEngine.build/Debug-watchos/AEPRulesEngine.build/Objects-normal/arm64/AEPRulesEngine-OutputFileMap.json (in target 'AEPRulesEngine' from project 'AEPRulesEngine')
cd /Users/admin/builder/spi-builder-workspace/.dependencies/checkouts/aepsdk-rulesengine-ios
write-file /Users/admin/builder/spi-builder-workspace/.derivedData/Build/Intermediates.noindex/AEPRulesEngine.build/Debug-watchos/AEPRulesEngine.build/Objects-normal/arm64/AEPRulesEngine-OutputFileMap.json
WriteAuxiliaryFile /Users/admin/builder/spi-builder-workspace/.derivedData/Build/Intermediates.noindex/AEPRulesEngine.build/Debug-watchos/AEPRulesEngine.build/AEPRulesEngine.modulemap (in target 'AEPRulesEngine' from project 'AEPRulesEngine')
cd /Users/admin/builder/spi-builder-workspace/.dependencies/checkouts/aepsdk-rulesengine-ios
write-file /Users/admin/builder/spi-builder-workspace/.derivedData/Build/Intermediates.noindex/AEPRulesEngine.build/Debug-watchos/AEPRulesEngine.build/AEPRulesEngine.modulemap
WriteAuxiliaryFile /Users/admin/builder/spi-builder-workspace/.derivedData/Build/Intermediates.noindex/AEPRulesEngine.build/Debug-watchos/AEPRulesEngine.build/AEPRulesEngine.DependencyStaticMetadataFileList (in target 'AEPRulesEngine' from project 'AEPRulesEngine')
cd /Users/admin/builder/spi-builder-workspace/.dependencies/checkouts/aepsdk-rulesengine-ios
write-file /Users/admin/builder/spi-builder-workspace/.derivedData/Build/Intermediates.noindex/AEPRulesEngine.build/Debug-watchos/AEPRulesEngine.build/AEPRulesEngine.DependencyStaticMetadataFileList
WriteAuxiliaryFile /Users/admin/builder/spi-builder-workspace/.derivedData/Build/Intermediates.noindex/AEPRulesEngine.build/Debug-watchos/AEPRulesEngine.build/AEPRulesEngine.DependencyMetadataFileList (in target 'AEPRulesEngine' from project 'AEPRulesEngine')
cd /Users/admin/builder/spi-builder-workspace/.dependencies/checkouts/aepsdk-rulesengine-ios
write-file /Users/admin/builder/spi-builder-workspace/.derivedData/Build/Intermediates.noindex/AEPRulesEngine.build/Debug-watchos/AEPRulesEngine.build/AEPRulesEngine.DependencyMetadataFileList
WriteAuxiliaryFile /Users/admin/builder/spi-builder-workspace/.derivedData/Build/Intermediates.noindex/AEPCore.build/Debug-watchos/AEPCore_AEPServices.build/AEPCore_AEPServices.DependencyStaticMetadataFileList (in target 'AEPCore_AEPServices' from project 'AEPCore')
cd /Users/admin/builder/spi-builder-workspace/.dependencies/checkouts/aepsdk-core-ios
write-file /Users/admin/builder/spi-builder-workspace/.derivedData/Build/Intermediates.noindex/AEPCore.build/Debug-watchos/AEPCore_AEPServices.build/AEPCore_AEPServices.DependencyStaticMetadataFileList
WriteAuxiliaryFile /Users/admin/builder/spi-builder-workspace/.derivedData/Build/Intermediates.noindex/AEPCore.build/Debug-watchos/AEPCore_AEPServices.build/AEPCore_AEPServices.DependencyMetadataFileList (in target 'AEPCore_AEPServices' from project 'AEPCore')
cd /Users/admin/builder/spi-builder-workspace/.dependencies/checkouts/aepsdk-core-ios
write-file /Users/admin/builder/spi-builder-workspace/.derivedData/Build/Intermediates.noindex/AEPCore.build/Debug-watchos/AEPCore_AEPServices.build/AEPCore_AEPServices.DependencyMetadataFileList
WriteAuxiliaryFile /Users/admin/builder/spi-builder-workspace/.derivedData/Build/Intermediates.noindex/AEPCore.build/Debug-watchos/AEPCore_AEPServices.build/empty-AEPCore_AEPServices.plist (in target 'AEPCore_AEPServices' from project 'AEPCore')
cd /Users/admin/builder/spi-builder-workspace/.dependencies/checkouts/aepsdk-core-ios
write-file /Users/admin/builder/spi-builder-workspace/.derivedData/Build/Intermediates.noindex/AEPCore.build/Debug-watchos/AEPCore_AEPServices.build/empty-AEPCore_AEPServices.plist
WriteAuxiliaryFile /Users/admin/builder/spi-builder-workspace/.derivedData/Build/Intermediates.noindex/AEPCore.build/Debug-watchos/AEPCore_AEPCore.build/AEPCore_AEPCore.DependencyStaticMetadataFileList (in target 'AEPCore_AEPCore' from project 'AEPCore')
cd /Users/admin/builder/spi-builder-workspace/.dependencies/checkouts/aepsdk-core-ios
write-file /Users/admin/builder/spi-builder-workspace/.derivedData/Build/Intermediates.noindex/AEPCore.build/Debug-watchos/AEPCore_AEPCore.build/AEPCore_AEPCore.DependencyStaticMetadataFileList
WriteAuxiliaryFile /Users/admin/builder/spi-builder-workspace/.derivedData/Build/Intermediates.noindex/AEPCore.build/Debug-watchos/AEPCore_AEPCore.build/empty-AEPCore_AEPCore.plist (in target 'AEPCore_AEPCore' from project 'AEPCore')
cd /Users/admin/builder/spi-builder-workspace/.dependencies/checkouts/aepsdk-core-ios
write-file /Users/admin/builder/spi-builder-workspace/.derivedData/Build/Intermediates.noindex/AEPCore.build/Debug-watchos/AEPCore_AEPCore.build/empty-AEPCore_AEPCore.plist
WriteAuxiliaryFile /Users/admin/builder/spi-builder-workspace/.derivedData/Build/Intermediates.noindex/AEPCore.build/Debug-watchos/AEPCore_AEPCore.build/AEPCore_AEPCore.DependencyMetadataFileList (in target 'AEPCore_AEPCore' from project 'AEPCore')
cd /Users/admin/builder/spi-builder-workspace/.dependencies/checkouts/aepsdk-core-ios
write-file /Users/admin/builder/spi-builder-workspace/.derivedData/Build/Intermediates.noindex/AEPCore.build/Debug-watchos/AEPCore_AEPCore.build/AEPCore_AEPCore.DependencyMetadataFileList
Copy /Users/admin/builder/spi-builder-workspace/.derivedData/Build/Intermediates.noindex/GeneratedModuleMaps-watchos/AEPRulesEngine.modulemap /Users/admin/builder/spi-builder-workspace/.derivedData/Build/Intermediates.noindex/AEPRulesEngine.build/Debug-watchos/AEPRulesEngine.build/AEPRulesEngine.modulemap (in target 'AEPRulesEngine' from project 'AEPRulesEngine')
cd /Users/admin/builder/spi-builder-workspace/.dependencies/checkouts/aepsdk-rulesengine-ios
builtin-copy -exclude .DS_Store -exclude CVS -exclude .svn -exclude .git -exclude .hg -resolve-src-symlinks /Users/admin/builder/spi-builder-workspace/.derivedData/Build/Intermediates.noindex/AEPRulesEngine.build/Debug-watchos/AEPRulesEngine.build/AEPRulesEngine.modulemap /Users/admin/builder/spi-builder-workspace/.derivedData/Build/Intermediates.noindex/GeneratedModuleMaps-watchos
MkDir /Users/admin/builder/spi-builder-workspace/.derivedData/Build/Products/Debug-watchos/AEPCore_AEPServices.bundle (in target 'AEPCore_AEPServices' from project 'AEPCore')
cd /Users/admin/builder/spi-builder-workspace/.dependencies/checkouts/aepsdk-core-ios
/bin/mkdir -p /Users/admin/builder/spi-builder-workspace/.derivedData/Build/Products/Debug-watchos/AEPCore_AEPServices.bundle
MkDir /Users/admin/builder/spi-builder-workspace/.derivedData/Build/Products/Debug-watchos/AEPCore_AEPCore.bundle (in target 'AEPCore_AEPCore' from project 'AEPCore')
cd /Users/admin/builder/spi-builder-workspace/.dependencies/checkouts/aepsdk-core-ios
/bin/mkdir -p /Users/admin/builder/spi-builder-workspace/.derivedData/Build/Products/Debug-watchos/AEPCore_AEPCore.bundle
WriteAuxiliaryFile /Users/admin/builder/spi-builder-workspace/.derivedData/Build/Intermediates.noindex/AEPCore.build/Debug-watchos/AEPCore.build/Objects-normal/armv7k/AEPCore.SwiftFileList (in target 'AEPCore' from project 'AEPCore')
cd /Users/admin/builder/spi-builder-workspace/.dependencies/checkouts/aepsdk-core-ios
write-file /Users/admin/builder/spi-builder-workspace/.derivedData/Build/Intermediates.noindex/AEPCore.build/Debug-watchos/AEPCore.build/Objects-normal/armv7k/AEPCore.SwiftFileList
WriteAuxiliaryFile /Users/admin/builder/spi-builder-workspace/.derivedData/Build/Intermediates.noindex/AEPCore.build/Debug-watchos/AEPCore.build/Objects-normal/armv7k/AEPCore_const_extract_protocols.json (in target 'AEPCore' from project 'AEPCore')
cd /Users/admin/builder/spi-builder-workspace/.dependencies/checkouts/aepsdk-core-ios
write-file /Users/admin/builder/spi-builder-workspace/.derivedData/Build/Intermediates.noindex/AEPCore.build/Debug-watchos/AEPCore.build/Objects-normal/armv7k/AEPCore_const_extract_protocols.json
WriteAuxiliaryFile /Users/admin/builder/spi-builder-workspace/.derivedData/Build/Intermediates.noindex/AEPCore.build/Debug-watchos/AEPCore.build/Objects-normal/armv7k/AEPCore.SwiftConstValuesFileList (in target 'AEPCore' from project 'AEPCore')
cd /Users/admin/builder/spi-builder-workspace/.dependencies/checkouts/aepsdk-core-ios
write-file /Users/admin/builder/spi-builder-workspace/.derivedData/Build/Intermediates.noindex/AEPCore.build/Debug-watchos/AEPCore.build/Objects-normal/armv7k/AEPCore.SwiftConstValuesFileList
WriteAuxiliaryFile /Users/admin/builder/spi-builder-workspace/.derivedData/Build/Intermediates.noindex/AEPCore.build/Debug-watchos/AEPCore.build/Objects-normal/armv7k/AEPCore.LinkFileList (in target 'AEPCore' from project 'AEPCore')
cd /Users/admin/builder/spi-builder-workspace/.dependencies/checkouts/aepsdk-core-ios
write-file /Users/admin/builder/spi-builder-workspace/.derivedData/Build/Intermediates.noindex/AEPCore.build/Debug-watchos/AEPCore.build/Objects-normal/armv7k/AEPCore.LinkFileList
WriteAuxiliaryFile /Users/admin/builder/spi-builder-workspace/.derivedData/Build/Intermediates.noindex/AEPCore.build/Debug-watchos/AEPCore.build/Objects-normal/armv7k/AEPCore-OutputFileMap.json (in target 'AEPCore' from project 'AEPCore')
cd /Users/admin/builder/spi-builder-workspace/.dependencies/checkouts/aepsdk-core-ios
write-file /Users/admin/builder/spi-builder-workspace/.derivedData/Build/Intermediates.noindex/AEPCore.build/Debug-watchos/AEPCore.build/Objects-normal/armv7k/AEPCore-OutputFileMap.json
WriteAuxiliaryFile /Users/admin/builder/spi-builder-workspace/.derivedData/Build/Intermediates.noindex/AEPCore.build/Debug-watchos/AEPCore.build/Objects-normal/arm64_32/AEPCore.SwiftFileList (in target 'AEPCore' from project 'AEPCore')
cd /Users/admin/builder/spi-builder-workspace/.dependencies/checkouts/aepsdk-core-ios
write-file /Users/admin/builder/spi-builder-workspace/.derivedData/Build/Intermediates.noindex/AEPCore.build/Debug-watchos/AEPCore.build/Objects-normal/arm64_32/AEPCore.SwiftFileList
WriteAuxiliaryFile /Users/admin/builder/spi-builder-workspace/.derivedData/Build/Intermediates.noindex/AEPCore.build/Debug-watchos/AEPCore.build/Objects-normal/arm64_32/AEPCore_const_extract_protocols.json (in target 'AEPCore' from project 'AEPCore')
cd /Users/admin/builder/spi-builder-workspace/.dependencies/checkouts/aepsdk-core-ios
write-file /Users/admin/builder/spi-builder-workspace/.derivedData/Build/Intermediates.noindex/AEPCore.build/Debug-watchos/AEPCore.build/Objects-normal/arm64_32/AEPCore_const_extract_protocols.json
WriteAuxiliaryFile /Users/admin/builder/spi-builder-workspace/.derivedData/Build/Intermediates.noindex/AEPCore.build/Debug-watchos/AEPCore.build/Objects-normal/arm64_32/AEPCore.SwiftConstValuesFileList (in target 'AEPCore' from project 'AEPCore')
cd /Users/admin/builder/spi-builder-workspace/.dependencies/checkouts/aepsdk-core-ios
write-file /Users/admin/builder/spi-builder-workspace/.derivedData/Build/Intermediates.noindex/AEPCore.build/Debug-watchos/AEPCore.build/Objects-normal/arm64_32/AEPCore.SwiftConstValuesFileList
WriteAuxiliaryFile /Users/admin/builder/spi-builder-workspace/.derivedData/Build/Intermediates.noindex/AEPCore.build/Debug-watchos/AEPCore.build/Objects-normal/arm64_32/AEPCore.LinkFileList (in target 'AEPCore' from project 'AEPCore')
cd /Users/admin/builder/spi-builder-workspace/.dependencies/checkouts/aepsdk-core-ios
write-file /Users/admin/builder/spi-builder-workspace/.derivedData/Build/Intermediates.noindex/AEPCore.build/Debug-watchos/AEPCore.build/Objects-normal/arm64_32/AEPCore.LinkFileList
WriteAuxiliaryFile /Users/admin/builder/spi-builder-workspace/.derivedData/Build/Intermediates.noindex/AEPCore.build/Debug-watchos/AEPCore.build/Objects-normal/arm64_32/AEPCore-OutputFileMap.json (in target 'AEPCore' from project 'AEPCore')
cd /Users/admin/builder/spi-builder-workspace/.dependencies/checkouts/aepsdk-core-ios
write-file /Users/admin/builder/spi-builder-workspace/.derivedData/Build/Intermediates.noindex/AEPCore.build/Debug-watchos/AEPCore.build/Objects-normal/arm64_32/AEPCore-OutputFileMap.json
WriteAuxiliaryFile /Users/admin/builder/spi-builder-workspace/.derivedData/Build/Intermediates.noindex/AEPCore.build/Debug-watchos/AEPCore.build/Objects-normal/arm64/AEPCore.SwiftFileList (in target 'AEPCore' from project 'AEPCore')
cd /Users/admin/builder/spi-builder-workspace/.dependencies/checkouts/aepsdk-core-ios
write-file /Users/admin/builder/spi-builder-workspace/.derivedData/Build/Intermediates.noindex/AEPCore.build/Debug-watchos/AEPCore.build/Objects-normal/arm64/AEPCore.SwiftFileList
WriteAuxiliaryFile /Users/admin/builder/spi-builder-workspace/.derivedData/Build/Intermediates.noindex/AEPCore.build/Debug-watchos/AEPCore.build/Objects-normal/arm64/AEPCore_const_extract_protocols.json (in target 'AEPCore' from project 'AEPCore')
cd /Users/admin/builder/spi-builder-workspace/.dependencies/checkouts/aepsdk-core-ios
write-file /Users/admin/builder/spi-builder-workspace/.derivedData/Build/Intermediates.noindex/AEPCore.build/Debug-watchos/AEPCore.build/Objects-normal/arm64/AEPCore_const_extract_protocols.json
WriteAuxiliaryFile /Users/admin/builder/spi-builder-workspace/.derivedData/Build/Intermediates.noindex/AEPCore.build/Debug-watchos/AEPCore.build/Objects-normal/arm64/AEPCore.SwiftConstValuesFileList (in target 'AEPCore' from project 'AEPCore')
cd /Users/admin/builder/spi-builder-workspace/.dependencies/checkouts/aepsdk-core-ios
write-file /Users/admin/builder/spi-builder-workspace/.derivedData/Build/Intermediates.noindex/AEPCore.build/Debug-watchos/AEPCore.build/Objects-normal/arm64/AEPCore.SwiftConstValuesFileList
WriteAuxiliaryFile /Users/admin/builder/spi-builder-workspace/.derivedData/Build/Intermediates.noindex/AEPCore.build/Debug-watchos/AEPCore.build/Objects-normal/arm64/AEPCore.LinkFileList (in target 'AEPCore' from project 'AEPCore')
cd /Users/admin/builder/spi-builder-workspace/.dependencies/checkouts/aepsdk-core-ios
write-file /Users/admin/builder/spi-builder-workspace/.derivedData/Build/Intermediates.noindex/AEPCore.build/Debug-watchos/AEPCore.build/Objects-normal/arm64/AEPCore.LinkFileList
WriteAuxiliaryFile /Users/admin/builder/spi-builder-workspace/.derivedData/Build/Intermediates.noindex/AEPCore.build/Debug-watchos/AEPCore.build/Objects-normal/arm64/AEPCore-OutputFileMap.json (in target 'AEPCore' from project 'AEPCore')
cd /Users/admin/builder/spi-builder-workspace/.dependencies/checkouts/aepsdk-core-ios
write-file /Users/admin/builder/spi-builder-workspace/.derivedData/Build/Intermediates.noindex/AEPCore.build/Debug-watchos/AEPCore.build/Objects-normal/arm64/AEPCore-OutputFileMap.json
WriteAuxiliaryFile /Users/admin/builder/spi-builder-workspace/.derivedData/Build/Intermediates.noindex/AEPCore.build/Debug-watchos/AEPCore.build/DerivedSources/resource_bundle_accessor.swift (in target 'AEPCore' from project 'AEPCore')
cd /Users/admin/builder/spi-builder-workspace/.dependencies/checkouts/aepsdk-core-ios
write-file /Users/admin/builder/spi-builder-workspace/.derivedData/Build/Intermediates.noindex/AEPCore.build/Debug-watchos/AEPCore.build/DerivedSources/resource_bundle_accessor.swift
WriteAuxiliaryFile /Users/admin/builder/spi-builder-workspace/.derivedData/Build/Intermediates.noindex/AEPCore.build/Debug-watchos/AEPCore.build/AEPCore.modulemap (in target 'AEPCore' from project 'AEPCore')
cd /Users/admin/builder/spi-builder-workspace/.dependencies/checkouts/aepsdk-core-ios
write-file /Users/admin/builder/spi-builder-workspace/.derivedData/Build/Intermediates.noindex/AEPCore.build/Debug-watchos/AEPCore.build/AEPCore.modulemap
WriteAuxiliaryFile /Users/admin/builder/spi-builder-workspace/.derivedData/Build/Intermediates.noindex/AEPCore.build/Debug-watchos/AEPCore.build/AEPCore.DependencyStaticMetadataFileList (in target 'AEPCore' from project 'AEPCore')
cd /Users/admin/builder/spi-builder-workspace/.dependencies/checkouts/aepsdk-core-ios
write-file /Users/admin/builder/spi-builder-workspace/.derivedData/Build/Intermediates.noindex/AEPCore.build/Debug-watchos/AEPCore.build/AEPCore.DependencyStaticMetadataFileList
WriteAuxiliaryFile /Users/admin/builder/spi-builder-workspace/.derivedData/Build/Intermediates.noindex/AEPCore.build/Debug-watchos/AEPCore.build/AEPCore.DependencyMetadataFileList (in target 'AEPCore' from project 'AEPCore')
cd /Users/admin/builder/spi-builder-workspace/.dependencies/checkouts/aepsdk-core-ios
write-file /Users/admin/builder/spi-builder-workspace/.derivedData/Build/Intermediates.noindex/AEPCore.build/Debug-watchos/AEPCore.build/AEPCore.DependencyMetadataFileList
Copy /Users/admin/builder/spi-builder-workspace/.derivedData/Build/Intermediates.noindex/GeneratedModuleMaps-watchos/AEPCore.modulemap /Users/admin/builder/spi-builder-workspace/.derivedData/Build/Intermediates.noindex/AEPCore.build/Debug-watchos/AEPCore.build/AEPCore.modulemap (in target 'AEPCore' from project 'AEPCore')
cd /Users/admin/builder/spi-builder-workspace/.dependencies/checkouts/aepsdk-core-ios
builtin-copy -exclude .DS_Store -exclude CVS -exclude .svn -exclude .git -exclude .hg -resolve-src-symlinks /Users/admin/builder/spi-builder-workspace/.derivedData/Build/Intermediates.noindex/AEPCore.build/Debug-watchos/AEPCore.build/AEPCore.modulemap /Users/admin/builder/spi-builder-workspace/.derivedData/Build/Intermediates.noindex/GeneratedModuleMaps-watchos
ProcessInfoPlistFile /Users/admin/builder/spi-builder-workspace/.derivedData/Build/Products/Debug-watchos/AEPCore_AEPServices.bundle/Info.plist /Users/admin/builder/spi-builder-workspace/.derivedData/Build/Intermediates.noindex/AEPCore.build/Debug-watchos/AEPCore_AEPServices.build/empty-AEPCore_AEPServices.plist (in target 'AEPCore_AEPServices' from project 'AEPCore')
cd /Users/admin/builder/spi-builder-workspace/.dependencies/checkouts/aepsdk-core-ios
builtin-infoPlistUtility /Users/admin/builder/spi-builder-workspace/.derivedData/Build/Intermediates.noindex/AEPCore.build/Debug-watchos/AEPCore_AEPServices.build/empty-AEPCore_AEPServices.plist -producttype com.apple.product-type.bundle -expandbuildsettings -format binary -platform watchos -o /Users/admin/builder/spi-builder-workspace/.derivedData/Build/Products/Debug-watchos/AEPCore_AEPServices.bundle/Info.plist
CpResource /Users/admin/builder/spi-builder-workspace/.derivedData/Build/Products/Debug-watchos/AEPCore_AEPServices.bundle/PrivacyInfo.xcprivacy /Users/admin/builder/spi-builder-workspace/.dependencies/checkouts/aepsdk-core-ios/AEPServices/Sources/PrivacyInfo.xcprivacy (in target 'AEPCore_AEPServices' from project 'AEPCore')
cd /Users/admin/builder/spi-builder-workspace/.dependencies/checkouts/aepsdk-core-ios
builtin-copy -exclude .DS_Store -exclude CVS -exclude .svn -exclude .git -exclude .hg -resolve-src-symlinks /Users/admin/builder/spi-builder-workspace/.dependencies/checkouts/aepsdk-core-ios/AEPServices/Sources/PrivacyInfo.xcprivacy /Users/admin/builder/spi-builder-workspace/.derivedData/Build/Products/Debug-watchos/AEPCore_AEPServices.bundle
ProcessInfoPlistFile /Users/admin/builder/spi-builder-workspace/.derivedData/Build/Products/Debug-watchos/AEPCore_AEPCore.bundle/Info.plist /Users/admin/builder/spi-builder-workspace/.derivedData/Build/Intermediates.noindex/AEPCore.build/Debug-watchos/AEPCore_AEPCore.build/empty-AEPCore_AEPCore.plist (in target 'AEPCore_AEPCore' from project 'AEPCore')
cd /Users/admin/builder/spi-builder-workspace/.dependencies/checkouts/aepsdk-core-ios
builtin-infoPlistUtility /Users/admin/builder/spi-builder-workspace/.derivedData/Build/Intermediates.noindex/AEPCore.build/Debug-watchos/AEPCore_AEPCore.build/empty-AEPCore_AEPCore.plist -producttype com.apple.product-type.bundle -expandbuildsettings -format binary -platform watchos -o /Users/admin/builder/spi-builder-workspace/.derivedData/Build/Products/Debug-watchos/AEPCore_AEPCore.bundle/Info.plist
CpResource /Users/admin/builder/spi-builder-workspace/.derivedData/Build/Products/Debug-watchos/AEPCore_AEPCore.bundle/PrivacyInfo.xcprivacy /Users/admin/builder/spi-builder-workspace/.dependencies/checkouts/aepsdk-core-ios/AEPCore/Sources/PrivacyInfo.xcprivacy (in target 'AEPCore_AEPCore' from project 'AEPCore')
cd /Users/admin/builder/spi-builder-workspace/.dependencies/checkouts/aepsdk-core-ios
builtin-copy -exclude .DS_Store -exclude CVS -exclude .svn -exclude .git -exclude .hg -resolve-src-symlinks /Users/admin/builder/spi-builder-workspace/.dependencies/checkouts/aepsdk-core-ios/AEPCore/Sources/PrivacyInfo.xcprivacy /Users/admin/builder/spi-builder-workspace/.derivedData/Build/Products/Debug-watchos/AEPCore_AEPCore.bundle
RegisterExecutionPolicyException /Users/admin/builder/spi-builder-workspace/.derivedData/Build/Products/Debug-watchos/AEPCore_AEPServices.bundle (in target 'AEPCore_AEPServices' from project 'AEPCore')
cd /Users/admin/builder/spi-builder-workspace/.dependencies/checkouts/aepsdk-core-ios
builtin-RegisterExecutionPolicyException /Users/admin/builder/spi-builder-workspace/.derivedData/Build/Products/Debug-watchos/AEPCore_AEPServices.bundle
RegisterExecutionPolicyException /Users/admin/builder/spi-builder-workspace/.derivedData/Build/Products/Debug-watchos/AEPCore_AEPCore.bundle (in target 'AEPCore_AEPCore' from project 'AEPCore')
cd /Users/admin/builder/spi-builder-workspace/.dependencies/checkouts/aepsdk-core-ios
builtin-RegisterExecutionPolicyException /Users/admin/builder/spi-builder-workspace/.derivedData/Build/Products/Debug-watchos/AEPCore_AEPCore.bundle
Touch /Users/admin/builder/spi-builder-workspace/.derivedData/Build/Products/Debug-watchos/AEPCore_AEPCore.bundle (in target 'AEPCore_AEPCore' from project 'AEPCore')
cd /Users/admin/builder/spi-builder-workspace/.dependencies/checkouts/aepsdk-core-ios
/usr/bin/touch -c /Users/admin/builder/spi-builder-workspace/.derivedData/Build/Products/Debug-watchos/AEPCore_AEPCore.bundle
Touch /Users/admin/builder/spi-builder-workspace/.derivedData/Build/Products/Debug-watchos/AEPCore_AEPServices.bundle (in target 'AEPCore_AEPServices' from project 'AEPCore')
cd /Users/admin/builder/spi-builder-workspace/.dependencies/checkouts/aepsdk-core-ios
/usr/bin/touch -c /Users/admin/builder/spi-builder-workspace/.derivedData/Build/Products/Debug-watchos/AEPCore_AEPServices.bundle
SwiftDriver AEPServices normal arm64_32 com.apple.xcode.tools.swift.compiler (in target 'AEPServices' from project 'AEPCore')
cd /Users/admin/builder/spi-builder-workspace/.swiftpm/xcode
builtin-SwiftDriver -- /Applications/Xcode-26.5.0.app/Contents/Developer/Toolchains/XcodeDefault.xctoolchain/usr/bin/swiftc -module-name AEPServices -Onone @/Users/admin/builder/spi-builder-workspace/.derivedData/Build/Intermediates.noindex/AEPCore.build/Debug-watchos/AEPServices.build/Objects-normal/arm64_32/AEPServices.SwiftFileList -DSWIFT_PACKAGE -DDEBUG -DSWIFT_MODULE_RESOURCE_BUNDLE_AVAILABLE -DXcode -plugin-path /Applications/Xcode-26.5.0.app/Contents/Developer/Toolchains/XcodeDefault.xctoolchain/usr/lib/swift/host/plugins/testing -enable-experimental-feature DebugDescriptionMacro -sdk /Applications/Xcode-26.5.0.app/Contents/Developer/Platforms/WatchOS.platform/Developer/SDKs/WatchOS26.5.sdk -target arm64_32-apple-watchos5.0 -g -module-cache-path /Users/admin/builder/spi-builder-workspace/.derivedData/ModuleCache.noindex -Xfrontend -serialize-debugging-options -enable-testing -suppress-warnings -index-store-path /Users/admin/builder/spi-builder-workspace/.derivedData/Index.noindex/DataStore -Xcc -D_LIBCPP_HARDENING_MODE\=_LIBCPP_HARDENING_MODE_DEBUG -swift-version 5 -I /Users/admin/builder/spi-builder-workspace/.derivedData/Build/Products/Debug-watchos -Isystem /Applications/Xcode-26.5.0.app/Contents/Developer/Platforms/WatchOS.platform/Developer/usr/lib -F /Users/admin/builder/spi-builder-workspace/.derivedData/Build/Products/Debug-watchos -F /Applications/Xcode-26.5.0.app/Contents/Developer/Platforms/WatchOS.platform/Developer/Library/Frameworks -F /Applications/Xcode-26.5.0.app/Contents/Developer/Platforms/WatchOS.platform/Developer/SDKs/WatchOS26.5.sdk/Developer/Library/Frameworks -c -j10 -enable-batch-mode -incremental -Xcc -ivfsstatcache -Xcc /Users/admin/builder/spi-builder-workspace/.derivedData/SDKStatCaches.noindex/watchos26.5-23T570-688ef53f1462e2c8f657fdc38a81448f7931b973dfc65d9472806dbbc3af9379.sdkstatcache -output-file-map /Users/admin/builder/spi-builder-workspace/.derivedData/Build/Intermediates.noindex/AEPCore.build/Debug-watchos/AEPServices.build/Objects-normal/arm64_32/AEPServices-OutputFileMap.json -use-frontend-parseable-output -save-temps -no-color-diagnostics -explicit-module-build -module-cache-path /Users/admin/builder/spi-builder-workspace/.derivedData/Build/Intermediates.noindex/SwiftExplicitPrecompiledModules -clang-scanner-module-cache-path /Users/admin/builder/spi-builder-workspace/.derivedData/ModuleCache.noindex -sdk-module-cache-path /Users/admin/builder/spi-builder-workspace/.derivedData/ModuleCache.noindex -serialize-diagnostics -emit-dependencies -emit-module -emit-module-path /Users/admin/builder/spi-builder-workspace/.derivedData/Build/Intermediates.noindex/AEPCore.build/Debug-watchos/AEPServices.build/Objects-normal/arm64_32/AEPServices.swiftmodule -validate-clang-modules-once -clang-build-session-file /Users/admin/builder/spi-builder-workspace/.derivedData/ModuleCache.noindex/Session.modulevalidation -Xcc -I/Users/admin/builder/spi-builder-workspace/.derivedData/Build/Intermediates.noindex/AEPCore.build/Debug-watchos/AEPServices.build/swift-overrides.hmap -emit-const-values -Xfrontend -const-gather-protocols-file -Xfrontend /Users/admin/builder/spi-builder-workspace/.derivedData/Build/Intermediates.noindex/AEPCore.build/Debug-watchos/AEPServices.build/Objects-normal/arm64_32/AEPServices_const_extract_protocols.json -Xcc -I/Users/admin/builder/spi-builder-workspace/.derivedData/Build/Products/Debug-watchos/include -Xcc -I/Users/admin/builder/spi-builder-workspace/.derivedData/Build/Intermediates.noindex/AEPCore.build/Debug-watchos/AEPServices.build/DerivedSources-normal/arm64_32 -Xcc -I/Users/admin/builder/spi-builder-workspace/.derivedData/Build/Intermediates.noindex/AEPCore.build/Debug-watchos/AEPServices.build/DerivedSources/arm64_32 -Xcc -I/Users/admin/builder/spi-builder-workspace/.derivedData/Build/Intermediates.noindex/AEPCore.build/Debug-watchos/AEPServices.build/DerivedSources -Xcc -DSWIFT_PACKAGE -Xcc -DDEBUG\=1 -emit-objc-header -emit-objc-header-path /Users/admin/builder/spi-builder-workspace/.derivedData/Build/Intermediates.noindex/AEPCore.build/Debug-watchos/AEPServices.build/Objects-normal/arm64_32/AEPServices-Swift.h -working-directory /Users/admin/builder/spi-builder-workspace/.swiftpm/xcode -experimental-emit-module-separately -disable-cmo
SwiftDriver AEPServices normal armv7k com.apple.xcode.tools.swift.compiler (in target 'AEPServices' from project 'AEPCore')
cd /Users/admin/builder/spi-builder-workspace/.swiftpm/xcode
builtin-SwiftDriver -- /Applications/Xcode-26.5.0.app/Contents/Developer/Toolchains/XcodeDefault.xctoolchain/usr/bin/swiftc -module-name AEPServices -Onone @/Users/admin/builder/spi-builder-workspace/.derivedData/Build/Intermediates.noindex/AEPCore.build/Debug-watchos/AEPServices.build/Objects-normal/armv7k/AEPServices.SwiftFileList -DSWIFT_PACKAGE -DDEBUG -DSWIFT_MODULE_RESOURCE_BUNDLE_AVAILABLE -DXcode -plugin-path /Applications/Xcode-26.5.0.app/Contents/Developer/Toolchains/XcodeDefault.xctoolchain/usr/lib/swift/host/plugins/testing -enable-experimental-feature DebugDescriptionMacro -sdk /Applications/Xcode-26.5.0.app/Contents/Developer/Platforms/WatchOS.platform/Developer/SDKs/WatchOS26.5.sdk -target armv7k-apple-watchos5.0 -g -module-cache-path /Users/admin/builder/spi-builder-workspace/.derivedData/ModuleCache.noindex -Xfrontend -serialize-debugging-options -enable-testing -suppress-warnings -index-store-path /Users/admin/builder/spi-builder-workspace/.derivedData/Index.noindex/DataStore -Xcc -D_LIBCPP_HARDENING_MODE\=_LIBCPP_HARDENING_MODE_DEBUG -swift-version 5 -I /Users/admin/builder/spi-builder-workspace/.derivedData/Build/Products/Debug-watchos -Isystem /Applications/Xcode-26.5.0.app/Contents/Developer/Platforms/WatchOS.platform/Developer/usr/lib -F /Users/admin/builder/spi-builder-workspace/.derivedData/Build/Products/Debug-watchos -F /Applications/Xcode-26.5.0.app/Contents/Developer/Platforms/WatchOS.platform/Developer/Library/Frameworks -F /Applications/Xcode-26.5.0.app/Contents/Developer/Platforms/WatchOS.platform/Developer/SDKs/WatchOS26.5.sdk/Developer/Library/Frameworks -c -j10 -enable-batch-mode -incremental -Xcc -ivfsstatcache -Xcc /Users/admin/builder/spi-builder-workspace/.derivedData/SDKStatCaches.noindex/watchos26.5-23T570-688ef53f1462e2c8f657fdc38a81448f7931b973dfc65d9472806dbbc3af9379.sdkstatcache -output-file-map /Users/admin/builder/spi-builder-workspace/.derivedData/Build/Intermediates.noindex/AEPCore.build/Debug-watchos/AEPServices.build/Objects-normal/armv7k/AEPServices-OutputFileMap.json -use-frontend-parseable-output -save-temps -no-color-diagnostics -explicit-module-build -module-cache-path /Users/admin/builder/spi-builder-workspace/.derivedData/Build/Intermediates.noindex/SwiftExplicitPrecompiledModules -clang-scanner-module-cache-path /Users/admin/builder/spi-builder-workspace/.derivedData/ModuleCache.noindex -sdk-module-cache-path /Users/admin/builder/spi-builder-workspace/.derivedData/ModuleCache.noindex -serialize-diagnostics -emit-dependencies -emit-module -emit-module-path /Users/admin/builder/spi-builder-workspace/.derivedData/Build/Intermediates.noindex/AEPCore.build/Debug-watchos/AEPServices.build/Objects-normal/armv7k/AEPServices.swiftmodule -validate-clang-modules-once -clang-build-session-file /Users/admin/builder/spi-builder-workspace/.derivedData/ModuleCache.noindex/Session.modulevalidation -Xcc -I/Users/admin/builder/spi-builder-workspace/.derivedData/Build/Intermediates.noindex/AEPCore.build/Debug-watchos/AEPServices.build/swift-overrides.hmap -emit-const-values -Xfrontend -const-gather-protocols-file -Xfrontend /Users/admin/builder/spi-builder-workspace/.derivedData/Build/Intermediates.noindex/AEPCore.build/Debug-watchos/AEPServices.build/Objects-normal/armv7k/AEPServices_const_extract_protocols.json -Xcc -I/Users/admin/builder/spi-builder-workspace/.derivedData/Build/Products/Debug-watchos/include -Xcc -I/Users/admin/builder/spi-builder-workspace/.derivedData/Build/Intermediates.noindex/AEPCore.build/Debug-watchos/AEPServices.build/DerivedSources-normal/armv7k -Xcc -I/Users/admin/builder/spi-builder-workspace/.derivedData/Build/Intermediates.noindex/AEPCore.build/Debug-watchos/AEPServices.build/DerivedSources/armv7k -Xcc -I/Users/admin/builder/spi-builder-workspace/.derivedData/Build/Intermediates.noindex/AEPCore.build/Debug-watchos/AEPServices.build/DerivedSources -Xcc -DSWIFT_PACKAGE -Xcc -DDEBUG\=1 -emit-objc-header -emit-objc-header-path /Users/admin/builder/spi-builder-workspace/.derivedData/Build/Intermediates.noindex/AEPCore.build/Debug-watchos/AEPServices.build/Objects-normal/armv7k/AEPServices-Swift.h -working-directory /Users/admin/builder/spi-builder-workspace/.swiftpm/xcode -experimental-emit-module-separately -disable-cmo
SwiftDriver AEPServices normal arm64 com.apple.xcode.tools.swift.compiler (in target 'AEPServices' from project 'AEPCore')
cd /Users/admin/builder/spi-builder-workspace/.swiftpm/xcode
builtin-SwiftDriver -- /Applications/Xcode-26.5.0.app/Contents/Developer/Toolchains/XcodeDefault.xctoolchain/usr/bin/swiftc -module-name AEPServices -Onone @/Users/admin/builder/spi-builder-workspace/.derivedData/Build/Intermediates.noindex/AEPCore.build/Debug-watchos/AEPServices.build/Objects-normal/arm64/AEPServices.SwiftFileList -DSWIFT_PACKAGE -DDEBUG -DSWIFT_MODULE_RESOURCE_BUNDLE_AVAILABLE -DXcode -plugin-path /Applications/Xcode-26.5.0.app/Contents/Developer/Toolchains/XcodeDefault.xctoolchain/usr/lib/swift/host/plugins/testing -enable-experimental-feature DebugDescriptionMacro -sdk /Applications/Xcode-26.5.0.app/Contents/Developer/Platforms/WatchOS.platform/Developer/SDKs/WatchOS26.5.sdk -target arm64-apple-watchos5.0 -g -module-cache-path /Users/admin/builder/spi-builder-workspace/.derivedData/ModuleCache.noindex -Xfrontend -serialize-debugging-options -enable-testing -suppress-warnings -index-store-path /Users/admin/builder/spi-builder-workspace/.derivedData/Index.noindex/DataStore -Xcc -D_LIBCPP_HARDENING_MODE\=_LIBCPP_HARDENING_MODE_DEBUG -swift-version 5 -I /Users/admin/builder/spi-builder-workspace/.derivedData/Build/Products/Debug-watchos -Isystem /Applications/Xcode-26.5.0.app/Contents/Developer/Platforms/WatchOS.platform/Developer/usr/lib -F /Users/admin/builder/spi-builder-workspace/.derivedData/Build/Products/Debug-watchos -F /Applications/Xcode-26.5.0.app/Contents/Developer/Platforms/WatchOS.platform/Developer/Library/Frameworks -F /Applications/Xcode-26.5.0.app/Contents/Developer/Platforms/WatchOS.platform/Developer/SDKs/WatchOS26.5.sdk/Developer/Library/Frameworks -c -j10 -enable-batch-mode -incremental -Xcc -ivfsstatcache -Xcc /Users/admin/builder/spi-builder-workspace/.derivedData/SDKStatCaches.noindex/watchos26.5-23T570-688ef53f1462e2c8f657fdc38a81448f7931b973dfc65d9472806dbbc3af9379.sdkstatcache -output-file-map /Users/admin/builder/spi-builder-workspace/.derivedData/Build/Intermediates.noindex/AEPCore.build/Debug-watchos/AEPServices.build/Objects-normal/arm64/AEPServices-OutputFileMap.json -use-frontend-parseable-output -save-temps -no-color-diagnostics -explicit-module-build -module-cache-path /Users/admin/builder/spi-builder-workspace/.derivedData/Build/Intermediates.noindex/SwiftExplicitPrecompiledModules -clang-scanner-module-cache-path /Users/admin/builder/spi-builder-workspace/.derivedData/ModuleCache.noindex -sdk-module-cache-path /Users/admin/builder/spi-builder-workspace/.derivedData/ModuleCache.noindex -serialize-diagnostics -emit-dependencies -emit-module -emit-module-path /Users/admin/builder/spi-builder-workspace/.derivedData/Build/Intermediates.noindex/AEPCore.build/Debug-watchos/AEPServices.build/Objects-normal/arm64/AEPServices.swiftmodule -validate-clang-modules-once -clang-build-session-file /Users/admin/builder/spi-builder-workspace/.derivedData/ModuleCache.noindex/Session.modulevalidation -Xcc -I/Users/admin/builder/spi-builder-workspace/.derivedData/Build/Intermediates.noindex/AEPCore.build/Debug-watchos/AEPServices.build/swift-overrides.hmap -emit-const-values -Xfrontend -const-gather-protocols-file -Xfrontend /Users/admin/builder/spi-builder-workspace/.derivedData/Build/Intermediates.noindex/AEPCore.build/Debug-watchos/AEPServices.build/Objects-normal/arm64/AEPServices_const_extract_protocols.json -Xcc -I/Users/admin/builder/spi-builder-workspace/.derivedData/Build/Products/Debug-watchos/include -Xcc -I/Users/admin/builder/spi-builder-workspace/.derivedData/Build/Intermediates.noindex/AEPCore.build/Debug-watchos/AEPServices.build/DerivedSources-normal/arm64 -Xcc -I/Users/admin/builder/spi-builder-workspace/.derivedData/Build/Intermediates.noindex/AEPCore.build/Debug-watchos/AEPServices.build/DerivedSources/arm64 -Xcc -I/Users/admin/builder/spi-builder-workspace/.derivedData/Build/Intermediates.noindex/AEPCore.build/Debug-watchos/AEPServices.build/DerivedSources -Xcc -DSWIFT_PACKAGE -Xcc -DDEBUG\=1 -emit-objc-header -emit-objc-header-path /Users/admin/builder/spi-builder-workspace/.derivedData/Build/Intermediates.noindex/AEPCore.build/Debug-watchos/AEPServices.build/Objects-normal/arm64/AEPServices-Swift.h -working-directory /Users/admin/builder/spi-builder-workspace/.swiftpm/xcode -experimental-emit-module-separately -disable-cmo
SwiftDriver AEPRulesEngine normal arm64 com.apple.xcode.tools.swift.compiler (in target 'AEPRulesEngine' from project 'AEPRulesEngine')
cd /Users/admin/builder/spi-builder-workspace/.swiftpm/xcode
builtin-SwiftDriver -- /Applications/Xcode-26.5.0.app/Contents/Developer/Toolchains/XcodeDefault.xctoolchain/usr/bin/swiftc -module-name AEPRulesEngine -Onone @/Users/admin/builder/spi-builder-workspace/.derivedData/Build/Intermediates.noindex/AEPRulesEngine.build/Debug-watchos/AEPRulesEngine.build/Objects-normal/arm64/AEPRulesEngine.SwiftFileList -DSWIFT_PACKAGE -DDEBUG -DSWIFT_MODULE_RESOURCE_BUNDLE_UNAVAILABLE -DXcode -plugin-path /Applications/Xcode-26.5.0.app/Contents/Developer/Toolchains/XcodeDefault.xctoolchain/usr/lib/swift/host/plugins/testing -enable-experimental-feature DebugDescriptionMacro -sdk /Applications/Xcode-26.5.0.app/Contents/Developer/Platforms/WatchOS.platform/Developer/SDKs/WatchOS26.5.sdk -target arm64-apple-watchos5.0 -g -module-cache-path /Users/admin/builder/spi-builder-workspace/.derivedData/ModuleCache.noindex -Xfrontend -serialize-debugging-options -enable-testing -suppress-warnings -index-store-path /Users/admin/builder/spi-builder-workspace/.derivedData/Index.noindex/DataStore -Xcc -D_LIBCPP_HARDENING_MODE\=_LIBCPP_HARDENING_MODE_DEBUG -swift-version 5 -I /Users/admin/builder/spi-builder-workspace/.derivedData/Build/Products/Debug-watchos -Isystem /Applications/Xcode-26.5.0.app/Contents/Developer/Platforms/WatchOS.platform/Developer/usr/lib -F /Users/admin/builder/spi-builder-workspace/.derivedData/Build/Products/Debug-watchos -F /Applications/Xcode-26.5.0.app/Contents/Developer/Platforms/WatchOS.platform/Developer/Library/Frameworks -F /Applications/Xcode-26.5.0.app/Contents/Developer/Platforms/WatchOS.platform/Developer/SDKs/WatchOS26.5.sdk/Developer/Library/Frameworks -c -j10 -enable-batch-mode -incremental -Xcc -ivfsstatcache -Xcc /Users/admin/builder/spi-builder-workspace/.derivedData/SDKStatCaches.noindex/watchos26.5-23T570-688ef53f1462e2c8f657fdc38a81448f7931b973dfc65d9472806dbbc3af9379.sdkstatcache -output-file-map /Users/admin/builder/spi-builder-workspace/.derivedData/Build/Intermediates.noindex/AEPRulesEngine.build/Debug-watchos/AEPRulesEngine.build/Objects-normal/arm64/AEPRulesEngine-OutputFileMap.json -use-frontend-parseable-output -save-temps -no-color-diagnostics -explicit-module-build -module-cache-path /Users/admin/builder/spi-builder-workspace/.derivedData/Build/Intermediates.noindex/SwiftExplicitPrecompiledModules -clang-scanner-module-cache-path /Users/admin/builder/spi-builder-workspace/.derivedData/ModuleCache.noindex -sdk-module-cache-path /Users/admin/builder/spi-builder-workspace/.derivedData/ModuleCache.noindex -serialize-diagnostics -emit-dependencies -emit-module -emit-module-path /Users/admin/builder/spi-builder-workspace/.derivedData/Build/Intermediates.noindex/AEPRulesEngine.build/Debug-watchos/AEPRulesEngine.build/Objects-normal/arm64/AEPRulesEngine.swiftmodule -validate-clang-modules-once -clang-build-session-file /Users/admin/builder/spi-builder-workspace/.derivedData/ModuleCache.noindex/Session.modulevalidation -Xcc -I/Users/admin/builder/spi-builder-workspace/.derivedData/Build/Intermediates.noindex/AEPRulesEngine.build/Debug-watchos/AEPRulesEngine.build/swift-overrides.hmap -emit-const-values -Xfrontend -const-gather-protocols-file -Xfrontend /Users/admin/builder/spi-builder-workspace/.derivedData/Build/Intermediates.noindex/AEPRulesEngine.build/Debug-watchos/AEPRulesEngine.build/Objects-normal/arm64/AEPRulesEngine_const_extract_protocols.json -Xcc -I/Users/admin/builder/spi-builder-workspace/.derivedData/Build/Products/Debug-watchos/include -Xcc -I/Users/admin/builder/spi-builder-workspace/.derivedData/Build/Intermediates.noindex/AEPRulesEngine.build/Debug-watchos/AEPRulesEngine.build/DerivedSources-normal/arm64 -Xcc -I/Users/admin/builder/spi-builder-workspace/.derivedData/Build/Intermediates.noindex/AEPRulesEngine.build/Debug-watchos/AEPRulesEngine.build/DerivedSources/arm64 -Xcc -I/Users/admin/builder/spi-builder-workspace/.derivedData/Build/Intermediates.noindex/AEPRulesEngine.build/Debug-watchos/AEPRulesEngine.build/DerivedSources -Xcc -DSWIFT_PACKAGE -Xcc -DDEBUG\=1 -emit-objc-header -emit-objc-header-path /Users/admin/builder/spi-builder-workspace/.derivedData/Build/Intermediates.noindex/AEPRulesEngine.build/Debug-watchos/AEPRulesEngine.build/Objects-normal/arm64/AEPRulesEngine-Swift.h -working-directory /Users/admin/builder/spi-builder-workspace/.swiftpm/xcode -experimental-emit-module-separately -disable-cmo
SwiftDriver AEPRulesEngine normal arm64_32 com.apple.xcode.tools.swift.compiler (in target 'AEPRulesEngine' from project 'AEPRulesEngine')
cd /Users/admin/builder/spi-builder-workspace/.swiftpm/xcode
builtin-SwiftDriver -- /Applications/Xcode-26.5.0.app/Contents/Developer/Toolchains/XcodeDefault.xctoolchain/usr/bin/swiftc -module-name AEPRulesEngine -Onone @/Users/admin/builder/spi-builder-workspace/.derivedData/Build/Intermediates.noindex/AEPRulesEngine.build/Debug-watchos/AEPRulesEngine.build/Objects-normal/arm64_32/AEPRulesEngine.SwiftFileList -DSWIFT_PACKAGE -DDEBUG -DSWIFT_MODULE_RESOURCE_BUNDLE_UNAVAILABLE -DXcode -plugin-path /Applications/Xcode-26.5.0.app/Contents/Developer/Toolchains/XcodeDefault.xctoolchain/usr/lib/swift/host/plugins/testing -enable-experimental-feature DebugDescriptionMacro -sdk /Applications/Xcode-26.5.0.app/Contents/Developer/Platforms/WatchOS.platform/Developer/SDKs/WatchOS26.5.sdk -target arm64_32-apple-watchos5.0 -g -module-cache-path /Users/admin/builder/spi-builder-workspace/.derivedData/ModuleCache.noindex -Xfrontend -serialize-debugging-options -enable-testing -suppress-warnings -index-store-path /Users/admin/builder/spi-builder-workspace/.derivedData/Index.noindex/DataStore -Xcc -D_LIBCPP_HARDENING_MODE\=_LIBCPP_HARDENING_MODE_DEBUG -swift-version 5 -I /Users/admin/builder/spi-builder-workspace/.derivedData/Build/Products/Debug-watchos -Isystem /Applications/Xcode-26.5.0.app/Contents/Developer/Platforms/WatchOS.platform/Developer/usr/lib -F /Users/admin/builder/spi-builder-workspace/.derivedData/Build/Products/Debug-watchos -F /Applications/Xcode-26.5.0.app/Contents/Developer/Platforms/WatchOS.platform/Developer/Library/Frameworks -F /Applications/Xcode-26.5.0.app/Contents/Developer/Platforms/WatchOS.platform/Developer/SDKs/WatchOS26.5.sdk/Developer/Library/Frameworks -c -j10 -enable-batch-mode -incremental -Xcc -ivfsstatcache -Xcc /Users/admin/builder/spi-builder-workspace/.derivedData/SDKStatCaches.noindex/watchos26.5-23T570-688ef53f1462e2c8f657fdc38a81448f7931b973dfc65d9472806dbbc3af9379.sdkstatcache -output-file-map /Users/admin/builder/spi-builder-workspace/.derivedData/Build/Intermediates.noindex/AEPRulesEngine.build/Debug-watchos/AEPRulesEngine.build/Objects-normal/arm64_32/AEPRulesEngine-OutputFileMap.json -use-frontend-parseable-output -save-temps -no-color-diagnostics -explicit-module-build -module-cache-path /Users/admin/builder/spi-builder-workspace/.derivedData/Build/Intermediates.noindex/SwiftExplicitPrecompiledModules -clang-scanner-module-cache-path /Users/admin/builder/spi-builder-workspace/.derivedData/ModuleCache.noindex -sdk-module-cache-path /Users/admin/builder/spi-builder-workspace/.derivedData/ModuleCache.noindex -serialize-diagnostics -emit-dependencies -emit-module -emit-module-path /Users/admin/builder/spi-builder-workspace/.derivedData/Build/Intermediates.noindex/AEPRulesEngine.build/Debug-watchos/AEPRulesEngine.build/Objects-normal/arm64_32/AEPRulesEngine.swiftmodule -validate-clang-modules-once -clang-build-session-file /Users/admin/builder/spi-builder-workspace/.derivedData/ModuleCache.noindex/Session.modulevalidation -Xcc -I/Users/admin/builder/spi-builder-workspace/.derivedData/Build/Intermediates.noindex/AEPRulesEngine.build/Debug-watchos/AEPRulesEngine.build/swift-overrides.hmap -emit-const-values -Xfrontend -const-gather-protocols-file -Xfrontend /Users/admin/builder/spi-builder-workspace/.derivedData/Build/Intermediates.noindex/AEPRulesEngine.build/Debug-watchos/AEPRulesEngine.build/Objects-normal/arm64_32/AEPRulesEngine_const_extract_protocols.json -Xcc -I/Users/admin/builder/spi-builder-workspace/.derivedData/Build/Products/Debug-watchos/include -Xcc -I/Users/admin/builder/spi-builder-workspace/.derivedData/Build/Intermediates.noindex/AEPRulesEngine.build/Debug-watchos/AEPRulesEngine.build/DerivedSources-normal/arm64_32 -Xcc -I/Users/admin/builder/spi-builder-workspace/.derivedData/Build/Intermediates.noindex/AEPRulesEngine.build/Debug-watchos/AEPRulesEngine.build/DerivedSources/arm64_32 -Xcc -I/Users/admin/builder/spi-builder-workspace/.derivedData/Build/Intermediates.noindex/AEPRulesEngine.build/Debug-watchos/AEPRulesEngine.build/DerivedSources -Xcc -DSWIFT_PACKAGE -Xcc -DDEBUG\=1 -emit-objc-header -emit-objc-header-path /Users/admin/builder/spi-builder-workspace/.derivedData/Build/Intermediates.noindex/AEPRulesEngine.build/Debug-watchos/AEPRulesEngine.build/Objects-normal/arm64_32/AEPRulesEngine-Swift.h -working-directory /Users/admin/builder/spi-builder-workspace/.swiftpm/xcode -experimental-emit-module-separately -disable-cmo
SwiftDriver AEPRulesEngine normal armv7k com.apple.xcode.tools.swift.compiler (in target 'AEPRulesEngine' from project 'AEPRulesEngine')
cd /Users/admin/builder/spi-builder-workspace/.swiftpm/xcode
builtin-SwiftDriver -- /Applications/Xcode-26.5.0.app/Contents/Developer/Toolchains/XcodeDefault.xctoolchain/usr/bin/swiftc -module-name AEPRulesEngine -Onone @/Users/admin/builder/spi-builder-workspace/.derivedData/Build/Intermediates.noindex/AEPRulesEngine.build/Debug-watchos/AEPRulesEngine.build/Objects-normal/armv7k/AEPRulesEngine.SwiftFileList -DSWIFT_PACKAGE -DDEBUG -DSWIFT_MODULE_RESOURCE_BUNDLE_UNAVAILABLE -DXcode -plugin-path /Applications/Xcode-26.5.0.app/Contents/Developer/Toolchains/XcodeDefault.xctoolchain/usr/lib/swift/host/plugins/testing -enable-experimental-feature DebugDescriptionMacro -sdk /Applications/Xcode-26.5.0.app/Contents/Developer/Platforms/WatchOS.platform/Developer/SDKs/WatchOS26.5.sdk -target armv7k-apple-watchos5.0 -g -module-cache-path /Users/admin/builder/spi-builder-workspace/.derivedData/ModuleCache.noindex -Xfrontend -serialize-debugging-options -enable-testing -suppress-warnings -index-store-path /Users/admin/builder/spi-builder-workspace/.derivedData/Index.noindex/DataStore -Xcc -D_LIBCPP_HARDENING_MODE\=_LIBCPP_HARDENING_MODE_DEBUG -swift-version 5 -I /Users/admin/builder/spi-builder-workspace/.derivedData/Build/Products/Debug-watchos -Isystem /Applications/Xcode-26.5.0.app/Contents/Developer/Platforms/WatchOS.platform/Developer/usr/lib -F /Users/admin/builder/spi-builder-workspace/.derivedData/Build/Products/Debug-watchos -F /Applications/Xcode-26.5.0.app/Contents/Developer/Platforms/WatchOS.platform/Developer/Library/Frameworks -F /Applications/Xcode-26.5.0.app/Contents/Developer/Platforms/WatchOS.platform/Developer/SDKs/WatchOS26.5.sdk/Developer/Library/Frameworks -c -j10 -enable-batch-mode -incremental -Xcc -ivfsstatcache -Xcc /Users/admin/builder/spi-builder-workspace/.derivedData/SDKStatCaches.noindex/watchos26.5-23T570-688ef53f1462e2c8f657fdc38a81448f7931b973dfc65d9472806dbbc3af9379.sdkstatcache -output-file-map /Users/admin/builder/spi-builder-workspace/.derivedData/Build/Intermediates.noindex/AEPRulesEngine.build/Debug-watchos/AEPRulesEngine.build/Objects-normal/armv7k/AEPRulesEngine-OutputFileMap.json -use-frontend-parseable-output -save-temps -no-color-diagnostics -explicit-module-build -module-cache-path /Users/admin/builder/spi-builder-workspace/.derivedData/Build/Intermediates.noindex/SwiftExplicitPrecompiledModules -clang-scanner-module-cache-path /Users/admin/builder/spi-builder-workspace/.derivedData/ModuleCache.noindex -sdk-module-cache-path /Users/admin/builder/spi-builder-workspace/.derivedData/ModuleCache.noindex -serialize-diagnostics -emit-dependencies -emit-module -emit-module-path /Users/admin/builder/spi-builder-workspace/.derivedData/Build/Intermediates.noindex/AEPRulesEngine.build/Debug-watchos/AEPRulesEngine.build/Objects-normal/armv7k/AEPRulesEngine.swiftmodule -validate-clang-modules-once -clang-build-session-file /Users/admin/builder/spi-builder-workspace/.derivedData/ModuleCache.noindex/Session.modulevalidation -Xcc -I/Users/admin/builder/spi-builder-workspace/.derivedData/Build/Intermediates.noindex/AEPRulesEngine.build/Debug-watchos/AEPRulesEngine.build/swift-overrides.hmap -emit-const-values -Xfrontend -const-gather-protocols-file -Xfrontend /Users/admin/builder/spi-builder-workspace/.derivedData/Build/Intermediates.noindex/AEPRulesEngine.build/Debug-watchos/AEPRulesEngine.build/Objects-normal/armv7k/AEPRulesEngine_const_extract_protocols.json -Xcc -I/Users/admin/builder/spi-builder-workspace/.derivedData/Build/Products/Debug-watchos/include -Xcc -I/Users/admin/builder/spi-builder-workspace/.derivedData/Build/Intermediates.noindex/AEPRulesEngine.build/Debug-watchos/AEPRulesEngine.build/DerivedSources-normal/armv7k -Xcc -I/Users/admin/builder/spi-builder-workspace/.derivedData/Build/Intermediates.noindex/AEPRulesEngine.build/Debug-watchos/AEPRulesEngine.build/DerivedSources/armv7k -Xcc -I/Users/admin/builder/spi-builder-workspace/.derivedData/Build/Intermediates.noindex/AEPRulesEngine.build/Debug-watchos/AEPRulesEngine.build/DerivedSources -Xcc -DSWIFT_PACKAGE -Xcc -DDEBUG\=1 -emit-objc-header -emit-objc-header-path /Users/admin/builder/spi-builder-workspace/.derivedData/Build/Intermediates.noindex/AEPRulesEngine.build/Debug-watchos/AEPRulesEngine.build/Objects-normal/armv7k/AEPRulesEngine-Swift.h -working-directory /Users/admin/builder/spi-builder-workspace/.swiftpm/xcode -experimental-emit-module-separately -disable-cmo
SwiftExplicitDependencyGeneratePcm arm64_32 /Users/admin/builder/spi-builder-workspace/.derivedData/ModuleCache.noindex/_Builtin_stdbool-BAB5RWZEJS6I801PVH17P70AP.pcm
SwiftExplicitDependencyGeneratePcm arm64_32 /Users/admin/builder/spi-builder-workspace/.derivedData/ModuleCache.noindex/ptrauth-4XDN8LMR9E2UQJQY9F3X67IWF.pcm
SwiftExplicitDependencyGeneratePcm arm64_32 /Users/admin/builder/spi-builder-workspace/.derivedData/ModuleCache.noindex/ptrcheck-1R9BUZADPFAQBKN8FQH71PB76.pcm
SwiftExplicitDependencyGeneratePcm arm64_32 /Users/admin/builder/spi-builder-workspace/.derivedData/ModuleCache.noindex/_Builtin_float-1T114CUCTMRLUF33YKRYRT0WT.pcm
SwiftExplicitDependencyGeneratePcm arm64_32 /Users/admin/builder/spi-builder-workspace/.derivedData/ModuleCache.noindex/SwiftShims-DT5KL6CU9V62KKW6ZMA54WKVU.pcm
SwiftExplicitDependencyGeneratePcm arm64 /Users/admin/builder/spi-builder-workspace/.derivedData/ModuleCache.noindex/SwiftShims-1FIQVGR181MFX82EDVVHW6GBG.pcm
SwiftExplicitDependencyGeneratePcm arm64 /Users/admin/builder/spi-builder-workspace/.derivedData/ModuleCache.noindex/_Builtin_stddef-9QB8ZHSR8KA98D53HT94Z579T.pcm
SwiftExplicitDependencyGeneratePcm armv7k /Users/admin/builder/spi-builder-workspace/.derivedData/ModuleCache.noindex/_Builtin_stddef-DMW3ND9OP3J2L817I3P9GMP6Z.pcm
SwiftExplicitDependencyGeneratePcm armv7k /Users/admin/builder/spi-builder-workspace/.derivedData/ModuleCache.noindex/_Builtin_stdarg-DYRLH0TGTHHV2884I15D76ZTY.pcm
SwiftExplicitDependencyGeneratePcm armv7k /Users/admin/builder/spi-builder-workspace/.derivedData/ModuleCache.noindex/SwiftShims-6QROL837IRE2W6PO5Q58F10NX.pcm
SwiftExplicitDependencyGeneratePcm armv7k /Users/admin/builder/spi-builder-workspace/.derivedData/ModuleCache.noindex/_Builtin_float-TMBR8RTWA2KQG2I3OPK8D4A5.pcm
SwiftExplicitDependencyGeneratePcm arm64_32 /Users/admin/builder/spi-builder-workspace/.derivedData/ModuleCache.noindex/_Builtin_stdarg-ARBBH9LG8KJD80OD4AOBDXECY.pcm
SwiftExplicitDependencyGeneratePcm armv7k /Users/admin/builder/spi-builder-workspace/.derivedData/ModuleCache.noindex/_AvailabilityInternal-6SJU6M2LYJPPZ32I07ITSSVWQ.pcm
SwiftExplicitDependencyGeneratePcm arm64 /Users/admin/builder/spi-builder-workspace/.derivedData/ModuleCache.noindex/_Builtin_float-5UYR3JH09VDP6J1NQ204IHERX.pcm
SwiftExplicitDependencyGeneratePcm armv7k /Users/admin/builder/spi-builder-workspace/.derivedData/ModuleCache.noindex/ptrauth-29H0DJUXMMFO2CSSMYEAV87RK.pcm
SwiftExplicitDependencyGeneratePcm armv7k /Users/admin/builder/spi-builder-workspace/.derivedData/ModuleCache.noindex/_Builtin_stdbool-9GGAYNGYIRAKYUVPRO4T37KPV.pcm
SwiftExplicitDependencyGeneratePcm arm64 /Users/admin/builder/spi-builder-workspace/.derivedData/ModuleCache.noindex/_Builtin_stdarg-3Y9DNG7P5Y0U2SB0NLRRNUS8D.pcm
SwiftExplicitDependencyGeneratePcm arm64 /Users/admin/builder/spi-builder-workspace/.derivedData/ModuleCache.noindex/_AvailabilityInternal-49JXO42GO5EE05SS0BFZMXAT0.pcm
SwiftExplicitDependencyGeneratePcm armv7k /Users/admin/builder/spi-builder-workspace/.derivedData/ModuleCache.noindex/_SwiftConcurrencyShims-34BW5B3N4ME8RPD94LF1DJDAY.pcm
SwiftExplicitDependencyGeneratePcm arm64_32 /Users/admin/builder/spi-builder-workspace/.derivedData/ModuleCache.noindex/_AvailabilityInternal-5LMFQXSOEWTNP2WQD9X3R6G9V.pcm
SwiftExplicitDependencyGeneratePcm arm64 /Users/admin/builder/spi-builder-workspace/.derivedData/ModuleCache.noindex/ptrcheck-25G9UKYRUO05KH10QOH4FGAUZ.pcm
SwiftExplicitDependencyGeneratePcm arm64 /Users/admin/builder/spi-builder-workspace/.derivedData/ModuleCache.noindex/_SwiftConcurrencyShims-7ALKLR1PIFO5J4SW3KQ6Y4AJG.pcm
SwiftExplicitDependencyGeneratePcm armv7k /Users/admin/builder/spi-builder-workspace/.derivedData/ModuleCache.noindex/ptrcheck-277KJ347AAN646WEI7A9UJ5FC.pcm
SwiftExplicitDependencyGeneratePcm arm64 /Users/admin/builder/spi-builder-workspace/.derivedData/ModuleCache.noindex/ptrauth-AZOC4KDLTSH1EBPLHX00G8RYK.pcm
SwiftExplicitDependencyGeneratePcm arm64_32 /Users/admin/builder/spi-builder-workspace/.derivedData/ModuleCache.noindex/_Builtin_stddef-BXR3IJQOHMRYOLM4N7MN5BNRA.pcm
SwiftExplicitDependencyGeneratePcm arm64 /Users/admin/builder/spi-builder-workspace/.derivedData/ModuleCache.noindex/_Builtin_stdbool-BEDP0HYLPMOW1KA79UUONKUXV.pcm
SwiftExplicitDependencyGeneratePcm arm64_32 /Users/admin/builder/spi-builder-workspace/.derivedData/ModuleCache.noindex/_SwiftConcurrencyShims-C6AKDQ01ZL7ACRWDOQURC81SL.pcm
SwiftExplicitDependencyGeneratePcm arm64 /Users/admin/builder/spi-builder-workspace/.derivedData/ModuleCache.noindex/_DarwinFoundation1-DQUYUB84QOVIRXRA9OG5MM2LK.pcm
SwiftExplicitDependencyGeneratePcm arm64_32 /Users/admin/builder/spi-builder-workspace/.derivedData/ModuleCache.noindex/_DarwinFoundation1-4GCOXBJG9J3J7FMDJRFQ39VU5.pcm
SwiftExplicitDependencyGeneratePcm armv7k /Users/admin/builder/spi-builder-workspace/.derivedData/ModuleCache.noindex/_DarwinFoundation1-A7O8KDJUE7ARRXS8NOXSYB9VX.pcm
SwiftExplicitDependencyGeneratePcm arm64 /Users/admin/builder/spi-builder-workspace/.derivedData/ModuleCache.noindex/_Builtin_limits-AP26PV63HSRVSQ7TRCY82QG1.pcm
SwiftExplicitDependencyGeneratePcm arm64 /Users/admin/builder/spi-builder-workspace/.derivedData/ModuleCache.noindex/_DarwinFoundation2-80840ULHW51G5IT8J12342PIK.pcm
SwiftExplicitDependencyGeneratePcm armv7k /Users/admin/builder/spi-builder-workspace/.derivedData/ModuleCache.noindex/_DarwinFoundation2-A56EC5QAXU35TAIAYWQSJNGDQ.pcm
SwiftExplicitDependencyGeneratePcm armv7k /Users/admin/builder/spi-builder-workspace/.derivedData/ModuleCache.noindex/_Builtin_limits-3MR77B9OJYE52QCHMTEJGHDVO.pcm
SwiftExplicitDependencyGeneratePcm arm64_32 /Users/admin/builder/spi-builder-workspace/.derivedData/ModuleCache.noindex/_DarwinFoundation2-6O8ENYLNVNLOLEZA7CQ07FVJC.pcm
SwiftExplicitDependencyGeneratePcm arm64_32 /Users/admin/builder/spi-builder-workspace/.derivedData/ModuleCache.noindex/_Builtin_limits-9QBLMNQPNUET1R6EJ20UP4RBF.pcm
SwiftExplicitDependencyGeneratePcm armv7k /Users/admin/builder/spi-builder-workspace/.derivedData/ModuleCache.noindex/DeveloperToolsSupport-6955TRVJYU5POT5ARLYSOT0XX.pcm
SwiftExplicitDependencyGeneratePcm armv7k /Users/admin/builder/spi-builder-workspace/.derivedData/ModuleCache.noindex/SQLite3-BPCZAXCGGV5JFV1OKBY9HBCGV.pcm
SwiftExplicitDependencyGeneratePcm arm64 /Users/admin/builder/spi-builder-workspace/.derivedData/ModuleCache.noindex/SQLite3-8XO6O4XEDC0VBER4QBP3J6HO8.pcm
SwiftExplicitDependencyGeneratePcm arm64 /Users/admin/builder/spi-builder-workspace/.derivedData/ModuleCache.noindex/DeveloperToolsSupport-BPCG16PZYHCQBK3NSZK460FI6.pcm
SwiftExplicitDependencyGeneratePcm arm64 /Users/admin/builder/spi-builder-workspace/.derivedData/ModuleCache.noindex/_Builtin_tgmath-875KMPQODF2Y8C4RO44HAYIGM.pcm
SwiftExplicitDependencyGeneratePcm arm64_32 /Users/admin/builder/spi-builder-workspace/.derivedData/ModuleCache.noindex/DeveloperToolsSupport-10G5TWFPFP97OMZA0JIFTGXA2.pcm
SwiftExplicitDependencyGeneratePcm arm64 /Users/admin/builder/spi-builder-workspace/.derivedData/ModuleCache.noindex/sys_types-1WIE6CJJATPH5UNEDGBCYU6CW.pcm
SwiftExplicitDependencyGeneratePcm arm64 /Users/admin/builder/spi-builder-workspace/.derivedData/ModuleCache.noindex/_Builtin_stdint-E1KR6MVRRMJEZVROW2AY9NSTP.pcm
SwiftExplicitDependencyGeneratePcm arm64_32 /Users/admin/builder/spi-builder-workspace/.derivedData/ModuleCache.noindex/SQLite3-EYF10HPYK4M9M804BC03HHCQ8.pcm
SwiftExplicitDependencyGeneratePcm arm64_32 /Users/admin/builder/spi-builder-workspace/.derivedData/ModuleCache.noindex/_Builtin_tgmath-BCFDM4ECVKP4B1RVZ5CJL9GDV.pcm
SwiftExplicitDependencyGeneratePcm arm64_32 /Users/admin/builder/spi-builder-workspace/.derivedData/ModuleCache.noindex/_Builtin_stdint-EL733HJGRA7EHAZMIVNP4V21V.pcm
SwiftExplicitDependencyGeneratePcm armv7k /Users/admin/builder/spi-builder-workspace/.derivedData/ModuleCache.noindex/_Builtin_tgmath-BBXX1LO5MCOJYBCYGNVGYRS44.pcm
SwiftExplicitDependencyGeneratePcm armv7k /Users/admin/builder/spi-builder-workspace/.derivedData/ModuleCache.noindex/sys_types-6PB659H4601JDYFSQZNAVS4UF.pcm
SwiftExplicitDependencyGeneratePcm arm64_32 /Users/admin/builder/spi-builder-workspace/.derivedData/ModuleCache.noindex/sys_types-4TMG15N8XQOBNXWGDIBI4BFJ8.pcm
SwiftExplicitDependencyGeneratePcm armv7k /Users/admin/builder/spi-builder-workspace/.derivedData/ModuleCache.noindex/_Builtin_stdint-5K07UQVF6TFI9F3WAD6F8EAYC.pcm
SwiftExplicitDependencyGeneratePcm arm64 /Users/admin/builder/spi-builder-workspace/.derivedData/ModuleCache.noindex/_Builtin_intrinsics-32PP989PTXJLZAPSY5ZQ1D98U.pcm
SwiftExplicitDependencyGeneratePcm arm64 /Users/admin/builder/spi-builder-workspace/.derivedData/ModuleCache.noindex/_DarwinFoundation3-7Y66H1RAQKTRLCOB2LF7Q95AR.pcm
SwiftExplicitDependencyGeneratePcm arm64 /Users/admin/builder/spi-builder-workspace/.derivedData/ModuleCache.noindex/_Builtin_stdatomic-AG4FVKSI0QZSEF1FWNNC31C4F.pcm
SwiftExplicitDependencyGeneratePcm arm64_32 /Users/admin/builder/spi-builder-workspace/.derivedData/ModuleCache.noindex/_Builtin_stdatomic-A7IOSW07WP730JUDWD686RHYV.pcm
SwiftExplicitDependencyGeneratePcm arm64_32 /Users/admin/builder/spi-builder-workspace/.derivedData/ModuleCache.noindex/_DarwinFoundation3-49GG6POEGBG4J8BVW38U0HOW7.pcm
SwiftExplicitDependencyGeneratePcm arm64_32 /Users/admin/builder/spi-builder-workspace/.derivedData/ModuleCache.noindex/_Builtin_intrinsics-8CXI1NZSVW3UXPEG8DQ1QPEIL.pcm
SwiftExplicitDependencyGeneratePcm armv7k /Users/admin/builder/spi-builder-workspace/.derivedData/ModuleCache.noindex/_DarwinFoundation3-6KJCNS2LMI423M55A4R7ISJ7W.pcm
SwiftExplicitDependencyGeneratePcm armv7k /Users/admin/builder/spi-builder-workspace/.derivedData/ModuleCache.noindex/_Builtin_stdatomic-79V6MPIQ0SW7QPW3RQ409UUVC.pcm
SwiftExplicitDependencyGeneratePcm armv7k /Users/admin/builder/spi-builder-workspace/.derivedData/ModuleCache.noindex/_Builtin_intrinsics-2EF3BRM3KBO4RIOYMDAX4X758.pcm
SwiftExplicitDependencyGeneratePcm arm64 /Users/admin/builder/spi-builder-workspace/.derivedData/ModuleCache.noindex/_Builtin_inttypes-2BQH3PWWI5NL99AO9W581KKUT.pcm
SwiftExplicitDependencyGeneratePcm arm64_32 /Users/admin/builder/spi-builder-workspace/.derivedData/ModuleCache.noindex/_Builtin_inttypes-AP64DOOYB9O8TK0PDUD06EUT0.pcm
SwiftExplicitDependencyGeneratePcm armv7k /Users/admin/builder/spi-builder-workspace/.derivedData/ModuleCache.noindex/_Builtin_inttypes-9E5KLM6TJZ4NSPVKMLSXNWSI.pcm
SwiftExplicitDependencyGeneratePcm arm64 /Users/admin/builder/spi-builder-workspace/.derivedData/ModuleCache.noindex/Darwin-5L2JC6PNUNUBZL7U0PCA0NTBM.pcm
SwiftExplicitDependencyGeneratePcm arm64_32 /Users/admin/builder/spi-builder-workspace/.derivedData/ModuleCache.noindex/Darwin-BZIF2D19LUNZQRDOCTX4CC7A1.pcm
SwiftExplicitDependencyGeneratePcm armv7k /Users/admin/builder/spi-builder-workspace/.derivedData/ModuleCache.noindex/Darwin-5CVKLEEDDW1N5A1493QZKUJ8W.pcm
SwiftExplicitDependencyGeneratePcm armv7k /Users/admin/builder/spi-builder-workspace/.derivedData/ModuleCache.noindex/simd-DN2BEK8CY5PCQS4CXKMMP88C8.pcm
SwiftExplicitDependencyGeneratePcm arm64 /Users/admin/builder/spi-builder-workspace/.derivedData/ModuleCache.noindex/simd-652I2QQAEFCCD61CZEAU0R0Y7.pcm
SwiftExplicitDependencyGeneratePcm arm64_32 /Users/admin/builder/spi-builder-workspace/.derivedData/ModuleCache.noindex/simd-D8M4OMNZH1NG77K0BT588XWYL.pcm
SwiftExplicitDependencyGeneratePcm arm64_32 /Users/admin/builder/spi-builder-workspace/.derivedData/ModuleCache.noindex/MachO-A9YWLL49Q0MF47KT33QTCE3H7.pcm
SwiftExplicitDependencyGeneratePcm arm64_32 /Users/admin/builder/spi-builder-workspace/.derivedData/ModuleCache.noindex/ObjectiveC-59FECUIIUA0E48I4X1TVDQ2U5.pcm
SwiftExplicitDependencyGeneratePcm arm64_32 /Users/admin/builder/spi-builder-workspace/.derivedData/ModuleCache.noindex/Compression-1YVVJX10WFUQR02OY4RWPCG13.pcm
SwiftExplicitDependencyGeneratePcm arm64 /Users/admin/builder/spi-builder-workspace/.derivedData/ModuleCache.noindex/ObjectiveC-6MO1IYPU70XC3GJNUPQ7XHZJ7.pcm
SwiftExplicitDependencyGeneratePcm arm64 /Users/admin/builder/spi-builder-workspace/.derivedData/ModuleCache.noindex/Compression-DQBD1DDBELTCGXYXNNS9Z712G.pcm
SwiftExplicitDependencyGeneratePcm arm64 /Users/admin/builder/spi-builder-workspace/.derivedData/ModuleCache.noindex/MachO-OEHWLHZ4YRMESBUKL2Y7JP9B.pcm
SwiftExplicitDependencyGeneratePcm armv7k /Users/admin/builder/spi-builder-workspace/.derivedData/ModuleCache.noindex/Compression-5GJDA64076DJNKSIU2HHH4WM0.pcm
SwiftExplicitDependencyGeneratePcm armv7k /Users/admin/builder/spi-builder-workspace/.derivedData/ModuleCache.noindex/ObjectiveC-8ZVKFPFMHMW6PD0PWJ7WIC3G5.pcm
SwiftExplicitDependencyGeneratePcm armv7k /Users/admin/builder/spi-builder-workspace/.derivedData/ModuleCache.noindex/MachO-2TUFLAYMXN3ZUVIT2OWS6Z904.pcm
SwiftExplicitDependencyGeneratePcm arm64_32 /Users/admin/builder/spi-builder-workspace/.derivedData/ModuleCache.noindex/os_object-5VYKPBIDDHSVL93CHQNMVMG2A.pcm
SwiftExplicitDependencyGeneratePcm arm64 /Users/admin/builder/spi-builder-workspace/.derivedData/ModuleCache.noindex/os_object-9Z9NN1HFZ97KSMZMZ0K31MG61.pcm
SwiftExplicitDependencyGeneratePcm armv7k /Users/admin/builder/spi-builder-workspace/.derivedData/ModuleCache.noindex/Spatial-6WAHBWK6C2SO0CIRXM5IHEPHY.pcm
SwiftExplicitDependencyGeneratePcm armv7k /Users/admin/builder/spi-builder-workspace/.derivedData/ModuleCache.noindex/os_object-C248JNPLL8YZQHUBLVA551DIH.pcm
SwiftExplicitDependencyGeneratePcm arm64 /Users/admin/builder/spi-builder-workspace/.derivedData/ModuleCache.noindex/os_workgroup-2LZKS0O877VMOVI8CPS12YQYF.pcm
SwiftExplicitDependencyGeneratePcm arm64_32 /Users/admin/builder/spi-builder-workspace/.derivedData/ModuleCache.noindex/os_workgroup-7FLDQ2ABY2XAGMNEBVKSIQRFR.pcm
SwiftExplicitDependencyGeneratePcm arm64 /Users/admin/builder/spi-builder-workspace/.derivedData/ModuleCache.noindex/Spatial-7KUQSNUQQWGGWPGKC0XWM94E6.pcm
SwiftExplicitDependencyGeneratePcm arm64_32 /Users/admin/builder/spi-builder-workspace/.derivedData/ModuleCache.noindex/Spatial-9PUQVG6FJPWAPTPR5S265YNBT.pcm
SwiftExplicitDependencyGeneratePcm armv7k /Users/admin/builder/spi-builder-workspace/.derivedData/ModuleCache.noindex/os_workgroup-B76E3R93ADTCLAEU11ROVACKB.pcm
SwiftExplicitDependencyGeneratePcm arm64 /Users/admin/builder/spi-builder-workspace/.derivedData/ModuleCache.noindex/Dispatch-CRGXH1IATECPMP3G8FEPG1NIT.pcm
SwiftExplicitDependencyGeneratePcm arm64_32 /Users/admin/builder/spi-builder-workspace/.derivedData/ModuleCache.noindex/Dispatch-A02SSMS2JBGHOSUC3OD8BH8SZ.pcm
SwiftExplicitDependencyGeneratePcm armv7k /Users/admin/builder/spi-builder-workspace/.derivedData/ModuleCache.noindex/Dispatch-45TSF010J4D8LFQPOSEXWN54U.pcm
SwiftExplicitDependencyGeneratePcm arm64_32 /Users/admin/builder/spi-builder-workspace/.derivedData/ModuleCache.noindex/CoreFoundation-DD1XZD6BVLMD6XYTVU72T1HSW.pcm
SwiftExplicitDependencyGeneratePcm arm64_32 /Users/admin/builder/spi-builder-workspace/.derivedData/ModuleCache.noindex/dnssd-4DZDHCE7CGG2RX4M9LBLKCOXH.pcm
SwiftExplicitDependencyGeneratePcm arm64_32 /Users/admin/builder/spi-builder-workspace/.derivedData/ModuleCache.noindex/XPC-5WXLZUXWADUX6QGCUNJNMLMBN.pcm
SwiftExplicitDependencyGeneratePcm arm64 /Users/admin/builder/spi-builder-workspace/.derivedData/ModuleCache.noindex/XPC-8KX8CNN5YR9516EZ6KJ4WRO0.pcm
SwiftExplicitDependencyGeneratePcm arm64 /Users/admin/builder/spi-builder-workspace/.derivedData/ModuleCache.noindex/CoreFoundation-BRWCSK5B7QKM2VJU39HAKYWNY.pcm
SwiftExplicitDependencyGeneratePcm arm64 /Users/admin/builder/spi-builder-workspace/.derivedData/ModuleCache.noindex/dnssd-ABB1BH79HMM1W5BDE1ZIACI07.pcm
SwiftExplicitDependencyGeneratePcm armv7k /Users/admin/builder/spi-builder-workspace/.derivedData/ModuleCache.noindex/CoreFoundation-BTFE75LD5OCTC057V5S85YIYO.pcm
SwiftExplicitDependencyGeneratePcm armv7k /Users/admin/builder/spi-builder-workspace/.derivedData/ModuleCache.noindex/dnssd-7PK90CWUU0TV1CV9YCWAKNVDL.pcm
SwiftExplicitDependencyGeneratePcm armv7k /Users/admin/builder/spi-builder-workspace/.derivedData/ModuleCache.noindex/XPC-E02RA42V5WX3OGIG16YQ1Y7QR.pcm
SwiftExplicitDependencyGeneratePcm arm64 /Users/admin/builder/spi-builder-workspace/.derivedData/ModuleCache.noindex/os-7CNOEJV2C3FKDO5FOM8SJ613C.pcm
SwiftExplicitDependencyGeneratePcm arm64_32 /Users/admin/builder/spi-builder-workspace/.derivedData/ModuleCache.noindex/os-C0MX9TM09DUTHNLPAUH177VUS.pcm
SwiftExplicitDependencyGeneratePcm armv7k /Users/admin/builder/spi-builder-workspace/.derivedData/ModuleCache.noindex/os-9300DNQ6QU5EWBGBPV0B8GBWY.pcm
SwiftExplicitDependencyGeneratePcm arm64 /Users/admin/builder/spi-builder-workspace/.derivedData/ModuleCache.noindex/Security-CFR0WEFRRR7SKK31ZDTCM9YEM.pcm
SwiftExplicitDependencyGeneratePcm arm64 /Users/admin/builder/spi-builder-workspace/.derivedData/ModuleCache.noindex/CoreGraphics-7GYWD9NTW9LNJD2HGZYAT49R2.pcm
SwiftExplicitDependencyGeneratePcm arm64_32 /Users/admin/builder/spi-builder-workspace/.derivedData/ModuleCache.noindex/Security-DRFNZQ73ADY1KPAAA36MF3770.pcm
SwiftExplicitDependencyGeneratePcm arm64_32 /Users/admin/builder/spi-builder-workspace/.derivedData/ModuleCache.noindex/CoreGraphics-4Y9SOPQVPK5UJYYWPGWJBJC8A.pcm
SwiftExplicitDependencyGeneratePcm armv7k /Users/admin/builder/spi-builder-workspace/.derivedData/ModuleCache.noindex/CoreGraphics-E9CR6MGDYWJMBJA21AA8PRFX4.pcm
SwiftExplicitDependencyGeneratePcm armv7k /Users/admin/builder/spi-builder-workspace/.derivedData/ModuleCache.noindex/Security-5S473XEN72XJK8GXE9AM1PMX8.pcm
SwiftExplicitDependencyGeneratePcm arm64 /Users/admin/builder/spi-builder-workspace/.derivedData/ModuleCache.noindex/Foundation-4ZX5UQAQAK0CJIE6HI2MO8A7P.pcm
SwiftExplicitDependencyGeneratePcm arm64_32 /Users/admin/builder/spi-builder-workspace/.derivedData/ModuleCache.noindex/Foundation-E3OHXW3JFBDTOGH7UVPJMLO48.pcm
SwiftExplicitDependencyGeneratePcm arm64 /Users/admin/builder/spi-builder-workspace/.derivedData/ModuleCache.noindex/CoreText-B90IRCUF4800D84JT7NOTPQAF.pcm
SwiftExplicitDependencyGeneratePcm arm64 /Users/admin/builder/spi-builder-workspace/.derivedData/ModuleCache.noindex/CoreVideo-4TAM1H8IJXM71HTUMRJAOG5FD.pcm
SwiftExplicitDependencyGeneratePcm arm64_32 /Users/admin/builder/spi-builder-workspace/.derivedData/ModuleCache.noindex/CoreText-GH8FKDA2XD8PPDF0TDBZ1HPL.pcm
SwiftExplicitDependencyGeneratePcm arm64_32 /Users/admin/builder/spi-builder-workspace/.derivedData/ModuleCache.noindex/CoreVideo-2SOEGYGNEV0NT07D97832826W.pcm
SwiftExplicitDependencyGeneratePcm armv7k /Users/admin/builder/spi-builder-workspace/.derivedData/ModuleCache.noindex/Foundation-8ABBH198ONYC0P7PTS9VDZZG2.pcm
SwiftExplicitDependencyGeneratePcm armv7k /Users/admin/builder/spi-builder-workspace/.derivedData/ModuleCache.noindex/CoreVideo-6NG2V830MEDJB3YVWQGJ9IEBB.pcm
SwiftExplicitDependencyGeneratePcm armv7k /Users/admin/builder/spi-builder-workspace/.derivedData/ModuleCache.noindex/CoreText-ASK1LZGVJ2IAPCYJAMBKBVF3H.pcm
SwiftExplicitDependencyGeneratePcm arm64 /Users/admin/builder/spi-builder-workspace/.derivedData/ModuleCache.noindex/OSLog-3A8UGAB3RXXROZ2EY12HE5CD0.pcm
SwiftExplicitDependencyGeneratePcm arm64 /Users/admin/builder/spi-builder-workspace/.derivedData/ModuleCache.noindex/Accessibility-EXEDT5X2KV400TACGEN40C4H6.pcm
SwiftExplicitDependencyGeneratePcm arm64 /Users/admin/builder/spi-builder-workspace/.derivedData/ModuleCache.noindex/Network-13OHP0QK5W8XMZZXNPDCJSKU2.pcm
SwiftExplicitDependencyGeneratePcm arm64 /Users/admin/builder/spi-builder-workspace/.derivedData/ModuleCache.noindex/DataDetection-1KF36064QQP5Z6F6PQFUH0QD8.pcm
SwiftExplicitDependencyGeneratePcm arm64 /Users/admin/builder/spi-builder-workspace/.derivedData/ModuleCache.noindex/UserNotifications-51QOMTRE36IE129V7EQL7HWXH.pcm
SwiftExplicitDependencyGeneratePcm arm64 /Users/admin/builder/spi-builder-workspace/.derivedData/ModuleCache.noindex/UniformTypeIdentifiers-AXBRC5FZ8SG7IUAUC994MP8VS.pcm
SwiftExplicitDependencyGeneratePcm arm64 /Users/admin/builder/spi-builder-workspace/.derivedData/ModuleCache.noindex/UIUtilities-DYUIL26WS81POBNR97PSHRL22.pcm
SwiftEmitModule normal arm64 Emitting\ module\ for\ AEPRulesEngine (in target 'AEPRulesEngine' from project 'AEPRulesEngine')
EmitSwiftModule normal arm64 (in target 'AEPRulesEngine' from project 'AEPRulesEngine')
cd /Users/admin/builder/spi-builder-workspace/.swiftpm/xcode
SwiftExplicitDependencyGeneratePcm arm64 /Users/admin/builder/spi-builder-workspace/.derivedData/ModuleCache.noindex/CoreTransferable-ANYOMKIPU7D239355JOOUBQ0Z.pcm
SwiftEmitModule normal arm64_32 Emitting\ module\ for\ AEPRulesEngine (in target 'AEPRulesEngine' from project 'AEPRulesEngine')
EmitSwiftModule normal arm64_32 (in target 'AEPRulesEngine' from project 'AEPRulesEngine')
cd /Users/admin/builder/spi-builder-workspace/.swiftpm/xcode
SwiftEmitModule normal armv7k Emitting\ module\ for\ AEPRulesEngine (in target 'AEPRulesEngine' from project 'AEPRulesEngine')
EmitSwiftModule normal armv7k (in target 'AEPRulesEngine' from project 'AEPRulesEngine')
cd /Users/admin/builder/spi-builder-workspace/.swiftpm/xcode
SwiftExplicitDependencyGeneratePcm arm64_32 /Users/admin/builder/spi-builder-workspace/.derivedData/ModuleCache.noindex/Network-E2HOI6HOM3UKZDQA14HDVIMKW.pcm
SwiftExplicitDependencyGeneratePcm armv7k /Users/admin/builder/spi-builder-workspace/.derivedData/ModuleCache.noindex/OSLog-AW4UZ8O2A6HRRIOOQWITEDLRS.pcm
SwiftExplicitDependencyGeneratePcm arm64_32 /Users/admin/builder/spi-builder-workspace/.derivedData/ModuleCache.noindex/DataDetection-F3I42ZPXQYKFK2PAOSAP36XXD.pcm
SwiftExplicitDependencyGeneratePcm armv7k /Users/admin/builder/spi-builder-workspace/.derivedData/ModuleCache.noindex/Accessibility-524Z4UOZGAVFDRWNWPO2ZE54B.pcm
SwiftExplicitDependencyGeneratePcm armv7k /Users/admin/builder/spi-builder-workspace/.derivedData/ModuleCache.noindex/QuartzCore-7E685IFNWHPZXG75CB3UYEBL1.pcm
SwiftExplicitDependencyGeneratePcm armv7k /Users/admin/builder/spi-builder-workspace/.derivedData/ModuleCache.noindex/DataDetection-5C78N46OFRNDWLXMCURZDOSFP.pcm
SwiftExplicitDependencyGeneratePcm arm64_32 /Users/admin/builder/spi-builder-workspace/.derivedData/ModuleCache.noindex/Symbols-6HBAMERU2S2C7L5ZZJOGNZTJS.pcm
SwiftExplicitDependencyGeneratePcm arm64_32 /Users/admin/builder/spi-builder-workspace/.derivedData/ModuleCache.noindex/UIUtilities-AO1SW230KYK2W8RX1I0H76B7M.pcm
SwiftExplicitDependencyGeneratePcm armv7k /Users/admin/builder/spi-builder-workspace/.derivedData/ModuleCache.noindex/UIUtilities-19VUJE7P3JH57QHW7HFCC748T.pcm
SwiftExplicitDependencyGeneratePcm arm64_32 /Users/admin/builder/spi-builder-workspace/.derivedData/ModuleCache.noindex/UserNotifications-DOLD34KEBL13J2G1IISLAQ3D8.pcm
SwiftExplicitDependencyGeneratePcm armv7k /Users/admin/builder/spi-builder-workspace/.derivedData/ModuleCache.noindex/Network-DT4VOCIO72XBN2H0YQ0KS78V8.pcm
SwiftExplicitDependencyGeneratePcm arm64_32 /Users/admin/builder/spi-builder-workspace/.derivedData/ModuleCache.noindex/CoreTransferable-3O9Q8RQRWR11EZDJIFV1ATB65.pcm
SwiftExplicitDependencyGeneratePcm arm64_32 /Users/admin/builder/spi-builder-workspace/.derivedData/ModuleCache.noindex/OSLog-BE8T7C0971QFHFOFDVPB90BP1.pcm
SwiftExplicitDependencyGeneratePcm armv7k /Users/admin/builder/spi-builder-workspace/.derivedData/ModuleCache.noindex/UniformTypeIdentifiers-9Q9GN3YKXXKZESYAIJYF0W2LY.pcm
SwiftExplicitDependencyGeneratePcm armv7k /Users/admin/builder/spi-builder-workspace/.derivedData/ModuleCache.noindex/CoreTransferable-6ZFNWP2L8I0STXOTD9VCSZEO6.pcm
SwiftExplicitDependencyGeneratePcm armv7k /Users/admin/builder/spi-builder-workspace/.derivedData/ModuleCache.noindex/UserNotifications-21BOY2X223MYMN9USJZ2G6GYK.pcm
SwiftExplicitDependencyGeneratePcm armv7k /Users/admin/builder/spi-builder-workspace/.derivedData/ModuleCache.noindex/Symbols-D9XI73RX83DRJA2KPYJRONGO8.pcm
SwiftDriverJobDiscovery normal arm64 Emitting module for AEPRulesEngine (in target 'AEPRulesEngine' from project 'AEPRulesEngine')
SwiftExplicitDependencyGeneratePcm arm64_32 /Users/admin/builder/spi-builder-workspace/.derivedData/ModuleCache.noindex/Accessibility-D2CMLM3NJD4D3PWN8ZC04JR3H.pcm
SwiftDriver\ Compilation\ Requirements AEPRulesEngine normal arm64 com.apple.xcode.tools.swift.compiler (in target 'AEPRulesEngine' from project 'AEPRulesEngine')
cd /Users/admin/builder/spi-builder-workspace/.swiftpm/xcode
builtin-Swift-Compilation-Requirements -- /Applications/Xcode-26.5.0.app/Contents/Developer/Toolchains/XcodeDefault.xctoolchain/usr/bin/swiftc -module-name AEPRulesEngine -Onone @/Users/admin/builder/spi-builder-workspace/.derivedData/Build/Intermediates.noindex/AEPRulesEngine.build/Debug-watchos/AEPRulesEngine.build/Objects-normal/arm64/AEPRulesEngine.SwiftFileList -DSWIFT_PACKAGE -DDEBUG -DSWIFT_MODULE_RESOURCE_BUNDLE_UNAVAILABLE -DXcode -plugin-path /Applications/Xcode-26.5.0.app/Contents/Developer/Toolchains/XcodeDefault.xctoolchain/usr/lib/swift/host/plugins/testing -enable-experimental-feature DebugDescriptionMacro -sdk /Applications/Xcode-26.5.0.app/Contents/Developer/Platforms/WatchOS.platform/Developer/SDKs/WatchOS26.5.sdk -target arm64-apple-watchos5.0 -g -module-cache-path /Users/admin/builder/spi-builder-workspace/.derivedData/ModuleCache.noindex -Xfrontend -serialize-debugging-options -enable-testing -suppress-warnings -index-store-path /Users/admin/builder/spi-builder-workspace/.derivedData/Index.noindex/DataStore -Xcc -D_LIBCPP_HARDENING_MODE\=_LIBCPP_HARDENING_MODE_DEBUG -swift-version 5 -I /Users/admin/builder/spi-builder-workspace/.derivedData/Build/Products/Debug-watchos -Isystem /Applications/Xcode-26.5.0.app/Contents/Developer/Platforms/WatchOS.platform/Developer/usr/lib -F /Users/admin/builder/spi-builder-workspace/.derivedData/Build/Products/Debug-watchos -F /Applications/Xcode-26.5.0.app/Contents/Developer/Platforms/WatchOS.platform/Developer/Library/Frameworks -F /Applications/Xcode-26.5.0.app/Contents/Developer/Platforms/WatchOS.platform/Developer/SDKs/WatchOS26.5.sdk/Developer/Library/Frameworks -c -j10 -enable-batch-mode -incremental -Xcc -ivfsstatcache -Xcc /Users/admin/builder/spi-builder-workspace/.derivedData/SDKStatCaches.noindex/watchos26.5-23T570-688ef53f1462e2c8f657fdc38a81448f7931b973dfc65d9472806dbbc3af9379.sdkstatcache -output-file-map /Users/admin/builder/spi-builder-workspace/.derivedData/Build/Intermediates.noindex/AEPRulesEngine.build/Debug-watchos/AEPRulesEngine.build/Objects-normal/arm64/AEPRulesEngine-OutputFileMap.json -use-frontend-parseable-output -save-temps -no-color-diagnostics -explicit-module-build -module-cache-path /Users/admin/builder/spi-builder-workspace/.derivedData/Build/Intermediates.noindex/SwiftExplicitPrecompiledModules -clang-scanner-module-cache-path /Users/admin/builder/spi-builder-workspace/.derivedData/ModuleCache.noindex -sdk-module-cache-path /Users/admin/builder/spi-builder-workspace/.derivedData/ModuleCache.noindex -serialize-diagnostics -emit-dependencies -emit-module -emit-module-path /Users/admin/builder/spi-builder-workspace/.derivedData/Build/Intermediates.noindex/AEPRulesEngine.build/Debug-watchos/AEPRulesEngine.build/Objects-normal/arm64/AEPRulesEngine.swiftmodule -validate-clang-modules-once -clang-build-session-file /Users/admin/builder/spi-builder-workspace/.derivedData/ModuleCache.noindex/Session.modulevalidation -Xcc -I/Users/admin/builder/spi-builder-workspace/.derivedData/Build/Intermediates.noindex/AEPRulesEngine.build/Debug-watchos/AEPRulesEngine.build/swift-overrides.hmap -emit-const-values -Xfrontend -const-gather-protocols-file -Xfrontend /Users/admin/builder/spi-builder-workspace/.derivedData/Build/Intermediates.noindex/AEPRulesEngine.build/Debug-watchos/AEPRulesEngine.build/Objects-normal/arm64/AEPRulesEngine_const_extract_protocols.json -Xcc -I/Users/admin/builder/spi-builder-workspace/.derivedData/Build/Products/Debug-watchos/include -Xcc -I/Users/admin/builder/spi-builder-workspace/.derivedData/Build/Intermediates.noindex/AEPRulesEngine.build/Debug-watchos/AEPRulesEngine.build/DerivedSources-normal/arm64 -Xcc -I/Users/admin/builder/spi-builder-workspace/.derivedData/Build/Intermediates.noindex/AEPRulesEngine.build/Debug-watchos/AEPRulesEngine.build/DerivedSources/arm64 -Xcc -I/Users/admin/builder/spi-builder-workspace/.derivedData/Build/Intermediates.noindex/AEPRulesEngine.build/Debug-watchos/AEPRulesEngine.build/DerivedSources -Xcc -DSWIFT_PACKAGE -Xcc -DDEBUG\=1 -emit-objc-header -emit-objc-header-path /Users/admin/builder/spi-builder-workspace/.derivedData/Build/Intermediates.noindex/AEPRulesEngine.build/Debug-watchos/AEPRulesEngine.build/Objects-normal/arm64/AEPRulesEngine-Swift.h -working-directory /Users/admin/builder/spi-builder-workspace/.swiftpm/xcode -experimental-emit-module-separately -disable-cmo
SwiftExplicitDependencyGeneratePcm arm64_32 /Users/admin/builder/spi-builder-workspace/.derivedData/ModuleCache.noindex/QuartzCore-8C6Q6KH54TODD8B4HJ67KAM7T.pcm
Copy /Users/admin/builder/spi-builder-workspace/.derivedData/Build/Products/Debug-watchos/AEPRulesEngine.swiftmodule/arm64-apple-watchos.swiftmodule /Users/admin/builder/spi-builder-workspace/.derivedData/Build/Intermediates.noindex/AEPRulesEngine.build/Debug-watchos/AEPRulesEngine.build/Objects-normal/arm64/AEPRulesEngine.swiftmodule (in target 'AEPRulesEngine' from project 'AEPRulesEngine')
cd /Users/admin/builder/spi-builder-workspace/.dependencies/checkouts/aepsdk-rulesengine-ios
builtin-copy -exclude .DS_Store -exclude CVS -exclude .svn -exclude .git -exclude .hg -resolve-src-symlinks -rename /Users/admin/builder/spi-builder-workspace/.derivedData/Build/Intermediates.noindex/AEPRulesEngine.build/Debug-watchos/AEPRulesEngine.build/Objects-normal/arm64/AEPRulesEngine.swiftmodule /Users/admin/builder/spi-builder-workspace/.derivedData/Build/Products/Debug-watchos/AEPRulesEngine.swiftmodule/arm64-apple-watchos.swiftmodule
SwiftDriverJobDiscovery normal arm64_32 Emitting module for AEPRulesEngine (in target 'AEPRulesEngine' from project 'AEPRulesEngine')
SwiftDriver\ Compilation\ Requirements AEPRulesEngine normal arm64_32 com.apple.xcode.tools.swift.compiler (in target 'AEPRulesEngine' from project 'AEPRulesEngine')
cd /Users/admin/builder/spi-builder-workspace/.swiftpm/xcode
builtin-Swift-Compilation-Requirements -- /Applications/Xcode-26.5.0.app/Contents/Developer/Toolchains/XcodeDefault.xctoolchain/usr/bin/swiftc -module-name AEPRulesEngine -Onone @/Users/admin/builder/spi-builder-workspace/.derivedData/Build/Intermediates.noindex/AEPRulesEngine.build/Debug-watchos/AEPRulesEngine.build/Objects-normal/arm64_32/AEPRulesEngine.SwiftFileList -DSWIFT_PACKAGE -DDEBUG -DSWIFT_MODULE_RESOURCE_BUNDLE_UNAVAILABLE -DXcode -plugin-path /Applications/Xcode-26.5.0.app/Contents/Developer/Toolchains/XcodeDefault.xctoolchain/usr/lib/swift/host/plugins/testing -enable-experimental-feature DebugDescriptionMacro -sdk /Applications/Xcode-26.5.0.app/Contents/Developer/Platforms/WatchOS.platform/Developer/SDKs/WatchOS26.5.sdk -target arm64_32-apple-watchos5.0 -g -module-cache-path /Users/admin/builder/spi-builder-workspace/.derivedData/ModuleCache.noindex -Xfrontend -serialize-debugging-options -enable-testing -suppress-warnings -index-store-path /Users/admin/builder/spi-builder-workspace/.derivedData/Index.noindex/DataStore -Xcc -D_LIBCPP_HARDENING_MODE\=_LIBCPP_HARDENING_MODE_DEBUG -swift-version 5 -I /Users/admin/builder/spi-builder-workspace/.derivedData/Build/Products/Debug-watchos -Isystem /Applications/Xcode-26.5.0.app/Contents/Developer/Platforms/WatchOS.platform/Developer/usr/lib -F /Users/admin/builder/spi-builder-workspace/.derivedData/Build/Products/Debug-watchos -F /Applications/Xcode-26.5.0.app/Contents/Developer/Platforms/WatchOS.platform/Developer/Library/Frameworks -F /Applications/Xcode-26.5.0.app/Contents/Developer/Platforms/WatchOS.platform/Developer/SDKs/WatchOS26.5.sdk/Developer/Library/Frameworks -c -j10 -enable-batch-mode -incremental -Xcc -ivfsstatcache -Xcc /Users/admin/builder/spi-builder-workspace/.derivedData/SDKStatCaches.noindex/watchos26.5-23T570-688ef53f1462e2c8f657fdc38a81448f7931b973dfc65d9472806dbbc3af9379.sdkstatcache -output-file-map /Users/admin/builder/spi-builder-workspace/.derivedData/Build/Intermediates.noindex/AEPRulesEngine.build/Debug-watchos/AEPRulesEngine.build/Objects-normal/arm64_32/AEPRulesEngine-OutputFileMap.json -use-frontend-parseable-output -save-temps -no-color-diagnostics -explicit-module-build -module-cache-path /Users/admin/builder/spi-builder-workspace/.derivedData/Build/Intermediates.noindex/SwiftExplicitPrecompiledModules -clang-scanner-module-cache-path /Users/admin/builder/spi-builder-workspace/.derivedData/ModuleCache.noindex -sdk-module-cache-path /Users/admin/builder/spi-builder-workspace/.derivedData/ModuleCache.noindex -serialize-diagnostics -emit-dependencies -emit-module -emit-module-path /Users/admin/builder/spi-builder-workspace/.derivedData/Build/Intermediates.noindex/AEPRulesEngine.build/Debug-watchos/AEPRulesEngine.build/Objects-normal/arm64_32/AEPRulesEngine.swiftmodule -validate-clang-modules-once -clang-build-session-file /Users/admin/builder/spi-builder-workspace/.derivedData/ModuleCache.noindex/Session.modulevalidation -Xcc -I/Users/admin/builder/spi-builder-workspace/.derivedData/Build/Intermediates.noindex/AEPRulesEngine.build/Debug-watchos/AEPRulesEngine.build/swift-overrides.hmap -emit-const-values -Xfrontend -const-gather-protocols-file -Xfrontend /Users/admin/builder/spi-builder-workspace/.derivedData/Build/Intermediates.noindex/AEPRulesEngine.build/Debug-watchos/AEPRulesEngine.build/Objects-normal/arm64_32/AEPRulesEngine_const_extract_protocols.json -Xcc -I/Users/admin/builder/spi-builder-workspace/.derivedData/Build/Products/Debug-watchos/include -Xcc -I/Users/admin/builder/spi-builder-workspace/.derivedData/Build/Intermediates.noindex/AEPRulesEngine.build/Debug-watchos/AEPRulesEngine.build/DerivedSources-normal/arm64_32 -Xcc -I/Users/admin/builder/spi-builder-workspace/.derivedData/Build/Intermediates.noindex/AEPRulesEngine.build/Debug-watchos/AEPRulesEngine.build/DerivedSources/arm64_32 -Xcc -I/Users/admin/builder/spi-builder-workspace/.derivedData/Build/Intermediates.noindex/AEPRulesEngine.build/Debug-watchos/AEPRulesEngine.build/DerivedSources -Xcc -DSWIFT_PACKAGE -Xcc -DDEBUG\=1 -emit-objc-header -emit-objc-header-path /Users/admin/builder/spi-builder-workspace/.derivedData/Build/Intermediates.noindex/AEPRulesEngine.build/Debug-watchos/AEPRulesEngine.build/Objects-normal/arm64_32/AEPRulesEngine-Swift.h -working-directory /Users/admin/builder/spi-builder-workspace/.swiftpm/xcode -experimental-emit-module-separately -disable-cmo
Copy /Users/admin/builder/spi-builder-workspace/.derivedData/Build/Products/Debug-watchos/AEPRulesEngine.swiftmodule/arm64-apple-watchos.swiftdoc /Users/admin/builder/spi-builder-workspace/.derivedData/Build/Intermediates.noindex/AEPRulesEngine.build/Debug-watchos/AEPRulesEngine.build/Objects-normal/arm64/AEPRulesEngine.swiftdoc (in target 'AEPRulesEngine' from project 'AEPRulesEngine')
cd /Users/admin/builder/spi-builder-workspace/.dependencies/checkouts/aepsdk-rulesengine-ios
builtin-copy -exclude .DS_Store -exclude CVS -exclude .svn -exclude .git -exclude .hg -resolve-src-symlinks -rename /Users/admin/builder/spi-builder-workspace/.derivedData/Build/Intermediates.noindex/AEPRulesEngine.build/Debug-watchos/AEPRulesEngine.build/Objects-normal/arm64/AEPRulesEngine.swiftdoc /Users/admin/builder/spi-builder-workspace/.derivedData/Build/Products/Debug-watchos/AEPRulesEngine.swiftmodule/arm64-apple-watchos.swiftdoc
Copy /Users/admin/builder/spi-builder-workspace/.derivedData/Build/Products/Debug-watchos/AEPRulesEngine.swiftmodule/arm64_32-apple-watchos.swiftmodule /Users/admin/builder/spi-builder-workspace/.derivedData/Build/Intermediates.noindex/AEPRulesEngine.build/Debug-watchos/AEPRulesEngine.build/Objects-normal/arm64_32/AEPRulesEngine.swiftmodule (in target 'AEPRulesEngine' from project 'AEPRulesEngine')
cd /Users/admin/builder/spi-builder-workspace/.dependencies/checkouts/aepsdk-rulesengine-ios
builtin-copy -exclude .DS_Store -exclude CVS -exclude .svn -exclude .git -exclude .hg -resolve-src-symlinks -rename /Users/admin/builder/spi-builder-workspace/.derivedData/Build/Intermediates.noindex/AEPRulesEngine.build/Debug-watchos/AEPRulesEngine.build/Objects-normal/arm64_32/AEPRulesEngine.swiftmodule /Users/admin/builder/spi-builder-workspace/.derivedData/Build/Products/Debug-watchos/AEPRulesEngine.swiftmodule/arm64_32-apple-watchos.swiftmodule
Copy /Users/admin/builder/spi-builder-workspace/.derivedData/Build/Products/Debug-watchos/AEPRulesEngine.swiftmodule/arm64_32-apple-watchos.swiftdoc /Users/admin/builder/spi-builder-workspace/.derivedData/Build/Intermediates.noindex/AEPRulesEngine.build/Debug-watchos/AEPRulesEngine.build/Objects-normal/arm64_32/AEPRulesEngine.swiftdoc (in target 'AEPRulesEngine' from project 'AEPRulesEngine')
cd /Users/admin/builder/spi-builder-workspace/.dependencies/checkouts/aepsdk-rulesengine-ios
builtin-copy -exclude .DS_Store -exclude CVS -exclude .svn -exclude .git -exclude .hg -resolve-src-symlinks -rename /Users/admin/builder/spi-builder-workspace/.derivedData/Build/Intermediates.noindex/AEPRulesEngine.build/Debug-watchos/AEPRulesEngine.build/Objects-normal/arm64_32/AEPRulesEngine.swiftdoc /Users/admin/builder/spi-builder-workspace/.derivedData/Build/Products/Debug-watchos/AEPRulesEngine.swiftmodule/arm64_32-apple-watchos.swiftdoc
Copy /Users/admin/builder/spi-builder-workspace/.derivedData/Build/Products/Debug-watchos/AEPRulesEngine.swiftmodule/arm64_32-apple-watchos.abi.json /Users/admin/builder/spi-builder-workspace/.derivedData/Build/Intermediates.noindex/AEPRulesEngine.build/Debug-watchos/AEPRulesEngine.build/Objects-normal/arm64_32/AEPRulesEngine.abi.json (in target 'AEPRulesEngine' from project 'AEPRulesEngine')
cd /Users/admin/builder/spi-builder-workspace/.dependencies/checkouts/aepsdk-rulesengine-ios
builtin-copy -exclude .DS_Store -exclude CVS -exclude .svn -exclude .git -exclude .hg -resolve-src-symlinks -rename /Users/admin/builder/spi-builder-workspace/.derivedData/Build/Intermediates.noindex/AEPRulesEngine.build/Debug-watchos/AEPRulesEngine.build/Objects-normal/arm64_32/AEPRulesEngine.abi.json /Users/admin/builder/spi-builder-workspace/.derivedData/Build/Products/Debug-watchos/AEPRulesEngine.swiftmodule/arm64_32-apple-watchos.abi.json
Copy /Users/admin/builder/spi-builder-workspace/.derivedData/Build/Products/Debug-watchos/AEPRulesEngine.swiftmodule/arm64-apple-watchos.abi.json /Users/admin/builder/spi-builder-workspace/.derivedData/Build/Intermediates.noindex/AEPRulesEngine.build/Debug-watchos/AEPRulesEngine.build/Objects-normal/arm64/AEPRulesEngine.abi.json (in target 'AEPRulesEngine' from project 'AEPRulesEngine')
cd /Users/admin/builder/spi-builder-workspace/.dependencies/checkouts/aepsdk-rulesengine-ios
builtin-copy -exclude .DS_Store -exclude CVS -exclude .svn -exclude .git -exclude .hg -resolve-src-symlinks -rename /Users/admin/builder/spi-builder-workspace/.derivedData/Build/Intermediates.noindex/AEPRulesEngine.build/Debug-watchos/AEPRulesEngine.build/Objects-normal/arm64/AEPRulesEngine.abi.json /Users/admin/builder/spi-builder-workspace/.derivedData/Build/Products/Debug-watchos/AEPRulesEngine.swiftmodule/arm64-apple-watchos.abi.json
Copy /Users/admin/builder/spi-builder-workspace/.derivedData/Build/Products/Debug-watchos/AEPRulesEngine.swiftmodule/Project/arm64_32-apple-watchos.swiftsourceinfo /Users/admin/builder/spi-builder-workspace/.derivedData/Build/Intermediates.noindex/AEPRulesEngine.build/Debug-watchos/AEPRulesEngine.build/Objects-normal/arm64_32/AEPRulesEngine.swiftsourceinfo (in target 'AEPRulesEngine' from project 'AEPRulesEngine')
cd /Users/admin/builder/spi-builder-workspace/.dependencies/checkouts/aepsdk-rulesengine-ios
builtin-copy -exclude .DS_Store -exclude CVS -exclude .svn -exclude .git -exclude .hg -resolve-src-symlinks -rename /Users/admin/builder/spi-builder-workspace/.derivedData/Build/Intermediates.noindex/AEPRulesEngine.build/Debug-watchos/AEPRulesEngine.build/Objects-normal/arm64_32/AEPRulesEngine.swiftsourceinfo /Users/admin/builder/spi-builder-workspace/.derivedData/Build/Products/Debug-watchos/AEPRulesEngine.swiftmodule/Project/arm64_32-apple-watchos.swiftsourceinfo
Copy /Users/admin/builder/spi-builder-workspace/.derivedData/Build/Products/Debug-watchos/AEPRulesEngine.swiftmodule/Project/arm64-apple-watchos.swiftsourceinfo /Users/admin/builder/spi-builder-workspace/.derivedData/Build/Intermediates.noindex/AEPRulesEngine.build/Debug-watchos/AEPRulesEngine.build/Objects-normal/arm64/AEPRulesEngine.swiftsourceinfo (in target 'AEPRulesEngine' from project 'AEPRulesEngine')
cd /Users/admin/builder/spi-builder-workspace/.dependencies/checkouts/aepsdk-rulesengine-ios
builtin-copy -exclude .DS_Store -exclude CVS -exclude .svn -exclude .git -exclude .hg -resolve-src-symlinks -rename /Users/admin/builder/spi-builder-workspace/.derivedData/Build/Intermediates.noindex/AEPRulesEngine.build/Debug-watchos/AEPRulesEngine.build/Objects-normal/arm64/AEPRulesEngine.swiftsourceinfo /Users/admin/builder/spi-builder-workspace/.derivedData/Build/Products/Debug-watchos/AEPRulesEngine.swiftmodule/Project/arm64-apple-watchos.swiftsourceinfo
SwiftExplicitDependencyGeneratePcm arm64 /Users/admin/builder/spi-builder-workspace/.derivedData/ModuleCache.noindex/Symbols-D58DSB3G3MDZHIS7TS1JGVDK.pcm
SwiftExplicitDependencyGeneratePcm arm64_32 /Users/admin/builder/spi-builder-workspace/.derivedData/ModuleCache.noindex/UniformTypeIdentifiers-B64C8W1VGIYRK7HJ4SJTY2NC7.pcm
SwiftExplicitDependencyGeneratePcm arm64 /Users/admin/builder/spi-builder-workspace/.derivedData/ModuleCache.noindex/QuartzCore-B1JXXIGTOTUDP3DILEGUFKWA8.pcm
SwiftExplicitDependencyGeneratePcm armv7k /Users/admin/builder/spi-builder-workspace/.derivedData/ModuleCache.noindex/SwiftUICore-5TW4Z2S8AUPGJWOCIKXV1N8A5.pcm
SwiftCompile normal arm64 Compiling\ ComparisonExpression.swift,\ Evaluable.swift,\ LogicalExpression.swift /Users/admin/builder/spi-builder-workspace/.dependencies/checkouts/aepsdk-rulesengine-ios/Sources/AEPRulesEngine/Expression/ComparisonExpression.swift /Users/admin/builder/spi-builder-workspace/.dependencies/checkouts/aepsdk-rulesengine-ios/Sources/AEPRulesEngine/Expression/Evaluable.swift /Users/admin/builder/spi-builder-workspace/.dependencies/checkouts/aepsdk-rulesengine-ios/Sources/AEPRulesEngine/Expression/LogicalExpression.swift (in target 'AEPRulesEngine' from project 'AEPRulesEngine')
SwiftCompile normal arm64 /Users/admin/builder/spi-builder-workspace/.dependencies/checkouts/aepsdk-rulesengine-ios/Sources/AEPRulesEngine/Expression/ComparisonExpression.swift (in target 'AEPRulesEngine' from project 'AEPRulesEngine')
cd /Users/admin/builder/spi-builder-workspace/.swiftpm/xcode
SwiftCompile normal arm64 /Users/admin/builder/spi-builder-workspace/.dependencies/checkouts/aepsdk-rulesengine-ios/Sources/AEPRulesEngine/Expression/Evaluable.swift (in target 'AEPRulesEngine' from project 'AEPRulesEngine')
cd /Users/admin/builder/spi-builder-workspace/.swiftpm/xcode
SwiftCompile normal arm64 /Users/admin/builder/spi-builder-workspace/.dependencies/checkouts/aepsdk-rulesengine-ios/Sources/AEPRulesEngine/Expression/LogicalExpression.swift (in target 'AEPRulesEngine' from project 'AEPRulesEngine')
cd /Users/admin/builder/spi-builder-workspace/.swiftpm/xcode
SwiftCompile normal arm64 Compiling\ RulesFailure.swift,\ MustacheError.swift /Users/admin/builder/spi-builder-workspace/.dependencies/checkouts/aepsdk-rulesengine-ios/Sources/AEPRulesEngine/RulesFailure.swift /Users/admin/builder/spi-builder-workspace/.dependencies/checkouts/aepsdk-rulesengine-ios/Sources/AEPRulesEngine/Template/MustacheError.swift (in target 'AEPRulesEngine' from project 'AEPRulesEngine')
SwiftCompile normal arm64 /Users/admin/builder/spi-builder-workspace/.dependencies/checkouts/aepsdk-rulesengine-ios/Sources/AEPRulesEngine/RulesFailure.swift (in target 'AEPRulesEngine' from project 'AEPRulesEngine')
cd /Users/admin/builder/spi-builder-workspace/.swiftpm/xcode
SwiftCompile normal arm64 /Users/admin/builder/spi-builder-workspace/.dependencies/checkouts/aepsdk-rulesengine-ios/Sources/AEPRulesEngine/Template/MustacheError.swift (in target 'AEPRulesEngine' from project 'AEPRulesEngine')
cd /Users/admin/builder/spi-builder-workspace/.swiftpm/xcode
SwiftCompile normal arm64_32 Compiling\ TemplateParser.swift,\ Transformer.swift /Users/admin/builder/spi-builder-workspace/.dependencies/checkouts/aepsdk-rulesengine-ios/Sources/AEPRulesEngine/Template/TemplateParser.swift /Users/admin/builder/spi-builder-workspace/.dependencies/checkouts/aepsdk-rulesengine-ios/Sources/AEPRulesEngine/Transformer.swift (in target 'AEPRulesEngine' from project 'AEPRulesEngine')
SwiftCompile normal arm64_32 /Users/admin/builder/spi-builder-workspace/.dependencies/checkouts/aepsdk-rulesengine-ios/Sources/AEPRulesEngine/Template/TemplateParser.swift (in target 'AEPRulesEngine' from project 'AEPRulesEngine')
cd /Users/admin/builder/spi-builder-workspace/.swiftpm/xcode
SwiftCompile normal arm64_32 /Users/admin/builder/spi-builder-workspace/.dependencies/checkouts/aepsdk-rulesengine-ios/Sources/AEPRulesEngine/Transformer.swift (in target 'AEPRulesEngine' from project 'AEPRulesEngine')
cd /Users/admin/builder/spi-builder-workspace/.swiftpm/xcode
SwiftDriverJobDiscovery normal armv7k Emitting module for AEPRulesEngine (in target 'AEPRulesEngine' from project 'AEPRulesEngine')
SwiftDriver\ Compilation\ Requirements AEPRulesEngine normal armv7k com.apple.xcode.tools.swift.compiler (in target 'AEPRulesEngine' from project 'AEPRulesEngine')
cd /Users/admin/builder/spi-builder-workspace/.swiftpm/xcode
builtin-Swift-Compilation-Requirements -- /Applications/Xcode-26.5.0.app/Contents/Developer/Toolchains/XcodeDefault.xctoolchain/usr/bin/swiftc -module-name AEPRulesEngine -Onone @/Users/admin/builder/spi-builder-workspace/.derivedData/Build/Intermediates.noindex/AEPRulesEngine.build/Debug-watchos/AEPRulesEngine.build/Objects-normal/armv7k/AEPRulesEngine.SwiftFileList -DSWIFT_PACKAGE -DDEBUG -DSWIFT_MODULE_RESOURCE_BUNDLE_UNAVAILABLE -DXcode -plugin-path /Applications/Xcode-26.5.0.app/Contents/Developer/Toolchains/XcodeDefault.xctoolchain/usr/lib/swift/host/plugins/testing -enable-experimental-feature DebugDescriptionMacro -sdk /Applications/Xcode-26.5.0.app/Contents/Developer/Platforms/WatchOS.platform/Developer/SDKs/WatchOS26.5.sdk -target armv7k-apple-watchos5.0 -g -module-cache-path /Users/admin/builder/spi-builder-workspace/.derivedData/ModuleCache.noindex -Xfrontend -serialize-debugging-options -enable-testing -suppress-warnings -index-store-path /Users/admin/builder/spi-builder-workspace/.derivedData/Index.noindex/DataStore -Xcc -D_LIBCPP_HARDENING_MODE\=_LIBCPP_HARDENING_MODE_DEBUG -swift-version 5 -I /Users/admin/builder/spi-builder-workspace/.derivedData/Build/Products/Debug-watchos -Isystem /Applications/Xcode-26.5.0.app/Contents/Developer/Platforms/WatchOS.platform/Developer/usr/lib -F /Users/admin/builder/spi-builder-workspace/.derivedData/Build/Products/Debug-watchos -F /Applications/Xcode-26.5.0.app/Contents/Developer/Platforms/WatchOS.platform/Developer/Library/Frameworks -F /Applications/Xcode-26.5.0.app/Contents/Developer/Platforms/WatchOS.platform/Developer/SDKs/WatchOS26.5.sdk/Developer/Library/Frameworks -c -j10 -enable-batch-mode -incremental -Xcc -ivfsstatcache -Xcc /Users/admin/builder/spi-builder-workspace/.derivedData/SDKStatCaches.noindex/watchos26.5-23T570-688ef53f1462e2c8f657fdc38a81448f7931b973dfc65d9472806dbbc3af9379.sdkstatcache -output-file-map /Users/admin/builder/spi-builder-workspace/.derivedData/Build/Intermediates.noindex/AEPRulesEngine.build/Debug-watchos/AEPRulesEngine.build/Objects-normal/armv7k/AEPRulesEngine-OutputFileMap.json -use-frontend-parseable-output -save-temps -no-color-diagnostics -explicit-module-build -module-cache-path /Users/admin/builder/spi-builder-workspace/.derivedData/Build/Intermediates.noindex/SwiftExplicitPrecompiledModules -clang-scanner-module-cache-path /Users/admin/builder/spi-builder-workspace/.derivedData/ModuleCache.noindex -sdk-module-cache-path /Users/admin/builder/spi-builder-workspace/.derivedData/ModuleCache.noindex -serialize-diagnostics -emit-dependencies -emit-module -emit-module-path /Users/admin/builder/spi-builder-workspace/.derivedData/Build/Intermediates.noindex/AEPRulesEngine.build/Debug-watchos/AEPRulesEngine.build/Objects-normal/armv7k/AEPRulesEngine.swiftmodule -validate-clang-modules-once -clang-build-session-file /Users/admin/builder/spi-builder-workspace/.derivedData/ModuleCache.noindex/Session.modulevalidation -Xcc -I/Users/admin/builder/spi-builder-workspace/.derivedData/Build/Intermediates.noindex/AEPRulesEngine.build/Debug-watchos/AEPRulesEngine.build/swift-overrides.hmap -emit-const-values -Xfrontend -const-gather-protocols-file -Xfrontend /Users/admin/builder/spi-builder-workspace/.derivedData/Build/Intermediates.noindex/AEPRulesEngine.build/Debug-watchos/AEPRulesEngine.build/Objects-normal/armv7k/AEPRulesEngine_const_extract_protocols.json -Xcc -I/Users/admin/builder/spi-builder-workspace/.derivedData/Build/Products/Debug-watchos/include -Xcc -I/Users/admin/builder/spi-builder-workspace/.derivedData/Build/Intermediates.noindex/AEPRulesEngine.build/Debug-watchos/AEPRulesEngine.build/DerivedSources-normal/armv7k -Xcc -I/Users/admin/builder/spi-builder-workspace/.derivedData/Build/Intermediates.noindex/AEPRulesEngine.build/Debug-watchos/AEPRulesEngine.build/DerivedSources/armv7k -Xcc -I/Users/admin/builder/spi-builder-workspace/.derivedData/Build/Intermediates.noindex/AEPRulesEngine.build/Debug-watchos/AEPRulesEngine.build/DerivedSources -Xcc -DSWIFT_PACKAGE -Xcc -DDEBUG\=1 -emit-objc-header -emit-objc-header-path /Users/admin/builder/spi-builder-workspace/.derivedData/Build/Intermediates.noindex/AEPRulesEngine.build/Debug-watchos/AEPRulesEngine.build/Objects-normal/armv7k/AEPRulesEngine-Swift.h -working-directory /Users/admin/builder/spi-builder-workspace/.swiftpm/xcode -experimental-emit-module-separately -disable-cmo
SwiftExplicitDependencyGeneratePcm armv7k /Users/admin/builder/spi-builder-workspace/.derivedData/ModuleCache.noindex/UIKit-F3C8P921NDXECQXUMV0TQY40C.pcm
SwiftMergeGeneratedHeaders /Users/admin/builder/spi-builder-workspace/.derivedData/Build/Intermediates.noindex/GeneratedModuleMaps-watchos/AEPRulesEngine-Swift.h /Users/admin/builder/spi-builder-workspace/.derivedData/Build/Intermediates.noindex/AEPRulesEngine.build/Debug-watchos/AEPRulesEngine.build/Objects-normal/arm64/AEPRulesEngine-Swift.h /Users/admin/builder/spi-builder-workspace/.derivedData/Build/Intermediates.noindex/AEPRulesEngine.build/Debug-watchos/AEPRulesEngine.build/Objects-normal/arm64_32/AEPRulesEngine-Swift.h /Users/admin/builder/spi-builder-workspace/.derivedData/Build/Intermediates.noindex/AEPRulesEngine.build/Debug-watchos/AEPRulesEngine.build/Objects-normal/armv7k/AEPRulesEngine-Swift.h (in target 'AEPRulesEngine' from project 'AEPRulesEngine')
cd /Users/admin/builder/spi-builder-workspace/.dependencies/checkouts/aepsdk-rulesengine-ios
builtin-swiftHeaderTool -arch arm64 /Users/admin/builder/spi-builder-workspace/.derivedData/Build/Intermediates.noindex/AEPRulesEngine.build/Debug-watchos/AEPRulesEngine.build/Objects-normal/arm64/AEPRulesEngine-Swift.h -arch arm64_32 /Users/admin/builder/spi-builder-workspace/.derivedData/Build/Intermediates.noindex/AEPRulesEngine.build/Debug-watchos/AEPRulesEngine.build/Objects-normal/arm64_32/AEPRulesEngine-Swift.h -arch armv7k /Users/admin/builder/spi-builder-workspace/.derivedData/Build/Intermediates.noindex/AEPRulesEngine.build/Debug-watchos/AEPRulesEngine.build/Objects-normal/armv7k/AEPRulesEngine-Swift.h -o /Users/admin/builder/spi-builder-workspace/.derivedData/Build/Intermediates.noindex/GeneratedModuleMaps-watchos/AEPRulesEngine-Swift.h
Copy /Users/admin/builder/spi-builder-workspace/.derivedData/Build/Products/Debug-watchos/AEPRulesEngine.swiftmodule/armv7k-apple-watchos.swiftmodule /Users/admin/builder/spi-builder-workspace/.derivedData/Build/Intermediates.noindex/AEPRulesEngine.build/Debug-watchos/AEPRulesEngine.build/Objects-normal/armv7k/AEPRulesEngine.swiftmodule (in target 'AEPRulesEngine' from project 'AEPRulesEngine')
cd /Users/admin/builder/spi-builder-workspace/.dependencies/checkouts/aepsdk-rulesengine-ios
builtin-copy -exclude .DS_Store -exclude CVS -exclude .svn -exclude .git -exclude .hg -resolve-src-symlinks -rename /Users/admin/builder/spi-builder-workspace/.derivedData/Build/Intermediates.noindex/AEPRulesEngine.build/Debug-watchos/AEPRulesEngine.build/Objects-normal/armv7k/AEPRulesEngine.swiftmodule /Users/admin/builder/spi-builder-workspace/.derivedData/Build/Products/Debug-watchos/AEPRulesEngine.swiftmodule/armv7k-apple-watchos.swiftmodule
Copy /Users/admin/builder/spi-builder-workspace/.derivedData/Build/Products/Debug-watchos/AEPRulesEngine.swiftmodule/armv7k-apple-watchos.swiftdoc /Users/admin/builder/spi-builder-workspace/.derivedData/Build/Intermediates.noindex/AEPRulesEngine.build/Debug-watchos/AEPRulesEngine.build/Objects-normal/armv7k/AEPRulesEngine.swiftdoc (in target 'AEPRulesEngine' from project 'AEPRulesEngine')
cd /Users/admin/builder/spi-builder-workspace/.dependencies/checkouts/aepsdk-rulesengine-ios
builtin-copy -exclude .DS_Store -exclude CVS -exclude .svn -exclude .git -exclude .hg -resolve-src-symlinks -rename /Users/admin/builder/spi-builder-workspace/.derivedData/Build/Intermediates.noindex/AEPRulesEngine.build/Debug-watchos/AEPRulesEngine.build/Objects-normal/armv7k/AEPRulesEngine.swiftdoc /Users/admin/builder/spi-builder-workspace/.derivedData/Build/Products/Debug-watchos/AEPRulesEngine.swiftmodule/armv7k-apple-watchos.swiftdoc
Copy /Users/admin/builder/spi-builder-workspace/.derivedData/Build/Products/Debug-watchos/AEPRulesEngine.swiftmodule/armv7k-apple-watchos.abi.json /Users/admin/builder/spi-builder-workspace/.derivedData/Build/Intermediates.noindex/AEPRulesEngine.build/Debug-watchos/AEPRulesEngine.build/Objects-normal/armv7k/AEPRulesEngine.abi.json (in target 'AEPRulesEngine' from project 'AEPRulesEngine')
cd /Users/admin/builder/spi-builder-workspace/.dependencies/checkouts/aepsdk-rulesengine-ios
builtin-copy -exclude .DS_Store -exclude CVS -exclude .svn -exclude .git -exclude .hg -resolve-src-symlinks -rename /Users/admin/builder/spi-builder-workspace/.derivedData/Build/Intermediates.noindex/AEPRulesEngine.build/Debug-watchos/AEPRulesEngine.build/Objects-normal/armv7k/AEPRulesEngine.abi.json /Users/admin/builder/spi-builder-workspace/.derivedData/Build/Products/Debug-watchos/AEPRulesEngine.swiftmodule/armv7k-apple-watchos.abi.json
Copy /Users/admin/builder/spi-builder-workspace/.derivedData/Build/Products/Debug-watchos/AEPRulesEngine.swiftmodule/Project/armv7k-apple-watchos.swiftsourceinfo /Users/admin/builder/spi-builder-workspace/.derivedData/Build/Intermediates.noindex/AEPRulesEngine.build/Debug-watchos/AEPRulesEngine.build/Objects-normal/armv7k/AEPRulesEngine.swiftsourceinfo (in target 'AEPRulesEngine' from project 'AEPRulesEngine')
cd /Users/admin/builder/spi-builder-workspace/.dependencies/checkouts/aepsdk-rulesengine-ios
builtin-copy -exclude .DS_Store -exclude CVS -exclude .svn -exclude .git -exclude .hg -resolve-src-symlinks -rename /Users/admin/builder/spi-builder-workspace/.derivedData/Build/Intermediates.noindex/AEPRulesEngine.build/Debug-watchos/AEPRulesEngine.build/Objects-normal/armv7k/AEPRulesEngine.swiftsourceinfo /Users/admin/builder/spi-builder-workspace/.derivedData/Build/Products/Debug-watchos/AEPRulesEngine.swiftmodule/Project/armv7k-apple-watchos.swiftsourceinfo
SwiftCompile normal armv7k Compiling\ Segment.swift,\ Template.swift /Users/admin/builder/spi-builder-workspace/.dependencies/checkouts/aepsdk-rulesengine-ios/Sources/AEPRulesEngine/Template/Segment.swift /Users/admin/builder/spi-builder-workspace/.dependencies/checkouts/aepsdk-rulesengine-ios/Sources/AEPRulesEngine/Template/Template.swift (in target 'AEPRulesEngine' from project 'AEPRulesEngine')
SwiftCompile normal armv7k /Users/admin/builder/spi-builder-workspace/.dependencies/checkouts/aepsdk-rulesengine-ios/Sources/AEPRulesEngine/Template/Segment.swift (in target 'AEPRulesEngine' from project 'AEPRulesEngine')
cd /Users/admin/builder/spi-builder-workspace/.swiftpm/xcode
SwiftCompile normal armv7k /Users/admin/builder/spi-builder-workspace/.dependencies/checkouts/aepsdk-rulesengine-ios/Sources/AEPRulesEngine/Template/Template.swift (in target 'AEPRulesEngine' from project 'AEPRulesEngine')
cd /Users/admin/builder/spi-builder-workspace/.swiftpm/xcode
SwiftCompile normal armv7k Compiling\ ConditionEvaluator.swift,\ Context.swift,\ Evaluating.swift /Users/admin/builder/spi-builder-workspace/.dependencies/checkouts/aepsdk-rulesengine-ios/Sources/AEPRulesEngine/ConditionEvaluator.swift /Users/admin/builder/spi-builder-workspace/.dependencies/checkouts/aepsdk-rulesengine-ios/Sources/AEPRulesEngine/Context.swift /Users/admin/builder/spi-builder-workspace/.dependencies/checkouts/aepsdk-rulesengine-ios/Sources/AEPRulesEngine/Evaluating.swift (in target 'AEPRulesEngine' from project 'AEPRulesEngine')
SwiftCompile normal armv7k /Users/admin/builder/spi-builder-workspace/.dependencies/checkouts/aepsdk-rulesengine-ios/Sources/AEPRulesEngine/ConditionEvaluator.swift (in target 'AEPRulesEngine' from project 'AEPRulesEngine')
cd /Users/admin/builder/spi-builder-workspace/.swiftpm/xcode
SwiftCompile normal armv7k /Users/admin/builder/spi-builder-workspace/.dependencies/checkouts/aepsdk-rulesengine-ios/Sources/AEPRulesEngine/Context.swift (in target 'AEPRulesEngine' from project 'AEPRulesEngine')
cd /Users/admin/builder/spi-builder-workspace/.swiftpm/xcode
SwiftCompile normal armv7k /Users/admin/builder/spi-builder-workspace/.dependencies/checkouts/aepsdk-rulesengine-ios/Sources/AEPRulesEngine/Evaluating.swift (in target 'AEPRulesEngine' from project 'AEPRulesEngine')
cd /Users/admin/builder/spi-builder-workspace/.swiftpm/xcode
SwiftCompile normal armv7k Compiling\ Operand.swift,\ UnaryExpression.swift,\ Log.swift /Users/admin/builder/spi-builder-workspace/.dependencies/checkouts/aepsdk-rulesengine-ios/Sources/AEPRulesEngine/Expression/Operand.swift /Users/admin/builder/spi-builder-workspace/.dependencies/checkouts/aepsdk-rulesengine-ios/Sources/AEPRulesEngine/Expression/UnaryExpression.swift /Users/admin/builder/spi-builder-workspace/.dependencies/checkouts/aepsdk-rulesengine-ios/Sources/AEPRulesEngine/Log/Log.swift (in target 'AEPRulesEngine' from project 'AEPRulesEngine')
SwiftCompile normal armv7k /Users/admin/builder/spi-builder-workspace/.dependencies/checkouts/aepsdk-rulesengine-ios/Sources/AEPRulesEngine/Expression/Operand.swift (in target 'AEPRulesEngine' from project 'AEPRulesEngine')
cd /Users/admin/builder/spi-builder-workspace/.swiftpm/xcode
SwiftCompile normal armv7k /Users/admin/builder/spi-builder-workspace/.dependencies/checkouts/aepsdk-rulesengine-ios/Sources/AEPRulesEngine/Expression/UnaryExpression.swift (in target 'AEPRulesEngine' from project 'AEPRulesEngine')
cd /Users/admin/builder/spi-builder-workspace/.swiftpm/xcode
SwiftCompile normal armv7k /Users/admin/builder/spi-builder-workspace/.dependencies/checkouts/aepsdk-rulesengine-ios/Sources/AEPRulesEngine/Log/Log.swift (in target 'AEPRulesEngine' from project 'AEPRulesEngine')
cd /Users/admin/builder/spi-builder-workspace/.swiftpm/xcode
SwiftCompile normal arm64 Compiling\ Operand.swift,\ UnaryExpression.swift,\ Log.swift /Users/admin/builder/spi-builder-workspace/.dependencies/checkouts/aepsdk-rulesengine-ios/Sources/AEPRulesEngine/Expression/Operand.swift /Users/admin/builder/spi-builder-workspace/.dependencies/checkouts/aepsdk-rulesengine-ios/Sources/AEPRulesEngine/Expression/UnaryExpression.swift /Users/admin/builder/spi-builder-workspace/.dependencies/checkouts/aepsdk-rulesengine-ios/Sources/AEPRulesEngine/Log/Log.swift (in target 'AEPRulesEngine' from project 'AEPRulesEngine')
SwiftCompile normal arm64 /Users/admin/builder/spi-builder-workspace/.dependencies/checkouts/aepsdk-rulesengine-ios/Sources/AEPRulesEngine/Expression/Operand.swift (in target 'AEPRulesEngine' from project 'AEPRulesEngine')
cd /Users/admin/builder/spi-builder-workspace/.swiftpm/xcode
SwiftCompile normal arm64 /Users/admin/builder/spi-builder-workspace/.dependencies/checkouts/aepsdk-rulesengine-ios/Sources/AEPRulesEngine/Expression/UnaryExpression.swift (in target 'AEPRulesEngine' from project 'AEPRulesEngine')
cd /Users/admin/builder/spi-builder-workspace/.swiftpm/xcode
SwiftCompile normal arm64 /Users/admin/builder/spi-builder-workspace/.dependencies/checkouts/aepsdk-rulesengine-ios/Sources/AEPRulesEngine/Log/Log.swift (in target 'AEPRulesEngine' from project 'AEPRulesEngine')
cd /Users/admin/builder/spi-builder-workspace/.swiftpm/xcode
SwiftCompile normal arm64 Compiling\ TemplateParser.swift,\ Transformer.swift /Users/admin/builder/spi-builder-workspace/.dependencies/checkouts/aepsdk-rulesengine-ios/Sources/AEPRulesEngine/Template/TemplateParser.swift /Users/admin/builder/spi-builder-workspace/.dependencies/checkouts/aepsdk-rulesengine-ios/Sources/AEPRulesEngine/Transformer.swift (in target 'AEPRulesEngine' from project 'AEPRulesEngine')
SwiftCompile normal arm64 /Users/admin/builder/spi-builder-workspace/.dependencies/checkouts/aepsdk-rulesengine-ios/Sources/AEPRulesEngine/Template/TemplateParser.swift (in target 'AEPRulesEngine' from project 'AEPRulesEngine')
cd /Users/admin/builder/spi-builder-workspace/.swiftpm/xcode
SwiftCompile normal arm64 /Users/admin/builder/spi-builder-workspace/.dependencies/checkouts/aepsdk-rulesengine-ios/Sources/AEPRulesEngine/Transformer.swift (in target 'AEPRulesEngine' from project 'AEPRulesEngine')
cd /Users/admin/builder/spi-builder-workspace/.swiftpm/xcode
SwiftExplicitDependencyGeneratePcm arm64_32 /Users/admin/builder/spi-builder-workspace/.derivedData/ModuleCache.noindex/SwiftUICore-C2LZHSRI3OFWWM00QVKTJNIW1.pcm
SwiftExplicitDependencyGeneratePcm arm64 /Users/admin/builder/spi-builder-workspace/.derivedData/ModuleCache.noindex/UIKit-61291G71VH0AAF8PG0KATRG5H.pcm
SwiftExplicitDependencyGeneratePcm arm64_32 /Users/admin/builder/spi-builder-workspace/.derivedData/ModuleCache.noindex/UIKit-8QDCJW1ZZ65HE4RM74U9NCHYW.pcm
SwiftEmitModule normal armv7k Emitting\ module\ for\ AEPServices (in target 'AEPServices' from project 'AEPCore')
Failed frontend command:
/Applications/Xcode-26.5.0.app/Contents/Developer/Toolchains/XcodeDefault.xctoolchain/usr/bin/swift-frontend -frontend -emit-module -experimental-skip-non-inlinable-function-bodies-without-types /Users/admin/builder/spi-builder-workspace/.derivedData/Build/Intermediates.noindex/AEPCore.build/Debug-watchos/AEPServices.build/DerivedSources/resource_bundle_accessor.swift /Users/admin/builder/spi-builder-workspace/.dependencies/checkouts/aepsdk-core-ios/AEPServices/Sources/ApplicationSystemInfoService.swift /Users/admin/builder/spi-builder-workspace/.dependencies/checkouts/aepsdk-core-ios/AEPServices/Sources/NetworkPathMonitorProvider.swift /Users/admin/builder/spi-builder-workspace/.dependencies/checkouts/aepsdk-core-ios/AEPServices/Sources/ServiceProvider.swift /Users/admin/builder/spi-builder-workspace/.dependencies/checkouts/aepsdk-core-ios/AEPServices/Sources/SystemInfoService.swift /Users/admin/builder/spi-builder-workspace/.dependencies/checkouts/aepsdk-core-ios/AEPServices/Sources/UIUtils.swift /Users/admin/builder/spi-builder-workspace/.dependencies/checkouts/aepsdk-core-ios/AEPServices/Sources/URLOpening.swift /Users/admin/builder/spi-builder-workspace/.dependencies/checkouts/aepsdk-core-ios/AEPServices/Sources/URLService.swift /Users/admin/builder/spi-builder-workspace/.dependencies/checkouts/aepsdk-core-ios/AEPServices/Sources/cache/Cache.swift /Users/admin/builder/spi-builder-workspace/.dependencies/checkouts/aepsdk-core-ios/AEPServices/Sources/cache/CacheEntry.swift /Users/admin/builder/spi-builder-workspace/.dependencies/checkouts/aepsdk-core-ios/AEPServices/Sources/cache/CacheExpiry.swift /Users/admin/builder/spi-builder-workspace/.dependencies/checkouts/aepsdk-core-ios/AEPServices/Sources/cache/Caching.swift /Users/admin/builder/spi-builder-workspace/.dependencies/checkouts/aepsdk-core-ios/AEPServices/Sources/cache/DiskCacheService.swift /Users/admin/builder/spi-builder-workspace/.dependencies/checkouts/aepsdk-core-ios/AEPServices/Sources/dataqueue/DataEntity.swift /Users/admin/builder/spi-builder-workspace/.dependencies/checkouts/aepsdk-core-ios/AEPServices/Sources/dataqueue/DataQueue.swift /Users/admin/builder/spi-builder-workspace/.dependencies/checkouts/aepsdk-core-ios/AEPServices/Sources/dataqueue/DataQueueService.swift /Users/admin/builder/spi-builder-workspace/.dependencies/checkouts/aepsdk-core-ios/AEPServices/Sources/dataqueue/DataQueuing.swift /Users/admin/builder/spi-builder-workspace/.dependencies/checkouts/aepsdk-core-ios/AEPServices/Sources/dataqueue/SQLiteDataQueue.swift /Users/admin/builder/spi-builder-workspace/.dependencies/checkouts/aepsdk-core-ios/AEPServices/Sources/dataqueue/SQLiteWrapper.swift /Users/admin/builder/spi-builder-workspace/.dependencies/checkouts/aepsdk-core-ios/AEPServices/Sources/log/Log.swift /Users/admin/builder/spi-builder-workspace/.dependencies/checkouts/aepsdk-core-ios/AEPServices/Sources/log/LogLevel.swift /Users/admin/builder/spi-builder-workspace/.dependencies/checkouts/aepsdk-core-ios/AEPServices/Sources/log/Logging.swift /Users/admin/builder/spi-builder-workspace/.dependencies/checkouts/aepsdk-core-ios/AEPServices/Sources/log/LoggingService.swift /Users/admin/builder/spi-builder-workspace/.dependencies/checkouts/aepsdk-core-ios/AEPServices/Sources/network/DefaultHeadersFormatter.swift /Users/admin/builder/spi-builder-workspace/.dependencies/checkouts/aepsdk-core-ios/AEPServices/Sources/network/HttpConnection.swift /Users/admin/builder/spi-builder-workspace/.dependencies/checkouts/aepsdk-core-ios/AEPServices/Sources/network/HttpConnectionConstants.swift /Users/admin/builder/spi-builder-workspace/.dependencies/checkouts/aepsdk-core-ios/AEPServices/Sources/network/HttpMethod.swift /Users/admin/builder/spi-builder-workspace/.dependencies/checkouts/aepsdk-core-ios/AEPServices/Sources/network/NetworkRequest.swift /Users/admin/builder/spi-builder-workspace/.dependencies/checkouts/aepsdk-core-ios/AEPServices/Sources/network/NetworkService.swift /Users/admin/builder/spi-builder-workspace/.dependencies/checkouts/aepsdk-core-ios/AEPServices/Sources/network/NetworkServiceConstants.swift /Users/admin/builder/spi-builder-workspace/.dependencies/checkouts/aepsdk-core-ios/AEPServices/Sources/network/Networking.swift /Users/admin/builder/spi-builder-workspace/.dependencies/checkouts/aepsdk-core-ios/AEPServices/Sources/storage/FileSystemNamedCollection.swift /Users/admin/builder/spi-builder-workspace/.dependencies/checkouts/aepsdk-core-ios/AEPServices/Sources/storage/NamedCollectionDataStore.swift /Users/admin/builder/spi-builder-workspace/.dependencies/checkouts/aepsdk-core-ios/AEPServices/Sources/storage/NamedCollectionProcessing.swift /Users/admin/builder/spi-builder-workspace/.dependencies/checkouts/aepsdk-core-ios/AEPServices/Sources/storage/UserDefaultsNamedCollection.swift /Users/admin/builder/spi-builder-workspace/.dependencies/checkouts/aepsdk-core-ios/AEPServices/Sources/ui/AEPUIService.swift /Users/admin/builder/spi-builder-workspace/.dependencies/checkouts/aepsdk-core-ios/AEPServices/Sources/ui/Dismissible.swift /Users/admin/builder/spi-builder-workspace/.dependencies/checkouts/aepsdk-core-ios/AEPServices/Sources/ui/MessageAlignment.swift /Users/admin/builder/spi-builder-workspace/.dependencies/checkouts/aepsdk-core-ios/AEPServices/Sources/ui/MessageAnimation.swift /Users/admin/builder/spi-builder-workspace/.dependencies/checkouts/aepsdk-core-ios/AEPServices/Sources/ui/MessageGesture.swift /Users/admin/builder/spi-builder-workspace/.dependencies/checkouts/aepsdk-core-ios/AEPServices/Sources/ui/MessageGestureRecognizer.swift /Users/admin/builder/spi-builder-workspace/.dependencies/checkouts/aepsdk-core-ios/AEPServices/Sources/ui/MessageMonitor.swift /Users/admin/builder/spi-builder-workspace/.dependencies/checkouts/aepsdk-core-ios/AEPServices/Sources/ui/MessageMonitoring.swift /Users/admin/builder/spi-builder-workspace/.dependencies/checkouts/aepsdk-core-ios/AEPServices/Sources/ui/MessageSettings.swift /Users/admin/builder/spi-builder-workspace/.dependencies/checkouts/aepsdk-core-ios/AEPServices/Sources/ui/MessagingDelegate.swift /Users/admin/builder/spi-builder-workspace/.dependencies/checkouts/aepsdk-core-ios/AEPServices/Sources/ui/PresentationError.swift /Users/admin/builder/spi-builder-workspace/.dependencies/checkouts/aepsdk-core-ios/AEPServices/Sources/ui/Showable.swift /Users/admin/builder/spi-builder-workspace/.dependencies/checkouts/aepsdk-core-ios/AEPServices/Sources/ui/UIApplication+Window.swift /Users/admin/builder/spi-builder-workspace/.dependencies/checkouts/aepsdk-core-ios/AEPServices/Sources/ui/UIService.swift /Users/admin/builder/spi-builder-workspace/.dependencies/checkouts/aepsdk-core-ios/AEPServices/Sources/ui/floating/FloatingButton.swift /Users/admin/builder/spi-builder-workspace/.dependencies/checkouts/aepsdk-core-ios/AEPServices/Sources/ui/floating/FloatingButtonDelegate.swift /Users/admin/builder/spi-builder-workspace/.dependencies/checkouts/aepsdk-core-ios/AEPServices/Sources/ui/floating/FloatingButtonPosition.swift /Users/admin/builder/spi-builder-workspace/.dependencies/checkouts/aepsdk-core-ios/AEPServices/Sources/ui/floating/FloatingButtonPresentable.swift /Users/admin/builder/spi-builder-workspace/.dependencies/checkouts/aepsdk-core-ios/AEPServices/Sources/ui/fullscreen/FullscreenMessage+FrameCalculation.swift /Users/admin/builder/spi-builder-workspace/.dependencies/checkouts/aepsdk-core-ios/AEPServices/Sources/ui/fullscreen/FullscreenMessage+WKNavigationDelegate.swift /Users/admin/builder/spi-builder-workspace/.dependencies/checkouts/aepsdk-core-ios/AEPServices/Sources/ui/fullscreen/FullscreenMessage+WKScriptMessageHandler.swift /Users/admin/builder/spi-builder-workspace/.dependencies/checkouts/aepsdk-core-ios/AEPServices/Sources/ui/fullscreen/FullscreenMessage.swift /Users/admin/builder/spi-builder-workspace/.dependencies/checkouts/aepsdk-core-ios/AEPServices/Sources/ui/fullscreen/FullscreenMessageDelegate.swift /Users/admin/builder/spi-builder-workspace/.dependencies/checkouts/aepsdk-core-ios/AEPServices/Sources/ui/fullscreen/FullscreenPresentable.swift /Users/admin/builder/spi-builder-workspace/.dependencies/checkouts/aepsdk-core-ios/AEPServices/Sources/utility/AnyCodable.swift /Users/admin/builder/spi-builder-workspace/.dependencies/checkouts/aepsdk-core-ios/AEPServices/Sources/utility/AtomicCounter.swift /Users/admin/builder/spi-builder-workspace/.dependencies/checkouts/aepsdk-core-ios/AEPServices/Sources/utility/Date+Format.swift /Users/admin/builder/spi-builder-workspace/.dependencies/checkouts/aepsdk-core-ios/AEPServices/Sources/utility/FileManager+Directories.swift /Users/admin/builder/spi-builder-workspace/.dependencies/checkouts/aepsdk-core-ios/AEPServices/Sources/utility/OperationOrderer.swift /Users/admin/builder/spi-builder-workspace/.dependencies/checkouts/aepsdk-core-ios/AEPServices/Sources/utility/PrettyDictionary.swift /Users/admin/builder/spi-builder-workspace/.dependencies/checkouts/aepsdk-core-ios/AEPServices/Sources/utility/ThreadSafeArray.swift /Users/admin/builder/spi-builder-workspace/.dependencies/checkouts/aepsdk-core-ios/AEPServices/Sources/utility/ThreadSafeDictionary.swift /Users/admin/builder/spi-builder-workspace/.dependencies/checkouts/aepsdk-core-ios/AEPServices/Sources/utility/URLEncoder.swift /Users/admin/builder/spi-builder-workspace/.dependencies/checkouts/aepsdk-core-ios/AEPServices/Sources/utility/URLError+Recoverable.swift /Users/admin/builder/spi-builder-workspace/.dependencies/checkouts/aepsdk-core-ios/AEPServices/Sources/utility/hitprocessor/HitProcessing.swift /Users/admin/builder/spi-builder-workspace/.dependencies/checkouts/aepsdk-core-ios/AEPServices/Sources/utility/hitprocessor/HitQueuing.swift /Users/admin/builder/spi-builder-workspace/.dependencies/checkouts/aepsdk-core-ios/AEPServices/Sources/utility/hitprocessor/PersistentHitQueue.swift /Users/admin/builder/spi-builder-workspace/.dependencies/checkouts/aepsdk-core-ios/AEPServices/Sources/utility/unzip/FileManager+ZIP.swift /Users/admin/builder/spi-builder-workspace/.dependencies/checkouts/aepsdk-core-ios/AEPServices/Sources/utility/unzip/FileUnzipper.swift /Users/admin/builder/spi-builder-workspace/.dependencies/checkouts/aepsdk-core-ios/AEPServices/Sources/utility/unzip/FileUnzipperConstants.swift /Users/admin/builder/spi-builder-workspace/.dependencies/checkouts/aepsdk-core-ios/AEPServices/Sources/utility/unzip/URL+Validator.swift /Users/admin/builder/spi-builder-workspace/.dependencies/checkouts/aepsdk-core-ios/AEPServices/Sources/utility/unzip/Unzipping.swift /Users/admin/builder/spi-builder-workspace/.dependencies/checkouts/aepsdk-core-ios/AEPServices/Sources/utility/unzip/ZipArchive.swift /Users/admin/builder/spi-builder-workspace/.dependencies/checkouts/aepsdk-core-ios/AEPServices/Sources/utility/unzip/ZipEntry.swift -target armv7k-apple-watchos5.0 -load-resolved-plugin /Applications/Xcode-26.5.0.app/Contents/Developer/Platforms/WatchOS.platform/Developer/usr/lib/swift/host/plugins/libFoundationMacros.dylib\#/Applications/Xcode-26.5.0.app/Contents/Developer/Platforms/WatchOS.platform/Developer/usr/bin/swift-plugin-server\#FoundationMacros -load-resolved-plugin /Applications/Xcode-26.5.0.app/Contents/Developer/Platforms/WatchOS.platform/Developer/usr/lib/swift/host/plugins/libObservationMacros.dylib\#/Applications/Xcode-26.5.0.app/Contents/Developer/Platforms/WatchOS.platform/Developer/usr/bin/swift-plugin-server\#ObservationMacros -load-resolved-plugin /Applications/Xcode-26.5.0.app/Contents/Developer/Platforms/WatchOS.platform/Developer/usr/lib/swift/host/plugins/libSwiftMacros.dylib\#/Applications/Xcode-26.5.0.app/Contents/Developer/Platforms/WatchOS.platform/Developer/usr/bin/swift-plugin-server\#SwiftMacros -load-resolved-plugin /Applications/Xcode-26.5.0.app/Contents/Developer/Platforms/WatchOS.platform/Developer/usr/lib/swift/host/plugins/libSwiftUIMacros.dylib\#/Applications/Xcode-26.5.0.app/Contents/Developer/Platforms/WatchOS.platform/Developer/usr/bin/swift-plugin-server\#SwiftUIMacros -disable-implicit-swift-modules -Xcc -fno-implicit-modules -Xcc -fno-implicit-module-maps -explicit-swift-module-map-file /Users/admin/builder/spi-builder-workspace/.derivedData/Build/Intermediates.noindex/AEPCore.build/Debug-watchos/AEPServices.build/Objects-normal/armv7k/AEPServices-dependencies-2.json -enable-objc-interop -sdk /Applications/Xcode-26.5.0.app/Contents/Developer/Platforms/WatchOS.platform/Developer/SDKs/WatchOS26.5.sdk -I /Users/admin/builder/spi-builder-workspace/.derivedData/Build/Products/Debug-watchos -Isystem /Applications/Xcode-26.5.0.app/Contents/Developer/Platforms/WatchOS.platform/Developer/usr/lib -F /Users/admin/builder/spi-builder-workspace/.derivedData/Build/Products/Debug-watchos -F /Applications/Xcode-26.5.0.app/Contents/Developer/Platforms/WatchOS.platform/Developer/Library/Frameworks -F /Applications/Xcode-26.5.0.app/Contents/Developer/Platforms/WatchOS.platform/Developer/SDKs/WatchOS26.5.sdk/Developer/Library/Frameworks -no-color-diagnostics -Xcc -fno-color-diagnostics -enable-testing -g -debug-info-format\=dwarf -dwarf-version\=4 -module-cache-path /Users/admin/builder/spi-builder-workspace/.derivedData/Build/Intermediates.noindex/SwiftExplicitPrecompiledModules -suppress-warnings -swift-version 5 -Onone -D SWIFT_PACKAGE -D DEBUG -D SWIFT_MODULE_RESOURCE_BUNDLE_AVAILABLE -D Xcode -serialize-debugging-options -const-gather-protocols-file /Users/admin/builder/spi-builder-workspace/.derivedData/Build/Intermediates.noindex/AEPCore.build/Debug-watchos/AEPServices.build/Objects-normal/armv7k/AEPServices_const_extract_protocols.json -enable-experimental-feature DebugDescriptionMacro -empty-abi-descriptor -validate-clang-modules-once -clang-build-session-file /Users/admin/builder/spi-builder-workspace/.derivedData/ModuleCache.noindex/Session.modulevalidation -Xcc -working-directory -Xcc /Users/admin/builder/spi-builder-workspace/.swiftpm/xcode -enable-anonymous-context-mangled-names -file-compilation-dir /Users/admin/builder/spi-builder-workspace/.swiftpm/xcode -Xcc -D_LIBCPP_HARDENING_MODE\=_LIBCPP_HARDENING_MODE_DEBUG -Xcc -ivfsstatcache -Xcc /Users/admin/builder/spi-builder-workspace/.derivedData/SDKStatCaches.noindex/watchos26.5-23T570-688ef53f1462e2c8f657fdc38a81448f7931b973dfc65d9472806dbbc3af9379.sdkstatcache -Xcc -I/Users/admin/builder/spi-builder-workspace/.derivedData/Build/Intermediates.noindex/AEPCore.build/Debug-watchos/AEPServices.build/swift-overrides.hmap -Xcc -I/Users/admin/builder/spi-builder-workspace/.derivedData/Build/Products/Debug-watchos/include -Xcc -I/Users/admin/builder/spi-builder-workspace/.derivedData/Build/Intermediates.noindex/AEPCore.build/Debug-watchos/AEPServices.build/DerivedSources-normal/armv7k -Xcc -I/Users/admin/builder/spi-builder-workspace/.derivedData/Build/Intermediates.noindex/AEPCore.build/Debug-watchos/AEPServices.build/DerivedSources/armv7k -Xcc -I/Users/admin/builder/spi-builder-workspace/.derivedData/Build/Intermediates.noindex/AEPCore.build/Debug-watchos/AEPServices.build/DerivedSources -Xcc -DSWIFT_PACKAGE -Xcc -DDEBUG\=1 -no-auto-bridging-header-chaining -module-name AEPServices -frontend-parseable-output -disable-clang-spi -clang-target armv7k-apple-watchos26.5 -target-sdk-version 26.5 -target-sdk-name watchos26.5 -in-process-plugin-server-path /Applications/Xcode-26.5.0.app/Contents/Developer/Toolchains/XcodeDefault.xctoolchain/usr/lib/swift/host/libSwiftInProcPluginServer.dylib -emit-module-doc-path /Users/admin/builder/spi-builder-workspace/.derivedData/Build/Intermediates.noindex/AEPCore.build/Debug-watchos/AEPServices.build/Objects-normal/armv7k/AEPServices.swiftdoc -emit-module-source-info-path /Users/admin/builder/spi-builder-workspace/.derivedData/Build/Intermediates.noindex/AEPCore.build/Debug-watchos/AEPServices.build/Objects-normal/armv7k/AEPServices.swiftsourceinfo -emit-objc-header-path /Users/admin/builder/spi-builder-workspace/.derivedData/Build/Intermediates.noindex/AEPCore.build/Debug-watchos/AEPServices.build/Objects-normal/armv7k/AEPServices-Swift.h -serialize-diagnostics-path /Users/admin/builder/spi-builder-workspace/.derivedData/Build/Intermediates.noindex/AEPCore.build/Debug-watchos/AEPServices.build/Objects-normal/armv7k/AEPServices-primary-emit-module.dia -emit-dependencies-path /Users/admin/builder/spi-builder-workspace/.derivedData/Build/Intermediates.noindex/AEPCore.build/Debug-watchos/AEPServices.build/Objects-normal/armv7k/AEPServices-primary-emit-module.d -o /Users/admin/builder/spi-builder-workspace/.derivedData/Build/Intermediates.noindex/AEPCore.build/Debug-watchos/AEPServices.build/Objects-normal/armv7k/AEPServices.swiftmodule -emit-abi-descriptor-path /Users/admin/builder/spi-builder-workspace/.derivedData/Build/Intermediates.noindex/AEPCore.build/Debug-watchos/AEPServices.build/Objects-normal/armv7k/AEPServices.abi.json
EmitSwiftModule normal armv7k (in target 'AEPServices' from project 'AEPCore')
cd /Users/admin/builder/spi-builder-workspace/.swiftpm/xcode
/Users/admin/builder/spi-builder-workspace/.dependencies/checkouts/aepsdk-core-ios/AEPServices/Sources/ApplicationSystemInfoService.swift:33:21: error: 'UIDevice' is unavailable in watchOS
let model = UIDevice.current.model
^~~~~~~~
/Applications/Xcode-26.5.0.app/Contents/Developer/Platforms/WatchOS.platform/Developer/SDKs/WatchOS26.5.sdk/System/Library/Frameworks/UIKit.framework/Headers/UIDevice.h:35:12: note: 'UIDevice' has been explicitly marked unavailable here
@interface UIDevice : NSObject
^
/Users/admin/builder/spi-builder-workspace/.dependencies/checkouts/aepsdk-core-ios/AEPServices/Sources/ApplicationSystemInfoService.swift:34:25: error: 'UIDevice' is unavailable in watchOS
let osVersion = UIDevice.current.systemVersion.replacingOccurrences(of: ".", with: "_")
^~~~~~~~
/Applications/Xcode-26.5.0.app/Contents/Developer/Platforms/WatchOS.platform/Developer/SDKs/WatchOS26.5.sdk/System/Library/Frameworks/UIKit.framework/Headers/UIDevice.h:35:12: note: 'UIDevice' has been explicitly marked unavailable here
@interface UIDevice : NSObject
^
SwiftExplicitDependencyGeneratePcm arm64 /Users/admin/builder/spi-builder-workspace/.derivedData/ModuleCache.noindex/SwiftUICore-2QDV87SK0G43TTD7S0GT2E718.pcm
2026-09-20 18:20:45.994 xcodebuild[727:4325] [MT] IDERunDestination: Supported platforms for the buildables in the current scheme is empty.
** BUILD FAILED **
The following build commands failed:
SwiftEmitModule normal armv7k Emitting\ module\ for\ AEPServices (in target 'AEPServices' from project 'AEPCore')
EmitSwiftModule normal armv7k (in target 'AEPServices' from project 'AEPCore')
Building workspace spi-builder-workspace with scheme AEPUserProfile
(3 failures)
Command line invocation:
/Applications/Xcode-26.5.0.app/Contents/Developer/usr/bin/xcodebuild -IDEClonedSourcePackagesDirPathOverride=/Users/admin/builder/spi-builder-workspace/.dependencies -resolvePackageDependencies
Resolve Package Graph
Resolved source packages:
AEPUserProfile: /Users/admin/builder/spi-builder-workspace
AEPCore: https://github.com/adobe/aepsdk-core-ios.git @ 5.11.0
AEPRulesEngine: https://github.com/adobe/aepsdk-rulesengine-ios.git @ 5.0.0
resolved source packages: AEPUserProfile, AEPCore, AEPRulesEngine
2026-09-20 18:20:53.951 xcodebuild[956:5444] [MT] IDERunDestination: Supported platforms for the buildables in the current scheme is empty.
{
"dependencies" : [
{
"identity" : "aepsdk-core-ios",
"requirement" : {
"range" : [
{
"lower_bound" : "5.0.0",
"upper_bound" : "6.0.0"
}
]
},
"type" : "sourceControl",
"url" : "https://github.com/adobe/aepsdk-core-ios.git"
}
],
"manifest_display_name" : "AEPUserProfile",
"name" : "AEPUserProfile",
"path" : "/Users/admin/builder/spi-builder-workspace",
"platforms" : [
{
"name" : "ios",
"version" : "12.0"
}
],
"products" : [
{
"name" : "AEPUserProfile",
"targets" : [
"AEPUserProfile"
],
"type" : {
"library" : [
"automatic"
]
}
}
],
"targets" : [
{
"c99name" : "AEPUserProfile",
"module_type" : "SwiftTarget",
"name" : "AEPUserProfile",
"path" : "AEPUserProfile/Sources",
"product_dependencies" : [
"AEPCore"
],
"product_memberships" : [
"AEPUserProfile"
],
"sources" : [
"Event+UserProfile.swift",
"UserProfile+PublicAPI.swift",
"UserProfile.swift",
"UserProfileConstants.swift",
"UserProfileV5Migrator.swift"
],
"type" : "library"
}
],
"tools_version" : "5.3"
}
{
"workspace" : {
"name" : "spi-builder-workspace",
"schemes" : [
"AEPUserProfile"
]
}
}
2026-09-20 18:20:55.227 xcodebuild[966:5518] [MT] IDERunDestination: Supported platforms for the buildables in the current scheme is empty.
Running build ...
env DEVELOPER_DIR=/Applications/Xcode-26.5.0.app xcrun xcodebuild -IDEClonedSourcePackagesDirPathOverride=$PWD/.dependencies -skipMacroValidation -skipPackagePluginValidation -derivedDataPath $PWD/.derivedData build -scheme AEPUserProfile -destination generic/platform=watchOS
Command line invocation:
/Applications/Xcode-26.5.0.app/Contents/Developer/usr/bin/xcodebuild -IDEClonedSourcePackagesDirPathOverride=/Users/admin/builder/spi-builder-workspace/.dependencies -skipMacroValidation -skipPackagePluginValidation -derivedDataPath /Users/admin/builder/spi-builder-workspace/.derivedData build -scheme AEPUserProfile -destination generic/platform=watchOS
Resolve Package Graph
Resolved source packages:
AEPRulesEngine: https://github.com/adobe/aepsdk-rulesengine-ios.git @ 5.0.0
AEPCore: https://github.com/adobe/aepsdk-core-ios.git @ 5.11.0
AEPUserProfile: /Users/admin/builder/spi-builder-workspace
ComputePackagePrebuildTargetDependencyGraph
Prepare packages
CreateBuildRequest
SendProjectDescription
CreateBuildOperation
ComputeTargetDependencyGraph
note: Building targets in dependency order
note: Target dependency graph (9 targets)
Target 'AEPUserProfile' in project 'AEPUserProfile'
➜ Explicit dependency on target 'AEPUserProfile' in project 'AEPUserProfile'
➜ Explicit dependency on target 'AEPCore' in project 'AEPCore'
Target 'AEPUserProfile' in project 'AEPUserProfile'
➜ Explicit dependency on target 'AEPCore' in project 'AEPCore'
Target 'AEPCore' in project 'AEPCore'
➜ Explicit dependency on target 'AEPCore' in project 'AEPCore'
➜ Explicit dependency on target 'AEPCore_AEPCore' in project 'AEPCore'
➜ Explicit dependency on target 'AEPServices' in project 'AEPCore'
➜ Explicit dependency on target 'AEPRulesEngine' in project 'AEPRulesEngine'
Target 'AEPCore' in project 'AEPCore'
➜ Explicit dependency on target 'AEPCore_AEPCore' in project 'AEPCore'
➜ Explicit dependency on target 'AEPServices' in project 'AEPCore'
➜ Explicit dependency on target 'AEPRulesEngine' in project 'AEPRulesEngine'
Target 'AEPRulesEngine' in project 'AEPRulesEngine'
➜ Explicit dependency on target 'AEPRulesEngine' in project 'AEPRulesEngine'
Target 'AEPRulesEngine' in project 'AEPRulesEngine' (no dependencies)
Target 'AEPServices' in project 'AEPCore'
➜ Explicit dependency on target 'AEPCore_AEPServices' in project 'AEPCore'
Target 'AEPCore_AEPServices' in project 'AEPCore' (no dependencies)
Target 'AEPCore_AEPCore' in project 'AEPCore' (no dependencies)
GatherProvisioningInputs
CreateBuildDescription
ClangStatCache /Applications/Xcode-26.5.0.app/Contents/Developer/Toolchains/XcodeDefault.xctoolchain/usr/bin/clang-stat-cache /Applications/Xcode-26.5.0.app/Contents/Developer/Platforms/WatchOS.platform/Developer/SDKs/WatchOS26.5.sdk /Users/admin/builder/spi-builder-workspace/.derivedData/SDKStatCaches.noindex/watchos26.5-23T570-688ef53f1462e2c8f657fdc38a81448f7931b973dfc65d9472806dbbc3af9379.sdkstatcache
cd /Users/admin/builder/spi-builder-workspace/.swiftpm/xcode
/Applications/Xcode-26.5.0.app/Contents/Developer/Toolchains/XcodeDefault.xctoolchain/usr/bin/clang-stat-cache /Applications/Xcode-26.5.0.app/Contents/Developer/Platforms/WatchOS.platform/Developer/SDKs/WatchOS26.5.sdk -o /Users/admin/builder/spi-builder-workspace/.derivedData/SDKStatCaches.noindex/watchos26.5-23T570-688ef53f1462e2c8f657fdc38a81448f7931b973dfc65d9472806dbbc3af9379.sdkstatcache
SwiftDriver AEPServices normal arm64_32 com.apple.xcode.tools.swift.compiler (in target 'AEPServices' from project 'AEPCore')
cd /Users/admin/builder/spi-builder-workspace/.swiftpm/xcode
builtin-SwiftDriver -- /Applications/Xcode-26.5.0.app/Contents/Developer/Toolchains/XcodeDefault.xctoolchain/usr/bin/swiftc -module-name AEPServices -Onone @/Users/admin/builder/spi-builder-workspace/.derivedData/Build/Intermediates.noindex/AEPCore.build/Debug-watchos/AEPServices.build/Objects-normal/arm64_32/AEPServices.SwiftFileList -DSWIFT_PACKAGE -DDEBUG -DSWIFT_MODULE_RESOURCE_BUNDLE_AVAILABLE -DXcode -plugin-path /Applications/Xcode-26.5.0.app/Contents/Developer/Toolchains/XcodeDefault.xctoolchain/usr/lib/swift/host/plugins/testing -enable-experimental-feature DebugDescriptionMacro -sdk /Applications/Xcode-26.5.0.app/Contents/Developer/Platforms/WatchOS.platform/Developer/SDKs/WatchOS26.5.sdk -target arm64_32-apple-watchos5.0 -g -module-cache-path /Users/admin/builder/spi-builder-workspace/.derivedData/ModuleCache.noindex -Xfrontend -serialize-debugging-options -enable-testing -suppress-warnings -index-store-path /Users/admin/builder/spi-builder-workspace/.derivedData/Index.noindex/DataStore -Xcc -D_LIBCPP_HARDENING_MODE\=_LIBCPP_HARDENING_MODE_DEBUG -swift-version 5 -I /Users/admin/builder/spi-builder-workspace/.derivedData/Build/Products/Debug-watchos -Isystem /Applications/Xcode-26.5.0.app/Contents/Developer/Platforms/WatchOS.platform/Developer/usr/lib -F /Users/admin/builder/spi-builder-workspace/.derivedData/Build/Products/Debug-watchos -F /Applications/Xcode-26.5.0.app/Contents/Developer/Platforms/WatchOS.platform/Developer/Library/Frameworks -F /Applications/Xcode-26.5.0.app/Contents/Developer/Platforms/WatchOS.platform/Developer/SDKs/WatchOS26.5.sdk/Developer/Library/Frameworks -c -j10 -enable-batch-mode -incremental -Xcc -ivfsstatcache -Xcc /Users/admin/builder/spi-builder-workspace/.derivedData/SDKStatCaches.noindex/watchos26.5-23T570-688ef53f1462e2c8f657fdc38a81448f7931b973dfc65d9472806dbbc3af9379.sdkstatcache -output-file-map /Users/admin/builder/spi-builder-workspace/.derivedData/Build/Intermediates.noindex/AEPCore.build/Debug-watchos/AEPServices.build/Objects-normal/arm64_32/AEPServices-OutputFileMap.json -use-frontend-parseable-output -save-temps -no-color-diagnostics -explicit-module-build -module-cache-path /Users/admin/builder/spi-builder-workspace/.derivedData/Build/Intermediates.noindex/SwiftExplicitPrecompiledModules -clang-scanner-module-cache-path /Users/admin/builder/spi-builder-workspace/.derivedData/ModuleCache.noindex -sdk-module-cache-path /Users/admin/builder/spi-builder-workspace/.derivedData/ModuleCache.noindex -serialize-diagnostics -emit-dependencies -emit-module -emit-module-path /Users/admin/builder/spi-builder-workspace/.derivedData/Build/Intermediates.noindex/AEPCore.build/Debug-watchos/AEPServices.build/Objects-normal/arm64_32/AEPServices.swiftmodule -validate-clang-modules-once -clang-build-session-file /Users/admin/builder/spi-builder-workspace/.derivedData/ModuleCache.noindex/Session.modulevalidation -Xcc -I/Users/admin/builder/spi-builder-workspace/.derivedData/Build/Intermediates.noindex/AEPCore.build/Debug-watchos/AEPServices.build/swift-overrides.hmap -emit-const-values -Xfrontend -const-gather-protocols-file -Xfrontend /Users/admin/builder/spi-builder-workspace/.derivedData/Build/Intermediates.noindex/AEPCore.build/Debug-watchos/AEPServices.build/Objects-normal/arm64_32/AEPServices_const_extract_protocols.json -Xcc -I/Users/admin/builder/spi-builder-workspace/.derivedData/Build/Products/Debug-watchos/include -Xcc -I/Users/admin/builder/spi-builder-workspace/.derivedData/Build/Intermediates.noindex/AEPCore.build/Debug-watchos/AEPServices.build/DerivedSources-normal/arm64_32 -Xcc -I/Users/admin/builder/spi-builder-workspace/.derivedData/Build/Intermediates.noindex/AEPCore.build/Debug-watchos/AEPServices.build/DerivedSources/arm64_32 -Xcc -I/Users/admin/builder/spi-builder-workspace/.derivedData/Build/Intermediates.noindex/AEPCore.build/Debug-watchos/AEPServices.build/DerivedSources -Xcc -DSWIFT_PACKAGE -Xcc -DDEBUG\=1 -emit-objc-header -emit-objc-header-path /Users/admin/builder/spi-builder-workspace/.derivedData/Build/Intermediates.noindex/AEPCore.build/Debug-watchos/AEPServices.build/Objects-normal/arm64_32/AEPServices-Swift.h -working-directory /Users/admin/builder/spi-builder-workspace/.swiftpm/xcode -experimental-emit-module-separately -disable-cmo
SwiftDriver AEPRulesEngine normal armv7k com.apple.xcode.tools.swift.compiler (in target 'AEPRulesEngine' from project 'AEPRulesEngine')
cd /Users/admin/builder/spi-builder-workspace/.swiftpm/xcode
builtin-SwiftDriver -- /Applications/Xcode-26.5.0.app/Contents/Developer/Toolchains/XcodeDefault.xctoolchain/usr/bin/swiftc -module-name AEPRulesEngine -Onone @/Users/admin/builder/spi-builder-workspace/.derivedData/Build/Intermediates.noindex/AEPRulesEngine.build/Debug-watchos/AEPRulesEngine.build/Objects-normal/armv7k/AEPRulesEngine.SwiftFileList -DSWIFT_PACKAGE -DDEBUG -DSWIFT_MODULE_RESOURCE_BUNDLE_UNAVAILABLE -DXcode -plugin-path /Applications/Xcode-26.5.0.app/Contents/Developer/Toolchains/XcodeDefault.xctoolchain/usr/lib/swift/host/plugins/testing -enable-experimental-feature DebugDescriptionMacro -sdk /Applications/Xcode-26.5.0.app/Contents/Developer/Platforms/WatchOS.platform/Developer/SDKs/WatchOS26.5.sdk -target armv7k-apple-watchos5.0 -g -module-cache-path /Users/admin/builder/spi-builder-workspace/.derivedData/ModuleCache.noindex -Xfrontend -serialize-debugging-options -enable-testing -suppress-warnings -index-store-path /Users/admin/builder/spi-builder-workspace/.derivedData/Index.noindex/DataStore -Xcc -D_LIBCPP_HARDENING_MODE\=_LIBCPP_HARDENING_MODE_DEBUG -swift-version 5 -I /Users/admin/builder/spi-builder-workspace/.derivedData/Build/Products/Debug-watchos -Isystem /Applications/Xcode-26.5.0.app/Contents/Developer/Platforms/WatchOS.platform/Developer/usr/lib -F /Users/admin/builder/spi-builder-workspace/.derivedData/Build/Products/Debug-watchos -F /Applications/Xcode-26.5.0.app/Contents/Developer/Platforms/WatchOS.platform/Developer/Library/Frameworks -F /Applications/Xcode-26.5.0.app/Contents/Developer/Platforms/WatchOS.platform/Developer/SDKs/WatchOS26.5.sdk/Developer/Library/Frameworks -c -j10 -enable-batch-mode -incremental -Xcc -ivfsstatcache -Xcc /Users/admin/builder/spi-builder-workspace/.derivedData/SDKStatCaches.noindex/watchos26.5-23T570-688ef53f1462e2c8f657fdc38a81448f7931b973dfc65d9472806dbbc3af9379.sdkstatcache -output-file-map /Users/admin/builder/spi-builder-workspace/.derivedData/Build/Intermediates.noindex/AEPRulesEngine.build/Debug-watchos/AEPRulesEngine.build/Objects-normal/armv7k/AEPRulesEngine-OutputFileMap.json -use-frontend-parseable-output -save-temps -no-color-diagnostics -explicit-module-build -module-cache-path /Users/admin/builder/spi-builder-workspace/.derivedData/Build/Intermediates.noindex/SwiftExplicitPrecompiledModules -clang-scanner-module-cache-path /Users/admin/builder/spi-builder-workspace/.derivedData/ModuleCache.noindex -sdk-module-cache-path /Users/admin/builder/spi-builder-workspace/.derivedData/ModuleCache.noindex -serialize-diagnostics -emit-dependencies -emit-module -emit-module-path /Users/admin/builder/spi-builder-workspace/.derivedData/Build/Intermediates.noindex/AEPRulesEngine.build/Debug-watchos/AEPRulesEngine.build/Objects-normal/armv7k/AEPRulesEngine.swiftmodule -validate-clang-modules-once -clang-build-session-file /Users/admin/builder/spi-builder-workspace/.derivedData/ModuleCache.noindex/Session.modulevalidation -Xcc -I/Users/admin/builder/spi-builder-workspace/.derivedData/Build/Intermediates.noindex/AEPRulesEngine.build/Debug-watchos/AEPRulesEngine.build/swift-overrides.hmap -emit-const-values -Xfrontend -const-gather-protocols-file -Xfrontend /Users/admin/builder/spi-builder-workspace/.derivedData/Build/Intermediates.noindex/AEPRulesEngine.build/Debug-watchos/AEPRulesEngine.build/Objects-normal/armv7k/AEPRulesEngine_const_extract_protocols.json -Xcc -I/Users/admin/builder/spi-builder-workspace/.derivedData/Build/Products/Debug-watchos/include -Xcc -I/Users/admin/builder/spi-builder-workspace/.derivedData/Build/Intermediates.noindex/AEPRulesEngine.build/Debug-watchos/AEPRulesEngine.build/DerivedSources-normal/armv7k -Xcc -I/Users/admin/builder/spi-builder-workspace/.derivedData/Build/Intermediates.noindex/AEPRulesEngine.build/Debug-watchos/AEPRulesEngine.build/DerivedSources/armv7k -Xcc -I/Users/admin/builder/spi-builder-workspace/.derivedData/Build/Intermediates.noindex/AEPRulesEngine.build/Debug-watchos/AEPRulesEngine.build/DerivedSources -Xcc -DSWIFT_PACKAGE -Xcc -DDEBUG\=1 -emit-objc-header -emit-objc-header-path /Users/admin/builder/spi-builder-workspace/.derivedData/Build/Intermediates.noindex/AEPRulesEngine.build/Debug-watchos/AEPRulesEngine.build/Objects-normal/armv7k/AEPRulesEngine-Swift.h -working-directory /Users/admin/builder/spi-builder-workspace/.swiftpm/xcode -experimental-emit-module-separately -disable-cmo
SwiftDriver AEPRulesEngine normal arm64_32 com.apple.xcode.tools.swift.compiler (in target 'AEPRulesEngine' from project 'AEPRulesEngine')
cd /Users/admin/builder/spi-builder-workspace/.swiftpm/xcode
builtin-SwiftDriver -- /Applications/Xcode-26.5.0.app/Contents/Developer/Toolchains/XcodeDefault.xctoolchain/usr/bin/swiftc -module-name AEPRulesEngine -Onone @/Users/admin/builder/spi-builder-workspace/.derivedData/Build/Intermediates.noindex/AEPRulesEngine.build/Debug-watchos/AEPRulesEngine.build/Objects-normal/arm64_32/AEPRulesEngine.SwiftFileList -DSWIFT_PACKAGE -DDEBUG -DSWIFT_MODULE_RESOURCE_BUNDLE_UNAVAILABLE -DXcode -plugin-path /Applications/Xcode-26.5.0.app/Contents/Developer/Toolchains/XcodeDefault.xctoolchain/usr/lib/swift/host/plugins/testing -enable-experimental-feature DebugDescriptionMacro -sdk /Applications/Xcode-26.5.0.app/Contents/Developer/Platforms/WatchOS.platform/Developer/SDKs/WatchOS26.5.sdk -target arm64_32-apple-watchos5.0 -g -module-cache-path /Users/admin/builder/spi-builder-workspace/.derivedData/ModuleCache.noindex -Xfrontend -serialize-debugging-options -enable-testing -suppress-warnings -index-store-path /Users/admin/builder/spi-builder-workspace/.derivedData/Index.noindex/DataStore -Xcc -D_LIBCPP_HARDENING_MODE\=_LIBCPP_HARDENING_MODE_DEBUG -swift-version 5 -I /Users/admin/builder/spi-builder-workspace/.derivedData/Build/Products/Debug-watchos -Isystem /Applications/Xcode-26.5.0.app/Contents/Developer/Platforms/WatchOS.platform/Developer/usr/lib -F /Users/admin/builder/spi-builder-workspace/.derivedData/Build/Products/Debug-watchos -F /Applications/Xcode-26.5.0.app/Contents/Developer/Platforms/WatchOS.platform/Developer/Library/Frameworks -F /Applications/Xcode-26.5.0.app/Contents/Developer/Platforms/WatchOS.platform/Developer/SDKs/WatchOS26.5.sdk/Developer/Library/Frameworks -c -j10 -enable-batch-mode -incremental -Xcc -ivfsstatcache -Xcc /Users/admin/builder/spi-builder-workspace/.derivedData/SDKStatCaches.noindex/watchos26.5-23T570-688ef53f1462e2c8f657fdc38a81448f7931b973dfc65d9472806dbbc3af9379.sdkstatcache -output-file-map /Users/admin/builder/spi-builder-workspace/.derivedData/Build/Intermediates.noindex/AEPRulesEngine.build/Debug-watchos/AEPRulesEngine.build/Objects-normal/arm64_32/AEPRulesEngine-OutputFileMap.json -use-frontend-parseable-output -save-temps -no-color-diagnostics -explicit-module-build -module-cache-path /Users/admin/builder/spi-builder-workspace/.derivedData/Build/Intermediates.noindex/SwiftExplicitPrecompiledModules -clang-scanner-module-cache-path /Users/admin/builder/spi-builder-workspace/.derivedData/ModuleCache.noindex -sdk-module-cache-path /Users/admin/builder/spi-builder-workspace/.derivedData/ModuleCache.noindex -serialize-diagnostics -emit-dependencies -emit-module -emit-module-path /Users/admin/builder/spi-builder-workspace/.derivedData/Build/Intermediates.noindex/AEPRulesEngine.build/Debug-watchos/AEPRulesEngine.build/Objects-normal/arm64_32/AEPRulesEngine.swiftmodule -validate-clang-modules-once -clang-build-session-file /Users/admin/builder/spi-builder-workspace/.derivedData/ModuleCache.noindex/Session.modulevalidation -Xcc -I/Users/admin/builder/spi-builder-workspace/.derivedData/Build/Intermediates.noindex/AEPRulesEngine.build/Debug-watchos/AEPRulesEngine.build/swift-overrides.hmap -emit-const-values -Xfrontend -const-gather-protocols-file -Xfrontend /Users/admin/builder/spi-builder-workspace/.derivedData/Build/Intermediates.noindex/AEPRulesEngine.build/Debug-watchos/AEPRulesEngine.build/Objects-normal/arm64_32/AEPRulesEngine_const_extract_protocols.json -Xcc -I/Users/admin/builder/spi-builder-workspace/.derivedData/Build/Products/Debug-watchos/include -Xcc -I/Users/admin/builder/spi-builder-workspace/.derivedData/Build/Intermediates.noindex/AEPRulesEngine.build/Debug-watchos/AEPRulesEngine.build/DerivedSources-normal/arm64_32 -Xcc -I/Users/admin/builder/spi-builder-workspace/.derivedData/Build/Intermediates.noindex/AEPRulesEngine.build/Debug-watchos/AEPRulesEngine.build/DerivedSources/arm64_32 -Xcc -I/Users/admin/builder/spi-builder-workspace/.derivedData/Build/Intermediates.noindex/AEPRulesEngine.build/Debug-watchos/AEPRulesEngine.build/DerivedSources -Xcc -DSWIFT_PACKAGE -Xcc -DDEBUG\=1 -emit-objc-header -emit-objc-header-path /Users/admin/builder/spi-builder-workspace/.derivedData/Build/Intermediates.noindex/AEPRulesEngine.build/Debug-watchos/AEPRulesEngine.build/Objects-normal/arm64_32/AEPRulesEngine-Swift.h -working-directory /Users/admin/builder/spi-builder-workspace/.swiftpm/xcode -experimental-emit-module-separately -disable-cmo
SwiftDriver AEPServices normal arm64 com.apple.xcode.tools.swift.compiler (in target 'AEPServices' from project 'AEPCore')
cd /Users/admin/builder/spi-builder-workspace/.swiftpm/xcode
builtin-SwiftDriver -- /Applications/Xcode-26.5.0.app/Contents/Developer/Toolchains/XcodeDefault.xctoolchain/usr/bin/swiftc -module-name AEPServices -Onone @/Users/admin/builder/spi-builder-workspace/.derivedData/Build/Intermediates.noindex/AEPCore.build/Debug-watchos/AEPServices.build/Objects-normal/arm64/AEPServices.SwiftFileList -DSWIFT_PACKAGE -DDEBUG -DSWIFT_MODULE_RESOURCE_BUNDLE_AVAILABLE -DXcode -plugin-path /Applications/Xcode-26.5.0.app/Contents/Developer/Toolchains/XcodeDefault.xctoolchain/usr/lib/swift/host/plugins/testing -enable-experimental-feature DebugDescriptionMacro -sdk /Applications/Xcode-26.5.0.app/Contents/Developer/Platforms/WatchOS.platform/Developer/SDKs/WatchOS26.5.sdk -target arm64-apple-watchos5.0 -g -module-cache-path /Users/admin/builder/spi-builder-workspace/.derivedData/ModuleCache.noindex -Xfrontend -serialize-debugging-options -enable-testing -suppress-warnings -index-store-path /Users/admin/builder/spi-builder-workspace/.derivedData/Index.noindex/DataStore -Xcc -D_LIBCPP_HARDENING_MODE\=_LIBCPP_HARDENING_MODE_DEBUG -swift-version 5 -I /Users/admin/builder/spi-builder-workspace/.derivedData/Build/Products/Debug-watchos -Isystem /Applications/Xcode-26.5.0.app/Contents/Developer/Platforms/WatchOS.platform/Developer/usr/lib -F /Users/admin/builder/spi-builder-workspace/.derivedData/Build/Products/Debug-watchos -F /Applications/Xcode-26.5.0.app/Contents/Developer/Platforms/WatchOS.platform/Developer/Library/Frameworks -F /Applications/Xcode-26.5.0.app/Contents/Developer/Platforms/WatchOS.platform/Developer/SDKs/WatchOS26.5.sdk/Developer/Library/Frameworks -c -j10 -enable-batch-mode -incremental -Xcc -ivfsstatcache -Xcc /Users/admin/builder/spi-builder-workspace/.derivedData/SDKStatCaches.noindex/watchos26.5-23T570-688ef53f1462e2c8f657fdc38a81448f7931b973dfc65d9472806dbbc3af9379.sdkstatcache -output-file-map /Users/admin/builder/spi-builder-workspace/.derivedData/Build/Intermediates.noindex/AEPCore.build/Debug-watchos/AEPServices.build/Objects-normal/arm64/AEPServices-OutputFileMap.json -use-frontend-parseable-output -save-temps -no-color-diagnostics -explicit-module-build -module-cache-path /Users/admin/builder/spi-builder-workspace/.derivedData/Build/Intermediates.noindex/SwiftExplicitPrecompiledModules -clang-scanner-module-cache-path /Users/admin/builder/spi-builder-workspace/.derivedData/ModuleCache.noindex -sdk-module-cache-path /Users/admin/builder/spi-builder-workspace/.derivedData/ModuleCache.noindex -serialize-diagnostics -emit-dependencies -emit-module -emit-module-path /Users/admin/builder/spi-builder-workspace/.derivedData/Build/Intermediates.noindex/AEPCore.build/Debug-watchos/AEPServices.build/Objects-normal/arm64/AEPServices.swiftmodule -validate-clang-modules-once -clang-build-session-file /Users/admin/builder/spi-builder-workspace/.derivedData/ModuleCache.noindex/Session.modulevalidation -Xcc -I/Users/admin/builder/spi-builder-workspace/.derivedData/Build/Intermediates.noindex/AEPCore.build/Debug-watchos/AEPServices.build/swift-overrides.hmap -emit-const-values -Xfrontend -const-gather-protocols-file -Xfrontend /Users/admin/builder/spi-builder-workspace/.derivedData/Build/Intermediates.noindex/AEPCore.build/Debug-watchos/AEPServices.build/Objects-normal/arm64/AEPServices_const_extract_protocols.json -Xcc -I/Users/admin/builder/spi-builder-workspace/.derivedData/Build/Products/Debug-watchos/include -Xcc -I/Users/admin/builder/spi-builder-workspace/.derivedData/Build/Intermediates.noindex/AEPCore.build/Debug-watchos/AEPServices.build/DerivedSources-normal/arm64 -Xcc -I/Users/admin/builder/spi-builder-workspace/.derivedData/Build/Intermediates.noindex/AEPCore.build/Debug-watchos/AEPServices.build/DerivedSources/arm64 -Xcc -I/Users/admin/builder/spi-builder-workspace/.derivedData/Build/Intermediates.noindex/AEPCore.build/Debug-watchos/AEPServices.build/DerivedSources -Xcc -DSWIFT_PACKAGE -Xcc -DDEBUG\=1 -emit-objc-header -emit-objc-header-path /Users/admin/builder/spi-builder-workspace/.derivedData/Build/Intermediates.noindex/AEPCore.build/Debug-watchos/AEPServices.build/Objects-normal/arm64/AEPServices-Swift.h -working-directory /Users/admin/builder/spi-builder-workspace/.swiftpm/xcode -experimental-emit-module-separately -disable-cmo
SwiftDriver AEPRulesEngine normal arm64 com.apple.xcode.tools.swift.compiler (in target 'AEPRulesEngine' from project 'AEPRulesEngine')
cd /Users/admin/builder/spi-builder-workspace/.swiftpm/xcode
builtin-SwiftDriver -- /Applications/Xcode-26.5.0.app/Contents/Developer/Toolchains/XcodeDefault.xctoolchain/usr/bin/swiftc -module-name AEPRulesEngine -Onone @/Users/admin/builder/spi-builder-workspace/.derivedData/Build/Intermediates.noindex/AEPRulesEngine.build/Debug-watchos/AEPRulesEngine.build/Objects-normal/arm64/AEPRulesEngine.SwiftFileList -DSWIFT_PACKAGE -DDEBUG -DSWIFT_MODULE_RESOURCE_BUNDLE_UNAVAILABLE -DXcode -plugin-path /Applications/Xcode-26.5.0.app/Contents/Developer/Toolchains/XcodeDefault.xctoolchain/usr/lib/swift/host/plugins/testing -enable-experimental-feature DebugDescriptionMacro -sdk /Applications/Xcode-26.5.0.app/Contents/Developer/Platforms/WatchOS.platform/Developer/SDKs/WatchOS26.5.sdk -target arm64-apple-watchos5.0 -g -module-cache-path /Users/admin/builder/spi-builder-workspace/.derivedData/ModuleCache.noindex -Xfrontend -serialize-debugging-options -enable-testing -suppress-warnings -index-store-path /Users/admin/builder/spi-builder-workspace/.derivedData/Index.noindex/DataStore -Xcc -D_LIBCPP_HARDENING_MODE\=_LIBCPP_HARDENING_MODE_DEBUG -swift-version 5 -I /Users/admin/builder/spi-builder-workspace/.derivedData/Build/Products/Debug-watchos -Isystem /Applications/Xcode-26.5.0.app/Contents/Developer/Platforms/WatchOS.platform/Developer/usr/lib -F /Users/admin/builder/spi-builder-workspace/.derivedData/Build/Products/Debug-watchos -F /Applications/Xcode-26.5.0.app/Contents/Developer/Platforms/WatchOS.platform/Developer/Library/Frameworks -F /Applications/Xcode-26.5.0.app/Contents/Developer/Platforms/WatchOS.platform/Developer/SDKs/WatchOS26.5.sdk/Developer/Library/Frameworks -c -j10 -enable-batch-mode -incremental -Xcc -ivfsstatcache -Xcc /Users/admin/builder/spi-builder-workspace/.derivedData/SDKStatCaches.noindex/watchos26.5-23T570-688ef53f1462e2c8f657fdc38a81448f7931b973dfc65d9472806dbbc3af9379.sdkstatcache -output-file-map /Users/admin/builder/spi-builder-workspace/.derivedData/Build/Intermediates.noindex/AEPRulesEngine.build/Debug-watchos/AEPRulesEngine.build/Objects-normal/arm64/AEPRulesEngine-OutputFileMap.json -use-frontend-parseable-output -save-temps -no-color-diagnostics -explicit-module-build -module-cache-path /Users/admin/builder/spi-builder-workspace/.derivedData/Build/Intermediates.noindex/SwiftExplicitPrecompiledModules -clang-scanner-module-cache-path /Users/admin/builder/spi-builder-workspace/.derivedData/ModuleCache.noindex -sdk-module-cache-path /Users/admin/builder/spi-builder-workspace/.derivedData/ModuleCache.noindex -serialize-diagnostics -emit-dependencies -emit-module -emit-module-path /Users/admin/builder/spi-builder-workspace/.derivedData/Build/Intermediates.noindex/AEPRulesEngine.build/Debug-watchos/AEPRulesEngine.build/Objects-normal/arm64/AEPRulesEngine.swiftmodule -validate-clang-modules-once -clang-build-session-file /Users/admin/builder/spi-builder-workspace/.derivedData/ModuleCache.noindex/Session.modulevalidation -Xcc -I/Users/admin/builder/spi-builder-workspace/.derivedData/Build/Intermediates.noindex/AEPRulesEngine.build/Debug-watchos/AEPRulesEngine.build/swift-overrides.hmap -emit-const-values -Xfrontend -const-gather-protocols-file -Xfrontend /Users/admin/builder/spi-builder-workspace/.derivedData/Build/Intermediates.noindex/AEPRulesEngine.build/Debug-watchos/AEPRulesEngine.build/Objects-normal/arm64/AEPRulesEngine_const_extract_protocols.json -Xcc -I/Users/admin/builder/spi-builder-workspace/.derivedData/Build/Products/Debug-watchos/include -Xcc -I/Users/admin/builder/spi-builder-workspace/.derivedData/Build/Intermediates.noindex/AEPRulesEngine.build/Debug-watchos/AEPRulesEngine.build/DerivedSources-normal/arm64 -Xcc -I/Users/admin/builder/spi-builder-workspace/.derivedData/Build/Intermediates.noindex/AEPRulesEngine.build/Debug-watchos/AEPRulesEngine.build/DerivedSources/arm64 -Xcc -I/Users/admin/builder/spi-builder-workspace/.derivedData/Build/Intermediates.noindex/AEPRulesEngine.build/Debug-watchos/AEPRulesEngine.build/DerivedSources -Xcc -DSWIFT_PACKAGE -Xcc -DDEBUG\=1 -emit-objc-header -emit-objc-header-path /Users/admin/builder/spi-builder-workspace/.derivedData/Build/Intermediates.noindex/AEPRulesEngine.build/Debug-watchos/AEPRulesEngine.build/Objects-normal/arm64/AEPRulesEngine-Swift.h -working-directory /Users/admin/builder/spi-builder-workspace/.swiftpm/xcode -experimental-emit-module-separately -disable-cmo
SwiftDriver AEPServices normal armv7k com.apple.xcode.tools.swift.compiler (in target 'AEPServices' from project 'AEPCore')
cd /Users/admin/builder/spi-builder-workspace/.swiftpm/xcode
builtin-SwiftDriver -- /Applications/Xcode-26.5.0.app/Contents/Developer/Toolchains/XcodeDefault.xctoolchain/usr/bin/swiftc -module-name AEPServices -Onone @/Users/admin/builder/spi-builder-workspace/.derivedData/Build/Intermediates.noindex/AEPCore.build/Debug-watchos/AEPServices.build/Objects-normal/armv7k/AEPServices.SwiftFileList -DSWIFT_PACKAGE -DDEBUG -DSWIFT_MODULE_RESOURCE_BUNDLE_AVAILABLE -DXcode -plugin-path /Applications/Xcode-26.5.0.app/Contents/Developer/Toolchains/XcodeDefault.xctoolchain/usr/lib/swift/host/plugins/testing -enable-experimental-feature DebugDescriptionMacro -sdk /Applications/Xcode-26.5.0.app/Contents/Developer/Platforms/WatchOS.platform/Developer/SDKs/WatchOS26.5.sdk -target armv7k-apple-watchos5.0 -g -module-cache-path /Users/admin/builder/spi-builder-workspace/.derivedData/ModuleCache.noindex -Xfrontend -serialize-debugging-options -enable-testing -suppress-warnings -index-store-path /Users/admin/builder/spi-builder-workspace/.derivedData/Index.noindex/DataStore -Xcc -D_LIBCPP_HARDENING_MODE\=_LIBCPP_HARDENING_MODE_DEBUG -swift-version 5 -I /Users/admin/builder/spi-builder-workspace/.derivedData/Build/Products/Debug-watchos -Isystem /Applications/Xcode-26.5.0.app/Contents/Developer/Platforms/WatchOS.platform/Developer/usr/lib -F /Users/admin/builder/spi-builder-workspace/.derivedData/Build/Products/Debug-watchos -F /Applications/Xcode-26.5.0.app/Contents/Developer/Platforms/WatchOS.platform/Developer/Library/Frameworks -F /Applications/Xcode-26.5.0.app/Contents/Developer/Platforms/WatchOS.platform/Developer/SDKs/WatchOS26.5.sdk/Developer/Library/Frameworks -c -j10 -enable-batch-mode -incremental -Xcc -ivfsstatcache -Xcc /Users/admin/builder/spi-builder-workspace/.derivedData/SDKStatCaches.noindex/watchos26.5-23T570-688ef53f1462e2c8f657fdc38a81448f7931b973dfc65d9472806dbbc3af9379.sdkstatcache -output-file-map /Users/admin/builder/spi-builder-workspace/.derivedData/Build/Intermediates.noindex/AEPCore.build/Debug-watchos/AEPServices.build/Objects-normal/armv7k/AEPServices-OutputFileMap.json -use-frontend-parseable-output -save-temps -no-color-diagnostics -explicit-module-build -module-cache-path /Users/admin/builder/spi-builder-workspace/.derivedData/Build/Intermediates.noindex/SwiftExplicitPrecompiledModules -clang-scanner-module-cache-path /Users/admin/builder/spi-builder-workspace/.derivedData/ModuleCache.noindex -sdk-module-cache-path /Users/admin/builder/spi-builder-workspace/.derivedData/ModuleCache.noindex -serialize-diagnostics -emit-dependencies -emit-module -emit-module-path /Users/admin/builder/spi-builder-workspace/.derivedData/Build/Intermediates.noindex/AEPCore.build/Debug-watchos/AEPServices.build/Objects-normal/armv7k/AEPServices.swiftmodule -validate-clang-modules-once -clang-build-session-file /Users/admin/builder/spi-builder-workspace/.derivedData/ModuleCache.noindex/Session.modulevalidation -Xcc -I/Users/admin/builder/spi-builder-workspace/.derivedData/Build/Intermediates.noindex/AEPCore.build/Debug-watchos/AEPServices.build/swift-overrides.hmap -emit-const-values -Xfrontend -const-gather-protocols-file -Xfrontend /Users/admin/builder/spi-builder-workspace/.derivedData/Build/Intermediates.noindex/AEPCore.build/Debug-watchos/AEPServices.build/Objects-normal/armv7k/AEPServices_const_extract_protocols.json -Xcc -I/Users/admin/builder/spi-builder-workspace/.derivedData/Build/Products/Debug-watchos/include -Xcc -I/Users/admin/builder/spi-builder-workspace/.derivedData/Build/Intermediates.noindex/AEPCore.build/Debug-watchos/AEPServices.build/DerivedSources-normal/armv7k -Xcc -I/Users/admin/builder/spi-builder-workspace/.derivedData/Build/Intermediates.noindex/AEPCore.build/Debug-watchos/AEPServices.build/DerivedSources/armv7k -Xcc -I/Users/admin/builder/spi-builder-workspace/.derivedData/Build/Intermediates.noindex/AEPCore.build/Debug-watchos/AEPServices.build/DerivedSources -Xcc -DSWIFT_PACKAGE -Xcc -DDEBUG\=1 -emit-objc-header -emit-objc-header-path /Users/admin/builder/spi-builder-workspace/.derivedData/Build/Intermediates.noindex/AEPCore.build/Debug-watchos/AEPServices.build/Objects-normal/armv7k/AEPServices-Swift.h -working-directory /Users/admin/builder/spi-builder-workspace/.swiftpm/xcode -experimental-emit-module-separately -disable-cmo
SwiftCompile normal arm64 Compiling\ LogLevel.swift,\ Logging.swift,\ Operand+Literal.swift /Users/admin/builder/spi-builder-workspace/.dependencies/checkouts/aepsdk-rulesengine-ios/Sources/AEPRulesEngine/Log/LogLevel.swift /Users/admin/builder/spi-builder-workspace/.dependencies/checkouts/aepsdk-rulesengine-ios/Sources/AEPRulesEngine/Log/Logging.swift /Users/admin/builder/spi-builder-workspace/.dependencies/checkouts/aepsdk-rulesengine-ios/Sources/AEPRulesEngine/Operand+Literal.swift (in target 'AEPRulesEngine' from project 'AEPRulesEngine')
SwiftCompile normal arm64 /Users/admin/builder/spi-builder-workspace/.dependencies/checkouts/aepsdk-rulesengine-ios/Sources/AEPRulesEngine/Log/LogLevel.swift (in target 'AEPRulesEngine' from project 'AEPRulesEngine')
cd /Users/admin/builder/spi-builder-workspace/.swiftpm/xcode
SwiftCompile normal arm64 /Users/admin/builder/spi-builder-workspace/.dependencies/checkouts/aepsdk-rulesengine-ios/Sources/AEPRulesEngine/Log/Logging.swift (in target 'AEPRulesEngine' from project 'AEPRulesEngine')
cd /Users/admin/builder/spi-builder-workspace/.swiftpm/xcode
SwiftCompile normal arm64 /Users/admin/builder/spi-builder-workspace/.dependencies/checkouts/aepsdk-rulesengine-ios/Sources/AEPRulesEngine/Operand+Literal.swift (in target 'AEPRulesEngine' from project 'AEPRulesEngine')
cd /Users/admin/builder/spi-builder-workspace/.swiftpm/xcode
SwiftCompile normal arm64 Compiling\ Operand.swift,\ UnaryExpression.swift,\ Log.swift /Users/admin/builder/spi-builder-workspace/.dependencies/checkouts/aepsdk-rulesengine-ios/Sources/AEPRulesEngine/Expression/Operand.swift /Users/admin/builder/spi-builder-workspace/.dependencies/checkouts/aepsdk-rulesengine-ios/Sources/AEPRulesEngine/Expression/UnaryExpression.swift /Users/admin/builder/spi-builder-workspace/.dependencies/checkouts/aepsdk-rulesengine-ios/Sources/AEPRulesEngine/Log/Log.swift (in target 'AEPRulesEngine' from project 'AEPRulesEngine')
SwiftCompile normal arm64 /Users/admin/builder/spi-builder-workspace/.dependencies/checkouts/aepsdk-rulesengine-ios/Sources/AEPRulesEngine/Expression/Operand.swift (in target 'AEPRulesEngine' from project 'AEPRulesEngine')
cd /Users/admin/builder/spi-builder-workspace/.swiftpm/xcode
SwiftCompile normal arm64 /Users/admin/builder/spi-builder-workspace/.dependencies/checkouts/aepsdk-rulesengine-ios/Sources/AEPRulesEngine/Expression/UnaryExpression.swift (in target 'AEPRulesEngine' from project 'AEPRulesEngine')
cd /Users/admin/builder/spi-builder-workspace/.swiftpm/xcode
SwiftCompile normal arm64 /Users/admin/builder/spi-builder-workspace/.dependencies/checkouts/aepsdk-rulesengine-ios/Sources/AEPRulesEngine/Log/Log.swift (in target 'AEPRulesEngine' from project 'AEPRulesEngine')
cd /Users/admin/builder/spi-builder-workspace/.swiftpm/xcode
SwiftCompile normal arm64 Compiling\ Result+RulesFailure.swift,\ Rule.swift,\ RulesEngine.swift /Users/admin/builder/spi-builder-workspace/.dependencies/checkouts/aepsdk-rulesengine-ios/Sources/AEPRulesEngine/Result+RulesFailure.swift /Users/admin/builder/spi-builder-workspace/.dependencies/checkouts/aepsdk-rulesengine-ios/Sources/AEPRulesEngine/Rule.swift /Users/admin/builder/spi-builder-workspace/.dependencies/checkouts/aepsdk-rulesengine-ios/Sources/AEPRulesEngine/RulesEngine.swift (in target 'AEPRulesEngine' from project 'AEPRulesEngine')
SwiftCompile normal arm64 /Users/admin/builder/spi-builder-workspace/.dependencies/checkouts/aepsdk-rulesengine-ios/Sources/AEPRulesEngine/Result+RulesFailure.swift (in target 'AEPRulesEngine' from project 'AEPRulesEngine')
cd /Users/admin/builder/spi-builder-workspace/.swiftpm/xcode
SwiftCompile normal arm64 /Users/admin/builder/spi-builder-workspace/.dependencies/checkouts/aepsdk-rulesengine-ios/Sources/AEPRulesEngine/Rule.swift (in target 'AEPRulesEngine' from project 'AEPRulesEngine')
cd /Users/admin/builder/spi-builder-workspace/.swiftpm/xcode
SwiftCompile normal arm64 /Users/admin/builder/spi-builder-workspace/.dependencies/checkouts/aepsdk-rulesengine-ios/Sources/AEPRulesEngine/RulesEngine.swift (in target 'AEPRulesEngine' from project 'AEPRulesEngine')
cd /Users/admin/builder/spi-builder-workspace/.swiftpm/xcode
SwiftCompile normal arm64 Compiling\ MustacheToken.swift,\ ParserTagDelimiters.swift /Users/admin/builder/spi-builder-workspace/.dependencies/checkouts/aepsdk-rulesengine-ios/Sources/AEPRulesEngine/Template/MustacheToken.swift /Users/admin/builder/spi-builder-workspace/.dependencies/checkouts/aepsdk-rulesengine-ios/Sources/AEPRulesEngine/Template/ParserTagDelimiters.swift (in target 'AEPRulesEngine' from project 'AEPRulesEngine')
SwiftCompile normal arm64 /Users/admin/builder/spi-builder-workspace/.dependencies/checkouts/aepsdk-rulesengine-ios/Sources/AEPRulesEngine/Template/MustacheToken.swift (in target 'AEPRulesEngine' from project 'AEPRulesEngine')
cd /Users/admin/builder/spi-builder-workspace/.swiftpm/xcode
SwiftCompile normal arm64 /Users/admin/builder/spi-builder-workspace/.dependencies/checkouts/aepsdk-rulesengine-ios/Sources/AEPRulesEngine/Template/ParserTagDelimiters.swift (in target 'AEPRulesEngine' from project 'AEPRulesEngine')
cd /Users/admin/builder/spi-builder-workspace/.swiftpm/xcode
SwiftCompile normal arm64 Compiling\ ConditionEvaluator.swift,\ Context.swift,\ Evaluating.swift /Users/admin/builder/spi-builder-workspace/.dependencies/checkouts/aepsdk-rulesengine-ios/Sources/AEPRulesEngine/ConditionEvaluator.swift /Users/admin/builder/spi-builder-workspace/.dependencies/checkouts/aepsdk-rulesengine-ios/Sources/AEPRulesEngine/Context.swift /Users/admin/builder/spi-builder-workspace/.dependencies/checkouts/aepsdk-rulesengine-ios/Sources/AEPRulesEngine/Evaluating.swift (in target 'AEPRulesEngine' from project 'AEPRulesEngine')
SwiftCompile normal arm64 /Users/admin/builder/spi-builder-workspace/.dependencies/checkouts/aepsdk-rulesengine-ios/Sources/AEPRulesEngine/ConditionEvaluator.swift (in target 'AEPRulesEngine' from project 'AEPRulesEngine')
cd /Users/admin/builder/spi-builder-workspace/.swiftpm/xcode
SwiftCompile normal arm64 /Users/admin/builder/spi-builder-workspace/.dependencies/checkouts/aepsdk-rulesengine-ios/Sources/AEPRulesEngine/Context.swift (in target 'AEPRulesEngine' from project 'AEPRulesEngine')
cd /Users/admin/builder/spi-builder-workspace/.swiftpm/xcode
SwiftCompile normal arm64 /Users/admin/builder/spi-builder-workspace/.dependencies/checkouts/aepsdk-rulesengine-ios/Sources/AEPRulesEngine/Evaluating.swift (in target 'AEPRulesEngine' from project 'AEPRulesEngine')
cd /Users/admin/builder/spi-builder-workspace/.swiftpm/xcode
SwiftEmitModule normal arm64 Emitting\ module\ for\ AEPRulesEngine (in target 'AEPRulesEngine' from project 'AEPRulesEngine')
EmitSwiftModule normal arm64 (in target 'AEPRulesEngine' from project 'AEPRulesEngine')
cd /Users/admin/builder/spi-builder-workspace/.swiftpm/xcode
SwiftEmitModule normal arm64_32 Emitting\ module\ for\ AEPRulesEngine (in target 'AEPRulesEngine' from project 'AEPRulesEngine')
EmitSwiftModule normal arm64_32 (in target 'AEPRulesEngine' from project 'AEPRulesEngine')
cd /Users/admin/builder/spi-builder-workspace/.swiftpm/xcode
SwiftEmitModule normal armv7k Emitting\ module\ for\ AEPRulesEngine (in target 'AEPRulesEngine' from project 'AEPRulesEngine')
EmitSwiftModule normal armv7k (in target 'AEPRulesEngine' from project 'AEPRulesEngine')
cd /Users/admin/builder/spi-builder-workspace/.swiftpm/xcode
SwiftCompile normal arm64 Compiling\ TemplateParser.swift,\ Transformer.swift /Users/admin/builder/spi-builder-workspace/.dependencies/checkouts/aepsdk-rulesengine-ios/Sources/AEPRulesEngine/Template/TemplateParser.swift /Users/admin/builder/spi-builder-workspace/.dependencies/checkouts/aepsdk-rulesengine-ios/Sources/AEPRulesEngine/Transformer.swift (in target 'AEPRulesEngine' from project 'AEPRulesEngine')
SwiftCompile normal arm64 /Users/admin/builder/spi-builder-workspace/.dependencies/checkouts/aepsdk-rulesengine-ios/Sources/AEPRulesEngine/Template/TemplateParser.swift (in target 'AEPRulesEngine' from project 'AEPRulesEngine')
cd /Users/admin/builder/spi-builder-workspace/.swiftpm/xcode
SwiftCompile normal arm64 /Users/admin/builder/spi-builder-workspace/.dependencies/checkouts/aepsdk-rulesengine-ios/Sources/AEPRulesEngine/Transformer.swift (in target 'AEPRulesEngine' from project 'AEPRulesEngine')
cd /Users/admin/builder/spi-builder-workspace/.swiftpm/xcode
SwiftCompile normal arm64 Compiling\ Transforming.swift,\ Traversable.swift /Users/admin/builder/spi-builder-workspace/.dependencies/checkouts/aepsdk-rulesengine-ios/Sources/AEPRulesEngine/Transforming.swift /Users/admin/builder/spi-builder-workspace/.dependencies/checkouts/aepsdk-rulesengine-ios/Sources/AEPRulesEngine/Traversable.swift (in target 'AEPRulesEngine' from project 'AEPRulesEngine')
SwiftCompile normal arm64 /Users/admin/builder/spi-builder-workspace/.dependencies/checkouts/aepsdk-rulesengine-ios/Sources/AEPRulesEngine/Transforming.swift (in target 'AEPRulesEngine' from project 'AEPRulesEngine')
cd /Users/admin/builder/spi-builder-workspace/.swiftpm/xcode
SwiftCompile normal arm64 /Users/admin/builder/spi-builder-workspace/.dependencies/checkouts/aepsdk-rulesengine-ios/Sources/AEPRulesEngine/Traversable.swift (in target 'AEPRulesEngine' from project 'AEPRulesEngine')
cd /Users/admin/builder/spi-builder-workspace/.swiftpm/xcode
SwiftEmitModule normal armv7k Emitting\ module\ for\ AEPServices (in target 'AEPServices' from project 'AEPCore')
Failed frontend command:
/Applications/Xcode-26.5.0.app/Contents/Developer/Toolchains/XcodeDefault.xctoolchain/usr/bin/swift-frontend -frontend -emit-module -experimental-skip-non-inlinable-function-bodies-without-types /Users/admin/builder/spi-builder-workspace/.derivedData/Build/Intermediates.noindex/AEPCore.build/Debug-watchos/AEPServices.build/DerivedSources/resource_bundle_accessor.swift /Users/admin/builder/spi-builder-workspace/.dependencies/checkouts/aepsdk-core-ios/AEPServices/Sources/ApplicationSystemInfoService.swift /Users/admin/builder/spi-builder-workspace/.dependencies/checkouts/aepsdk-core-ios/AEPServices/Sources/NetworkPathMonitorProvider.swift /Users/admin/builder/spi-builder-workspace/.dependencies/checkouts/aepsdk-core-ios/AEPServices/Sources/ServiceProvider.swift /Users/admin/builder/spi-builder-workspace/.dependencies/checkouts/aepsdk-core-ios/AEPServices/Sources/SystemInfoService.swift /Users/admin/builder/spi-builder-workspace/.dependencies/checkouts/aepsdk-core-ios/AEPServices/Sources/UIUtils.swift /Users/admin/builder/spi-builder-workspace/.dependencies/checkouts/aepsdk-core-ios/AEPServices/Sources/URLOpening.swift /Users/admin/builder/spi-builder-workspace/.dependencies/checkouts/aepsdk-core-ios/AEPServices/Sources/URLService.swift /Users/admin/builder/spi-builder-workspace/.dependencies/checkouts/aepsdk-core-ios/AEPServices/Sources/cache/Cache.swift /Users/admin/builder/spi-builder-workspace/.dependencies/checkouts/aepsdk-core-ios/AEPServices/Sources/cache/CacheEntry.swift /Users/admin/builder/spi-builder-workspace/.dependencies/checkouts/aepsdk-core-ios/AEPServices/Sources/cache/CacheExpiry.swift /Users/admin/builder/spi-builder-workspace/.dependencies/checkouts/aepsdk-core-ios/AEPServices/Sources/cache/Caching.swift /Users/admin/builder/spi-builder-workspace/.dependencies/checkouts/aepsdk-core-ios/AEPServices/Sources/cache/DiskCacheService.swift /Users/admin/builder/spi-builder-workspace/.dependencies/checkouts/aepsdk-core-ios/AEPServices/Sources/dataqueue/DataEntity.swift /Users/admin/builder/spi-builder-workspace/.dependencies/checkouts/aepsdk-core-ios/AEPServices/Sources/dataqueue/DataQueue.swift /Users/admin/builder/spi-builder-workspace/.dependencies/checkouts/aepsdk-core-ios/AEPServices/Sources/dataqueue/DataQueueService.swift /Users/admin/builder/spi-builder-workspace/.dependencies/checkouts/aepsdk-core-ios/AEPServices/Sources/dataqueue/DataQueuing.swift /Users/admin/builder/spi-builder-workspace/.dependencies/checkouts/aepsdk-core-ios/AEPServices/Sources/dataqueue/SQLiteDataQueue.swift /Users/admin/builder/spi-builder-workspace/.dependencies/checkouts/aepsdk-core-ios/AEPServices/Sources/dataqueue/SQLiteWrapper.swift /Users/admin/builder/spi-builder-workspace/.dependencies/checkouts/aepsdk-core-ios/AEPServices/Sources/log/Log.swift /Users/admin/builder/spi-builder-workspace/.dependencies/checkouts/aepsdk-core-ios/AEPServices/Sources/log/LogLevel.swift /Users/admin/builder/spi-builder-workspace/.dependencies/checkouts/aepsdk-core-ios/AEPServices/Sources/log/Logging.swift /Users/admin/builder/spi-builder-workspace/.dependencies/checkouts/aepsdk-core-ios/AEPServices/Sources/log/LoggingService.swift /Users/admin/builder/spi-builder-workspace/.dependencies/checkouts/aepsdk-core-ios/AEPServices/Sources/network/DefaultHeadersFormatter.swift /Users/admin/builder/spi-builder-workspace/.dependencies/checkouts/aepsdk-core-ios/AEPServices/Sources/network/HttpConnection.swift /Users/admin/builder/spi-builder-workspace/.dependencies/checkouts/aepsdk-core-ios/AEPServices/Sources/network/HttpConnectionConstants.swift /Users/admin/builder/spi-builder-workspace/.dependencies/checkouts/aepsdk-core-ios/AEPServices/Sources/network/HttpMethod.swift /Users/admin/builder/spi-builder-workspace/.dependencies/checkouts/aepsdk-core-ios/AEPServices/Sources/network/NetworkRequest.swift /Users/admin/builder/spi-builder-workspace/.dependencies/checkouts/aepsdk-core-ios/AEPServices/Sources/network/NetworkService.swift /Users/admin/builder/spi-builder-workspace/.dependencies/checkouts/aepsdk-core-ios/AEPServices/Sources/network/NetworkServiceConstants.swift /Users/admin/builder/spi-builder-workspace/.dependencies/checkouts/aepsdk-core-ios/AEPServices/Sources/network/Networking.swift /Users/admin/builder/spi-builder-workspace/.dependencies/checkouts/aepsdk-core-ios/AEPServices/Sources/storage/FileSystemNamedCollection.swift /Users/admin/builder/spi-builder-workspace/.dependencies/checkouts/aepsdk-core-ios/AEPServices/Sources/storage/NamedCollectionDataStore.swift /Users/admin/builder/spi-builder-workspace/.dependencies/checkouts/aepsdk-core-ios/AEPServices/Sources/storage/NamedCollectionProcessing.swift /Users/admin/builder/spi-builder-workspace/.dependencies/checkouts/aepsdk-core-ios/AEPServices/Sources/storage/UserDefaultsNamedCollection.swift /Users/admin/builder/spi-builder-workspace/.dependencies/checkouts/aepsdk-core-ios/AEPServices/Sources/ui/AEPUIService.swift /Users/admin/builder/spi-builder-workspace/.dependencies/checkouts/aepsdk-core-ios/AEPServices/Sources/ui/Dismissible.swift /Users/admin/builder/spi-builder-workspace/.dependencies/checkouts/aepsdk-core-ios/AEPServices/Sources/ui/MessageAlignment.swift /Users/admin/builder/spi-builder-workspace/.dependencies/checkouts/aepsdk-core-ios/AEPServices/Sources/ui/MessageAnimation.swift /Users/admin/builder/spi-builder-workspace/.dependencies/checkouts/aepsdk-core-ios/AEPServices/Sources/ui/MessageGesture.swift /Users/admin/builder/spi-builder-workspace/.dependencies/checkouts/aepsdk-core-ios/AEPServices/Sources/ui/MessageGestureRecognizer.swift /Users/admin/builder/spi-builder-workspace/.dependencies/checkouts/aepsdk-core-ios/AEPServices/Sources/ui/MessageMonitor.swift /Users/admin/builder/spi-builder-workspace/.dependencies/checkouts/aepsdk-core-ios/AEPServices/Sources/ui/MessageMonitoring.swift /Users/admin/builder/spi-builder-workspace/.dependencies/checkouts/aepsdk-core-ios/AEPServices/Sources/ui/MessageSettings.swift /Users/admin/builder/spi-builder-workspace/.dependencies/checkouts/aepsdk-core-ios/AEPServices/Sources/ui/MessagingDelegate.swift /Users/admin/builder/spi-builder-workspace/.dependencies/checkouts/aepsdk-core-ios/AEPServices/Sources/ui/PresentationError.swift /Users/admin/builder/spi-builder-workspace/.dependencies/checkouts/aepsdk-core-ios/AEPServices/Sources/ui/Showable.swift /Users/admin/builder/spi-builder-workspace/.dependencies/checkouts/aepsdk-core-ios/AEPServices/Sources/ui/UIApplication+Window.swift /Users/admin/builder/spi-builder-workspace/.dependencies/checkouts/aepsdk-core-ios/AEPServices/Sources/ui/UIService.swift /Users/admin/builder/spi-builder-workspace/.dependencies/checkouts/aepsdk-core-ios/AEPServices/Sources/ui/floating/FloatingButton.swift /Users/admin/builder/spi-builder-workspace/.dependencies/checkouts/aepsdk-core-ios/AEPServices/Sources/ui/floating/FloatingButtonDelegate.swift /Users/admin/builder/spi-builder-workspace/.dependencies/checkouts/aepsdk-core-ios/AEPServices/Sources/ui/floating/FloatingButtonPosition.swift /Users/admin/builder/spi-builder-workspace/.dependencies/checkouts/aepsdk-core-ios/AEPServices/Sources/ui/floating/FloatingButtonPresentable.swift /Users/admin/builder/spi-builder-workspace/.dependencies/checkouts/aepsdk-core-ios/AEPServices/Sources/ui/fullscreen/FullscreenMessage+FrameCalculation.swift /Users/admin/builder/spi-builder-workspace/.dependencies/checkouts/aepsdk-core-ios/AEPServices/Sources/ui/fullscreen/FullscreenMessage+WKNavigationDelegate.swift /Users/admin/builder/spi-builder-workspace/.dependencies/checkouts/aepsdk-core-ios/AEPServices/Sources/ui/fullscreen/FullscreenMessage+WKScriptMessageHandler.swift /Users/admin/builder/spi-builder-workspace/.dependencies/checkouts/aepsdk-core-ios/AEPServices/Sources/ui/fullscreen/FullscreenMessage.swift /Users/admin/builder/spi-builder-workspace/.dependencies/checkouts/aepsdk-core-ios/AEPServices/Sources/ui/fullscreen/FullscreenMessageDelegate.swift /Users/admin/builder/spi-builder-workspace/.dependencies/checkouts/aepsdk-core-ios/AEPServices/Sources/ui/fullscreen/FullscreenPresentable.swift /Users/admin/builder/spi-builder-workspace/.dependencies/checkouts/aepsdk-core-ios/AEPServices/Sources/utility/AnyCodable.swift /Users/admin/builder/spi-builder-workspace/.dependencies/checkouts/aepsdk-core-ios/AEPServices/Sources/utility/AtomicCounter.swift /Users/admin/builder/spi-builder-workspace/.dependencies/checkouts/aepsdk-core-ios/AEPServices/Sources/utility/Date+Format.swift /Users/admin/builder/spi-builder-workspace/.dependencies/checkouts/aepsdk-core-ios/AEPServices/Sources/utility/FileManager+Directories.swift /Users/admin/builder/spi-builder-workspace/.dependencies/checkouts/aepsdk-core-ios/AEPServices/Sources/utility/OperationOrderer.swift /Users/admin/builder/spi-builder-workspace/.dependencies/checkouts/aepsdk-core-ios/AEPServices/Sources/utility/PrettyDictionary.swift /Users/admin/builder/spi-builder-workspace/.dependencies/checkouts/aepsdk-core-ios/AEPServices/Sources/utility/ThreadSafeArray.swift /Users/admin/builder/spi-builder-workspace/.dependencies/checkouts/aepsdk-core-ios/AEPServices/Sources/utility/ThreadSafeDictionary.swift /Users/admin/builder/spi-builder-workspace/.dependencies/checkouts/aepsdk-core-ios/AEPServices/Sources/utility/URLEncoder.swift /Users/admin/builder/spi-builder-workspace/.dependencies/checkouts/aepsdk-core-ios/AEPServices/Sources/utility/URLError+Recoverable.swift /Users/admin/builder/spi-builder-workspace/.dependencies/checkouts/aepsdk-core-ios/AEPServices/Sources/utility/hitprocessor/HitProcessing.swift /Users/admin/builder/spi-builder-workspace/.dependencies/checkouts/aepsdk-core-ios/AEPServices/Sources/utility/hitprocessor/HitQueuing.swift /Users/admin/builder/spi-builder-workspace/.dependencies/checkouts/aepsdk-core-ios/AEPServices/Sources/utility/hitprocessor/PersistentHitQueue.swift /Users/admin/builder/spi-builder-workspace/.dependencies/checkouts/aepsdk-core-ios/AEPServices/Sources/utility/unzip/FileManager+ZIP.swift /Users/admin/builder/spi-builder-workspace/.dependencies/checkouts/aepsdk-core-ios/AEPServices/Sources/utility/unzip/FileUnzipper.swift /Users/admin/builder/spi-builder-workspace/.dependencies/checkouts/aepsdk-core-ios/AEPServices/Sources/utility/unzip/FileUnzipperConstants.swift /Users/admin/builder/spi-builder-workspace/.dependencies/checkouts/aepsdk-core-ios/AEPServices/Sources/utility/unzip/URL+Validator.swift /Users/admin/builder/spi-builder-workspace/.dependencies/checkouts/aepsdk-core-ios/AEPServices/Sources/utility/unzip/Unzipping.swift /Users/admin/builder/spi-builder-workspace/.dependencies/checkouts/aepsdk-core-ios/AEPServices/Sources/utility/unzip/ZipArchive.swift /Users/admin/builder/spi-builder-workspace/.dependencies/checkouts/aepsdk-core-ios/AEPServices/Sources/utility/unzip/ZipEntry.swift -target armv7k-apple-watchos5.0 -load-resolved-plugin /Applications/Xcode-26.5.0.app/Contents/Developer/Platforms/WatchOS.platform/Developer/usr/lib/swift/host/plugins/libFoundationMacros.dylib\#/Applications/Xcode-26.5.0.app/Contents/Developer/Platforms/WatchOS.platform/Developer/usr/bin/swift-plugin-server\#FoundationMacros -load-resolved-plugin /Applications/Xcode-26.5.0.app/Contents/Developer/Platforms/WatchOS.platform/Developer/usr/lib/swift/host/plugins/libObservationMacros.dylib\#/Applications/Xcode-26.5.0.app/Contents/Developer/Platforms/WatchOS.platform/Developer/usr/bin/swift-plugin-server\#ObservationMacros -load-resolved-plugin /Applications/Xcode-26.5.0.app/Contents/Developer/Platforms/WatchOS.platform/Developer/usr/lib/swift/host/plugins/libSwiftMacros.dylib\#/Applications/Xcode-26.5.0.app/Contents/Developer/Platforms/WatchOS.platform/Developer/usr/bin/swift-plugin-server\#SwiftMacros -load-resolved-plugin /Applications/Xcode-26.5.0.app/Contents/Developer/Platforms/WatchOS.platform/Developer/usr/lib/swift/host/plugins/libSwiftUIMacros.dylib\#/Applications/Xcode-26.5.0.app/Contents/Developer/Platforms/WatchOS.platform/Developer/usr/bin/swift-plugin-server\#SwiftUIMacros -disable-implicit-swift-modules -Xcc -fno-implicit-modules -Xcc -fno-implicit-module-maps -explicit-swift-module-map-file /Users/admin/builder/spi-builder-workspace/.derivedData/Build/Intermediates.noindex/AEPCore.build/Debug-watchos/AEPServices.build/Objects-normal/armv7k/AEPServices-dependencies-1.json -enable-objc-interop -sdk /Applications/Xcode-26.5.0.app/Contents/Developer/Platforms/WatchOS.platform/Developer/SDKs/WatchOS26.5.sdk -I /Users/admin/builder/spi-builder-workspace/.derivedData/Build/Products/Debug-watchos -Isystem /Applications/Xcode-26.5.0.app/Contents/Developer/Platforms/WatchOS.platform/Developer/usr/lib -F /Users/admin/builder/spi-builder-workspace/.derivedData/Build/Products/Debug-watchos -F /Applications/Xcode-26.5.0.app/Contents/Developer/Platforms/WatchOS.platform/Developer/Library/Frameworks -F /Applications/Xcode-26.5.0.app/Contents/Developer/Platforms/WatchOS.platform/Developer/SDKs/WatchOS26.5.sdk/Developer/Library/Frameworks -no-color-diagnostics -Xcc -fno-color-diagnostics -enable-testing -g -debug-info-format\=dwarf -dwarf-version\=4 -module-cache-path /Users/admin/builder/spi-builder-workspace/.derivedData/Build/Intermediates.noindex/SwiftExplicitPrecompiledModules -suppress-warnings -swift-version 5 -Onone -D SWIFT_PACKAGE -D DEBUG -D SWIFT_MODULE_RESOURCE_BUNDLE_AVAILABLE -D Xcode -serialize-debugging-options -const-gather-protocols-file /Users/admin/builder/spi-builder-workspace/.derivedData/Build/Intermediates.noindex/AEPCore.build/Debug-watchos/AEPServices.build/Objects-normal/armv7k/AEPServices_const_extract_protocols.json -enable-experimental-feature DebugDescriptionMacro -empty-abi-descriptor -validate-clang-modules-once -clang-build-session-file /Users/admin/builder/spi-builder-workspace/.derivedData/ModuleCache.noindex/Session.modulevalidation -Xcc -working-directory -Xcc /Users/admin/builder/spi-builder-workspace/.swiftpm/xcode -enable-anonymous-context-mangled-names -file-compilation-dir /Users/admin/builder/spi-builder-workspace/.swiftpm/xcode -Xcc -D_LIBCPP_HARDENING_MODE\=_LIBCPP_HARDENING_MODE_DEBUG -Xcc -ivfsstatcache -Xcc /Users/admin/builder/spi-builder-workspace/.derivedData/SDKStatCaches.noindex/watchos26.5-23T570-688ef53f1462e2c8f657fdc38a81448f7931b973dfc65d9472806dbbc3af9379.sdkstatcache -Xcc -I/Users/admin/builder/spi-builder-workspace/.derivedData/Build/Intermediates.noindex/AEPCore.build/Debug-watchos/AEPServices.build/swift-overrides.hmap -Xcc -I/Users/admin/builder/spi-builder-workspace/.derivedData/Build/Products/Debug-watchos/include -Xcc -I/Users/admin/builder/spi-builder-workspace/.derivedData/Build/Intermediates.noindex/AEPCore.build/Debug-watchos/AEPServices.build/DerivedSources-normal/armv7k -Xcc -I/Users/admin/builder/spi-builder-workspace/.derivedData/Build/Intermediates.noindex/AEPCore.build/Debug-watchos/AEPServices.build/DerivedSources/armv7k -Xcc -I/Users/admin/builder/spi-builder-workspace/.derivedData/Build/Intermediates.noindex/AEPCore.build/Debug-watchos/AEPServices.build/DerivedSources -Xcc -DSWIFT_PACKAGE -Xcc -DDEBUG\=1 -no-auto-bridging-header-chaining -module-name AEPServices -frontend-parseable-output -disable-clang-spi -clang-target armv7k-apple-watchos26.5 -target-sdk-version 26.5 -target-sdk-name watchos26.5 -in-process-plugin-server-path /Applications/Xcode-26.5.0.app/Contents/Developer/Toolchains/XcodeDefault.xctoolchain/usr/lib/swift/host/libSwiftInProcPluginServer.dylib -emit-module-doc-path /Users/admin/builder/spi-builder-workspace/.derivedData/Build/Intermediates.noindex/AEPCore.build/Debug-watchos/AEPServices.build/Objects-normal/armv7k/AEPServices.swiftdoc -emit-module-source-info-path /Users/admin/builder/spi-builder-workspace/.derivedData/Build/Intermediates.noindex/AEPCore.build/Debug-watchos/AEPServices.build/Objects-normal/armv7k/AEPServices.swiftsourceinfo -emit-objc-header-path /Users/admin/builder/spi-builder-workspace/.derivedData/Build/Intermediates.noindex/AEPCore.build/Debug-watchos/AEPServices.build/Objects-normal/armv7k/AEPServices-Swift.h -serialize-diagnostics-path /Users/admin/builder/spi-builder-workspace/.derivedData/Build/Intermediates.noindex/AEPCore.build/Debug-watchos/AEPServices.build/Objects-normal/armv7k/AEPServices-primary-emit-module.dia -emit-dependencies-path /Users/admin/builder/spi-builder-workspace/.derivedData/Build/Intermediates.noindex/AEPCore.build/Debug-watchos/AEPServices.build/Objects-normal/armv7k/AEPServices-primary-emit-module.d -o /Users/admin/builder/spi-builder-workspace/.derivedData/Build/Intermediates.noindex/AEPCore.build/Debug-watchos/AEPServices.build/Objects-normal/armv7k/AEPServices.swiftmodule -emit-abi-descriptor-path /Users/admin/builder/spi-builder-workspace/.derivedData/Build/Intermediates.noindex/AEPCore.build/Debug-watchos/AEPServices.build/Objects-normal/armv7k/AEPServices.abi.json
EmitSwiftModule normal armv7k (in target 'AEPServices' from project 'AEPCore')
cd /Users/admin/builder/spi-builder-workspace/.swiftpm/xcode
/Users/admin/builder/spi-builder-workspace/.dependencies/checkouts/aepsdk-core-ios/AEPServices/Sources/ApplicationSystemInfoService.swift:33:21: error: 'UIDevice' is unavailable in watchOS
let model = UIDevice.current.model
^~~~~~~~
/Applications/Xcode-26.5.0.app/Contents/Developer/Platforms/WatchOS.platform/Developer/SDKs/WatchOS26.5.sdk/System/Library/Frameworks/UIKit.framework/Headers/UIDevice.h:35:12: note: 'UIDevice' has been explicitly marked unavailable here
@interface UIDevice : NSObject
^
/Users/admin/builder/spi-builder-workspace/.dependencies/checkouts/aepsdk-core-ios/AEPServices/Sources/ApplicationSystemInfoService.swift:34:25: error: 'UIDevice' is unavailable in watchOS
let osVersion = UIDevice.current.systemVersion.replacingOccurrences(of: ".", with: "_")
^~~~~~~~
/Applications/Xcode-26.5.0.app/Contents/Developer/Platforms/WatchOS.platform/Developer/SDKs/WatchOS26.5.sdk/System/Library/Frameworks/UIKit.framework/Headers/UIDevice.h:35:12: note: 'UIDevice' has been explicitly marked unavailable here
@interface UIDevice : NSObject
^
SwiftCompile normal armv7k Compiling\ HttpConnection.swift,\ HttpConnectionConstants.swift,\ HttpMethod.swift,\ NetworkRequest.swift,\ NetworkService.swift,\ NetworkServiceConstants.swift,\ Networking.swift,\ FileSystemNamedCollection.swift /Users/admin/builder/spi-builder-workspace/.dependencies/checkouts/aepsdk-core-ios/AEPServices/Sources/network/HttpConnection.swift /Users/admin/builder/spi-builder-workspace/.dependencies/checkouts/aepsdk-core-ios/AEPServices/Sources/network/HttpConnectionConstants.swift /Users/admin/builder/spi-builder-workspace/.dependencies/checkouts/aepsdk-core-ios/AEPServices/Sources/network/HttpMethod.swift /Users/admin/builder/spi-builder-workspace/.dependencies/checkouts/aepsdk-core-ios/AEPServices/Sources/network/NetworkRequest.swift /Users/admin/builder/spi-builder-workspace/.dependencies/checkouts/aepsdk-core-ios/AEPServices/Sources/network/NetworkService.swift /Users/admin/builder/spi-builder-workspace/.dependencies/checkouts/aepsdk-core-ios/AEPServices/Sources/network/NetworkServiceConstants.swift /Users/admin/builder/spi-builder-workspace/.dependencies/checkouts/aepsdk-core-ios/AEPServices/Sources/network/Networking.swift /Users/admin/builder/spi-builder-workspace/.dependencies/checkouts/aepsdk-core-ios/AEPServices/Sources/storage/FileSystemNamedCollection.swift (in target 'AEPServices' from project 'AEPCore')
SwiftCompile normal armv7k /Users/admin/builder/spi-builder-workspace/.dependencies/checkouts/aepsdk-core-ios/AEPServices/Sources/network/HttpConnection.swift (in target 'AEPServices' from project 'AEPCore')
cd /Users/admin/builder/spi-builder-workspace/.swiftpm/xcode
SwiftCompile normal armv7k /Users/admin/builder/spi-builder-workspace/.dependencies/checkouts/aepsdk-core-ios/AEPServices/Sources/network/HttpConnectionConstants.swift (in target 'AEPServices' from project 'AEPCore')
cd /Users/admin/builder/spi-builder-workspace/.swiftpm/xcode
SwiftCompile normal armv7k /Users/admin/builder/spi-builder-workspace/.dependencies/checkouts/aepsdk-core-ios/AEPServices/Sources/network/HttpMethod.swift (in target 'AEPServices' from project 'AEPCore')
cd /Users/admin/builder/spi-builder-workspace/.swiftpm/xcode
SwiftCompile normal armv7k /Users/admin/builder/spi-builder-workspace/.dependencies/checkouts/aepsdk-core-ios/AEPServices/Sources/network/NetworkRequest.swift (in target 'AEPServices' from project 'AEPCore')
cd /Users/admin/builder/spi-builder-workspace/.swiftpm/xcode
SwiftCompile normal armv7k /Users/admin/builder/spi-builder-workspace/.dependencies/checkouts/aepsdk-core-ios/AEPServices/Sources/network/NetworkService.swift (in target 'AEPServices' from project 'AEPCore')
cd /Users/admin/builder/spi-builder-workspace/.swiftpm/xcode
SwiftCompile normal armv7k /Users/admin/builder/spi-builder-workspace/.dependencies/checkouts/aepsdk-core-ios/AEPServices/Sources/network/NetworkServiceConstants.swift (in target 'AEPServices' from project 'AEPCore')
cd /Users/admin/builder/spi-builder-workspace/.swiftpm/xcode
SwiftCompile normal armv7k /Users/admin/builder/spi-builder-workspace/.dependencies/checkouts/aepsdk-core-ios/AEPServices/Sources/network/Networking.swift (in target 'AEPServices' from project 'AEPCore')
cd /Users/admin/builder/spi-builder-workspace/.swiftpm/xcode
SwiftCompile normal armv7k /Users/admin/builder/spi-builder-workspace/.dependencies/checkouts/aepsdk-core-ios/AEPServices/Sources/storage/FileSystemNamedCollection.swift (in target 'AEPServices' from project 'AEPCore')
cd /Users/admin/builder/spi-builder-workspace/.swiftpm/xcode
SwiftExplicitDependencyGeneratePcm arm64 /Users/admin/builder/spi-builder-workspace/.derivedData/ModuleCache.noindex/SwiftUICore-2QDV87SK0G43TTD7S0GT2E718.pcm
SwiftExplicitDependencyGeneratePcm arm64_32 /Users/admin/builder/spi-builder-workspace/.derivedData/ModuleCache.noindex/UIKit-8QDCJW1ZZ65HE4RM74U9NCHYW.pcm
SwiftEmitModule normal arm64 Emitting\ module\ for\ AEPServices (in target 'AEPServices' from project 'AEPCore')
2026-09-20 18:20:56.262 xcodebuild[969:5550] [MT] IDERunDestination: Supported platforms for the buildables in the current scheme is empty.
** BUILD FAILED **
The following build commands failed:
SwiftEmitModule normal armv7k Emitting\ module\ for\ AEPServices (in target 'AEPServices' from project 'AEPCore')
EmitSwiftModule normal armv7k (in target 'AEPServices' from project 'AEPCore')
Building workspace spi-builder-workspace with scheme AEPUserProfile
(3 failures)
BUILD FAILURE 6.3 watchOS