Build Information
Failed to build Siesta, reference main (4fcc94), with Swift 6.4 for macOS (Xcode) using Xcode 27.0 on 17 Sep 2026 09:53:08 UTC.
Build Command
No build command. This typically means the build failed at an early stage where we determine the build command.Build Log
========================================
RunAll
========================================
Builder version: 5.1.0
Interrupt handler set up.
========================================
Checkout
========================================
Clone URL: https://github.com/bustoutsolutions/siesta.git
Reference: main
Initialized empty Git repository in /Users/admin/builder/spi-builder-workspace/.git/
From https://github.com/bustoutsolutions/siesta
* branch main -> FETCH_HEAD
* [new branch] main -> origin/main
HEAD is now at 4fcc942 Merge pull request #315 from snoozemoose/master
Cloned https://github.com/bustoutsolutions/siesta.git
Revision (git rev-parse @):
4fcc9422d4994467bb185bfe45fec7f673269915
SUCCESS checkout https://github.com/bustoutsolutions/siesta.git at main
========================================
Build
========================================
Selected platform: macosXcodebuild
Swift version: 6.4
Building package at path: $PWD
https://github.com/bustoutsolutions/siesta.git
Command line invocation:
/Applications/Xcode-27.0.0-Release.Candidate.app/Contents/Developer/usr/bin/xcodebuild -IDEClonedSourcePackagesDirPathOverride=/Users/admin/builder/spi-builder-workspace/.dependencies -resolvePackageDependencies
Resolve Package Graph
Fetching from https://github.com/pcantrell/quick
could not find the commit efedef8e8917ef7ac1495cb406cebbeddb66b6e9 in https://github.com/pcantrell/quick
2026-09-17 05:53:06.500 xcodebuild[528:3022] Writing error result bundle to /var/folders/xq/y_g06wb113726d38xsyx71_h0000gn/T/ResultBundle_2026-17-09_05-53-0006.xcresult
xcodebuild: error: Could not resolve package dependencies:
could not find the commit efedef8e8917ef7ac1495cb406cebbeddb66b6e9 in https://github.com/pcantrell/quick
Command line invocation:
/Applications/Xcode-27.0.0-Release.Candidate.app/Contents/Developer/usr/bin/xcodebuild -IDEClonedSourcePackagesDirPathOverride=/Users/admin/builder/spi-builder-workspace/.dependencies -resolvePackageDependencies
Resolve Package Graph
Updating from https://github.com/pcantrell/quick
could not find the commit efedef8e8917ef7ac1495cb406cebbeddb66b6e9 in https://github.com/pcantrell/quick
2026-09-17 05:53:08.159 xcodebuild[600:3566] Writing error result bundle to /var/folders/xq/y_g06wb113726d38xsyx71_h0000gn/T/ResultBundle_2026-17-09_05-53-0008.xcresult
xcodebuild: error: Could not resolve package dependencies:
could not find the commit efedef8e8917ef7ac1495cb406cebbeddb66b6e9 in https://github.com/pcantrell/quick
BUILD FAILURE 6.4 macosXcodebuild