The Swift Package Index logo.Swift Package Index

Build Information

Failed to build swiftui-launcher-window, reference 1.1.0 (bb5304), with Swift 6.4 for tvOS using Xcode 27.0 on 20 Sep 2026 23:23:28 UTC.

Build Command

env DEVELOPER_DIR=/Applications/Xcode-27.0.0-Release.Candidate.app xcrun xcodebuild -IDEClonedSourcePackagesDirPathOverride=$PWD/.dependencies -skipMacroValidation -skipPackagePluginValidation -derivedDataPath $PWD/.derivedData build -scheme swiftui-launcher-window-Package -destination generic/platform=tvOS

Build Log

========================================
RunAll
========================================
Builder version: 5.1.0
Interrupt handler set up.
========================================
Checkout
========================================
Clone URL: https://github.com/astzweig/swiftui-launcher-window.git
Reference: 1.1.0
Initialized empty Git repository in /Users/admin/builder/spi-builder-workspace/.git/
From https://github.com/astzweig/swiftui-launcher-window
 * tag               1.1.0      -> FETCH_HEAD
HEAD is now at bb53047 Make launcher windows non-resizable
Cloned https://github.com/astzweig/swiftui-launcher-window.git
Revision (git rev-parse @):
bb53047fcb1941457bb30aea5a467bfa028d6b79
SUCCESS checkout https://github.com/astzweig/swiftui-launcher-window.git at 1.1.0
========================================
Build
========================================
Selected platform:         tvOS
Swift version:             6.4
Building package at path:  $PWD
https://github.com/astzweig/swiftui-launcher-window.git
Command line invocation:
    /Applications/Xcode-27.0.0-Release.Candidate.app/Contents/Developer/usr/bin/xcodebuild -IDEClonedSourcePackagesDirPathOverride=/Users/admin/builder/spi-builder-workspace/.dependencies -resolvePackageDependencies
Resolve Package Graph
Fetching from https://github.com/astzweig/swiftui-frameless-window
Fetching from https://github.com/astzweig/swiftui-window-reference
Creating working copy of package ‘swiftui-frameless-window’
Checking out 2.1.0 of package ‘swiftui-frameless-window’
Creating working copy of package ‘swiftui-window-reference’
Checking out 1.0.0 of package ‘swiftui-window-reference’
Resolve Package Graph
Resolved source packages:
  swiftui-frameless-window: https://github.com/astzweig/swiftui-frameless-window @ 2.1.0
  swiftui-window-reference: https://github.com/astzweig/swiftui-window-reference @ 1.0.0
  swiftui-launcher-window: /Users/admin/builder/spi-builder-workspace
resolved source packages: swiftui-frameless-window, swiftui-window-reference, swiftui-launcher-window
2026-09-20 19:22:34.035 xcodebuild[529:3029] [MT] IDERunDestination: Supported platforms for the buildables in the current scheme is empty.
{
  "dependencies" : [
    {
      "identity" : "swiftui-frameless-window",
      "requirement" : {
        "range" : [
          {
            "lower_bound" : "2.1.0",
            "upper_bound" : "3.0.0"
          }
        ]
      },
      "type" : "sourceControl",
      "url" : "https://github.com/astzweig/swiftui-frameless-window"
    }
  ],
  "manifest_display_name" : "swiftui-launcher-window",
  "name" : "swiftui-launcher-window",
  "path" : "/Users/admin/builder/spi-builder-workspace",
  "platforms" : [
    {
      "name" : "macos",
      "version" : "13.0"
    }
  ],
  "products" : [
    {
      "name" : "LauncherWindow",
      "targets" : [
        "LauncherWindow"
      ],
      "type" : {
        "library" : [
          "automatic"
        ]
      }
    },
    {
      "name" : "TestApp",
      "targets" : [
        "TestApp"
      ],
      "type" : {
        "executable" : null
      }
    }
  ],
  "targets" : [
    {
      "c99name" : "TestApp",
      "module_type" : "SwiftTarget",
      "name" : "TestApp",
      "path" : "Sources/TestApp",
      "product_memberships" : [
        "TestApp"
      ],
      "sources" : [
        "main.swift"
      ],
      "target_dependencies" : [
        "LauncherWindow"
      ],
      "type" : "executable"
    },
    {
      "c99name" : "LauncherWindow",
      "module_type" : "SwiftTarget",
      "name" : "LauncherWindow",
      "path" : "Sources/LauncherWindow",
      "product_dependencies" : [
        "FramelessWindow"
      ],
      "product_memberships" : [
        "LauncherWindow",
        "TestApp"
      ],
      "sources" : [
        "LauncherWindow.swift"
      ],
      "type" : "library"
    }
  ],
  "tools_version" : "5.7"
}
{
  "workspace" : {
    "name" : "swiftui-launcher-window",
    "schemes" : [
      "LauncherWindow",
      "swiftui-launcher-window-Package",
      "TestApp"
    ]
  }
}
2026-09-20 19:23:16.113 xcodebuild[722:4489] [MT] IDERunDestination: Supported platforms for the buildables in the current scheme is empty.
Running build ...
env DEVELOPER_DIR=/Applications/Xcode-27.0.0-Release.Candidate.app xcrun xcodebuild -IDEClonedSourcePackagesDirPathOverride=$PWD/.dependencies -skipMacroValidation -skipPackagePluginValidation -derivedDataPath $PWD/.derivedData build -scheme swiftui-launcher-window-Package -destination generic/platform=tvOS
Command line invocation:
    /Applications/Xcode-27.0.0-Release.Candidate.app/Contents/Developer/usr/bin/xcodebuild -IDEClonedSourcePackagesDirPathOverride=/Users/admin/builder/spi-builder-workspace/.dependencies -skipMacroValidation -skipPackagePluginValidation -derivedDataPath /Users/admin/builder/spi-builder-workspace/.derivedData build -scheme swiftui-launcher-window-Package -destination generic/platform=tvOS
Resolve Package Graph
Resolve Package Graph
Resolved source packages:
  swiftui-window-reference: https://github.com/astzweig/swiftui-window-reference @ 1.0.0
  swiftui-launcher-window: /Users/admin/builder/spi-builder-workspace
  swiftui-frameless-window: https://github.com/astzweig/swiftui-frameless-window @ 2.1.0
ComputePackagePrebuildTargetDependencyGraph
Prepare packages
CreateBuildRequest
SendProjectDescription
CreateBuildOperation
ComputeTargetDependencyGraph
note: Building targets in dependency order
note: Target dependency graph (7 targets)
    Target 'TestApp-product' in project 'swiftui-launcher-window'
        ➜ Explicit dependency on target 'LauncherWindow' in project 'swiftui-launcher-window'
        ➜ Explicit dependency on target 'FramelessWindow-product' in project 'swiftui-frameless-window'
    Target 'LauncherWindow-product' in project 'swiftui-launcher-window'
        ➜ Explicit dependency on target 'LauncherWindow' in project 'swiftui-launcher-window'
        ➜ Explicit dependency on target 'FramelessWindow-product' in project 'swiftui-frameless-window'
    Target 'LauncherWindow' in project 'swiftui-launcher-window'
        ➜ Explicit dependency on target 'FramelessWindow-product' in project 'swiftui-frameless-window'
    Target 'FramelessWindow-product' in project 'swiftui-frameless-window'
        ➜ Explicit dependency on target 'FramelessWindow' in project 'swiftui-frameless-window'
        ➜ Explicit dependency on target 'WindowReference-product' in project 'swiftui-window-reference'
    Target 'FramelessWindow' in project 'swiftui-frameless-window'
        ➜ Explicit dependency on target 'WindowReference-product' in project 'swiftui-window-reference'
    Target 'WindowReference-product' in project 'swiftui-window-reference'
        ➜ Explicit dependency on target 'WindowReference' in project 'swiftui-window-reference'
    Target 'WindowReference' in project 'swiftui-window-reference' (no dependencies)
GatherProvisioningInputs
CreateBuildDescription
ExecuteExternalTool /Applications/Xcode-27.0.0-Release.Candidate.app/Contents/Developer/Toolchains/XcodeDefault.xctoolchain/usr/bin/swiftc --version
ExecuteExternalTool /Applications/Xcode-27.0.0-Release.Candidate.app/Contents/Developer/Toolchains/XcodeDefault.xctoolchain/usr/bin/clang -v -E -dM -isysroot /Applications/Xcode-27.0.0-Release.Candidate.app/Contents/Developer/Platforms/AppleTVOS.platform/Developer/SDKs/AppleTVOS27.0.sdk -x c -c /dev/null
ExecuteExternalTool /Applications/Xcode-27.0.0-Release.Candidate.app/Contents/Developer/Toolchains/XcodeDefault.xctoolchain/usr/bin/ld -version_details
Build description signature: 47b414c9a81b6bf713abbcbb8fd2496b
Build description path: /Users/admin/builder/spi-builder-workspace/.derivedData/Build/Intermediates.noindex/XCBuildData/47b414c9a81b6bf713abbcbb8fd2496b.xcbuilddata
CreateBuildDirectory /Users/admin/builder/spi-builder-workspace/.derivedData/SDKExplicitPrecompiledModules
    cd /Users/admin/builder/spi-builder-workspace/.swiftpm/xcode
    builtin-create-build-directory /Users/admin/builder/spi-builder-workspace/.derivedData/SDKExplicitPrecompiledModules
CreateBuildDirectory /Users/admin/builder/spi-builder-workspace/.derivedData/ModuleCache.noindex
    cd /Users/admin/builder/spi-builder-workspace/.swiftpm/xcode
    builtin-create-build-directory /Users/admin/builder/spi-builder-workspace/.derivedData/ModuleCache.noindex
CreateBuildDirectory /Users/admin/builder/spi-builder-workspace/.derivedData/CompilationCache.noindex
    cd /Users/admin/builder/spi-builder-workspace/.swiftpm/xcode
    builtin-create-build-directory /Users/admin/builder/spi-builder-workspace/.derivedData/CompilationCache.noindex
CreateBuildDirectory /Users/admin/builder/spi-builder-workspace/.derivedData/Build/Products
    cd /Users/admin/builder/spi-builder-workspace/.swiftpm/xcode
    builtin-create-build-directory /Users/admin/builder/spi-builder-workspace/.derivedData/Build/Products
CreateBuildDirectory /Users/admin/builder/spi-builder-workspace/.derivedData/Build/Intermediates.noindex
    cd /Users/admin/builder/spi-builder-workspace/.swiftpm/xcode
    builtin-create-build-directory /Users/admin/builder/spi-builder-workspace/.derivedData/Build/Intermediates.noindex
ClangStatCache /Applications/Xcode-27.0.0-Release.Candidate.app/Contents/Developer/Toolchains/XcodeDefault.xctoolchain/usr/bin/clang-stat-cache /Applications/Xcode-27.0.0-Release.Candidate.app/Contents/Developer/Platforms/AppleTVOS.platform/Developer/SDKs/AppleTVOS27.0.sdk /Users/admin/builder/spi-builder-workspace/.derivedData/SDKStatCaches.noindex/appletvos27.0-24J360-e829b21a6f8c9b70876ba0858053c044b32bfd8d43560033f8d89884cdb90028.sdkstatcache
    cd /Users/admin/builder/spi-builder-workspace/.swiftpm/xcode
    /Applications/Xcode-27.0.0-Release.Candidate.app/Contents/Developer/Toolchains/XcodeDefault.xctoolchain/usr/bin/clang-stat-cache /Applications/Xcode-27.0.0-Release.Candidate.app/Contents/Developer/Platforms/AppleTVOS.platform/Developer/SDKs/AppleTVOS27.0.sdk -o /Users/admin/builder/spi-builder-workspace/.derivedData/SDKStatCaches.noindex/appletvos27.0-24J360-e829b21a6f8c9b70876ba0858053c044b32bfd8d43560033f8d89884cdb90028.sdkstatcache
CreateBuildDirectory /Users/admin/builder/spi-builder-workspace/.derivedData/Build/Intermediates.noindex/SwiftExplicitPrecompiledModules
    cd /Users/admin/builder/spi-builder-workspace/.swiftpm/xcode
    builtin-create-build-directory /Users/admin/builder/spi-builder-workspace/.derivedData/Build/Intermediates.noindex/SwiftExplicitPrecompiledModules
CreateBuildDirectory /Users/admin/builder/spi-builder-workspace/.derivedData/Build/Intermediates.noindex/PrecompiledHeaders
    cd /Users/admin/builder/spi-builder-workspace/.swiftpm/xcode
    builtin-create-build-directory /Users/admin/builder/spi-builder-workspace/.derivedData/Build/Intermediates.noindex/PrecompiledHeaders
CreateBuildDirectory /Users/admin/builder/spi-builder-workspace/.derivedData/Build/Intermediates.noindex/ExplicitPrecompiledModules
    cd /Users/admin/builder/spi-builder-workspace/.swiftpm/xcode
    builtin-create-build-directory /Users/admin/builder/spi-builder-workspace/.derivedData/Build/Intermediates.noindex/ExplicitPrecompiledModules
CreateBuildDirectory /Users/admin/builder/spi-builder-workspace/.derivedData/Build/Intermediates.noindex/EagerLinkingTBDs/Debug-appletvos
    cd /Users/admin/builder/spi-builder-workspace/.swiftpm/xcode
    builtin-create-build-directory /Users/admin/builder/spi-builder-workspace/.derivedData/Build/Intermediates.noindex/EagerLinkingTBDs/Debug-appletvos
CreateBuildDirectory /Users/admin/builder/spi-builder-workspace/.derivedData/Build/Products/Debug-appletvos
    cd /Users/admin/builder/spi-builder-workspace/.swiftpm/xcode
    builtin-create-build-directory /Users/admin/builder/spi-builder-workspace/.derivedData/Build/Products/Debug-appletvos
CreateBuildDirectory /Users/admin/builder/spi-builder-workspace/.derivedData/Build/Products/Debug-appletvos/PackageFrameworks
    cd /Users/admin/builder/spi-builder-workspace/.swiftpm/xcode
    builtin-create-build-directory /Users/admin/builder/spi-builder-workspace/.derivedData/Build/Products/Debug-appletvos/PackageFrameworks
WriteAuxiliaryFile /Users/admin/builder/spi-builder-workspace/.derivedData/Build/Intermediates.noindex/swiftui-window-reference.build/Debug-appletvos/WindowReference-t.build/WindowReference.DependencyMetadataFileList (in target 'WindowReference' from project 'swiftui-window-reference')
    cd /Users/admin/builder/spi-builder-workspace/.dependencies/checkouts/swiftui-window-reference
    write-file /Users/admin/builder/spi-builder-workspace/.derivedData/Build/Intermediates.noindex/swiftui-window-reference.build/Debug-appletvos/WindowReference-t.build/WindowReference.DependencyMetadataFileList
WriteAuxiliaryFile /Users/admin/builder/spi-builder-workspace/.derivedData/Build/Intermediates.noindex/swiftui-window-reference.build/Debug-appletvos/WindowReference-t.build/WindowReference.modulemap (in target 'WindowReference' from project 'swiftui-window-reference')
    cd /Users/admin/builder/spi-builder-workspace/.dependencies/checkouts/swiftui-window-reference
    write-file /Users/admin/builder/spi-builder-workspace/.derivedData/Build/Intermediates.noindex/swiftui-window-reference.build/Debug-appletvos/WindowReference-t.build/WindowReference.modulemap
WriteAuxiliaryFile /Users/admin/builder/spi-builder-workspace/.derivedData/Build/Intermediates.noindex/swiftui-window-reference.build/Debug-appletvos/WindowReference-t.build/WindowReference.DependencyStaticMetadataFileList (in target 'WindowReference' from project 'swiftui-window-reference')
    cd /Users/admin/builder/spi-builder-workspace/.dependencies/checkouts/swiftui-window-reference
    write-file /Users/admin/builder/spi-builder-workspace/.derivedData/Build/Intermediates.noindex/swiftui-window-reference.build/Debug-appletvos/WindowReference-t.build/WindowReference.DependencyStaticMetadataFileList
WriteAuxiliaryFile /Users/admin/builder/spi-builder-workspace/.derivedData/Build/Intermediates.noindex/swiftui-window-reference.build/Debug-appletvos/WindowReference-t.build/Objects-normal/arm64/WindowReference.SwiftConstValuesFileList (in target 'WindowReference' from project 'swiftui-window-reference')
    cd /Users/admin/builder/spi-builder-workspace/.dependencies/checkouts/swiftui-window-reference
    write-file /Users/admin/builder/spi-builder-workspace/.derivedData/Build/Intermediates.noindex/swiftui-window-reference.build/Debug-appletvos/WindowReference-t.build/Objects-normal/arm64/WindowReference.SwiftConstValuesFileList
WriteAuxiliaryFile /Users/admin/builder/spi-builder-workspace/.derivedData/Build/Intermediates.noindex/swiftui-window-reference.build/Debug-appletvos/WindowReference-t.build/Objects-normal/arm64/WindowReference.LinkFileList (in target 'WindowReference' from project 'swiftui-window-reference')
    cd /Users/admin/builder/spi-builder-workspace/.dependencies/checkouts/swiftui-window-reference
    write-file /Users/admin/builder/spi-builder-workspace/.derivedData/Build/Intermediates.noindex/swiftui-window-reference.build/Debug-appletvos/WindowReference-t.build/Objects-normal/arm64/WindowReference.LinkFileList
WriteAuxiliaryFile /Users/admin/builder/spi-builder-workspace/.derivedData/Build/Intermediates.noindex/swiftui-window-reference.build/Debug-appletvos/WindowReference-t.build/Objects-normal/arm64/WindowReference-OutputFileMap.json (in target 'WindowReference' from project 'swiftui-window-reference')
    cd /Users/admin/builder/spi-builder-workspace/.dependencies/checkouts/swiftui-window-reference
    write-file /Users/admin/builder/spi-builder-workspace/.derivedData/Build/Intermediates.noindex/swiftui-window-reference.build/Debug-appletvos/WindowReference-t.build/Objects-normal/arm64/WindowReference-OutputFileMap.json
WriteAuxiliaryFile /Users/admin/builder/spi-builder-workspace/.derivedData/Build/Intermediates.noindex/swiftui-window-reference.build/Debug-appletvos/WindowReference-t.build/Objects-normal/arm64/WindowReference_const_extract_protocols.json (in target 'WindowReference' from project 'swiftui-window-reference')
    cd /Users/admin/builder/spi-builder-workspace/.dependencies/checkouts/swiftui-window-reference
    write-file /Users/admin/builder/spi-builder-workspace/.derivedData/Build/Intermediates.noindex/swiftui-window-reference.build/Debug-appletvos/WindowReference-t.build/Objects-normal/arm64/WindowReference_const_extract_protocols.json
WriteAuxiliaryFile /Users/admin/builder/spi-builder-workspace/.derivedData/Build/Intermediates.noindex/swiftui-window-reference.build/Debug-appletvos/WindowReference-t.build/Objects-normal/arm64/WindowReference.SwiftFileList (in target 'WindowReference' from project 'swiftui-window-reference')
    cd /Users/admin/builder/spi-builder-workspace/.dependencies/checkouts/swiftui-window-reference
    write-file /Users/admin/builder/spi-builder-workspace/.derivedData/Build/Intermediates.noindex/swiftui-window-reference.build/Debug-appletvos/WindowReference-t.build/Objects-normal/arm64/WindowReference.SwiftFileList
WriteAuxiliaryFile /Users/admin/builder/spi-builder-workspace/.derivedData/Build/Intermediates.noindex/swiftui-launcher-window.build/Debug-appletvos/TestApp-p.build/TestApp.DependencyMetadataFileList (in target 'TestApp-product' from project 'swiftui-launcher-window')
    cd /Users/admin/builder/spi-builder-workspace
    write-file /Users/admin/builder/spi-builder-workspace/.derivedData/Build/Intermediates.noindex/swiftui-launcher-window.build/Debug-appletvos/TestApp-p.build/TestApp.DependencyMetadataFileList
Copy /Users/admin/builder/spi-builder-workspace/.derivedData/Build/Intermediates.noindex/GeneratedModuleMaps-appletvos/WindowReference.modulemap /Users/admin/builder/spi-builder-workspace/.derivedData/Build/Intermediates.noindex/swiftui-window-reference.build/Debug-appletvos/WindowReference-t.build/WindowReference.modulemap (in target 'WindowReference' from project 'swiftui-window-reference')
    cd /Users/admin/builder/spi-builder-workspace/.dependencies/checkouts/swiftui-window-reference
    builtin-copy -exclude .DS_Store -exclude CVS -exclude .svn -exclude .git -exclude .hg -resolve-src-symlinks /Users/admin/builder/spi-builder-workspace/.derivedData/Build/Intermediates.noindex/swiftui-window-reference.build/Debug-appletvos/WindowReference-t.build/WindowReference.modulemap /Users/admin/builder/spi-builder-workspace/.derivedData/Build/Intermediates.noindex/GeneratedModuleMaps-appletvos
WriteAuxiliaryFile /Users/admin/builder/spi-builder-workspace/.derivedData/Build/Intermediates.noindex/swiftui-launcher-window.build/Debug-appletvos/TestApp-p.build/TestApp.DependencyStaticMetadataFileList (in target 'TestApp-product' from project 'swiftui-launcher-window')
    cd /Users/admin/builder/spi-builder-workspace
    write-file /Users/admin/builder/spi-builder-workspace/.derivedData/Build/Intermediates.noindex/swiftui-launcher-window.build/Debug-appletvos/TestApp-p.build/TestApp.DependencyStaticMetadataFileList
WriteAuxiliaryFile /Users/admin/builder/spi-builder-workspace/.derivedData/Build/Intermediates.noindex/swiftui-launcher-window.build/Debug-appletvos/TestApp-p.build/Objects-normal/arm64/TestApp_const_extract_protocols.json (in target 'TestApp-product' from project 'swiftui-launcher-window')
    cd /Users/admin/builder/spi-builder-workspace
    write-file /Users/admin/builder/spi-builder-workspace/.derivedData/Build/Intermediates.noindex/swiftui-launcher-window.build/Debug-appletvos/TestApp-p.build/Objects-normal/arm64/TestApp_const_extract_protocols.json
WriteAuxiliaryFile /Users/admin/builder/spi-builder-workspace/.derivedData/Build/Intermediates.noindex/swiftui-launcher-window.build/Debug-appletvos/TestApp-p.build/Objects-normal/arm64/TestApp.SwiftFileList (in target 'TestApp-product' from project 'swiftui-launcher-window')
    cd /Users/admin/builder/spi-builder-workspace
    write-file /Users/admin/builder/spi-builder-workspace/.derivedData/Build/Intermediates.noindex/swiftui-launcher-window.build/Debug-appletvos/TestApp-p.build/Objects-normal/arm64/TestApp.SwiftFileList
WriteAuxiliaryFile /Users/admin/builder/spi-builder-workspace/.derivedData/Build/Intermediates.noindex/swiftui-launcher-window.build/Debug-appletvos/TestApp-p.build/Objects-normal/arm64/TestApp.LinkFileList (in target 'TestApp-product' from project 'swiftui-launcher-window')
    cd /Users/admin/builder/spi-builder-workspace
    write-file /Users/admin/builder/spi-builder-workspace/.derivedData/Build/Intermediates.noindex/swiftui-launcher-window.build/Debug-appletvos/TestApp-p.build/Objects-normal/arm64/TestApp.LinkFileList
WriteAuxiliaryFile /Users/admin/builder/spi-builder-workspace/.derivedData/Build/Intermediates.noindex/swiftui-launcher-window.build/Debug-appletvos/TestApp-p.build/Objects-normal/arm64/TestApp-OutputFileMap.json (in target 'TestApp-product' from project 'swiftui-launcher-window')
    cd /Users/admin/builder/spi-builder-workspace
    write-file /Users/admin/builder/spi-builder-workspace/.derivedData/Build/Intermediates.noindex/swiftui-launcher-window.build/Debug-appletvos/TestApp-p.build/Objects-normal/arm64/TestApp-OutputFileMap.json
WriteAuxiliaryFile /Users/admin/builder/spi-builder-workspace/.derivedData/Build/Intermediates.noindex/swiftui-launcher-window.build/Debug-appletvos/LauncherWindow-t.build/Objects-normal/arm64/LauncherWindow_const_extract_protocols.json (in target 'LauncherWindow' from project 'swiftui-launcher-window')
    cd /Users/admin/builder/spi-builder-workspace
    write-file /Users/admin/builder/spi-builder-workspace/.derivedData/Build/Intermediates.noindex/swiftui-launcher-window.build/Debug-appletvos/LauncherWindow-t.build/Objects-normal/arm64/LauncherWindow_const_extract_protocols.json
WriteAuxiliaryFile /Users/admin/builder/spi-builder-workspace/.derivedData/Build/Intermediates.noindex/swiftui-launcher-window.build/Debug-appletvos/LauncherWindow-t.build/Objects-normal/arm64/LauncherWindow.SwiftFileList (in target 'LauncherWindow' from project 'swiftui-launcher-window')
    cd /Users/admin/builder/spi-builder-workspace
    write-file /Users/admin/builder/spi-builder-workspace/.derivedData/Build/Intermediates.noindex/swiftui-launcher-window.build/Debug-appletvos/LauncherWindow-t.build/Objects-normal/arm64/LauncherWindow.SwiftFileList
WriteAuxiliaryFile /Users/admin/builder/spi-builder-workspace/.derivedData/Build/Intermediates.noindex/swiftui-launcher-window.build/Debug-appletvos/LauncherWindow-t.build/Objects-normal/arm64/LauncherWindow.SwiftConstValuesFileList (in target 'LauncherWindow' from project 'swiftui-launcher-window')
    cd /Users/admin/builder/spi-builder-workspace
    write-file /Users/admin/builder/spi-builder-workspace/.derivedData/Build/Intermediates.noindex/swiftui-launcher-window.build/Debug-appletvos/LauncherWindow-t.build/Objects-normal/arm64/LauncherWindow.SwiftConstValuesFileList
WriteAuxiliaryFile /Users/admin/builder/spi-builder-workspace/.derivedData/Build/Intermediates.noindex/swiftui-launcher-window.build/Debug-appletvos/LauncherWindow-t.build/Objects-normal/arm64/LauncherWindow.LinkFileList (in target 'LauncherWindow' from project 'swiftui-launcher-window')
    cd /Users/admin/builder/spi-builder-workspace
    write-file /Users/admin/builder/spi-builder-workspace/.derivedData/Build/Intermediates.noindex/swiftui-launcher-window.build/Debug-appletvos/LauncherWindow-t.build/Objects-normal/arm64/LauncherWindow.LinkFileList
WriteAuxiliaryFile /Users/admin/builder/spi-builder-workspace/.derivedData/Build/Intermediates.noindex/swiftui-launcher-window.build/Debug-appletvos/LauncherWindow-t.build/Objects-normal/arm64/LauncherWindow-OutputFileMap.json (in target 'LauncherWindow' from project 'swiftui-launcher-window')
    cd /Users/admin/builder/spi-builder-workspace
    write-file /Users/admin/builder/spi-builder-workspace/.derivedData/Build/Intermediates.noindex/swiftui-launcher-window.build/Debug-appletvos/LauncherWindow-t.build/Objects-normal/arm64/LauncherWindow-OutputFileMap.json
WriteAuxiliaryFile /Users/admin/builder/spi-builder-workspace/.derivedData/Build/Intermediates.noindex/swiftui-launcher-window.build/Debug-appletvos/LauncherWindow-t.build/LauncherWindow.modulemap (in target 'LauncherWindow' from project 'swiftui-launcher-window')
    cd /Users/admin/builder/spi-builder-workspace
    write-file /Users/admin/builder/spi-builder-workspace/.derivedData/Build/Intermediates.noindex/swiftui-launcher-window.build/Debug-appletvos/LauncherWindow-t.build/LauncherWindow.modulemap
WriteAuxiliaryFile /Users/admin/builder/spi-builder-workspace/.derivedData/Build/Intermediates.noindex/swiftui-launcher-window.build/Debug-appletvos/LauncherWindow-t.build/LauncherWindow.DependencyStaticMetadataFileList (in target 'LauncherWindow' from project 'swiftui-launcher-window')
    cd /Users/admin/builder/spi-builder-workspace
    write-file /Users/admin/builder/spi-builder-workspace/.derivedData/Build/Intermediates.noindex/swiftui-launcher-window.build/Debug-appletvos/LauncherWindow-t.build/LauncherWindow.DependencyStaticMetadataFileList
WriteAuxiliaryFile /Users/admin/builder/spi-builder-workspace/.derivedData/Build/Intermediates.noindex/swiftui-launcher-window.build/Debug-appletvos/LauncherWindow-t.build/LauncherWindow.DependencyMetadataFileList (in target 'LauncherWindow' from project 'swiftui-launcher-window')
    cd /Users/admin/builder/spi-builder-workspace
    write-file /Users/admin/builder/spi-builder-workspace/.derivedData/Build/Intermediates.noindex/swiftui-launcher-window.build/Debug-appletvos/LauncherWindow-t.build/LauncherWindow.DependencyMetadataFileList
WriteAuxiliaryFile /Users/admin/builder/spi-builder-workspace/.derivedData/Build/Intermediates.noindex/swiftui-frameless-window.build/Debug-appletvos/FramelessWindow-t.build/FramelessWindow.modulemap (in target 'FramelessWindow' from project 'swiftui-frameless-window')
    cd /Users/admin/builder/spi-builder-workspace/.dependencies/checkouts/swiftui-frameless-window
    write-file /Users/admin/builder/spi-builder-workspace/.derivedData/Build/Intermediates.noindex/swiftui-frameless-window.build/Debug-appletvos/FramelessWindow-t.build/FramelessWindow.modulemap
WriteAuxiliaryFile /Users/admin/builder/spi-builder-workspace/.derivedData/Build/Intermediates.noindex/swiftui-frameless-window.build/Debug-appletvos/FramelessWindow-t.build/FramelessWindow.DependencyStaticMetadataFileList (in target 'FramelessWindow' from project 'swiftui-frameless-window')
    cd /Users/admin/builder/spi-builder-workspace/.dependencies/checkouts/swiftui-frameless-window
    write-file /Users/admin/builder/spi-builder-workspace/.derivedData/Build/Intermediates.noindex/swiftui-frameless-window.build/Debug-appletvos/FramelessWindow-t.build/FramelessWindow.DependencyStaticMetadataFileList
WriteAuxiliaryFile /Users/admin/builder/spi-builder-workspace/.derivedData/Build/Intermediates.noindex/swiftui-frameless-window.build/Debug-appletvos/FramelessWindow-t.build/Objects-normal/arm64/FramelessWindow.SwiftFileList (in target 'FramelessWindow' from project 'swiftui-frameless-window')
    cd /Users/admin/builder/spi-builder-workspace/.dependencies/checkouts/swiftui-frameless-window
    write-file /Users/admin/builder/spi-builder-workspace/.derivedData/Build/Intermediates.noindex/swiftui-frameless-window.build/Debug-appletvos/FramelessWindow-t.build/Objects-normal/arm64/FramelessWindow.SwiftFileList
WriteAuxiliaryFile /Users/admin/builder/spi-builder-workspace/.derivedData/Build/Intermediates.noindex/swiftui-frameless-window.build/Debug-appletvos/FramelessWindow-t.build/Objects-normal/arm64/FramelessWindow.LinkFileList (in target 'FramelessWindow' from project 'swiftui-frameless-window')
    cd /Users/admin/builder/spi-builder-workspace/.dependencies/checkouts/swiftui-frameless-window
    write-file /Users/admin/builder/spi-builder-workspace/.derivedData/Build/Intermediates.noindex/swiftui-frameless-window.build/Debug-appletvos/FramelessWindow-t.build/Objects-normal/arm64/FramelessWindow.LinkFileList
WriteAuxiliaryFile /Users/admin/builder/spi-builder-workspace/.derivedData/Build/Intermediates.noindex/swiftui-frameless-window.build/Debug-appletvos/FramelessWindow-t.build/Objects-normal/arm64/FramelessWindow.SwiftConstValuesFileList (in target 'FramelessWindow' from project 'swiftui-frameless-window')
    cd /Users/admin/builder/spi-builder-workspace/.dependencies/checkouts/swiftui-frameless-window
    write-file /Users/admin/builder/spi-builder-workspace/.derivedData/Build/Intermediates.noindex/swiftui-frameless-window.build/Debug-appletvos/FramelessWindow-t.build/Objects-normal/arm64/FramelessWindow.SwiftConstValuesFileList
WriteAuxiliaryFile /Users/admin/builder/spi-builder-workspace/.derivedData/Build/Intermediates.noindex/swiftui-frameless-window.build/Debug-appletvos/FramelessWindow-t.build/Objects-normal/arm64/FramelessWindow_const_extract_protocols.json (in target 'FramelessWindow' from project 'swiftui-frameless-window')
    cd /Users/admin/builder/spi-builder-workspace/.dependencies/checkouts/swiftui-frameless-window
    write-file /Users/admin/builder/spi-builder-workspace/.derivedData/Build/Intermediates.noindex/swiftui-frameless-window.build/Debug-appletvos/FramelessWindow-t.build/Objects-normal/arm64/FramelessWindow_const_extract_protocols.json
WriteAuxiliaryFile /Users/admin/builder/spi-builder-workspace/.derivedData/Build/Intermediates.noindex/swiftui-frameless-window.build/Debug-appletvos/FramelessWindow-t.build/Objects-normal/arm64/FramelessWindow-OutputFileMap.json (in target 'FramelessWindow' from project 'swiftui-frameless-window')
    cd /Users/admin/builder/spi-builder-workspace/.dependencies/checkouts/swiftui-frameless-window
    write-file /Users/admin/builder/spi-builder-workspace/.derivedData/Build/Intermediates.noindex/swiftui-frameless-window.build/Debug-appletvos/FramelessWindow-t.build/Objects-normal/arm64/FramelessWindow-OutputFileMap.json
WriteAuxiliaryFile /Users/admin/builder/spi-builder-workspace/.derivedData/Build/Intermediates.noindex/swiftui-frameless-window.build/Debug-appletvos/FramelessWindow-t.build/FramelessWindow.DependencyMetadataFileList (in target 'FramelessWindow' from project 'swiftui-frameless-window')
    cd /Users/admin/builder/spi-builder-workspace/.dependencies/checkouts/swiftui-frameless-window
    write-file /Users/admin/builder/spi-builder-workspace/.derivedData/Build/Intermediates.noindex/swiftui-frameless-window.build/Debug-appletvos/FramelessWindow-t.build/FramelessWindow.DependencyMetadataFileList
Copy /Users/admin/builder/spi-builder-workspace/.derivedData/Build/Intermediates.noindex/GeneratedModuleMaps-appletvos/LauncherWindow.modulemap /Users/admin/builder/spi-builder-workspace/.derivedData/Build/Intermediates.noindex/swiftui-launcher-window.build/Debug-appletvos/LauncherWindow-t.build/LauncherWindow.modulemap (in target 'LauncherWindow' from project 'swiftui-launcher-window')
    cd /Users/admin/builder/spi-builder-workspace
    builtin-copy -exclude .DS_Store -exclude CVS -exclude .svn -exclude .git -exclude .hg -resolve-src-symlinks /Users/admin/builder/spi-builder-workspace/.derivedData/Build/Intermediates.noindex/swiftui-launcher-window.build/Debug-appletvos/LauncherWindow-t.build/LauncherWindow.modulemap /Users/admin/builder/spi-builder-workspace/.derivedData/Build/Intermediates.noindex/GeneratedModuleMaps-appletvos
Copy /Users/admin/builder/spi-builder-workspace/.derivedData/Build/Intermediates.noindex/GeneratedModuleMaps-appletvos/FramelessWindow.modulemap /Users/admin/builder/spi-builder-workspace/.derivedData/Build/Intermediates.noindex/swiftui-frameless-window.build/Debug-appletvos/FramelessWindow-t.build/FramelessWindow.modulemap (in target 'FramelessWindow' from project 'swiftui-frameless-window')
    cd /Users/admin/builder/spi-builder-workspace/.dependencies/checkouts/swiftui-frameless-window
    builtin-copy -exclude .DS_Store -exclude CVS -exclude .svn -exclude .git -exclude .hg -resolve-src-symlinks /Users/admin/builder/spi-builder-workspace/.derivedData/Build/Intermediates.noindex/swiftui-frameless-window.build/Debug-appletvos/FramelessWindow-t.build/FramelessWindow.modulemap /Users/admin/builder/spi-builder-workspace/.derivedData/Build/Intermediates.noindex/GeneratedModuleMaps-appletvos
SwiftDriver WindowReference normal arm64 com.apple.xcode.tools.swift.compiler (in target 'WindowReference' from project 'swiftui-window-reference')
    cd /Users/admin/builder/spi-builder-workspace/.swiftpm/xcode
    builtin-SwiftDriver -- /Applications/Xcode-27.0.0-Release.Candidate.app/Contents/Developer/Toolchains/XcodeDefault.xctoolchain/usr/bin/swiftc -parse-as-library -module-name WindowReference -Onone @/Users/admin/builder/spi-builder-workspace/.derivedData/Build/Intermediates.noindex/swiftui-window-reference.build/Debug-appletvos/WindowReference-t.build/Objects-normal/arm64/WindowReference.SwiftFileList -DSWIFT_PACKAGE -DDEBUG -DSWIFT_MODULE_RESOURCE_BUNDLE_UNAVAILABLE -DXcode -plugin-path /Applications/Xcode-27.0.0-Release.Candidate.app/Contents/Developer/Toolchains/XcodeDefault.xctoolchain/usr/lib/swift/host/plugins/testing -enable-experimental-feature DebugDescriptionMacro -sdk /Applications/Xcode-27.0.0-Release.Candidate.app/Contents/Developer/Platforms/AppleTVOS.platform/Developer/SDKs/AppleTVOS27.0.sdk -target arm64-apple-tvos15.0 -g -module-cache-path /Users/admin/builder/spi-builder-workspace/.derivedData/ModuleCache.noindex -Xfrontend -serialize-debugging-options -enable-testing -suppress-warnings -index-store-path /Users/admin/builder/spi-builder-workspace/.derivedData/Index.noindex/DataStore -Xcc -D_LIBCPP_HARDENING_MODE\=_LIBCPP_HARDENING_MODE_DEBUG -swift-version 5 -I /Users/admin/builder/spi-builder-workspace/.derivedData/Build/Products/Debug-appletvos -Isystem /Applications/Xcode-27.0.0-Release.Candidate.app/Contents/Developer/Platforms/AppleTVOS.platform/Developer/usr/lib -F /Users/admin/builder/spi-builder-workspace/.derivedData/Build/Products/Debug-appletvos -F /Applications/Xcode-27.0.0-Release.Candidate.app/Contents/Developer/Platforms/AppleTVOS.platform/Developer/Library/Frameworks -F /Applications/Xcode-27.0.0-Release.Candidate.app/Contents/Developer/Platforms/AppleTVOS.platform/Developer/SDKs/AppleTVOS27.0.sdk/Developer/Library/Frameworks -c -j10 -enable-batch-mode -incremental -Xcc -ivfsstatcache -Xcc /Users/admin/builder/spi-builder-workspace/.derivedData/SDKStatCaches.noindex/appletvos27.0-24J360-e829b21a6f8c9b70876ba0858053c044b32bfd8d43560033f8d89884cdb90028.sdkstatcache -output-file-map /Users/admin/builder/spi-builder-workspace/.derivedData/Build/Intermediates.noindex/swiftui-window-reference.build/Debug-appletvos/WindowReference-t.build/Objects-normal/arm64/WindowReference-OutputFileMap.json -save-temps -no-color-diagnostics -explicit-module-build -module-cache-path /Users/admin/builder/spi-builder-workspace/.derivedData/Build/Intermediates.noindex/SwiftExplicitPrecompiledModules -clang-scanner-module-cache-path /Users/admin/builder/spi-builder-workspace/.derivedData/ModuleCache.noindex -sdk-module-cache-path /Users/admin/builder/spi-builder-workspace/.derivedData/SDKExplicitPrecompiledModules -emit-dependencies -emit-module -emit-module-path /Users/admin/builder/spi-builder-workspace/.derivedData/Build/Intermediates.noindex/swiftui-window-reference.build/Debug-appletvos/WindowReference-t.build/Objects-normal/arm64/WindowReference.swiftmodule -serialize-diagnostics -dependency-scan-serialize-diagnostics-path /Users/admin/builder/spi-builder-workspace/.derivedData/Build/Intermediates.noindex/swiftui-window-reference.build/Debug-appletvos/WindowReference-t.build/Objects-normal/arm64/WindowReference-dependency-scan.dia -validate-clang-modules-once -clang-build-session-file /Users/admin/builder/spi-builder-workspace/.derivedData/ModuleCache.noindex/Session.modulevalidation -Xcc -fmodules-prune-interval\=86400 -Xcc -fmodules-prune-after\=345600 -package-name swiftui_window_reference -emit-const-values -const-gather-protocols-list /Users/admin/builder/spi-builder-workspace/.derivedData/Build/Intermediates.noindex/swiftui-window-reference.build/Debug-appletvos/WindowReference-t.build/Objects-normal/arm64/WindowReference_const_extract_protocols.json -Xcc -I/Users/admin/builder/spi-builder-workspace/.derivedData/Build/Products/Debug-appletvos/include -Xcc -I/Users/admin/builder/spi-builder-workspace/.derivedData/Build/Intermediates.noindex/swiftui-window-reference.build/Debug-appletvos/WindowReference-t.build/DerivedSources-normal/arm64 -Xcc -I/Users/admin/builder/spi-builder-workspace/.derivedData/Build/Intermediates.noindex/swiftui-window-reference.build/Debug-appletvos/WindowReference-t.build/DerivedSources/arm64 -Xcc -I/Users/admin/builder/spi-builder-workspace/.derivedData/Build/Intermediates.noindex/swiftui-window-reference.build/Debug-appletvos/WindowReference-t.build/DerivedSources -Xcc -DSWIFT_PACKAGE -Xcc -DDEBUG\=1 -emit-objc-header -emit-objc-header-path /Users/admin/builder/spi-builder-workspace/.derivedData/Build/Intermediates.noindex/swiftui-window-reference.build/Debug-appletvos/WindowReference-t.build/Objects-normal/arm64/WindowReference-Swift.h -working-directory /Users/admin/builder/spi-builder-workspace/.swiftpm/xcode -experimental-emit-module-separately -disable-cmo
SwiftExplicitDependencyGeneratePcm arm64 /Users/admin/builder/spi-builder-workspace/.derivedData/SDKExplicitPrecompiledModules/SwiftShims-8N4EXJ4RUJTR8K9OO3CMOH1EP.pcm
SwiftExplicitDependencyGeneratePcm arm64 /Users/admin/builder/spi-builder-workspace/.derivedData/SDKExplicitPrecompiledModules/_Builtin_stddef-9ZJZ6FDEZNKTZU8YLPMFT9RAQ.pcm
SwiftExplicitDependencyGeneratePcm arm64 /Users/admin/builder/spi-builder-workspace/.derivedData/SDKExplicitPrecompiledModules/ptrcheck-2AZ6B5IBYD3RRRTFWN2ONASY3.pcm
SwiftExplicitDependencyGeneratePcm arm64 /Users/admin/builder/spi-builder-workspace/.derivedData/SDKExplicitPrecompiledModules/_Builtin_stdbool-AHRDH5EKLY6D04C5E42F3VCQI.pcm
SwiftExplicitDependencyGeneratePcm arm64 /Users/admin/builder/spi-builder-workspace/.derivedData/SDKExplicitPrecompiledModules/_AvailabilityInternal-BV2EDDP0MI5QJDDPEEV4D9D3V.pcm
SwiftExplicitDependencyGeneratePcm arm64 /Users/admin/builder/spi-builder-workspace/.derivedData/SDKExplicitPrecompiledModules/_SwiftConcurrencyShims-BY5PD8KF1L5KF6F4Q69HE3TJ4.pcm
SwiftExplicitDependencyGeneratePcm arm64 /Users/admin/builder/spi-builder-workspace/.derivedData/SDKExplicitPrecompiledModules/_Builtin_stdarg-BO2OCAUYVAXDRVQWQ8ISKGNUQ.pcm
SwiftExplicitDependencyGeneratePcm arm64 /Users/admin/builder/spi-builder-workspace/.derivedData/SDKExplicitPrecompiledModules/_Builtin_float-8ZJAYZ85YBOAOP52Y9H6IUNP3.pcm
SwiftExplicitDependencyGeneratePcm arm64 /Users/admin/builder/spi-builder-workspace/.derivedData/SDKExplicitPrecompiledModules/DeveloperToolsSupport-B1X8RI63V48AJRTH2RK6JAARV.pcm
SwiftExplicitDependencyGeneratePcm arm64 /Users/admin/builder/spi-builder-workspace/.derivedData/SDKExplicitPrecompiledModules/ptrauth-8X2KEPL7CTRPS40TUB9APHPK6.pcm
SwiftExplicitDependencyGeneratePcm arm64 /Users/admin/builder/spi-builder-workspace/.derivedData/SDKExplicitPrecompiledModules/_DarwinFoundation1-JOTYMOA1YZCIJ2NON6FQ848O.pcm
SwiftExplicitDependencyGeneratePcm arm64 /Users/admin/builder/spi-builder-workspace/.derivedData/SDKExplicitPrecompiledModules/_DarwinFoundation2-AOGAN1O02NKXRJN5V73AV3V3M.pcm
SwiftExplicitDependencyGeneratePcm arm64 /Users/admin/builder/spi-builder-workspace/.derivedData/SDKExplicitPrecompiledModules/_Builtin_limits-7JU2HP127LIT1X9E2V3D8WZ1.pcm
SwiftExplicitDependencyGeneratePcm arm64 /Users/admin/builder/spi-builder-workspace/.derivedData/SDKExplicitPrecompiledModules/_Builtin_tgmath-7ULT1EUHDHW4OZPSTT33H6QGE.pcm
SwiftExplicitDependencyGeneratePcm arm64 /Users/admin/builder/spi-builder-workspace/.derivedData/SDKExplicitPrecompiledModules/sys_types-8GCAV1YMG5UUGHUID3CA20TCH.pcm
SwiftExplicitDependencyGeneratePcm arm64 /Users/admin/builder/spi-builder-workspace/.derivedData/SDKExplicitPrecompiledModules/string_h-6EVHP7A717OUS5DMC78F79HWO.pcm
SwiftExplicitDependencyGeneratePcm arm64 /Users/admin/builder/spi-builder-workspace/.derivedData/SDKExplicitPrecompiledModules/_Builtin_stdint-6NFTB6IBKS143IVPGT1EKB7HO.pcm
SwiftExplicitDependencyGeneratePcm arm64 /Users/admin/builder/spi-builder-workspace/.derivedData/SDKExplicitPrecompiledModules/_Builtin_stdatomic-3YXHN678NGYM3NL9POJ2HVEIF.pcm
SwiftExplicitDependencyGeneratePcm arm64 /Users/admin/builder/spi-builder-workspace/.derivedData/SDKExplicitPrecompiledModules/_DarwinFoundation3-8SR3855WDFHQPR6G9GHOI2C07.pcm
SwiftExplicitDependencyGeneratePcm arm64 /Users/admin/builder/spi-builder-workspace/.derivedData/SDKExplicitPrecompiledModules/_Builtin_intrinsics-437O2R2NID4WAQVENR63GR82C.pcm
SwiftExplicitDependencyGeneratePcm arm64 /Users/admin/builder/spi-builder-workspace/.derivedData/SDKExplicitPrecompiledModules/_Builtin_inttypes-6X1IQ3QK9KEVKXOK9Y79EW7J3.pcm
SwiftExplicitDependencyGeneratePcm arm64 /Users/admin/builder/spi-builder-workspace/.derivedData/SDKExplicitPrecompiledModules/Darwin-DBSQAVBBPC3D2OMU5ZI2RXMST.pcm
SwiftExplicitDependencyGeneratePcm arm64 /Users/admin/builder/spi-builder-workspace/.derivedData/SDKExplicitPrecompiledModules/simd-117QUXEUT3Z7UQCUYWV2UA228.pcm
SwiftExplicitDependencyGeneratePcm arm64 /Users/admin/builder/spi-builder-workspace/.derivedData/SDKExplicitPrecompiledModules/ObjectiveC-5250FDCE56N8508OR6XUYDKZM.pcm
SwiftExplicitDependencyGeneratePcm arm64 /Users/admin/builder/spi-builder-workspace/.derivedData/SDKExplicitPrecompiledModules/MachO-EH3F5PJCIZG05NO51CEFSZYPW.pcm
SwiftExplicitDependencyGeneratePcm arm64 /Users/admin/builder/spi-builder-workspace/.derivedData/SDKExplicitPrecompiledModules/os_object-E2DGZ0SX0TULQHULZRPO6OKNW.pcm
SwiftExplicitDependencyGeneratePcm arm64 /Users/admin/builder/spi-builder-workspace/.derivedData/SDKExplicitPrecompiledModules/os_workgroup-DBUFF7811DKMX7VPBOJPGGF1U.pcm
SwiftExplicitDependencyGeneratePcm arm64 /Users/admin/builder/spi-builder-workspace/.derivedData/SDKExplicitPrecompiledModules/Spatial-7U8NLEFXSB8BR7PJQGVMF5A4Q.pcm
SwiftExplicitDependencyGeneratePcm arm64 /Users/admin/builder/spi-builder-workspace/.derivedData/SDKExplicitPrecompiledModules/Dispatch-1QL58A0V50C39KVAIC6C38SHL.pcm
SwiftExplicitDependencyGeneratePcm arm64 /Users/admin/builder/spi-builder-workspace/.derivedData/SDKExplicitPrecompiledModules/XPC-6O2DJFT3QUJ7QKTD3SNUB6PCR.pcm
SwiftExplicitDependencyGeneratePcm arm64 /Users/admin/builder/spi-builder-workspace/.derivedData/SDKExplicitPrecompiledModules/CoreFoundation-7TPJ7ENDC4L1A1ESHYI9TXS0D.pcm
SwiftExplicitDependencyGeneratePcm arm64 /Users/admin/builder/spi-builder-workspace/.derivedData/SDKExplicitPrecompiledModules/os-3GJI8H0BNAEZPQPQ1V0VVY3FY.pcm
SwiftExplicitDependencyGeneratePcm arm64 /Users/admin/builder/spi-builder-workspace/.derivedData/SDKExplicitPrecompiledModules/CoreGraphics-CWSP3J98S2658BYCVL6RP99T3.pcm
SwiftExplicitDependencyGeneratePcm arm64 /Users/admin/builder/spi-builder-workspace/.derivedData/SDKExplicitPrecompiledModules/CFNetwork-2CUR2VK9S3S3WPFXPNXNUWYGN.pcm
SwiftExplicitDependencyGeneratePcm arm64 /Users/admin/builder/spi-builder-workspace/.derivedData/SDKExplicitPrecompiledModules/CoreAudioTypes-E7EH96HAL3G83QSWLT7VWYIP4.pcm
SwiftExplicitDependencyGeneratePcm arm64 /Users/admin/builder/spi-builder-workspace/.derivedData/SDKExplicitPrecompiledModules/Security-8VMXEKVDA3MHUH9AOTP905DID.pcm
SwiftExplicitDependencyGeneratePcm arm64 /Users/admin/builder/spi-builder-workspace/.derivedData/SDKExplicitPrecompiledModules/CoreAudio-6IR1XRM0Q9YQZMFW89F3H4V3X.pcm
SwiftExplicitDependencyGeneratePcm arm64 /Users/admin/builder/spi-builder-workspace/.derivedData/SDKExplicitPrecompiledModules/Foundation-BSSIP64DIGUKMAYJOG1WPQ78X.pcm
SwiftExplicitDependencyGeneratePcm arm64 /Users/admin/builder/spi-builder-workspace/.derivedData/SDKExplicitPrecompiledModules/CoreText-59NY7PABM0I4V978161FOC04A.pcm
SwiftExplicitDependencyGeneratePcm arm64 /Users/admin/builder/spi-builder-workspace/.derivedData/SDKExplicitPrecompiledModules/ImageIO-88D4CLEBD4CLWQKT78PZ6H1O8.pcm
SwiftExplicitDependencyGeneratePcm arm64 /Users/admin/builder/spi-builder-workspace/.derivedData/SDKExplicitPrecompiledModules/IOSurface-38FJ1CKX9FV2RD97O64Z7QB17.pcm
SwiftExplicitDependencyGeneratePcm arm64 /Users/admin/builder/spi-builder-workspace/.derivedData/SDKExplicitPrecompiledModules/_LocationEssentials-ETSJ65FELPWR8WH8G49R1DF2E.pcm
SwiftExplicitDependencyGeneratePcm arm64 /Users/admin/builder/spi-builder-workspace/.derivedData/SDKExplicitPrecompiledModules/Accessibility-B6BODGZ4MQQTY0PBC4SHRP009.pcm
SwiftExplicitDependencyGeneratePcm arm64 /Users/admin/builder/spi-builder-workspace/.derivedData/SDKExplicitPrecompiledModules/UserNotifications-E9ZW5TH066WIJWH9080RC5NG4.pcm
SwiftExplicitDependencyGeneratePcm arm64 /Users/admin/builder/spi-builder-workspace/.derivedData/SDKExplicitPrecompiledModules/DataDetection-37JIYZ2GWDA1L166PP1D9JKAF.pcm
SwiftExplicitDependencyGeneratePcm arm64 /Users/admin/builder/spi-builder-workspace/.derivedData/SDKExplicitPrecompiledModules/OSLog-7OT6HHTMY0ZFEQJ095LJZ6NLC.pcm
SwiftExplicitDependencyGeneratePcm arm64 /Users/admin/builder/spi-builder-workspace/.derivedData/SDKExplicitPrecompiledModules/UIUtilities-6ZFJ1AK4H8IBGEBMYQBWGBYLK.pcm
SwiftExplicitDependencyGeneratePcm arm64 /Users/admin/builder/spi-builder-workspace/.derivedData/SDKExplicitPrecompiledModules/UniformTypeIdentifiers-95CC8U42ZA9STP5K6GP9ZVJS5.pcm
SwiftExplicitDependencyGeneratePcm arm64 /Users/admin/builder/spi-builder-workspace/.derivedData/SDKExplicitPrecompiledModules/CoreTransferable-7V4O8DATEQ9F7SDNTCW8YWLG3.pcm
SwiftExplicitDependencyGeneratePcm arm64 /Users/admin/builder/spi-builder-workspace/.derivedData/SDKExplicitPrecompiledModules/Symbols-B5AU9VM9Y7NU79RLMH13Z4IFM.pcm
SwiftExplicitDependencyGeneratePcm arm64 /Users/admin/builder/spi-builder-workspace/.derivedData/SDKExplicitPrecompiledModules/CoreData-DYMPHH3PH8AX9I1FHA4VFJ675.pcm
SwiftExplicitDependencyGeneratePcm arm64 /Users/admin/builder/spi-builder-workspace/.derivedData/SDKExplicitPrecompiledModules/CoreLocation-YVXXAOMVX0JH2KO1XTTKTY51.pcm
SwiftExplicitDependencyGeneratePcm arm64 /Users/admin/builder/spi-builder-workspace/.derivedData/SDKExplicitPrecompiledModules/OpenGLES-4NY99CNDU9WUNUYEIXSS1QFGE.pcm
SwiftExplicitDependencyGeneratePcm arm64 /Users/admin/builder/spi-builder-workspace/.derivedData/SDKExplicitPrecompiledModules/Metal-2KYBS7IML1SD788M91YV7Q0CC.pcm
SwiftExplicitDependencyGeneratePcm arm64 /Users/admin/builder/spi-builder-workspace/.derivedData/SDKExplicitPrecompiledModules/CoreVideo-DPU0PB5X0XLSVA2ETRGI6FJBM.pcm
SwiftExplicitDependencyGeneratePcm arm64 /Users/admin/builder/spi-builder-workspace/.derivedData/SDKExplicitPrecompiledModules/QuartzCore-DJSYAWKXFGVSAK5CQMOB3JSR.pcm
SwiftExplicitDependencyGeneratePcm arm64 /Users/admin/builder/spi-builder-workspace/.derivedData/SDKExplicitPrecompiledModules/CoreImage-7S2AFJ8EIY3DUFYLEAX1JR1QV.pcm
SwiftExplicitDependencyGeneratePcm arm64 /Users/admin/builder/spi-builder-workspace/.derivedData/SDKExplicitPrecompiledModules/CoreMedia-4OUKVT03LV547KZJDPPJRJ4F8.pcm
SwiftExplicitDependencyGeneratePcm arm64 /Users/admin/builder/spi-builder-workspace/.derivedData/SDKExplicitPrecompiledModules/SwiftUICore-543QU5V2NHKUFCYFJDKUJ7NYG.pcm
SwiftExplicitDependencyGeneratePcm arm64 /Users/admin/builder/spi-builder-workspace/.derivedData/SDKExplicitPrecompiledModules/UIKit-1TKWN7VC2X6N3ITMRVA2G0EB2.pcm
SwiftExplicitDependencyGeneratePcm arm64 /Users/admin/builder/spi-builder-workspace/.derivedData/SDKExplicitPrecompiledModules/SwiftUI-7BV1YDT6IZWW6B8OC6ENV0Y0F.pcm
SwiftEmitModule normal arm64 Emitting\ module\ for\ WindowReference (in target 'WindowReference' from project 'swiftui-window-reference')
/Users/admin/builder/spi-builder-workspace/.dependencies/checkouts/swiftui-window-reference/Sources/WindowReference/Environment.swift:5:27: error: cannot find type 'NSWindow' in scope
 3 | /// The internal storage environment key for the frameless window.
 4 | private struct WindowEnvironmentKey: EnvironmentKey {
 5 | 	static let defaultValue: NSWindow? = nil
   |                           `- error: cannot find type 'NSWindow' in scope
 6 | }
 7 |
/Users/admin/builder/spi-builder-workspace/.dependencies/checkouts/swiftui-window-reference/Sources/WindowReference/Environment.swift:4:16: error: type 'WindowEnvironmentKey' does not conform to protocol 'EnvironmentKey'
 2 |
 3 | /// The internal storage environment key for the frameless window.
 4 | private struct WindowEnvironmentKey: EnvironmentKey {
   |                |- error: type 'WindowEnvironmentKey' does not conform to protocol 'EnvironmentKey'
   |                `- note: add stubs for conformance
 5 | 	static let defaultValue: NSWindow? = nil
 6 | }
SwiftUI.EnvironmentKey.Value:2:16: note: protocol requires nested type 'Value'
1 | protocol EnvironmentKey {
2 | associatedtype Value}
  |                `- note: protocol requires nested type 'Value'
3 |
/Users/admin/builder/spi-builder-workspace/.dependencies/checkouts/swiftui-window-reference/Sources/WindowReference/Environment.swift:10:14: error: cannot find type 'NSWindow' in scope
 8 | /// The environment key for accessing the frameless window.
 9 | public extension EnvironmentValues {
10 | 	var window: NSWindow? {
   |              `- error: cannot find type 'NSWindow' in scope
11 | 		get { self[WindowEnvironmentKey.self] }
12 | 		set { self[WindowEnvironmentKey.self] = newValue }
/Users/admin/builder/spi-builder-workspace/.dependencies/checkouts/swiftui-window-reference/Sources/WindowReference/Environment.swift:18:40: error: cannot find type 'NSWindow' in scope
16 | /// The view modifier for more concise write access to the framelessWindow environment value.
17 | public extension View {
18 | 	func addWindowToEnvironment(_ window: NSWindow?) -> some View {
   |                                        `- error: cannot find type 'NSWindow' in scope
19 | 		self.environment(\.window, window)
20 | 	}
/Users/admin/builder/spi-builder-workspace/.dependencies/checkouts/swiftui-window-reference/Sources/WindowReference/WindowReference.swift:11:29: error: cannot find type 'NSWindow' in scope
 9 | public struct WindowReference<Content: View>: View {
10 | 	/// Store the window in local state to share within the environment.
11 | 	@State private var window: NSWindow? = nil
   |                             `- error: cannot find type 'NSWindow' in scope
12 |
13 | 	let id: String?
macro expansion @State:2:24: error: cannot find type 'NSWindow' in scope
`- /Users/admin/builder/spi-builder-workspace/.dependencies/checkouts/swiftui-window-reference/Sources/WindowReference/WindowReference.swift:11:44: note: expanded code originates here
 9 | public struct WindowReference<Content: View>: View {
10 | 	/// Store the window in local state to share within the environment.
11 | 	@State private var window: NSWindow? = nil
   |  `- note: in expansion of macro 'State' on property 'window' here
   +--- macro expansion @State -----------------------------------------
   | 1 | private var __window = SwiftUICore.State._makeStorage(({
   | 2 |             let value: NSWindow? = nil
   |   |                        `- error: cannot find type 'NSWindow' in scope
   | 3 |             return value
   | 4 |         }))
   +--------------------------------------------------------------------
12 |
13 | 	let id: String?
macro expansion @State:8:27: error: cannot find type 'NSWindow' in scope
`- /Users/admin/builder/spi-builder-workspace/.dependencies/checkouts/swiftui-window-reference/Sources/WindowReference/WindowReference.swift:11:44: note: expanded code originates here
 9 | public struct WindowReference<Content: View>: View {
10 | 	/// Store the window in local state to share within the environment.
11 | 	@State private var window: NSWindow? = nil
   |  `- note: in expansion of macro 'State' on property 'window' here
   +--- macro expansion @State -----------------------------------------
   | 6 | @SwiftUICore._StatePropertyWrapperStorage(initialValue: "JHMxNVdpbmRvd1JlZmVyZW5jZUFBVjZ3aW5kb3czM181MDdDRTI1NEY5MkRFRTk2QkVDRDk0MTQxNDdDQTFGNExMNVN0YXRlZk1wXzIwX2luaXRpYWxTdG9yZWRWYWx1ZV9mTXVf")
   | 7 | private var _window: SwiftUICore.State<_>! = SwiftUICore._stateNil(of: {
   | 8 |         SwiftUICore.State<NSWindow?>(initialValue: nil)
   |   |                           `- error: cannot find type 'NSWindow' in scope
   | 9 |     })
   |10 |
   +--------------------------------------------------------------------
12 |
13 | 	let id: String?
macro expansion @State:7:40: error: could not infer type for placeholder
`- /Users/admin/builder/spi-builder-workspace/.dependencies/checkouts/swiftui-window-reference/Sources/WindowReference/WindowReference.swift:11:44: note: expanded code originates here
 9 | public struct WindowReference<Content: View>: View {
10 | 	/// Store the window in local state to share within the environment.
11 | 	@State private var window: NSWindow? = nil
   |  `- note: in expansion of macro 'State' on property 'window' here
   +--- macro expansion @State -----------------------------------------
   | 5 |
   | 6 | @SwiftUICore._StatePropertyWrapperStorage(initialValue: "JHMxNVdpbmRvd1JlZmVyZW5jZUFBVjZ3aW5kb3czM181MDdDRTI1NEY5MkRFRTk2QkVDRDk0MTQxNDdDQTFGNExMNVN0YXRlZk1wXzIwX2luaXRpYWxTdG9yZWRWYWx1ZV9mTXVf")
   | 7 | private var _window: SwiftUICore.State<_>! = SwiftUICore._stateNil(of: {
   |   |                                        `- error: could not infer type for placeholder
   | 8 |         SwiftUICore.State<NSWindow?>(initialValue: nil)
   | 9 |     })
   +--------------------------------------------------------------------
12 |
13 | 	let id: String?
macro expansion @State:12:41: error: cannot find type 'NSWindow' in scope
`- /Users/admin/builder/spi-builder-workspace/.dependencies/checkouts/swiftui-window-reference/Sources/WindowReference/WindowReference.swift:11:44: note: expanded code originates here
 9 | public struct WindowReference<Content: View>: View {
10 | 	/// Store the window in local state to share within the environment.
11 | 	@State private var window: NSWindow? = nil
   |  `- note: in expansion of macro 'State' on property 'window' here
   +--- macro expansion @State -----------------------------------------
   |10 |
   |11 | @SwiftUICore._StateProjectedValue
   |12 | private var $window = SwiftUICore.State<NSWindow?>(initialValue: nil).projectedValue
   |   |                                         `- error: cannot find type 'NSWindow' in scope
   |13 |
   |14 | @SwiftUICore._StateInitialStoredValue("U3dpZnRVSUNvcmUuU3RhdGUuX21ha2VTdG9yYWdlKCh7IGxldCB2YWx1ZTogTlNXaW5kb3c/ID0gbmlsCnJldHVybiB2YWx1ZSB9KSk=")
   +--------------------------------------------------------------------
12 |
13 | 	let id: String?
macro expansion @State:16:20: error: cannot find type 'NSWindow' in scope
`- /Users/admin/builder/spi-builder-workspace/.dependencies/checkouts/swiftui-window-reference/Sources/WindowReference/WindowReference.swift:11:44: note: expanded code originates here
 9 | public struct WindowReference<Content: View>: View {
10 | 	/// Store the window in local state to share within the environment.
11 | 	@State private var window: NSWindow? = nil
   |  `- note: in expansion of macro 'State' on property 'window' here
   +--- macro expansion @State -----------------------------------------
   |14 | @SwiftUICore._StateInitialStoredValue("U3dpZnRVSUNvcmUuU3RhdGUuX21ha2VTdG9yYWdlKCh7IGxldCB2YWx1ZTogTlNXaW5kb3c/ID0gbmlsCnJldHVybiB2YWx1ZSB9KSk=")
   |15 | private static var $s15WindowReferenceAAV6window33_507CE254F92DEE96BECD9414147CA1F4LL5StatefMp_20_initialStoredValue_fMu_ = (SwiftUICore.State._makeStorage(initialValue: {
   |16 |             let x: NSWindow? = nil
   |   |                    `- error: cannot find type 'NSWindow' in scope
   |17 |             return x
   |18 |         }()))
   +--------------------------------------------------------------------
12 |
13 | 	let id: String?
/Users/admin/builder/spi-builder-workspace/.dependencies/checkouts/swiftui-window-reference/Sources/WindowReference/WindowReference.swift:15:26: error: cannot find type 'NSWindow' in scope
13 | 	let id: String?
14 | 	let content: () -> Content
15 | 	let windowInitializer: (NSWindow) -> Void
   |                          `- error: cannot find type 'NSWindow' in scope
16 |
17 | 	/// A `View` that puts a window reference into the environment and runs a window configuration
/Users/admin/builder/spi-builder-workspace/.dependencies/checkouts/swiftui-window-reference/Sources/WindowReference/WindowReference.swift:33:84: error: cannot find type 'NSWindow' in scope
31 | 	 - content: The actual view content.
32 | 	 */
33 | 	public init(withId id: String, andWindowInitializer windowInitializer: @escaping (NSWindow) -> Void = {window in}, @ViewBuilder content: @escaping () -> Content) {
   |                                                                                    `- error: cannot find type 'NSWindow' in scope
34 | 		self.id = id
35 | 		self.content = content
/Users/admin/builder/spi-builder-workspace/.dependencies/checkouts/swiftui-window-reference/Sources/WindowReference/WindowReference.swift:46:66: error: cannot find type 'NSWindow' in scope
44 | 	 - content: The view content to actually display.
45 | 	 */
46 | 	public init(withWindowInitializer windowInitializer: @escaping (NSWindow) -> Void = {window in}, @ViewBuilder content: @escaping () -> Content) {
   |                                                                  `- error: cannot find type 'NSWindow' in scope
47 | 		self.id = nil
48 | 		self.content = content
SwiftCompile normal arm64 (in target 'WindowReference' from project 'swiftui-window-reference')
    cd /Users/admin/builder/spi-builder-workspace/.swiftpm/xcode

/Users/admin/builder/spi-builder-workspace/.dependencies/checkouts/swiftui-window-reference/Sources/WindowReference/WindowReference.swift:60:30: error: cannot find type 'NSWindow' in scope
58 |
59 | 	/// Return the window specified by `self.id` or the current `keyWindow` if any, else `nil`.
60 | 	private func getWindow() -> NSWindow? {
   |                              `- error: cannot find type 'NSWindow' in scope
61 | 		if self.id != nil {
62 | 			return self.getWindowById()
/Users/admin/builder/spi-builder-workspace/.dependencies/checkouts/swiftui-window-reference/Sources/WindowReference/WindowReference.swift:68:34: error: cannot find type 'NSWindow' in scope
66 |
67 | 	/// Return the window with the matching identifier from all windows of the current application.
68 | 	private func getWindowById() -> NSWindow? {
   |                                  `- error: cannot find type 'NSWindow' in scope
69 | 		for window in NSApplication.shared.windows {
70 | 			guard window.identifier?.rawValue == self.id else { continue }
/Users/admin/builder/spi-builder-workspace/.dependencies/checkouts/swiftui-window-reference/Sources/WindowReference/WindowReference.swift:77:33: error: cannot find type 'NSWindow' in scope
75 |
76 | 	/// Return the current `keyWindow`.
77 | 	private func getKeyWindow() -> NSWindow? {
   |                                 `- error: cannot find type 'NSWindow' in scope
78 | 		if let window = NSApplication.shared.keyWindow {
79 | 			return window
Failed frontend command:
/Applications/Xcode-27.0.0-Release.Candidate.app/Contents/Developer/Toolchains/XcodeDefault.xctoolchain/usr/bin/swift-frontend -frontend -emit-module -experimental-skip-non-inlinable-function-bodies-without-types /Users/admin/builder/spi-builder-workspace/.dependencies/checkouts/swiftui-window-reference/Sources/WindowReference/Environment.swift /Users/admin/builder/spi-builder-workspace/.dependencies/checkouts/swiftui-window-reference/Sources/WindowReference/WindowReference.swift -target arm64-apple-tvos15.0 -disable-cross-import-overlay-search -load-resolved-plugin /Applications/Xcode-27.0.0-Release.Candidate.app/Contents/Developer/Platforms/AppleTVOS.platform/Developer/usr/lib/swift/host/plugins/libFoundationMacros.dylib\#/Applications/Xcode-27.0.0-Release.Candidate.app/Contents/Developer/Platforms/AppleTVOS.platform/Developer/usr/bin/swift-plugin-server\#FoundationMacros -load-resolved-plugin /Applications/Xcode-27.0.0-Release.Candidate.app/Contents/Developer/Platforms/AppleTVOS.platform/Developer/usr/lib/swift/host/plugins/libObservationMacros.dylib\#/Applications/Xcode-27.0.0-Release.Candidate.app/Contents/Developer/Platforms/AppleTVOS.platform/Developer/usr/bin/swift-plugin-server\#ObservationMacros -load-resolved-plugin /Applications/Xcode-27.0.0-Release.Candidate.app/Contents/Developer/Platforms/AppleTVOS.platform/Developer/usr/lib/swift/host/plugins/libPreviewsMacros.dylib\#/Applications/Xcode-27.0.0-Release.Candidate.app/Contents/Developer/Platforms/AppleTVOS.platform/Developer/usr/bin/swift-plugin-server\#PreviewsMacros -load-resolved-plugin /Applications/Xcode-27.0.0-Release.Candidate.app/Contents/Developer/Platforms/AppleTVOS.platform/Developer/usr/lib/swift/host/plugins/libSwiftMacros.dylib\#/Applications/Xcode-27.0.0-Release.Candidate.app/Contents/Developer/Platforms/AppleTVOS.platform/Developer/usr/bin/swift-plugin-server\#SwiftMacros -load-resolved-plugin /Applications/Xcode-27.0.0-Release.Candidate.app/Contents/Developer/Platforms/AppleTVOS.platform/Developer/usr/lib/swift/host/plugins/libSwiftUIMacros.dylib\#/Applications/Xcode-27.0.0-Release.Candidate.app/Contents/Developer/Platforms/AppleTVOS.platform/Developer/usr/bin/swift-plugin-server\#SwiftUIMacros -disable-implicit-swift-modules -Xcc -fno-implicit-modules -Xcc -fno-implicit-module-maps -explicit-swift-module-map-file /Users/admin/builder/spi-builder-workspace/.derivedData/Build/Intermediates.noindex/swiftui-window-reference.build/Debug-appletvos/WindowReference-t.build/Objects-normal/arm64/WindowReference-dependencies-1.json -Xllvm -aarch64-use-tbi -enable-objc-interop -stack-check -sdk /Applications/Xcode-27.0.0-Release.Candidate.app/Contents/Developer/Platforms/AppleTVOS.platform/Developer/SDKs/AppleTVOS27.0.sdk -I /Users/admin/builder/spi-builder-workspace/.derivedData/Build/Products/Debug-appletvos -Isystem /Applications/Xcode-27.0.0-Release.Candidate.app/Contents/Developer/Platforms/AppleTVOS.platform/Developer/usr/lib -F /Users/admin/builder/spi-builder-workspace/.derivedData/Build/Products/Debug-appletvos -F /Applications/Xcode-27.0.0-Release.Candidate.app/Contents/Developer/Platforms/AppleTVOS.platform/Developer/Library/Frameworks -F /Applications/Xcode-27.0.0-Release.Candidate.app/Contents/Developer/Platforms/AppleTVOS.platform/Developer/SDKs/AppleTVOS27.0.sdk/Developer/Library/Frameworks -module-cache-path /Users/admin/builder/spi-builder-workspace/.derivedData/Build/Intermediates.noindex/SwiftExplicitPrecompiledModules -no-color-diagnostics -Xcc -fno-color-diagnostics -enable-testing -g -debug-info-format\=dwarf -dwarf-version\=4 -suppress-warnings -swift-version 5 -Onone -D SWIFT_PACKAGE -D DEBUG -D SWIFT_MODULE_RESOURCE_BUNDLE_UNAVAILABLE -D Xcode -serialize-debugging-options -enable-experimental-feature DebugDescriptionMacro -empty-abi-descriptor -validate-clang-modules-once -clang-build-session-file /Users/admin/builder/spi-builder-workspace/.derivedData/ModuleCache.noindex/Session.modulevalidation -Xcc -working-directory -Xcc /Users/admin/builder/spi-builder-workspace/.swiftpm/xcode -enable-anonymous-context-mangled-names -file-compilation-dir /Users/admin/builder/spi-builder-workspace/.swiftpm/xcode -Xcc -D_LIBCPP_HARDENING_MODE\=_LIBCPP_HARDENING_MODE_DEBUG -Xcc -ivfsstatcache -Xcc /Users/admin/builder/spi-builder-workspace/.derivedData/SDKStatCaches.noindex/appletvos27.0-24J360-e829b21a6f8c9b70876ba0858053c044b32bfd8d43560033f8d89884cdb90028.sdkstatcache -Xcc -fmodules-prune-interval\=86400 -Xcc -fmodules-prune-after\=345600 -Xcc -I/Users/admin/builder/spi-builder-workspace/.derivedData/Build/Products/Debug-appletvos/include -Xcc -I/Users/admin/builder/spi-builder-workspace/.derivedData/Build/Intermediates.noindex/swiftui-window-reference.build/Debug-appletvos/WindowReference-t.build/DerivedSources-normal/arm64 -Xcc -I/Users/admin/builder/spi-builder-workspace/.derivedData/Build/Intermediates.noindex/swiftui-window-reference.build/Debug-appletvos/WindowReference-t.build/DerivedSources/arm64 -Xcc -I/Users/admin/builder/spi-builder-workspace/.derivedData/Build/Intermediates.noindex/swiftui-window-reference.build/Debug-appletvos/WindowReference-t.build/DerivedSources -Xcc -DSWIFT_PACKAGE -Xcc -DDEBUG\=1 -no-auto-bridging-header-chaining -module-name WindowReference -package-name swiftui_window_reference -const-gather-protocols-file /Users/admin/builder/spi-builder-workspace/.derivedData/Build/Intermediates.noindex/swiftui-window-reference.build/Debug-appletvos/WindowReference-t.build/Objects-normal/arm64/WindowReference_const_extract_protocols.json -disable-clang-spi -clang-target arm64-apple-tvos27.0 -target-sdk-version 27.0 -target-sdk-name appletvos27.0 -in-process-plugin-server-path /Applications/Xcode-27.0.0-Release.Candidate.app/Contents/Developer/Toolchains/XcodeDefault.xctoolchain/usr/lib/swift/host/libSwiftInProcPluginServer.dylib -emit-module-doc-path /Users/admin/builder/spi-builder-workspace/.derivedData/Build/Intermediates.noindex/swiftui-window-reference.build/Debug-appletvos/WindowReference-t.build/Objects-normal/arm64/WindowReference.swiftdoc -emit-module-source-info-path /Users/admin/builder/spi-builder-workspace/.derivedData/Build/Intermediates.noindex/swiftui-window-reference.build/Debug-appletvos/WindowReference-t.build/Objects-normal/arm64/WindowReference.swiftsourceinfo -emit-objc-header-path /Users/admin/builder/spi-builder-workspace/.derivedData/Build/Intermediates.noindex/swiftui-window-reference.build/Debug-appletvos/WindowReference-t.build/Objects-normal/arm64/WindowReference-Swift.h -serialize-diagnostics-path /Users/admin/builder/spi-builder-workspace/.derivedData/Build/Intermediates.noindex/swiftui-window-reference.build/Debug-appletvos/WindowReference-t.build/Objects-normal/arm64/WindowReference-primary-emit-module.dia -emit-dependencies-path /Users/admin/builder/spi-builder-workspace/.derivedData/Build/Intermediates.noindex/swiftui-window-reference.build/Debug-appletvos/WindowReference-t.build/Objects-normal/arm64/WindowReference-primary-emit-module.d -parse-as-library -o /Users/admin/builder/spi-builder-workspace/.derivedData/Build/Intermediates.noindex/swiftui-window-reference.build/Debug-appletvos/WindowReference-t.build/Objects-normal/arm64/WindowReference.swiftmodule -emit-abi-descriptor-path /Users/admin/builder/spi-builder-workspace/.derivedData/Build/Intermediates.noindex/swiftui-window-reference.build/Debug-appletvos/WindowReference-t.build/Objects-normal/arm64/WindowReference.abi.json
SwiftCompile normal arm64 Compiling\ WindowReference.swift /Users/admin/builder/spi-builder-workspace/.dependencies/checkouts/swiftui-window-reference/Sources/WindowReference/WindowReference.swift (in target 'WindowReference' from project 'swiftui-window-reference')
SwiftCompile normal arm64 /Users/admin/builder/spi-builder-workspace/.dependencies/checkouts/swiftui-window-reference/Sources/WindowReference/WindowReference.swift (in target 'WindowReference' from project 'swiftui-window-reference')
    cd /Users/admin/builder/spi-builder-workspace/.swiftpm/xcode
    builtin-SwiftPerFileCompile WindowReference.swift
/Users/admin/builder/spi-builder-workspace/.dependencies/checkouts/swiftui-window-reference/Sources/WindowReference/WindowReference.swift:11:29: error: cannot find type 'NSWindow' in scope
 9 | public struct WindowReference<Content: View>: View {
10 | 	/// Store the window in local state to share within the environment.
11 | 	@State private var window: NSWindow? = nil
   |                             `- error: cannot find type 'NSWindow' in scope
12 |
13 | 	let id: String?
macro expansion @State:2:24: error: cannot find type 'NSWindow' in scope
`- /Users/admin/builder/spi-builder-workspace/.dependencies/checkouts/swiftui-window-reference/Sources/WindowReference/WindowReference.swift:11:44: note: expanded code originates here
 9 | public struct WindowReference<Content: View>: View {
10 | 	/// Store the window in local state to share within the environment.
11 | 	@State private var window: NSWindow? = nil
   |  `- note: in expansion of macro 'State' on property 'window' here
   +--- macro expansion @State -----------------------------------------
   | 1 | private var __window = SwiftUICore.State._makeStorage(({
   | 2 |             let value: NSWindow? = nil
   |   |                        `- error: cannot find type 'NSWindow' in scope
   | 3 |             return value
   | 4 |         }))
   +--------------------------------------------------------------------
12 |
13 | 	let id: String?
macro expansion @State:8:27: error: cannot find type 'NSWindow' in scope
`- /Users/admin/builder/spi-builder-workspace/.dependencies/checkouts/swiftui-window-reference/Sources/WindowReference/WindowReference.swift:11:44: note: expanded code originates here
 9 | public struct WindowReference<Content: View>: View {
10 | 	/// Store the window in local state to share within the environment.
11 | 	@State private var window: NSWindow? = nil
   |  `- note: in expansion of macro 'State' on property 'window' here
   +--- macro expansion @State -----------------------------------------
   | 6 | @SwiftUICore._StatePropertyWrapperStorage(initialValue: "JHMxNVdpbmRvd1JlZmVyZW5jZUFBVjZ3aW5kb3czM181MDdDRTI1NEY5MkRFRTk2QkVDRDk0MTQxNDdDQTFGNExMNVN0YXRlZk1wXzIwX2luaXRpYWxTdG9yZWRWYWx1ZV9mTXVf")
   | 7 | private var _window: SwiftUICore.State<_>! = SwiftUICore._stateNil(of: {
   | 8 |         SwiftUICore.State<NSWindow?>(initialValue: nil)
   |   |                           `- error: cannot find type 'NSWindow' in scope
   | 9 |     })
   |10 |
   +--------------------------------------------------------------------
12 |
13 | 	let id: String?
macro expansion @State:7:40: error: could not infer type for placeholder
`- /Users/admin/builder/spi-builder-workspace/.dependencies/checkouts/swiftui-window-reference/Sources/WindowReference/WindowReference.swift:11:44: note: expanded code originates here
 9 | public struct WindowReference<Content: View>: View {
10 | 	/// Store the window in local state to share within the environment.
11 | 	@State private var window: NSWindow? = nil
   |  `- note: in expansion of macro 'State' on property 'window' here
   +--- macro expansion @State -----------------------------------------
   | 5 |
   | 6 | @SwiftUICore._StatePropertyWrapperStorage(initialValue: "JHMxNVdpbmRvd1JlZmVyZW5jZUFBVjZ3aW5kb3czM181MDdDRTI1NEY5MkRFRTk2QkVDRDk0MTQxNDdDQTFGNExMNVN0YXRlZk1wXzIwX2luaXRpYWxTdG9yZWRWYWx1ZV9mTXVf")
   | 7 | private var _window: SwiftUICore.State<_>! = SwiftUICore._stateNil(of: {
   |   |                                        `- error: could not infer type for placeholder
   | 8 |         SwiftUICore.State<NSWindow?>(initialValue: nil)
   | 9 |     })
   +--------------------------------------------------------------------
12 |
13 | 	let id: String?
macro expansion @State:12:41: error: cannot find type 'NSWindow' in scope
`- /Users/admin/builder/spi-builder-workspace/.dependencies/checkouts/swiftui-window-reference/Sources/WindowReference/WindowReference.swift:11:44: note: expanded code originates here
 9 | public struct WindowReference<Content: View>: View {
10 | 	/// Store the window in local state to share within the environment.
11 | 	@State private var window: NSWindow? = nil
   |  `- note: in expansion of macro 'State' on property 'window' here
   +--- macro expansion @State -----------------------------------------
   |10 |
   |11 | @SwiftUICore._StateProjectedValue
   |12 | private var $window = SwiftUICore.State<NSWindow?>(initialValue: nil).projectedValue
   |   |                                         `- error: cannot find type 'NSWindow' in scope
   |13 |
   |14 | @SwiftUICore._StateInitialStoredValue("U3dpZnRVSUNvcmUuU3RhdGUuX21ha2VTdG9yYWdlKCh7IGxldCB2YWx1ZTogTlNXaW5kb3c/ID0gbmlsCnJldHVybiB2YWx1ZSB9KSk=")
   +--------------------------------------------------------------------
12 |
13 | 	let id: String?
macro expansion @State:16:20: error: cannot find type 'NSWindow' in scope
`- /Users/admin/builder/spi-builder-workspace/.dependencies/checkouts/swiftui-window-reference/Sources/WindowReference/WindowReference.swift:11:44: note: expanded code originates here
 9 | public struct WindowReference<Content: View>: View {
10 | 	/// Store the window in local state to share within the environment.
11 | 	@State private var window: NSWindow? = nil
   |  `- note: in expansion of macro 'State' on property 'window' here
   +--- macro expansion @State -----------------------------------------
   |14 | @SwiftUICore._StateInitialStoredValue("U3dpZnRVSUNvcmUuU3RhdGUuX21ha2VTdG9yYWdlKCh7IGxldCB2YWx1ZTogTlNXaW5kb3c/ID0gbmlsCnJldHVybiB2YWx1ZSB9KSk=")
   |15 | private static var $s15WindowReferenceAAV6window33_507CE254F92DEE96BECD9414147CA1F4LL5StatefMp_20_initialStoredValue_fMu_ = (SwiftUICore.State._makeStorage(initialValue: {
   |16 |             let x: NSWindow? = nil
   |   |                    `- error: cannot find type 'NSWindow' in scope
   |17 |             return x
   |18 |         }()))
   +--------------------------------------------------------------------
12 |
13 | 	let id: String?
/Users/admin/builder/spi-builder-workspace/.dependencies/checkouts/swiftui-window-reference/Sources/WindowReference/WindowReference.swift:15:26: error: cannot find type 'NSWindow' in scope
13 | 	let id: String?
14 | 	let content: () -> Content
15 | 	let windowInitializer: (NSWindow) -> Void
   |                          `- error: cannot find type 'NSWindow' in scope
16 |
17 | 	/// A `View` that puts a window reference into the environment and runs a window configuration
/Users/admin/builder/spi-builder-workspace/.dependencies/checkouts/swiftui-window-reference/Sources/WindowReference/WindowReference.swift:33:84: error: cannot find type 'NSWindow' in scope
31 | 	 - content: The actual view content.
32 | 	 */
33 | 	public init(withId id: String, andWindowInitializer windowInitializer: @escaping (NSWindow) -> Void = {window in}, @ViewBuilder content: @escaping () -> Content) {
   |                                                                                    `- error: cannot find type 'NSWindow' in scope
34 | 		self.id = id
35 | 		self.content = content
/Users/admin/builder/spi-builder-workspace/.dependencies/checkouts/swiftui-window-reference/Sources/WindowReference/WindowReference.swift:46:66: error: cannot find type 'NSWindow' in scope
44 | 	 - content: The view content to actually display.
45 | 	 */
46 | 	public init(withWindowInitializer windowInitializer: @escaping (NSWindow) -> Void = {window in}, @ViewBuilder content: @escaping () -> Content) {
   |                                                                  `- error: cannot find type 'NSWindow' in scope
47 | 		self.id = nil
48 | 		self.content = content
/Users/admin/builder/spi-builder-workspace/.dependencies/checkouts/swiftui-window-reference/Sources/WindowReference/WindowReference.swift:60:30: error: cannot find type 'NSWindow' in scope
58 |
59 | 	/// Return the window specified by `self.id` or the current `keyWindow` if any, else `nil`.
60 | 	private func getWindow() -> NSWindow? {
   |                              `- error: cannot find type 'NSWindow' in scope
61 | 		if self.id != nil {
62 | 			return self.getWindowById()
/Users/admin/builder/spi-builder-workspace/.dependencies/checkouts/swiftui-window-reference/Sources/WindowReference/WindowReference.swift:68:34: error: cannot find type 'NSWindow' in scope
66 |
67 | 	/// Return the window with the matching identifier from all windows of the current application.
68 | 	private func getWindowById() -> NSWindow? {
   |                                  `- error: cannot find type 'NSWindow' in scope
69 | 		for window in NSApplication.shared.windows {
70 | 			guard window.identifier?.rawValue == self.id else { continue }
SwiftCompile normal arm64 Compiling\ Environment.swift /Users/admin/builder/spi-builder-workspace/.dependencies/checkouts/swiftui-window-reference/Sources/WindowReference/Environment.swift (in target 'WindowReference' from project 'swiftui-window-reference')
SwiftCompile normal arm64 /Users/admin/builder/spi-builder-workspace/.dependencies/checkouts/swiftui-window-reference/Sources/WindowReference/Environment.swift (in target 'WindowReference' from project 'swiftui-window-reference')
    cd /Users/admin/builder/spi-builder-workspace/.swiftpm/xcode
    builtin-SwiftPerFileCompile Environment.swift
/Users/admin/builder/spi-builder-workspace/.dependencies/checkouts/swiftui-window-reference/Sources/WindowReference/Environment.swift:5:27: error: cannot find type 'NSWindow' in scope
 3 | /// The internal storage environment key for the frameless window.
 4 | private struct WindowEnvironmentKey: EnvironmentKey {
 5 | 	static let defaultValue: NSWindow? = nil
   |                           `- error: cannot find type 'NSWindow' in scope
 6 | }
 7 |
/Users/admin/builder/spi-builder-workspace/.dependencies/checkouts/swiftui-window-reference/Sources/WindowReference/Environment.swift:4:16: error: type 'WindowEnvironmentKey' does not conform to protocol 'EnvironmentKey'
 2 |
 3 | /// The internal storage environment key for the frameless window.
 4 | private struct WindowEnvironmentKey: EnvironmentKey {
   |                |- error: type 'WindowEnvironmentKey' does not conform to protocol 'EnvironmentKey'
   |                `- note: add stubs for conformance
 5 | 	static let defaultValue: NSWindow? = nil
 6 | }
SwiftUI.EnvironmentKey.Value:2:16: note: protocol requires nested type 'Value'
1 | protocol EnvironmentKey {
2 | associatedtype Value}
  |                `- note: protocol requires nested type 'Value'
3 |
/Users/admin/builder/spi-builder-workspace/.dependencies/checkouts/swiftui-window-reference/Sources/WindowReference/Environment.swift:10:14: error: cannot find type 'NSWindow' in scope
 8 | /// The environment key for accessing the frameless window.
 9 | public extension EnvironmentValues {
10 | 	var window: NSWindow? {
   |              `- error: cannot find type 'NSWindow' in scope
11 | 		get { self[WindowEnvironmentKey.self] }
12 | 		set { self[WindowEnvironmentKey.self] = newValue }
/Users/admin/builder/spi-builder-workspace/.dependencies/checkouts/swiftui-window-reference/Sources/WindowReference/Environment.swift:18:40: error: cannot find type 'NSWindow' in scope
16 | /// The view modifier for more concise write access to the framelessWindow environment value.
17 | public extension View {
18 | 	func addWindowToEnvironment(_ window: NSWindow?) -> some View {
   |                                        `- error: cannot find type 'NSWindow' in scope
19 | 		self.environment(\.window, window)
20 | 	}
PruneExplicitPrecompiledModules /Users/admin/builder/spi-builder-workspace/.derivedData/SDKExplicitPrecompiledModules
PruneExplicitPrecompiledModules /Users/admin/builder/spi-builder-workspace/.derivedData/Build/Intermediates.noindex/SwiftExplicitPrecompiledModules
PruneExplicitPrecompiledModules /Users/admin/builder/spi-builder-workspace/.derivedData/Build/Intermediates.noindex/ExplicitPrecompiledModules
2026-09-20 19:23:19.002 xcodebuild[723:4534] [MT] IDERunDestination: Supported platforms for the buildables in the current scheme is empty.
** BUILD FAILED **
The following build commands failed:
	SwiftCompile normal arm64 (in target 'WindowReference' from project 'swiftui-window-reference')
	SwiftEmitModule normal arm64 Emitting\ module\ for\ WindowReference (in target 'WindowReference' from project 'swiftui-window-reference')
	Building workspace swiftui-launcher-window with scheme swiftui-launcher-window-Package
(3 failures)
Command line invocation:
    /Applications/Xcode-27.0.0-Release.Candidate.app/Contents/Developer/usr/bin/xcodebuild -IDEClonedSourcePackagesDirPathOverride=/Users/admin/builder/spi-builder-workspace/.dependencies -resolvePackageDependencies
Resolve Package Graph
Resolved source packages:
  swiftui-window-reference: https://github.com/astzweig/swiftui-window-reference @ 1.0.0
  swiftui-launcher-window: /Users/admin/builder/spi-builder-workspace
  swiftui-frameless-window: https://github.com/astzweig/swiftui-frameless-window @ 2.1.0
resolved source packages: swiftui-window-reference, swiftui-launcher-window, swiftui-frameless-window
2026-09-20 19:23:25.122 xcodebuild[820:4948] [MT] IDERunDestination: Supported platforms for the buildables in the current scheme is empty.
{
  "dependencies" : [
    {
      "identity" : "swiftui-frameless-window",
      "requirement" : {
        "range" : [
          {
            "lower_bound" : "2.1.0",
            "upper_bound" : "3.0.0"
          }
        ]
      },
      "type" : "sourceControl",
      "url" : "https://github.com/astzweig/swiftui-frameless-window"
    }
  ],
  "manifest_display_name" : "swiftui-launcher-window",
  "name" : "swiftui-launcher-window",
  "path" : "/Users/admin/builder/spi-builder-workspace",
  "platforms" : [
    {
      "name" : "macos",
      "version" : "13.0"
    }
  ],
  "products" : [
    {
      "name" : "LauncherWindow",
      "targets" : [
        "LauncherWindow"
      ],
      "type" : {
        "library" : [
          "automatic"
        ]
      }
    },
    {
      "name" : "TestApp",
      "targets" : [
        "TestApp"
      ],
      "type" : {
        "executable" : null
      }
    }
  ],
  "targets" : [
    {
      "c99name" : "TestApp",
      "module_type" : "SwiftTarget",
      "name" : "TestApp",
      "path" : "Sources/TestApp",
      "product_memberships" : [
        "TestApp"
      ],
      "sources" : [
        "main.swift"
      ],
      "target_dependencies" : [
        "LauncherWindow"
      ],
      "type" : "executable"
    },
    {
      "c99name" : "LauncherWindow",
      "module_type" : "SwiftTarget",
      "name" : "LauncherWindow",
      "path" : "Sources/LauncherWindow",
      "product_dependencies" : [
        "FramelessWindow"
      ],
      "product_memberships" : [
        "LauncherWindow",
        "TestApp"
      ],
      "sources" : [
        "LauncherWindow.swift"
      ],
      "type" : "library"
    }
  ],
  "tools_version" : "5.7"
}
{
  "workspace" : {
    "name" : "swiftui-launcher-window",
    "schemes" : [
      "LauncherWindow",
      "swiftui-launcher-window-Package",
      "TestApp"
    ]
  }
}
2026-09-20 19:23:26.353 xcodebuild[828:5017] [MT] IDERunDestination: Supported platforms for the buildables in the current scheme is empty.
Running build ...
env DEVELOPER_DIR=/Applications/Xcode-27.0.0-Release.Candidate.app xcrun xcodebuild -IDEClonedSourcePackagesDirPathOverride=$PWD/.dependencies -skipMacroValidation -skipPackagePluginValidation -derivedDataPath $PWD/.derivedData build -scheme swiftui-launcher-window-Package -destination generic/platform=tvOS
Command line invocation:
    /Applications/Xcode-27.0.0-Release.Candidate.app/Contents/Developer/usr/bin/xcodebuild -IDEClonedSourcePackagesDirPathOverride=/Users/admin/builder/spi-builder-workspace/.dependencies -skipMacroValidation -skipPackagePluginValidation -derivedDataPath /Users/admin/builder/spi-builder-workspace/.derivedData build -scheme swiftui-launcher-window-Package -destination generic/platform=tvOS
Resolve Package Graph
Resolved source packages:
  swiftui-window-reference: https://github.com/astzweig/swiftui-window-reference @ 1.0.0
  swiftui-launcher-window: /Users/admin/builder/spi-builder-workspace
  swiftui-frameless-window: https://github.com/astzweig/swiftui-frameless-window @ 2.1.0
ComputePackagePrebuildTargetDependencyGraph
Prepare packages
CreateBuildRequest
SendProjectDescription
CreateBuildOperation
ComputeTargetDependencyGraph
note: Building targets in dependency order
note: Target dependency graph (7 targets)
    Target 'TestApp-product' in project 'swiftui-launcher-window'
        ➜ Explicit dependency on target 'LauncherWindow' in project 'swiftui-launcher-window'
        ➜ Explicit dependency on target 'FramelessWindow-product' in project 'swiftui-frameless-window'
    Target 'LauncherWindow-product' in project 'swiftui-launcher-window'
        ➜ Explicit dependency on target 'LauncherWindow' in project 'swiftui-launcher-window'
        ➜ Explicit dependency on target 'FramelessWindow-product' in project 'swiftui-frameless-window'
    Target 'LauncherWindow' in project 'swiftui-launcher-window'
        ➜ Explicit dependency on target 'FramelessWindow-product' in project 'swiftui-frameless-window'
    Target 'FramelessWindow-product' in project 'swiftui-frameless-window'
        ➜ Explicit dependency on target 'FramelessWindow' in project 'swiftui-frameless-window'
        ➜ Explicit dependency on target 'WindowReference-product' in project 'swiftui-window-reference'
    Target 'FramelessWindow' in project 'swiftui-frameless-window'
        ➜ Explicit dependency on target 'WindowReference-product' in project 'swiftui-window-reference'
    Target 'WindowReference-product' in project 'swiftui-window-reference'
        ➜ Explicit dependency on target 'WindowReference' in project 'swiftui-window-reference'
    Target 'WindowReference' in project 'swiftui-window-reference' (no dependencies)
GatherProvisioningInputs
CreateBuildDescription
ClangStatCache /Applications/Xcode-27.0.0-Release.Candidate.app/Contents/Developer/Toolchains/XcodeDefault.xctoolchain/usr/bin/clang-stat-cache /Applications/Xcode-27.0.0-Release.Candidate.app/Contents/Developer/Platforms/AppleTVOS.platform/Developer/SDKs/AppleTVOS27.0.sdk /Users/admin/builder/spi-builder-workspace/.derivedData/SDKStatCaches.noindex/appletvos27.0-24J360-e829b21a6f8c9b70876ba0858053c044b32bfd8d43560033f8d89884cdb90028.sdkstatcache
    cd /Users/admin/builder/spi-builder-workspace/.swiftpm/xcode
    /Applications/Xcode-27.0.0-Release.Candidate.app/Contents/Developer/Toolchains/XcodeDefault.xctoolchain/usr/bin/clang-stat-cache /Applications/Xcode-27.0.0-Release.Candidate.app/Contents/Developer/Platforms/AppleTVOS.platform/Developer/SDKs/AppleTVOS27.0.sdk -o /Users/admin/builder/spi-builder-workspace/.derivedData/SDKStatCaches.noindex/appletvos27.0-24J360-e829b21a6f8c9b70876ba0858053c044b32bfd8d43560033f8d89884cdb90028.sdkstatcache
SwiftDriver WindowReference normal arm64 com.apple.xcode.tools.swift.compiler (in target 'WindowReference' from project 'swiftui-window-reference')
    cd /Users/admin/builder/spi-builder-workspace/.swiftpm/xcode
    builtin-SwiftDriver -- /Applications/Xcode-27.0.0-Release.Candidate.app/Contents/Developer/Toolchains/XcodeDefault.xctoolchain/usr/bin/swiftc -parse-as-library -module-name WindowReference -Onone @/Users/admin/builder/spi-builder-workspace/.derivedData/Build/Intermediates.noindex/swiftui-window-reference.build/Debug-appletvos/WindowReference-t.build/Objects-normal/arm64/WindowReference.SwiftFileList -DSWIFT_PACKAGE -DDEBUG -DSWIFT_MODULE_RESOURCE_BUNDLE_UNAVAILABLE -DXcode -plugin-path /Applications/Xcode-27.0.0-Release.Candidate.app/Contents/Developer/Toolchains/XcodeDefault.xctoolchain/usr/lib/swift/host/plugins/testing -enable-experimental-feature DebugDescriptionMacro -sdk /Applications/Xcode-27.0.0-Release.Candidate.app/Contents/Developer/Platforms/AppleTVOS.platform/Developer/SDKs/AppleTVOS27.0.sdk -target arm64-apple-tvos15.0 -g -module-cache-path /Users/admin/builder/spi-builder-workspace/.derivedData/ModuleCache.noindex -Xfrontend -serialize-debugging-options -enable-testing -suppress-warnings -index-store-path /Users/admin/builder/spi-builder-workspace/.derivedData/Index.noindex/DataStore -Xcc -D_LIBCPP_HARDENING_MODE\=_LIBCPP_HARDENING_MODE_DEBUG -swift-version 5 -I /Users/admin/builder/spi-builder-workspace/.derivedData/Build/Products/Debug-appletvos -Isystem /Applications/Xcode-27.0.0-Release.Candidate.app/Contents/Developer/Platforms/AppleTVOS.platform/Developer/usr/lib -F /Users/admin/builder/spi-builder-workspace/.derivedData/Build/Products/Debug-appletvos -F /Applications/Xcode-27.0.0-Release.Candidate.app/Contents/Developer/Platforms/AppleTVOS.platform/Developer/Library/Frameworks -F /Applications/Xcode-27.0.0-Release.Candidate.app/Contents/Developer/Platforms/AppleTVOS.platform/Developer/SDKs/AppleTVOS27.0.sdk/Developer/Library/Frameworks -c -j10 -enable-batch-mode -incremental -Xcc -ivfsstatcache -Xcc /Users/admin/builder/spi-builder-workspace/.derivedData/SDKStatCaches.noindex/appletvos27.0-24J360-e829b21a6f8c9b70876ba0858053c044b32bfd8d43560033f8d89884cdb90028.sdkstatcache -output-file-map /Users/admin/builder/spi-builder-workspace/.derivedData/Build/Intermediates.noindex/swiftui-window-reference.build/Debug-appletvos/WindowReference-t.build/Objects-normal/arm64/WindowReference-OutputFileMap.json -save-temps -no-color-diagnostics -explicit-module-build -module-cache-path /Users/admin/builder/spi-builder-workspace/.derivedData/Build/Intermediates.noindex/SwiftExplicitPrecompiledModules -clang-scanner-module-cache-path /Users/admin/builder/spi-builder-workspace/.derivedData/ModuleCache.noindex -sdk-module-cache-path /Users/admin/builder/spi-builder-workspace/.derivedData/SDKExplicitPrecompiledModules -emit-dependencies -emit-module -emit-module-path /Users/admin/builder/spi-builder-workspace/.derivedData/Build/Intermediates.noindex/swiftui-window-reference.build/Debug-appletvos/WindowReference-t.build/Objects-normal/arm64/WindowReference.swiftmodule -serialize-diagnostics -dependency-scan-serialize-diagnostics-path /Users/admin/builder/spi-builder-workspace/.derivedData/Build/Intermediates.noindex/swiftui-window-reference.build/Debug-appletvos/WindowReference-t.build/Objects-normal/arm64/WindowReference-dependency-scan.dia -validate-clang-modules-once -clang-build-session-file /Users/admin/builder/spi-builder-workspace/.derivedData/ModuleCache.noindex/Session.modulevalidation -Xcc -fmodules-prune-interval\=86400 -Xcc -fmodules-prune-after\=345600 -package-name swiftui_window_reference -emit-const-values -const-gather-protocols-list /Users/admin/builder/spi-builder-workspace/.derivedData/Build/Intermediates.noindex/swiftui-window-reference.build/Debug-appletvos/WindowReference-t.build/Objects-normal/arm64/WindowReference_const_extract_protocols.json -Xcc -I/Users/admin/builder/spi-builder-workspace/.derivedData/Build/Products/Debug-appletvos/include -Xcc -I/Users/admin/builder/spi-builder-workspace/.derivedData/Build/Intermediates.noindex/swiftui-window-reference.build/Debug-appletvos/WindowReference-t.build/DerivedSources-normal/arm64 -Xcc -I/Users/admin/builder/spi-builder-workspace/.derivedData/Build/Intermediates.noindex/swiftui-window-reference.build/Debug-appletvos/WindowReference-t.build/DerivedSources/arm64 -Xcc -I/Users/admin/builder/spi-builder-workspace/.derivedData/Build/Intermediates.noindex/swiftui-window-reference.build/Debug-appletvos/WindowReference-t.build/DerivedSources -Xcc -DSWIFT_PACKAGE -Xcc -DDEBUG\=1 -emit-objc-header -emit-objc-header-path /Users/admin/builder/spi-builder-workspace/.derivedData/Build/Intermediates.noindex/swiftui-window-reference.build/Debug-appletvos/WindowReference-t.build/Objects-normal/arm64/WindowReference-Swift.h -working-directory /Users/admin/builder/spi-builder-workspace/.swiftpm/xcode -experimental-emit-module-separately -disable-cmo
SwiftEmitModule normal arm64 Emitting\ module\ for\ WindowReference (in target 'WindowReference' from project 'swiftui-window-reference')
/Users/admin/builder/spi-builder-workspace/.dependencies/checkouts/swiftui-window-reference/Sources/WindowReference/Environment.swift:5:27: error: cannot find type 'NSWindow' in scope
 3 | /// The internal storage environment key for the frameless window.
 4 | private struct WindowEnvironmentKey: EnvironmentKey {
 5 | 	static let defaultValue: NSWindow? = nil
   |                           `- error: cannot find type 'NSWindow' in scope
 6 | }
 7 |
/Users/admin/builder/spi-builder-workspace/.dependencies/checkouts/swiftui-window-reference/Sources/WindowReference/Environment.swift:4:16: error: type 'WindowEnvironmentKey' does not conform to protocol 'EnvironmentKey'
 2 |
 3 | /// The internal storage environment key for the frameless window.
 4 | private struct WindowEnvironmentKey: EnvironmentKey {
   |                |- error: type 'WindowEnvironmentKey' does not conform to protocol 'EnvironmentKey'
   |                `- note: add stubs for conformance
 5 | 	static let defaultValue: NSWindow? = nil
 6 | }
SwiftUI.EnvironmentKey.Value:2:16: note: protocol requires nested type 'Value'
1 | protocol EnvironmentKey {
2 | associatedtype Value}
  |                `- note: protocol requires nested type 'Value'
3 |
/Users/admin/builder/spi-builder-workspace/.dependencies/checkouts/swiftui-window-reference/Sources/WindowReference/Environment.swift:10:14: error: cannot find type 'NSWindow' in scope
 8 | /// The environment key for accessing the frameless window.
 9 | public extension EnvironmentValues {
10 | 	var window: NSWindow? {
   |              `- error: cannot find type 'NSWindow' in scope
11 | 		get { self[WindowEnvironmentKey.self] }
12 | 		set { self[WindowEnvironmentKey.self] = newValue }
/Users/admin/builder/spi-builder-workspace/.dependencies/checkouts/swiftui-window-reference/Sources/WindowReference/Environment.swift:18:40: error: cannot find type 'NSWindow' in scope
16 | /// The view modifier for more concise write access to the framelessWindow environment value.
17 | public extension View {
18 | 	func addWindowToEnvironment(_ window: NSWindow?) -> some View {
   |                                        `- error: cannot find type 'NSWindow' in scope
19 | 		self.environment(\.window, window)
20 | 	}
/Users/admin/builder/spi-builder-workspace/.dependencies/checkouts/swiftui-window-reference/Sources/WindowReference/WindowReference.swift:11:29: error: cannot find type 'NSWindow' in scope
 9 | public struct WindowReference<Content: View>: View {
10 | 	/// Store the window in local state to share within the environment.
11 | 	@State private var window: NSWindow? = nil
   |                             `- error: cannot find type 'NSWindow' in scope
12 |
13 | 	let id: String?
macro expansion @State:2:24: error: cannot find type 'NSWindow' in scope
`- /Users/admin/builder/spi-builder-workspace/.dependencies/checkouts/swiftui-window-reference/Sources/WindowReference/WindowReference.swift:11:44: note: expanded code originates here
 9 | public struct WindowReference<Content: View>: View {
10 | 	/// Store the window in local state to share within the environment.
11 | 	@State private var window: NSWindow? = nil
   |  `- note: in expansion of macro 'State' on property 'window' here
   +--- macro expansion @State -----------------------------------------
   | 1 | private var __window = SwiftUICore.State._makeStorage(({
   | 2 |             let value: NSWindow? = nil
   |   |                        `- error: cannot find type 'NSWindow' in scope
   | 3 |             return value
   | 4 |         }))
   +--------------------------------------------------------------------
12 |
13 | 	let id: String?
macro expansion @State:8:27: error: cannot find type 'NSWindow' in scope
`- /Users/admin/builder/spi-builder-workspace/.dependencies/checkouts/swiftui-window-reference/Sources/WindowReference/WindowReference.swift:11:44: note: expanded code originates here
 9 | public struct WindowReference<Content: View>: View {
10 | 	/// Store the window in local state to share within the environment.
11 | 	@State private var window: NSWindow? = nil
   |  `- note: in expansion of macro 'State' on property 'window' here
   +--- macro expansion @State -----------------------------------------
   | 6 | @SwiftUICore._StatePropertyWrapperStorage(initialValue: "JHMxNVdpbmRvd1JlZmVyZW5jZUFBVjZ3aW5kb3czM181MDdDRTI1NEY5MkRFRTk2QkVDRDk0MTQxNDdDQTFGNExMNVN0YXRlZk1wXzIwX2luaXRpYWxTdG9yZWRWYWx1ZV9mTXVf")
   | 7 | private var _window: SwiftUICore.State<_>! = SwiftUICore._stateNil(of: {
   | 8 |         SwiftUICore.State<NSWindow?>(initialValue: nil)
   |   |                           `- error: cannot find type 'NSWindow' in scope
   | 9 |     })
   |10 |
   +--------------------------------------------------------------------
12 |
13 | 	let id: String?
macro expansion @State:7:40: error: could not infer type for placeholder
`- /Users/admin/builder/spi-builder-workspace/.dependencies/checkouts/swiftui-window-reference/Sources/WindowReference/WindowReference.swift:11:44: note: expanded code originates here
 9 | public struct WindowReference<Content: View>: View {
10 | 	/// Store the window in local state to share within the environment.
11 | 	@State private var window: NSWindow? = nil
   |  `- note: in expansion of macro 'State' on property 'window' here
   +--- macro expansion @State -----------------------------------------
   | 5 |
   | 6 | @SwiftUICore._StatePropertyWrapperStorage(initialValue: "JHMxNVdpbmRvd1JlZmVyZW5jZUFBVjZ3aW5kb3czM181MDdDRTI1NEY5MkRFRTk2QkVDRDk0MTQxNDdDQTFGNExMNVN0YXRlZk1wXzIwX2luaXRpYWxTdG9yZWRWYWx1ZV9mTXVf")
   | 7 | private var _window: SwiftUICore.State<_>! = SwiftUICore._stateNil(of: {
   |   |                                        `- error: could not infer type for placeholder
   | 8 |         SwiftUICore.State<NSWindow?>(initialValue: nil)
   | 9 |     })
   +--------------------------------------------------------------------
12 |
13 | 	let id: String?
macro expansion @State:12:41: error: cannot find type 'NSWindow' in scope
`- /Users/admin/builder/spi-builder-workspace/.dependencies/checkouts/swiftui-window-reference/Sources/WindowReference/WindowReference.swift:11:44: note: expanded code originates here
 9 | public struct WindowReference<Content: View>: View {
10 | 	/// Store the window in local state to share within the environment.
11 | 	@State private var window: NSWindow? = nil
   |  `- note: in expansion of macro 'State' on property 'window' here
   +--- macro expansion @State -----------------------------------------
   |10 |
   |11 | @SwiftUICore._StateProjectedValue
   |12 | private var $window = SwiftUICore.State<NSWindow?>(initialValue: nil).projectedValue
   |   |                                         `- error: cannot find type 'NSWindow' in scope
   |13 |
   |14 | @SwiftUICore._StateInitialStoredValue("U3dpZnRVSUNvcmUuU3RhdGUuX21ha2VTdG9yYWdlKCh7IGxldCB2YWx1ZTogTlNXaW5kb3c/ID0gbmlsCnJldHVybiB2YWx1ZSB9KSk=")
   +--------------------------------------------------------------------
12 |
13 | 	let id: String?
macro expansion @State:16:20: error: cannot find type 'NSWindow' in scope
`- /Users/admin/builder/spi-builder-workspace/.dependencies/checkouts/swiftui-window-reference/Sources/WindowReference/WindowReference.swift:11:44: note: expanded code originates here
 9 | public struct WindowReference<Content: View>: View {
10 | 	/// Store the window in local state to share within the environment.
11 | 	@State private var window: NSWindow? = nil
   |  `- note: in expansion of macro 'State' on property 'window' here
   +--- macro expansion @State -----------------------------------------
   |14 | @SwiftUICore._StateInitialStoredValue("U3dpZnRVSUNvcmUuU3RhdGUuX21ha2VTdG9yYWdlKCh7IGxldCB2YWx1ZTogTlNXaW5kb3c/ID0gbmlsCnJldHVybiB2YWx1ZSB9KSk=")
   |15 | private static var $s15WindowReferenceAAV6window33_507CE254F92DEE96BECD9414147CA1F4LL5StatefMp_20_initialStoredValue_fMu_ = (SwiftUICore.State._makeStorage(initialValue: {
   |16 |             let x: NSWindow? = nil
   |   |                    `- error: cannot find type 'NSWindow' in scope
   |17 |             return x
   |18 |         }()))
   +--------------------------------------------------------------------
12 |
13 | 	let id: String?
/Users/admin/builder/spi-builder-workspace/.dependencies/checkouts/swiftui-window-reference/Sources/WindowReference/WindowReference.swift:15:26: error: cannot find type 'NSWindow' in scope
13 | 	let id: String?
14 | 	let content: () -> Content
15 | 	let windowInitializer: (NSWindow) -> Void
   |                          `- error: cannot find type 'NSWindow' in scope
16 |
17 | 	/// A `View` that puts a window reference into the environment and runs a window configuration
/Users/admin/builder/spi-builder-workspace/.dependencies/checkouts/swiftui-window-reference/Sources/WindowReference/WindowReference.swift:33:84: error: cannot find type 'NSWindow' in scope
31 | 	 - content: The actual view content.
32 | 	 */
33 | 	public init(withId id: String, andWindowInitializer windowInitializer: @escaping (NSWindow) -> Void = {window in}, @ViewBuilder content: @escaping () -> Content) {
   |                                                                                    `- error: cannot find type 'NSWindow' in scope
34 | 		self.id = id
35 | 		self.content = content
/Users/admin/builder/spi-builder-workspace/.dependencies/checkouts/swiftui-window-reference/Sources/WindowReference/WindowReference.swift:46:66: error: cannot find type 'NSWindow' in scope
44 | 	 - content: The view content to actually display.
45 | 	 */
46 | 	public init(withWindowInitializer windowInitializer: @escaping (NSWindow) -> Void = {window in}, @ViewBuilder content: @escaping () -> Content) {
   |                                                                  `- error: cannot find type 'NSWindow' in scope
47 | 		self.id = nil
48 | 		self.content = content
SwiftCompile normal arm64 (in target 'WindowReference' from project 'swiftui-window-reference')
    cd /Users/admin/builder/spi-builder-workspace/.swiftpm/xcode

/Users/admin/builder/spi-builder-workspace/.dependencies/checkouts/swiftui-window-reference/Sources/WindowReference/WindowReference.swift:60:30: error: cannot find type 'NSWindow' in scope
58 |
59 | 	/// Return the window specified by `self.id` or the current `keyWindow` if any, else `nil`.
60 | 	private func getWindow() -> NSWindow? {
   |                              `- error: cannot find type 'NSWindow' in scope
61 | 		if self.id != nil {
62 | 			return self.getWindowById()
/Users/admin/builder/spi-builder-workspace/.dependencies/checkouts/swiftui-window-reference/Sources/WindowReference/WindowReference.swift:68:34: error: cannot find type 'NSWindow' in scope
66 |
67 | 	/// Return the window with the matching identifier from all windows of the current application.
68 | 	private func getWindowById() -> NSWindow? {
   |                                  `- error: cannot find type 'NSWindow' in scope
69 | 		for window in NSApplication.shared.windows {
70 | 			guard window.identifier?.rawValue == self.id else { continue }
/Users/admin/builder/spi-builder-workspace/.dependencies/checkouts/swiftui-window-reference/Sources/WindowReference/WindowReference.swift:77:33: error: cannot find type 'NSWindow' in scope
75 |
76 | 	/// Return the current `keyWindow`.
77 | 	private func getKeyWindow() -> NSWindow? {
   |                                 `- error: cannot find type 'NSWindow' in scope
78 | 		if let window = NSApplication.shared.keyWindow {
79 | 			return window
Failed frontend command:
/Applications/Xcode-27.0.0-Release.Candidate.app/Contents/Developer/Toolchains/XcodeDefault.xctoolchain/usr/bin/swift-frontend -frontend -emit-module -experimental-skip-non-inlinable-function-bodies-without-types /Users/admin/builder/spi-builder-workspace/.dependencies/checkouts/swiftui-window-reference/Sources/WindowReference/Environment.swift /Users/admin/builder/spi-builder-workspace/.dependencies/checkouts/swiftui-window-reference/Sources/WindowReference/WindowReference.swift -target arm64-apple-tvos15.0 -disable-cross-import-overlay-search -load-resolved-plugin /Applications/Xcode-27.0.0-Release.Candidate.app/Contents/Developer/Platforms/AppleTVOS.platform/Developer/usr/lib/swift/host/plugins/libFoundationMacros.dylib\#/Applications/Xcode-27.0.0-Release.Candidate.app/Contents/Developer/Platforms/AppleTVOS.platform/Developer/usr/bin/swift-plugin-server\#FoundationMacros -load-resolved-plugin /Applications/Xcode-27.0.0-Release.Candidate.app/Contents/Developer/Platforms/AppleTVOS.platform/Developer/usr/lib/swift/host/plugins/libObservationMacros.dylib\#/Applications/Xcode-27.0.0-Release.Candidate.app/Contents/Developer/Platforms/AppleTVOS.platform/Developer/usr/bin/swift-plugin-server\#ObservationMacros -load-resolved-plugin /Applications/Xcode-27.0.0-Release.Candidate.app/Contents/Developer/Platforms/AppleTVOS.platform/Developer/usr/lib/swift/host/plugins/libPreviewsMacros.dylib\#/Applications/Xcode-27.0.0-Release.Candidate.app/Contents/Developer/Platforms/AppleTVOS.platform/Developer/usr/bin/swift-plugin-server\#PreviewsMacros -load-resolved-plugin /Applications/Xcode-27.0.0-Release.Candidate.app/Contents/Developer/Platforms/AppleTVOS.platform/Developer/usr/lib/swift/host/plugins/libSwiftMacros.dylib\#/Applications/Xcode-27.0.0-Release.Candidate.app/Contents/Developer/Platforms/AppleTVOS.platform/Developer/usr/bin/swift-plugin-server\#SwiftMacros -load-resolved-plugin /Applications/Xcode-27.0.0-Release.Candidate.app/Contents/Developer/Platforms/AppleTVOS.platform/Developer/usr/lib/swift/host/plugins/libSwiftUIMacros.dylib\#/Applications/Xcode-27.0.0-Release.Candidate.app/Contents/Developer/Platforms/AppleTVOS.platform/Developer/usr/bin/swift-plugin-server\#SwiftUIMacros -disable-implicit-swift-modules -Xcc -fno-implicit-modules -Xcc -fno-implicit-module-maps -explicit-swift-module-map-file /Users/admin/builder/spi-builder-workspace/.derivedData/Build/Intermediates.noindex/swiftui-window-reference.build/Debug-appletvos/WindowReference-t.build/Objects-normal/arm64/WindowReference-dependencies-1.json -Xllvm -aarch64-use-tbi -enable-objc-interop -stack-check -sdk /Applications/Xcode-27.0.0-Release.Candidate.app/Contents/Developer/Platforms/AppleTVOS.platform/Developer/SDKs/AppleTVOS27.0.sdk -I /Users/admin/builder/spi-builder-workspace/.derivedData/Build/Products/Debug-appletvos -Isystem /Applications/Xcode-27.0.0-Release.Candidate.app/Contents/Developer/Platforms/AppleTVOS.platform/Developer/usr/lib -F /Users/admin/builder/spi-builder-workspace/.derivedData/Build/Products/Debug-appletvos -F /Applications/Xcode-27.0.0-Release.Candidate.app/Contents/Developer/Platforms/AppleTVOS.platform/Developer/Library/Frameworks -F /Applications/Xcode-27.0.0-Release.Candidate.app/Contents/Developer/Platforms/AppleTVOS.platform/Developer/SDKs/AppleTVOS27.0.sdk/Developer/Library/Frameworks -module-cache-path /Users/admin/builder/spi-builder-workspace/.derivedData/Build/Intermediates.noindex/SwiftExplicitPrecompiledModules -no-color-diagnostics -Xcc -fno-color-diagnostics -enable-testing -g -debug-info-format\=dwarf -dwarf-version\=4 -suppress-warnings -swift-version 5 -Onone -D SWIFT_PACKAGE -D DEBUG -D SWIFT_MODULE_RESOURCE_BUNDLE_UNAVAILABLE -D Xcode -serialize-debugging-options -enable-experimental-feature DebugDescriptionMacro -empty-abi-descriptor -validate-clang-modules-once -clang-build-session-file /Users/admin/builder/spi-builder-workspace/.derivedData/ModuleCache.noindex/Session.modulevalidation -Xcc -working-directory -Xcc /Users/admin/builder/spi-builder-workspace/.swiftpm/xcode -enable-anonymous-context-mangled-names -file-compilation-dir /Users/admin/builder/spi-builder-workspace/.swiftpm/xcode -Xcc -D_LIBCPP_HARDENING_MODE\=_LIBCPP_HARDENING_MODE_DEBUG -Xcc -ivfsstatcache -Xcc /Users/admin/builder/spi-builder-workspace/.derivedData/SDKStatCaches.noindex/appletvos27.0-24J360-e829b21a6f8c9b70876ba0858053c044b32bfd8d43560033f8d89884cdb90028.sdkstatcache -Xcc -fmodules-prune-interval\=86400 -Xcc -fmodules-prune-after\=345600 -Xcc -I/Users/admin/builder/spi-builder-workspace/.derivedData/Build/Products/Debug-appletvos/include -Xcc -I/Users/admin/builder/spi-builder-workspace/.derivedData/Build/Intermediates.noindex/swiftui-window-reference.build/Debug-appletvos/WindowReference-t.build/DerivedSources-normal/arm64 -Xcc -I/Users/admin/builder/spi-builder-workspace/.derivedData/Build/Intermediates.noindex/swiftui-window-reference.build/Debug-appletvos/WindowReference-t.build/DerivedSources/arm64 -Xcc -I/Users/admin/builder/spi-builder-workspace/.derivedData/Build/Intermediates.noindex/swiftui-window-reference.build/Debug-appletvos/WindowReference-t.build/DerivedSources -Xcc -DSWIFT_PACKAGE -Xcc -DDEBUG\=1 -no-auto-bridging-header-chaining -module-name WindowReference -package-name swiftui_window_reference -const-gather-protocols-file /Users/admin/builder/spi-builder-workspace/.derivedData/Build/Intermediates.noindex/swiftui-window-reference.build/Debug-appletvos/WindowReference-t.build/Objects-normal/arm64/WindowReference_const_extract_protocols.json -disable-clang-spi -clang-target arm64-apple-tvos27.0 -target-sdk-version 27.0 -target-sdk-name appletvos27.0 -in-process-plugin-server-path /Applications/Xcode-27.0.0-Release.Candidate.app/Contents/Developer/Toolchains/XcodeDefault.xctoolchain/usr/lib/swift/host/libSwiftInProcPluginServer.dylib -emit-module-doc-path /Users/admin/builder/spi-builder-workspace/.derivedData/Build/Intermediates.noindex/swiftui-window-reference.build/Debug-appletvos/WindowReference-t.build/Objects-normal/arm64/WindowReference.swiftdoc -emit-module-source-info-path /Users/admin/builder/spi-builder-workspace/.derivedData/Build/Intermediates.noindex/swiftui-window-reference.build/Debug-appletvos/WindowReference-t.build/Objects-normal/arm64/WindowReference.swiftsourceinfo -emit-objc-header-path /Users/admin/builder/spi-builder-workspace/.derivedData/Build/Intermediates.noindex/swiftui-window-reference.build/Debug-appletvos/WindowReference-t.build/Objects-normal/arm64/WindowReference-Swift.h -serialize-diagnostics-path /Users/admin/builder/spi-builder-workspace/.derivedData/Build/Intermediates.noindex/swiftui-window-reference.build/Debug-appletvos/WindowReference-t.build/Objects-normal/arm64/WindowReference-primary-emit-module.dia -emit-dependencies-path /Users/admin/builder/spi-builder-workspace/.derivedData/Build/Intermediates.noindex/swiftui-window-reference.build/Debug-appletvos/WindowReference-t.build/Objects-normal/arm64/WindowReference-primary-emit-module.d -parse-as-library -o /Users/admin/builder/spi-builder-workspace/.derivedData/Build/Intermediates.noindex/swiftui-window-reference.build/Debug-appletvos/WindowReference-t.build/Objects-normal/arm64/WindowReference.swiftmodule -emit-abi-descriptor-path /Users/admin/builder/spi-builder-workspace/.derivedData/Build/Intermediates.noindex/swiftui-window-reference.build/Debug-appletvos/WindowReference-t.build/Objects-normal/arm64/WindowReference.abi.json
SwiftCompile normal arm64 Compiling\ Environment.swift /Users/admin/builder/spi-builder-workspace/.dependencies/checkouts/swiftui-window-reference/Sources/WindowReference/Environment.swift (in target 'WindowReference' from project 'swiftui-window-reference')
SwiftCompile normal arm64 /Users/admin/builder/spi-builder-workspace/.dependencies/checkouts/swiftui-window-reference/Sources/WindowReference/Environment.swift (in target 'WindowReference' from project 'swiftui-window-reference')
    cd /Users/admin/builder/spi-builder-workspace/.swiftpm/xcode
    builtin-SwiftPerFileCompile Environment.swift
/Users/admin/builder/spi-builder-workspace/.dependencies/checkouts/swiftui-window-reference/Sources/WindowReference/Environment.swift:5:27: error: cannot find type 'NSWindow' in scope
 3 | /// The internal storage environment key for the frameless window.
 4 | private struct WindowEnvironmentKey: EnvironmentKey {
 5 | 	static let defaultValue: NSWindow? = nil
   |                           `- error: cannot find type 'NSWindow' in scope
 6 | }
 7 |
/Users/admin/builder/spi-builder-workspace/.dependencies/checkouts/swiftui-window-reference/Sources/WindowReference/Environment.swift:4:16: error: type 'WindowEnvironmentKey' does not conform to protocol 'EnvironmentKey'
 2 |
 3 | /// The internal storage environment key for the frameless window.
 4 | private struct WindowEnvironmentKey: EnvironmentKey {
   |                |- error: type 'WindowEnvironmentKey' does not conform to protocol 'EnvironmentKey'
   |                `- note: add stubs for conformance
 5 | 	static let defaultValue: NSWindow? = nil
 6 | }
SwiftUI.EnvironmentKey.Value:2:16: note: protocol requires nested type 'Value'
1 | protocol EnvironmentKey {
2 | associatedtype Value}
  |                `- note: protocol requires nested type 'Value'
3 |
/Users/admin/builder/spi-builder-workspace/.dependencies/checkouts/swiftui-window-reference/Sources/WindowReference/Environment.swift:10:14: error: cannot find type 'NSWindow' in scope
 8 | /// The environment key for accessing the frameless window.
 9 | public extension EnvironmentValues {
10 | 	var window: NSWindow? {
   |              `- error: cannot find type 'NSWindow' in scope
11 | 		get { self[WindowEnvironmentKey.self] }
12 | 		set { self[WindowEnvironmentKey.self] = newValue }
/Users/admin/builder/spi-builder-workspace/.dependencies/checkouts/swiftui-window-reference/Sources/WindowReference/Environment.swift:18:40: error: cannot find type 'NSWindow' in scope
16 | /// The view modifier for more concise write access to the framelessWindow environment value.
17 | public extension View {
18 | 	func addWindowToEnvironment(_ window: NSWindow?) -> some View {
   |                                        `- error: cannot find type 'NSWindow' in scope
19 | 		self.environment(\.window, window)
20 | 	}
SwiftCompile normal arm64 Compiling\ WindowReference.swift /Users/admin/builder/spi-builder-workspace/.dependencies/checkouts/swiftui-window-reference/Sources/WindowReference/WindowReference.swift (in target 'WindowReference' from project 'swiftui-window-reference')
SwiftCompile normal arm64 /Users/admin/builder/spi-builder-workspace/.dependencies/checkouts/swiftui-window-reference/Sources/WindowReference/WindowReference.swift (in target 'WindowReference' from project 'swiftui-window-reference')
    cd /Users/admin/builder/spi-builder-workspace/.swiftpm/xcode
    builtin-SwiftPerFileCompile WindowReference.swift
/Users/admin/builder/spi-builder-workspace/.dependencies/checkouts/swiftui-window-reference/Sources/WindowReference/WindowReference.swift:11:29: error: cannot find type 'NSWindow' in scope
 9 | public struct WindowReference<Content: View>: View {
10 | 	/// Store the window in local state to share within the environment.
11 | 	@State private var window: NSWindow? = nil
   |                             `- error: cannot find type 'NSWindow' in scope
12 |
13 | 	let id: String?
macro expansion @State:2:24: error: cannot find type 'NSWindow' in scope
`- /Users/admin/builder/spi-builder-workspace/.dependencies/checkouts/swiftui-window-reference/Sources/WindowReference/WindowReference.swift:11:44: note: expanded code originates here
 9 | public struct WindowReference<Content: View>: View {
10 | 	/// Store the window in local state to share within the environment.
11 | 	@State private var window: NSWindow? = nil
   |  `- note: in expansion of macro 'State' on property 'window' here
   +--- macro expansion @State -----------------------------------------
   | 1 | private var __window = SwiftUICore.State._makeStorage(({
   | 2 |             let value: NSWindow? = nil
   |   |                        `- error: cannot find type 'NSWindow' in scope
   | 3 |             return value
   | 4 |         }))
   +--------------------------------------------------------------------
12 |
13 | 	let id: String?
macro expansion @State:8:27: error: cannot find type 'NSWindow' in scope
`- /Users/admin/builder/spi-builder-workspace/.dependencies/checkouts/swiftui-window-reference/Sources/WindowReference/WindowReference.swift:11:44: note: expanded code originates here
 9 | public struct WindowReference<Content: View>: View {
10 | 	/// Store the window in local state to share within the environment.
11 | 	@State private var window: NSWindow? = nil
   |  `- note: in expansion of macro 'State' on property 'window' here
   +--- macro expansion @State -----------------------------------------
   | 6 | @SwiftUICore._StatePropertyWrapperStorage(initialValue: "JHMxNVdpbmRvd1JlZmVyZW5jZUFBVjZ3aW5kb3czM181MDdDRTI1NEY5MkRFRTk2QkVDRDk0MTQxNDdDQTFGNExMNVN0YXRlZk1wXzIwX2luaXRpYWxTdG9yZWRWYWx1ZV9mTXVf")
   | 7 | private var _window: SwiftUICore.State<_>! = SwiftUICore._stateNil(of: {
   | 8 |         SwiftUICore.State<NSWindow?>(initialValue: nil)
   |   |                           `- error: cannot find type 'NSWindow' in scope
   | 9 |     })
   |10 |
   +--------------------------------------------------------------------
12 |
13 | 	let id: String?
macro expansion @State:7:40: error: could not infer type for placeholder
`- /Users/admin/builder/spi-builder-workspace/.dependencies/checkouts/swiftui-window-reference/Sources/WindowReference/WindowReference.swift:11:44: note: expanded code originates here
 9 | public struct WindowReference<Content: View>: View {
10 | 	/// Store the window in local state to share within the environment.
11 | 	@State private var window: NSWindow? = nil
   |  `- note: in expansion of macro 'State' on property 'window' here
   +--- macro expansion @State -----------------------------------------
   | 5 |
   | 6 | @SwiftUICore._StatePropertyWrapperStorage(initialValue: "JHMxNVdpbmRvd1JlZmVyZW5jZUFBVjZ3aW5kb3czM181MDdDRTI1NEY5MkRFRTk2QkVDRDk0MTQxNDdDQTFGNExMNVN0YXRlZk1wXzIwX2luaXRpYWxTdG9yZWRWYWx1ZV9mTXVf")
   | 7 | private var _window: SwiftUICore.State<_>! = SwiftUICore._stateNil(of: {
   |   |                                        `- error: could not infer type for placeholder
   | 8 |         SwiftUICore.State<NSWindow?>(initialValue: nil)
   | 9 |     })
   +--------------------------------------------------------------------
12 |
13 | 	let id: String?
macro expansion @State:12:41: error: cannot find type 'NSWindow' in scope
`- /Users/admin/builder/spi-builder-workspace/.dependencies/checkouts/swiftui-window-reference/Sources/WindowReference/WindowReference.swift:11:44: note: expanded code originates here
 9 | public struct WindowReference<Content: View>: View {
10 | 	/// Store the window in local state to share within the environment.
11 | 	@State private var window: NSWindow? = nil
   |  `- note: in expansion of macro 'State' on property 'window' here
   +--- macro expansion @State -----------------------------------------
   |10 |
   |11 | @SwiftUICore._StateProjectedValue
   |12 | private var $window = SwiftUICore.State<NSWindow?>(initialValue: nil).projectedValue
   |   |                                         `- error: cannot find type 'NSWindow' in scope
   |13 |
   |14 | @SwiftUICore._StateInitialStoredValue("U3dpZnRVSUNvcmUuU3RhdGUuX21ha2VTdG9yYWdlKCh7IGxldCB2YWx1ZTogTlNXaW5kb3c/ID0gbmlsCnJldHVybiB2YWx1ZSB9KSk=")
   +--------------------------------------------------------------------
12 |
13 | 	let id: String?
macro expansion @State:16:20: error: cannot find type 'NSWindow' in scope
`- /Users/admin/builder/spi-builder-workspace/.dependencies/checkouts/swiftui-window-reference/Sources/WindowReference/WindowReference.swift:11:44: note: expanded code originates here
 9 | public struct WindowReference<Content: View>: View {
10 | 	/// Store the window in local state to share within the environment.
11 | 	@State private var window: NSWindow? = nil
   |  `- note: in expansion of macro 'State' on property 'window' here
   +--- macro expansion @State -----------------------------------------
   |14 | @SwiftUICore._StateInitialStoredValue("U3dpZnRVSUNvcmUuU3RhdGUuX21ha2VTdG9yYWdlKCh7IGxldCB2YWx1ZTogTlNXaW5kb3c/ID0gbmlsCnJldHVybiB2YWx1ZSB9KSk=")
   |15 | private static var $s15WindowReferenceAAV6window33_507CE254F92DEE96BECD9414147CA1F4LL5StatefMp_20_initialStoredValue_fMu_ = (SwiftUICore.State._makeStorage(initialValue: {
   |16 |             let x: NSWindow? = nil
   |   |                    `- error: cannot find type 'NSWindow' in scope
   |17 |             return x
   |18 |         }()))
   +--------------------------------------------------------------------
12 |
13 | 	let id: String?
/Users/admin/builder/spi-builder-workspace/.dependencies/checkouts/swiftui-window-reference/Sources/WindowReference/WindowReference.swift:15:26: error: cannot find type 'NSWindow' in scope
13 | 	let id: String?
14 | 	let content: () -> Content
15 | 	let windowInitializer: (NSWindow) -> Void
   |                          `- error: cannot find type 'NSWindow' in scope
16 |
17 | 	/// A `View` that puts a window reference into the environment and runs a window configuration
/Users/admin/builder/spi-builder-workspace/.dependencies/checkouts/swiftui-window-reference/Sources/WindowReference/WindowReference.swift:33:84: error: cannot find type 'NSWindow' in scope
31 | 	 - content: The actual view content.
32 | 	 */
33 | 	public init(withId id: String, andWindowInitializer windowInitializer: @escaping (NSWindow) -> Void = {window in}, @ViewBuilder content: @escaping () -> Content) {
   |                                                                                    `- error: cannot find type 'NSWindow' in scope
34 | 		self.id = id
35 | 		self.content = content
/Users/admin/builder/spi-builder-workspace/.dependencies/checkouts/swiftui-window-reference/Sources/WindowReference/WindowReference.swift:46:66: error: cannot find type 'NSWindow' in scope
44 | 	 - content: The view content to actually display.
45 | 	 */
46 | 	public init(withWindowInitializer windowInitializer: @escaping (NSWindow) -> Void = {window in}, @ViewBuilder content: @escaping () -> Content) {
   |                                                                  `- error: cannot find type 'NSWindow' in scope
47 | 		self.id = nil
48 | 		self.content = content
/Users/admin/builder/spi-builder-workspace/.dependencies/checkouts/swiftui-window-reference/Sources/WindowReference/WindowReference.swift:60:30: error: cannot find type 'NSWindow' in scope
58 |
59 | 	/// Return the window specified by `self.id` or the current `keyWindow` if any, else `nil`.
60 | 	private func getWindow() -> NSWindow? {
   |                              `- error: cannot find type 'NSWindow' in scope
61 | 		if self.id != nil {
62 | 			return self.getWindowById()
/Users/admin/builder/spi-builder-workspace/.dependencies/checkouts/swiftui-window-reference/Sources/WindowReference/WindowReference.swift:68:34: error: cannot find type 'NSWindow' in scope
66 |
67 | 	/// Return the window with the matching identifier from all windows of the current application.
68 | 	private func getWindowById() -> NSWindow? {
   |                                  `- error: cannot find type 'NSWindow' in scope
69 | 		for window in NSApplication.shared.windows {
70 | 			guard window.identifier?.rawValue == self.id else { continue }
PruneExplicitPrecompiledModules /Users/admin/builder/spi-builder-workspace/.derivedData/Build/Intermediates.noindex/SwiftExplicitPrecompiledModules
PruneExplicitPrecompiledModules /Users/admin/builder/spi-builder-workspace/.derivedData/SDKExplicitPrecompiledModules
PruneExplicitPrecompiledModules /Users/admin/builder/spi-builder-workspace/.derivedData/Build/Intermediates.noindex/ExplicitPrecompiledModules
2026-09-20 19:23:27.322 xcodebuild[829:5041] [MT] IDERunDestination: Supported platforms for the buildables in the current scheme is empty.
** BUILD FAILED **
The following build commands failed:
	SwiftCompile normal arm64 (in target 'WindowReference' from project 'swiftui-window-reference')
	SwiftEmitModule normal arm64 Emitting\ module\ for\ WindowReference (in target 'WindowReference' from project 'swiftui-window-reference')
	Building workspace swiftui-launcher-window with scheme swiftui-launcher-window-Package
(3 failures)
BUILD FAILURE 6.4 tvOS