Build Information
Failed to build GherkinGenerator, reference main (b5f999), with Swift 6.2 for Android on 25 Jun 2026 16:36:34 UTC.
Build Command
bash -c docker run --pull=always --rm -v "checkouts-53886769-0":/host -w "$PWD" -e JAVA_HOME="/root/.sdkman/candidates/java/current" -e SPI_BUILD="1" -e SPI_PROCESSING="1" registry.gitlab.com/saguaro1/spi-images:android-6.2-latest swift build --swift-sdk aarch64-unknown-linux-android28 2>&1Build Log
========================================
RunAll
========================================
Builder version: 0e64495ecc1688c3b3e031a5ef1348b5c05091ae
Interrupt handler set up.
========================================
Checkout
========================================
Clone URL: https://github.com/atelier-socle/swift-gherkin-generator.git
Reference: main
Initialized empty Git repository in /host/spi-builder-workspace/.git/
hint: Using 'master' as the name for the initial branch. This default branch name
hint: is subject to change. To configure the initial branch name to use in all
hint: of your new repositories, which will suppress this warning, call:
hint:
hint: git config --global init.defaultBranch <name>
hint:
hint: Names commonly chosen instead of 'master' are 'main', 'trunk' and
hint: 'development'. The just-created branch can be renamed via this command:
hint:
hint: git branch -m <name>
From https://github.com/atelier-socle/swift-gherkin-generator
* branch main -> FETCH_HEAD
* [new branch] main -> origin/main
HEAD is now at b5f999f ci: bump codecov-action to v6 for Node 24
Cloned https://github.com/atelier-socle/swift-gherkin-generator.git
Revision (git rev-parse @):
b5f999ffea136948d70a6c26cea5f25ee6ded557
SUCCESS checkout https://github.com/atelier-socle/swift-gherkin-generator.git at main
========================================
Build
========================================
Selected platform: android
Swift version: 6.2
Building package at path: $PWD
https://github.com/atelier-socle/swift-gherkin-generator.git
Running build ...
bash -c docker run --pull=always --rm -v "checkouts-53886769-0":/host -w "$PWD" -e JAVA_HOME="/root/.sdkman/candidates/java/current" -e SPI_BUILD="1" -e SPI_PROCESSING="1" registry.gitlab.com/saguaro1/spi-images:android-6.2-latest swift build --swift-sdk aarch64-unknown-linux-android28 2>&1
android-6.2-latest: Pulling from saguaro1/spi-images
Digest: sha256:3f0849bce0d177c252f57ff0847fffe59d625aee973279c71a52a43c740d3c90
Status: Image is up to date for registry.gitlab.com/saguaro1/spi-images:android-6.2-latest
Fetching https://github.com/apple/swift-argument-parser.git
[1/17949] Fetching swift-argument-parser
Fetched https://github.com/apple/swift-argument-parser.git from cache (0.68s)
Computing version for https://github.com/apple/swift-argument-parser.git
Computed https://github.com/apple/swift-argument-parser.git at 1.8.2 (0.83s)
Creating working copy for https://github.com/apple/swift-argument-parser.git
Working copy of https://github.com/apple/swift-argument-parser.git resolved at 1.8.2
[1/1] Compiling plugin GenerateManual
[2/2] Compiling plugin GenerateDoccReference
Building for debugging...
[2/16] Write sources
[5/16] Copying gherkin-languages.json
[8/16] Write swift-version--11D90AFD9DD3AB2.txt
[10/45] Emitting module GherkinGenerator
[11/48] Emitting module ArgumentParserToolInfo
[12/48] Compiling ArgumentParserToolInfo ToolInfo.swift
[13/49] Wrapping AST for ArgumentParserToolInfo for debugging
[15/96] Emitting module ArgumentParser
[16/102] Compiling ArgumentParser Name.swift
[17/102] Compiling ArgumentParser Parsed.swift
[18/102] Compiling ArgumentParser ParsedValues.swift
[19/102] Compiling ArgumentParser ParserError.swift
[20/102] Compiling ArgumentParser SplitArguments.swift
[21/102] Compiling ArgumentParser DumpHelpGenerator.swift
[22/102] Compiling ArgumentParser Mutex.swift
[23/102] Compiling ArgumentParser Platform.swift
[24/102] Compiling ArgumentParser SequenceExtensions.swift
[25/102] Compiling ArgumentParser StringExtensions.swift
[26/102] Compiling ArgumentParser SwiftExtensions.swift
[27/102] Compiling ArgumentParser Tree.swift
[28/102] Compiling ArgumentParser ArgumentVisibility.swift
[29/102] Compiling ArgumentParser CompletionKind.swift
[30/102] Compiling ArgumentParser Errors.swift
[31/102] Compiling ArgumentParser Flag.swift
[32/102] Compiling ArgumentParser NameSpecification.swift
[33/102] Compiling ArgumentParser Option.swift
[34/102] Compiling ArgumentParser OptionGroup.swift
[35/102] Compiling ArgumentParser CommandConfiguration.swift
[36/102] Compiling ArgumentParser CommandGroup.swift
[37/102] Compiling ArgumentParser EnumerableFlag.swift
[38/102] Compiling ArgumentParser ArgumentHelp.swift
[42/102] Compiling ArgumentParser ExpressibleByArgument.swift
[43/102] Compiling ArgumentParser ParsableArguments.swift
[44/102] Compiling ArgumentParser BashCompletionsGenerator.swift
[45/102] Compiling ArgumentParser CompletionsGenerator.swift
[46/102] Compiling ArgumentParser FishCompletionsGenerator.swift
[47/102] Compiling ArgumentParser ZshCompletionsGenerator.swift
[48/102] Compiling ArgumentParser Argument.swift
[49/102] Compiling ArgumentParser ArgumentDiscussion.swift
[53/102] Compiling ArgumentParser CollectionExtensions.swift
[54/102] Compiling ArgumentParser Foundation.swift
[55/102] Compiling ArgumentParser ParentCommand.swift
[56/102] Compiling ArgumentParser AsyncParsableCommand.swift
[57/102] Compiling ArgumentParser HelpCommand.swift
[58/102] Compiling ArgumentParser HelpGenerator.swift
[59/102] Compiling ArgumentParser MessageInfo.swift
[60/102] Compiling ArgumentParser UsageGenerator.swift
[64/103] Wrapping AST for GherkinGenerator for debugging
[66/103] Compiling ArgumentParser AsyncCompletionsValidator.swift
[67/103] Compiling ArgumentParser CodingKeyValidator.swift
[68/103] Compiling ArgumentParser NonsenseFlagsValidator.swift
[69/103] Compiling ArgumentParser ParsableArgumentsValidation.swift
[70/103] Compiling ArgumentParser PositionalArgumentsValidator.swift
[71/103] Compiling ArgumentParser UniqueNamesValidator.swift
[72/103] Compiling ArgumentParser ParsableCommand.swift
[73/103] Compiling ArgumentParser ArgumentDecoder.swift
[74/103] Compiling ArgumentParser ArgumentDefinition.swift
[75/103] Compiling ArgumentParser ArgumentSet.swift
[76/103] Compiling ArgumentParser CommandParser.swift
[77/103] Compiling ArgumentParser InputKey.swift
[78/103] Compiling ArgumentParser InputOrigin.swift
[99/104] Wrapping AST for ArgumentParser for debugging
[101/113] Compiling GherkinGenCLICore LanguagesCommand.swift
[102/114] Compiling GherkinGenCLICore ParseCommand.swift
[103/114] Compiling GherkinGenCLICore GherkinGenCommand.swift
error: emit-module command failed with exit code 1 (use -v to see invocation)
[104/114] Compiling GherkinGenCLICore ExportCommand.swift
[105/114] Compiling GherkinGenCLICore ConvertCommand.swift
[106/114] Compiling GherkinGenCLICore GenerateCommand.swift
[107/114] Emitting module GherkinGenCLICore
/host/spi-builder-workspace/Sources/GherkinGenCLICore/ANSIColor.swift:29:35: error: cannot find 'isatty' in scope
27 |
28 | /// Whether stdout is connected to a terminal (not piped).
29 | static let isTerminal: Bool = isatty(STDOUT_FILENO) != 0
| `- error: cannot find 'isatty' in scope
30 |
31 | /// Wraps text in green ANSI escape codes.
/host/spi-builder-workspace/Sources/GherkinGenCLICore/ANSIColor.swift:29:42: error: cannot find 'STDOUT_FILENO' in scope
27 |
28 | /// Whether stdout is connected to a terminal (not piped).
29 | static let isTerminal: Bool = isatty(STDOUT_FILENO) != 0
| `- error: cannot find 'STDOUT_FILENO' in scope
30 |
31 | /// Wraps text in green ANSI escape codes.
[108/114] Compiling GherkinGenCLICore ANSIColor.swift
/host/spi-builder-workspace/Sources/GherkinGenCLICore/ANSIColor.swift:29:35: error: cannot find 'isatty' in scope
27 |
28 | /// Whether stdout is connected to a terminal (not piped).
29 | static let isTerminal: Bool = isatty(STDOUT_FILENO) != 0
| `- error: cannot find 'isatty' in scope
30 |
31 | /// Wraps text in green ANSI escape codes.
/host/spi-builder-workspace/Sources/GherkinGenCLICore/ANSIColor.swift:29:42: error: cannot find 'STDOUT_FILENO' in scope
27 |
28 | /// Whether stdout is connected to a terminal (not piped).
29 | static let isTerminal: Bool = isatty(STDOUT_FILENO) != 0
| `- error: cannot find 'STDOUT_FILENO' in scope
30 |
31 | /// Wraps text in green ANSI escape codes.
[109/114] Compiling GherkinGenCLICore BatchExportCommand.swift
/host/spi-builder-workspace/Sources/GherkinGenCLICore/ANSIColor.swift:29:35: error: cannot find 'isatty' in scope
27 |
28 | /// Whether stdout is connected to a terminal (not piped).
29 | static let isTerminal: Bool = isatty(STDOUT_FILENO) != 0
| `- error: cannot find 'isatty' in scope
30 |
31 | /// Wraps text in green ANSI escape codes.
/host/spi-builder-workspace/Sources/GherkinGenCLICore/ANSIColor.swift:29:42: error: cannot find 'STDOUT_FILENO' in scope
27 |
28 | /// Whether stdout is connected to a terminal (not piped).
29 | static let isTerminal: Bool = isatty(STDOUT_FILENO) != 0
| `- error: cannot find 'STDOUT_FILENO' in scope
30 |
31 | /// Wraps text in green ANSI escape codes.
[110/114] Compiling GherkinGenCLICore ValidateCommand.swift
BUILD FAILURE 6.2 android