The Swift Package Index logo.Swift Package Index

Build Information

Failed to build SwiftBlend2D, reference 0.11.4 (855fe1), with Swift 6.4 for macOS (SPM) on 20 Sep 2026 23:08:15 UTC.

Build Command

env DEVELOPER_DIR=/Applications/Xcode-27.0.0-Release.Candidate.app xcrun swift build --arch arm64

Build Log

========================================
RunAll
========================================
Builder version: 5.1.0
Interrupt handler set up.
========================================
Checkout
========================================
Clone URL: https://github.com/LuizZak/swift-blend2d.git
Reference: 0.11.4
Initialized empty Git repository in /Users/admin/builder/spi-builder-workspace/.git/
From https://github.com/LuizZak/swift-blend2d
 * tag               0.11.4     -> FETCH_HEAD
HEAD is now at 855fe13 Creating BLStyleConvertible type
Cloned https://github.com/LuizZak/swift-blend2d.git
Revision (git rev-parse @):
855fe139f972fea76afceba23a289846df03ec5d
SUCCESS checkout https://github.com/LuizZak/swift-blend2d.git at 0.11.4
========================================
Build
========================================
Selected platform:         macosSpm
Swift version:             6.4
Building package at path:  $PWD
https://github.com/LuizZak/swift-blend2d.git
Running build ...
env DEVELOPER_DIR=/Applications/Xcode-27.0.0-Release.Candidate.app xcrun swift build --arch arm64
Building for debugging...
[Pre-planning 1 / 184]
[Planning deferred tasks]
[34 / 240]
[44 / 241] blend2d
[55 / 241] blend2d
[61 / 241] blend2d
[65 / 241] blend2d
Fetching https://github.com/LuizZak/swift-libpng.git
[1/76] Fetching swift-libpng
Fetched https://github.com/LuizZak/swift-libpng.git (1.60s)
Creating working copy for https://github.com/LuizZak/swift-libpng.git
Working copy of https://github.com/LuizZak/swift-libpng.git resolved at master (c059e4a)
warning: 'spi-builder-workspace': Invalid Exclude '/Users/admin/builder/spi-builder-workspace/Tests/SwiftBlend2DTests/SnapshotFailures': File not found.
warning: 'spi-builder-workspace': Invalid Exclude '/Users/admin/builder/spi-builder-workspace/Tests/SwiftBlend2DTests/SnapshotFailures': File not found.
warning: 'swift-libpng': failed to retrieve search paths with pkg-config; maybe pkg-config is not installed
warning: 'swift-libpng': you may be able to install libpng using your system-packager:
    brew install libpng
In file included from /Users/admin/builder/spi-builder-workspace/Sources/blend2d/blend2d/raster/workermanager.cpp:7:
In file included from /Users/admin/builder/spi-builder-workspace/Sources/blend2d/blend2d/raster/../raster/rastercontext_p.h:34:
In file included from /Users/admin/builder/spi-builder-workspace/Sources/blend2d/blend2d/raster/../raster/../pipeline/jit/pipegenruntime_p.h:14:
In file included from /Users/admin/builder/spi-builder-workspace/Sources/blend2d/blend2d/raster/../raster/../pipeline/jit/../../pipeline/jit/pipecompiler_p.h:10:
/Users/admin/builder/spi-builder-workspace/Sources/blend2d/blend2d/raster/../raster/../pipeline/jit/../../pipeline/jit/../../pipeline/jit/jitbase_p.h:18:12: fatal error: 'asmjit/a64.h' file not found
   18 |   #include <asmjit/a64.h>
      |            ^~~~~~~~~~~~~~
1 error generated.
error: CompileC /Users/admin/builder/spi-builder-workspace/.build/out/Intermediates.noindex/SwiftBlend2D.build/Debug/blend2d-t.build/Objects-normal/arm64/workermanager.o /Users/admin/builder/spi-builder-workspace/Sources/blend2d/blend2d/raster/workermanager.cpp normal arm64 c++ com.apple.compilers.llvm.clang.1_0.compiler failed with a nonzero exit code. Command line:     cd /Users/admin/builder

    Using response file: /Users/admin/builder/spi-builder-workspace/.build/out/Intermediates.noindex/SwiftBlend2D.build/Debug/blend2d-t.build/Objects-normal/arm64/82b82416624d2658e5098eb0a28c15c5-common-args.resp

    /Applications/Xcode-27.0.0-Release.Candidate.app/Contents/Developer/Toolchains/XcodeDefault.xctoolchain/usr/bin/clang -x c++ -ivfsstatcache /Users/admin/builder/spi-builder-workspace/.build/out/SDKStatCaches.noindex/macosx27.0-26A425-80c5bbf1d171475443272936d42f90a36a22442a12e9d48fe1a705f55a1adfc4.sdkstatcache -target arm64-apple-macos12.0 -fmessage-length\=0 -fdiagnostics-show-note-include-stack -fmacro-backtrace-limit\=0 -fcolor-diagnostics -fmodules-prune-interval\=86400 -fmodules-prune-after\=345600 -fbuild-session-file\=/Users/admin/builder/spi-builder-workspace/.build/out/ModuleCache.noindex/Session.modulevalidation -fmodules-validate-once-per-build-session -Wnon-modular-include-in-framework-module -Werror\=non-modular-include-in-framework-module -Wno-trigraphs -Wno-missing-field-initializers -Wno-missing-prototypes -Wno-return-type -Wno-non-virtual-dtor -Wno-overloaded-virtual -Wno-exit-time-destructors -Wno-missing-braces -Wparentheses -Wswitch -Wno-unused-function -Wno-unused-label -Wno-unused-parameter -Wno-unused-variable -Wunused-value -Wno-empty-body -Wno-uninitialized -Wno-unknown-pragmas -Wno-shadow -Wno-four-char-constants -Wno-conversion -Wno-constant-conversion -Wno-int-conversion -Wno-bool-conversion -Wno-enum-conversion -Wno-float-conversion -Wno-non-literal-null-conversion -Wno-objc-literal-conversion -Wshorten-64-to-32 -Wno-newline-eof -Wno-c++11-extensions -Wno-implicit-fallthrough -isysroot /Applications/Xcode-27.0.0-Release.Candidate.app/Contents/Developer/Platforms/MacOSX.platform/Developer/SDKs/MacOSX27.0.sdk -fstrict-aliasing -Wdeprecated-declarations -Winvalid-offsetof -Wno-sign-conversion -Wno-infinite-recursion -Wno-move -Wno-comma -Wno-block-capture-autoreleasing -Wno-strict-prototypes -Wno-range-loop-analysis -Wno-semicolon-before-method-body -index-store-path /Users/admin/builder/spi-builder-workspace/.build/out @/Users/admin/builder/spi-builder-workspace/.build/out/Intermediates.noindex/SwiftBlend2D.build/Debug/blend2d-t.build/Objects-normal/arm64/82b82416624d2658e5098eb0a28c15c5-common-args.resp -MMD -MT dependencies -MF /Users/admin/builder/spi-builder-workspace/.build/out/Intermediates.noindex/SwiftBlend2D.build/Debug/blend2d-t.build/Objects-normal/arm64/workermanager.d --serialize-diagnostics /Users/admin/builder/spi-builder-workspace/.build/out/Intermediates.noindex/SwiftBlend2D.build/Debug/blend2d-t.build/Objects-normal/arm64/workermanager.dia -c /Users/admin/builder/spi-builder-workspace/Sources/blend2d/blend2d/raster/workermanager.cpp -o /Users/admin/builder/spi-builder-workspace/.build/out/Intermediates.noindex/SwiftBlend2D.build/Debug/blend2d-t.build/Objects-normal/arm64/workermanager.o -index-unit-output-path /SwiftBlend2D.build/Debug/blend2d-t.build/Objects-normal/arm64/workermanager.o
In file included from /Users/admin/builder/spi-builder-workspace/Sources/blend2d/blend2d/raster/workdata.cpp:7:
In file included from /Users/admin/builder/spi-builder-workspace/Sources/blend2d/blend2d/raster/../raster/rastercontext_p.h:34:
In file included from /Users/admin/builder/spi-builder-workspace/Sources/blend2d/blend2d/raster/../raster/../pipeline/jit/pipegenruntime_p.h:14:
In file included from /Users/admin/builder/spi-builder-workspace/Sources/blend2d/blend2d/raster/../raster/../pipeline/jit/../../pipeline/jit/pipecompiler_p.h:10:
/Users/admin/builder/spi-builder-workspace/Sources/blend2d/blend2d/raster/../raster/../pipeline/jit/../../pipeline/jit/../../pipeline/jit/jitbase_p.h:18:12: fatal error: 'asmjit/a64.h' file not found
   18 |   #include <asmjit/a64.h>
      |            ^~~~~~~~~~~~~~
1 error generated.
error: CompileC /Users/admin/builder/spi-builder-workspace/.build/out/Intermediates.noindex/SwiftBlend2D.build/Debug/blend2d-t.build/Objects-normal/arm64/workdata.o /Users/admin/builder/spi-builder-workspace/Sources/blend2d/blend2d/raster/workdata.cpp normal arm64 c++ com.apple.compilers.llvm.clang.1_0.compiler failed with a nonzero exit code. Command line:     cd /Users/admin/builder

    Using response file: /Users/admin/builder/spi-builder-workspace/.build/out/Intermediates.noindex/SwiftBlend2D.build/Debug/blend2d-t.build/Objects-normal/arm64/82b82416624d2658e5098eb0a28c15c5-common-args.resp

    /Applications/Xcode-27.0.0-Release.Candidate.app/Contents/Developer/Toolchains/XcodeDefault.xctoolchain/usr/bin/clang -x c++ -ivfsstatcache /Users/admin/builder/spi-builder-workspace/.build/out/SDKStatCaches.noindex/macosx27.0-26A425-80c5bbf1d171475443272936d42f90a36a22442a12e9d48fe1a705f55a1adfc4.sdkstatcache -target arm64-apple-macos12.0 -fmessage-length\=0 -fdiagnostics-show-note-include-stack -fmacro-backtrace-limit\=0 -fcolor-diagnostics -fmodules-prune-interval\=86400 -fmodules-prune-after\=345600 -fbuild-session-file\=/Users/admin/builder/spi-builder-workspace/.build/out/ModuleCache.noindex/Session.modulevalidation -fmodules-validate-once-per-build-session -Wnon-modular-include-in-framework-module -Werror\=non-modular-include-in-framework-module -Wno-trigraphs -Wno-missing-field-initializers -Wno-missing-prototypes -Wno-return-type -Wno-non-virtual-dtor -Wno-overloaded-virtual -Wno-exit-time-destructors -Wno-missing-braces -Wparentheses -Wswitch -Wno-unused-function -Wno-unused-label -Wno-unused-parameter -Wno-unused-variable -Wunused-value -Wno-empty-body -Wno-uninitialized -Wno-unknown-pragmas -Wno-shadow -Wno-four-char-constants -Wno-conversion -Wno-constant-conversion -Wno-int-conversion -Wno-bool-conversion -Wno-enum-conversion -Wno-float-conversion -Wno-non-literal-null-conversion -Wno-objc-literal-conversion -Wshorten-64-to-32 -Wno-newline-eof -Wno-c++11-extensions -Wno-implicit-fallthrough -isysroot /Applications/Xcode-27.0.0-Release.Candidate.app/Contents/Developer/Platforms/MacOSX.platform/Developer/SDKs/MacOSX27.0.sdk -fstrict-aliasing -Wdeprecated-declarations -Winvalid-offsetof -Wno-sign-conversion -Wno-infinite-recursion -Wno-move -Wno-comma -Wno-block-capture-autoreleasing -Wno-strict-prototypes -Wno-range-loop-analysis -Wno-semicolon-before-method-body -index-store-path /Users/admin/builder/spi-builder-workspace/.build/out @/Users/admin/builder/spi-builder-workspace/.build/out/Intermediates.noindex/SwiftBlend2D.build/Debug/blend2d-t.build/Objects-normal/arm64/82b82416624d2658e5098eb0a28c15c5-common-args.resp -MMD -MT dependencies -MF /Users/admin/builder/spi-builder-workspace/.build/out/Intermediates.noindex/SwiftBlend2D.build/Debug/blend2d-t.build/Objects-normal/arm64/workdata.d --serialize-diagnostics /Users/admin/builder/spi-builder-workspace/.build/out/Intermediates.noindex/SwiftBlend2D.build/Debug/blend2d-t.build/Objects-normal/arm64/workdata.dia -c /Users/admin/builder/spi-builder-workspace/Sources/blend2d/blend2d/raster/workdata.cpp -o /Users/admin/builder/spi-builder-workspace/.build/out/Intermediates.noindex/SwiftBlend2D.build/Debug/blend2d-t.build/Objects-normal/arm64/workdata.o -index-unit-output-path /SwiftBlend2D.build/Debug/blend2d-t.build/Objects-normal/arm64/workdata.o
In file included from /Users/admin/builder/spi-builder-workspace/Sources/blend2d/blend2d/raster/workerproc.cpp:8:
In file included from /Users/admin/builder/spi-builder-workspace/Sources/blend2d/blend2d/raster/../raster/rastercontext_p.h:34:
In file included from /Users/admin/builder/spi-builder-workspace/Sources/blend2d/blend2d/raster/../raster/../pipeline/jit/pipegenruntime_p.h:14:
In file included from /Users/admin/builder/spi-builder-workspace/Sources/blend2d/blend2d/raster/../raster/../pipeline/jit/../../pipeline/jit/pipecompiler_p.h:10:
/Users/admin/builder/spi-builder-workspace/Sources/blend2d/blend2d/raster/../raster/../pipeline/jit/../../pipeline/jit/../../pipeline/jit/jitbase_p.h:18:12: fatal error: 'asmjit/a64.h' file not found
   18 |   #include <asmjit/a64.h>
      |            ^~~~~~~~~~~~~~
1 error generated.
error: CompileC /Users/admin/builder/spi-builder-workspace/.build/out/Intermediates.noindex/SwiftBlend2D.build/Debug/blend2d-t.build/Objects-normal/arm64/workerproc.o /Users/admin/builder/spi-builder-workspace/Sources/blend2d/blend2d/raster/workerproc.cpp normal arm64 c++ com.apple.compilers.llvm.clang.1_0.compiler failed with a nonzero exit code. Command line:     cd /Users/admin/builder

    Using response file: /Users/admin/builder/spi-builder-workspace/.build/out/Intermediates.noindex/SwiftBlend2D.build/Debug/blend2d-t.build/Objects-normal/arm64/82b82416624d2658e5098eb0a28c15c5-common-args.resp

    /Applications/Xcode-27.0.0-Release.Candidate.app/Contents/Developer/Toolchains/XcodeDefault.xctoolchain/usr/bin/clang -x c++ -ivfsstatcache /Users/admin/builder/spi-builder-workspace/.build/out/SDKStatCaches.noindex/macosx27.0-26A425-80c5bbf1d171475443272936d42f90a36a22442a12e9d48fe1a705f55a1adfc4.sdkstatcache -target arm64-apple-macos12.0 -fmessage-length\=0 -fdiagnostics-show-note-include-stack -fmacro-backtrace-limit\=0 -fcolor-diagnostics -fmodules-prune-interval\=86400 -fmodules-prune-after\=345600 -fbuild-session-file\=/Users/admin/builder/spi-builder-workspace/.build/out/ModuleCache.noindex/Session.modulevalidation -fmodules-validate-once-per-build-session -Wnon-modular-include-in-framework-module -Werror\=non-modular-include-in-framework-module -Wno-trigraphs -Wno-missing-field-initializers -Wno-missing-prototypes -Wno-return-type -Wno-non-virtual-dtor -Wno-overloaded-virtual -Wno-exit-time-destructors -Wno-missing-braces -Wparentheses -Wswitch -Wno-unused-function -Wno-unused-label -Wno-unused-parameter -Wno-unused-variable -Wunused-value -Wno-empty-body -Wno-uninitialized -Wno-unknown-pragmas -Wno-shadow -Wno-four-char-constants -Wno-conversion -Wno-constant-conversion -Wno-int-conversion -Wno-bool-conversion -Wno-enum-conversion -Wno-float-conversion -Wno-non-literal-null-conversion -Wno-objc-literal-conversion -Wshorten-64-to-32 -Wno-newline-eof -Wno-c++11-extensions -Wno-implicit-fallthrough -isysroot /Applications/Xcode-27.0.0-Release.Candidate.app/Contents/Developer/Platforms/MacOSX.platform/Developer/SDKs/MacOSX27.0.sdk -fstrict-aliasing -Wdeprecated-declarations -Winvalid-offsetof -Wno-sign-conversion -Wno-infinite-recursion -Wno-move -Wno-comma -Wno-block-capture-autoreleasing -Wno-strict-prototypes -Wno-range-loop-analysis -Wno-semicolon-before-method-body -index-store-path /Users/admin/builder/spi-builder-workspace/.build/out @/Users/admin/builder/spi-builder-workspace/.build/out/Intermediates.noindex/SwiftBlend2D.build/Debug/blend2d-t.build/Objects-normal/arm64/82b82416624d2658e5098eb0a28c15c5-common-args.resp -MMD -MT dependencies -MF /Users/admin/builder/spi-builder-workspace/.build/out/Intermediates.noindex/SwiftBlend2D.build/Debug/blend2d-t.build/Objects-normal/arm64/workerproc.d --serialize-diagnostics /Users/admin/builder/spi-builder-workspace/.build/out/Intermediates.noindex/SwiftBlend2D.build/Debug/blend2d-t.build/Objects-normal/arm64/workerproc.dia -c /Users/admin/builder/spi-builder-workspace/Sources/blend2d/blend2d/raster/workerproc.cpp -o /Users/admin/builder/spi-builder-workspace/.build/out/Intermediates.noindex/SwiftBlend2D.build/Debug/blend2d-t.build/Objects-normal/arm64/workerproc.o -index-unit-output-path /SwiftBlend2D.build/Debug/blend2d-t.build/Objects-normal/arm64/workerproc.o
error: Build failed
BUILD FAILURE 6.4 macosSpm