The Swift Package Index logo.Swift Package Index

Build Information

Failed to build DicyaninARKitSession, reference 1.1.1 (5b3081), with Swift 6.1 for macOS (SPM) on 11 Jul 2026 17:19:05 UTC.

Build Command

env DEVELOPER_DIR=/Applications/Xcode-16.3.0.app xcrun swift build --arch arm64

Build Log

========================================
RunAll
========================================
Builder version: undefined version: run 'make version' to update
Interrupt handler set up.
========================================
Checkout
========================================
Clone URL: https://github.com/hunterh37/DicyaninARKitSession.git
Reference: 1.1.1
Initialized empty Git repository in /Users/admin/builder/spi-builder-workspace/.git/
From https://github.com/hunterh37/DicyaninARKitSession
 * tag               1.1.1      -> FETCH_HEAD
HEAD is now at 5b30813 Add missing test target sources and fix README install snippet
Cloned https://github.com/hunterh37/DicyaninARKitSession.git
Revision (git rev-parse @):
5b30813c75bd5aecfc3c7b584ab3d9fbc91443a9
SUCCESS checkout https://github.com/hunterh37/DicyaninARKitSession.git at 1.1.1
========================================
Build
========================================
Selected platform:         macosSpm
Swift version:             6.1
Building package at path:  $PWD
https://github.com/hunterh37/DicyaninARKitSession.git
https://github.com/hunterh37/DicyaninARKitSession.git
{
  "dependencies" : [
  ],
  "manifest_display_name" : "DicyaninARKitSession",
  "name" : "DicyaninARKitSession",
  "path" : "/Users/admin/builder/spi-builder-workspace",
  "platforms" : [
    {
      "name" : "ios",
      "version" : "17.0"
    },
    {
      "name" : "visionos",
      "version" : "1.0"
    }
  ],
  "products" : [
    {
      "name" : "DicyaninARKitSession",
      "targets" : [
        "DicyaninARKitSession"
      ],
      "type" : {
        "library" : [
          "automatic"
        ]
      }
    }
  ],
  "targets" : [
    {
      "c99name" : "DicyaninARKitSessionTests",
      "module_type" : "SwiftTarget",
      "name" : "DicyaninARKitSessionTests",
      "path" : "Tests/DicyaninARKitSessionTests",
      "sources" : [
        "DicyaninARKitSessionTests.swift"
      ],
      "target_dependencies" : [
        "DicyaninARKitSession"
      ],
      "type" : "test"
    },
    {
      "c99name" : "DicyaninARKitSession",
      "module_type" : "SwiftTarget",
      "name" : "DicyaninARKitSession",
      "path" : "Sources/DicyaninARKitSession",
      "product_memberships" : [
        "DicyaninARKitSession"
      ],
      "sources" : [
        "ARKitSessionManager.swift",
        "HandAnchorUpdate.swift"
      ],
      "type" : "library"
    }
  ],
  "tools_version" : "5.9"
}
Running build ...
env DEVELOPER_DIR=/Applications/Xcode-16.3.0.app xcrun swift build --arch arm64 -Xswiftc -Xfrontend -Xswiftc -stats-output-dir -Xswiftc -Xfrontend -Xswiftc .stats -Xswiftc -strict-concurrency=complete -Xswiftc -enable-upcoming-feature -Xswiftc StrictConcurrency -Xswiftc -enable-upcoming-feature -Xswiftc DisableOutwardActorInference -Xswiftc -enable-upcoming-feature -Xswiftc GlobalActorIsolatedTypesUsability -Xswiftc -enable-upcoming-feature -Xswiftc InferSendableFromCaptures
Building for debugging...
[0/2] Write sources
[1/2] Write swift-version-2F0A5646E1D333AE.txt
error: emit-module command failed with exit code 1 (use -v to see invocation)
[3/5] Emitting module DicyaninARKitSession
/Users/admin/builder/spi-builder-workspace/Sources/DicyaninARKitSession/ARKitSessionManager.swift:8:8: error: no such module 'ARKit'
  6 |
  7 | import RealityKit
  8 | import ARKit
    |        `- error: no such module 'ARKit'
  9 | import Combine
 10 |
[4/5] Compiling DicyaninARKitSession ARKitSessionManager.swift
/Users/admin/builder/spi-builder-workspace/Sources/DicyaninARKitSession/ARKitSessionManager.swift:8:8: error: no such module 'ARKit'
  6 |
  7 | import RealityKit
  8 | import ARKit
    |        `- error: no such module 'ARKit'
  9 | import Combine
 10 |
[5/5] Compiling DicyaninARKitSession HandAnchorUpdate.swift
/Users/admin/builder/spi-builder-workspace/Sources/DicyaninARKitSession/ARKitSessionManager.swift:8:8: error: no such module 'ARKit'
  6 |
  7 | import RealityKit
  8 | import ARKit
    |        `- error: no such module 'ARKit'
  9 | import Combine
 10 |
Running build ...
env DEVELOPER_DIR=/Applications/Xcode-16.3.0.app xcrun swift build --arch arm64
[0/1] Planning build
Building for debugging...
[0/1] Write swift-version-2F0A5646E1D333AE.txt
error: emit-module command failed with exit code 1 (use -v to see invocation)
[2/4] Emitting module DicyaninARKitSession
/Users/admin/builder/spi-builder-workspace/Sources/DicyaninARKitSession/ARKitSessionManager.swift:8:8: error: no such module 'ARKit'
  6 |
  7 | import RealityKit
  8 | import ARKit
    |        `- error: no such module 'ARKit'
  9 | import Combine
 10 |
[3/4] Compiling DicyaninARKitSession ARKitSessionManager.swift
/Users/admin/builder/spi-builder-workspace/Sources/DicyaninARKitSession/ARKitSessionManager.swift:8:8: error: no such module 'ARKit'
  6 |
  7 | import RealityKit
  8 | import ARKit
    |        `- error: no such module 'ARKit'
  9 | import Combine
 10 |
[4/4] Compiling DicyaninARKitSession HandAnchorUpdate.swift
/Users/admin/builder/spi-builder-workspace/Sources/DicyaninARKitSession/ARKitSessionManager.swift:8:8: error: no such module 'ARKit'
  6 |
  7 | import RealityKit
  8 | import ARKit
    |        `- error: no such module 'ARKit'
  9 | import Combine
 10 |
BUILD FAILURE 6.1 macosSpm