Build Information
Failed to build SpeziDevices, reference main (b0758b), with Swift 6.4 for tvOS using Xcode 27.0 on 23 Sep 2026 00:50:56 UTC.
Build Command
env DEVELOPER_DIR=/Applications/Xcode-27.0.0-Release.Candidate.app xcrun xcodebuild -IDEClonedSourcePackagesDirPathOverride=$PWD/.dependencies -skipMacroValidation -skipPackagePluginValidation -derivedDataPath $PWD/.derivedData build -scheme SpeziDevices-Package -destination generic/platform=tvOSBuild Log
SwiftDriverJobDiscovery normal arm64 Compiling BluetoothDevice.swift, BluetoothService.swift, ControlPointCharacteristic.swift, ControlPointSupport.swift, Characteristic.swift, DeviceAction.swift, DeviceState.swift, Service.swift, CharacteristicAccessor.swift (in target 'SpeziBluetooth' from project 'SpeziBluetooth')
SwiftDriverJobDiscovery normal arm64 Emitting module for SpeziBluetooth (in target 'SpeziBluetooth' from project 'SpeziBluetooth')
SwiftDriver\ Compilation\ Requirements SpeziBluetooth normal arm64 com.apple.xcode.tools.swift.compiler (in target 'SpeziBluetooth' from project 'SpeziBluetooth')
cd /Users/admin/builder/spi-builder-workspace/.swiftpm/xcode
builtin-Swift-Compilation-Requirements -- /Applications/Xcode-27.0.0-Release.Candidate.app/Contents/Developer/Toolchains/XcodeDefault.xctoolchain/usr/bin/swiftc -parse-as-library -module-name SpeziBluetooth -Onone @/Users/admin/builder/spi-builder-workspace/.derivedData/Build/Intermediates.noindex/SpeziBluetooth.build/Debug-appletvos/SpeziBluetooth-t.build/Objects-normal/arm64/SpeziBluetooth.SwiftFileList -DSWIFT_PACKAGE -DDEBUG -DSWIFT_MODULE_RESOURCE_BUNDLE_AVAILABLE -Xcc -fmodule-map-file\=/Users/admin/builder/spi-builder-workspace/.dependencies/checkouts/swift-cmark/src/include/module.modulemap -Xcc -fmodule-map-file\=/Users/admin/builder/spi-builder-workspace/.dependencies/checkouts/swift-cmark/extensions/include/module.modulemap -Xcc -fmodule-map-file\=/Users/admin/builder/spi-builder-workspace/.dependencies/checkouts/zstd/lib/module.modulemap -Xcc -fmodule-map-file\=/Users/admin/builder/spi-builder-workspace/.dependencies/checkouts/swift-numerics/Sources/_NumericsShims/include/module.modulemap -Xcc -fmodule-map-file\=/Users/admin/builder/spi-builder-workspace/.derivedData/Build/Intermediates.noindex/GeneratedModuleMaps-appletvos/SpeziFoundationObjC.modulemap -Xcc -fmodule-map-file\=/Users/admin/builder/spi-builder-workspace/.derivedData/Build/Intermediates.noindex/GeneratedModuleMaps-appletvos/CNIOPosix.modulemap -Xcc -fmodule-map-file\=/Users/admin/builder/spi-builder-workspace/.derivedData/Build/Intermediates.noindex/GeneratedModuleMaps-appletvos/CNIOWASI.modulemap -Xcc -fmodule-map-file\=/Users/admin/builder/spi-builder-workspace/.dependencies/checkouts/swift-nio/Sources/CNIOWindows/include/module.modulemap -Xcc -fmodule-map-file\=/Users/admin/builder/spi-builder-workspace/.derivedData/Build/Intermediates.noindex/GeneratedModuleMaps-appletvos/CNIOLinux.modulemap -Xcc -fmodule-map-file\=/Users/admin/builder/spi-builder-workspace/.derivedData/Build/Intermediates.noindex/GeneratedModuleMaps-appletvos/CNIODarwin.modulemap -Xcc -fmodule-map-file\=/Users/admin/builder/spi-builder-workspace/.derivedData/Build/Intermediates.noindex/GeneratedModuleMaps-appletvos/CNIOFreeBSD.modulemap -Xcc -fmodule-map-file\=/Users/admin/builder/spi-builder-workspace/.derivedData/Build/Intermediates.noindex/GeneratedModuleMaps-appletvos/CNIOOpenBSD.modulemap -Xcc -fmodule-map-file\=/Users/admin/builder/spi-builder-workspace/.derivedData/Build/Intermediates.noindex/GeneratedModuleMaps-appletvos/CNIOAtomics.modulemap -Xcc -fmodule-map-file\=/Users/admin/builder/spi-builder-workspace/.dependencies/checkouts/swift-atomics/Sources/_AtomicsShims/include/module.modulemap -DXcode -plugin-path /Applications/Xcode-27.0.0-Release.Candidate.app/Contents/Developer/Toolchains/XcodeDefault.xctoolchain/usr/lib/swift/host/plugins/testing -enable-experimental-feature DebugDescriptionMacro -sdk /Applications/Xcode-27.0.0-Release.Candidate.app/Contents/Developer/Platforms/AppleTVOS.platform/Developer/SDKs/AppleTVOS27.0.sdk -target arm64-apple-tvos17.0 -g -module-cache-path /Users/admin/builder/spi-builder-workspace/.derivedData/ModuleCache.noindex -Xfrontend -serialize-debugging-options -profile-coverage-mapping -profile-generate -enable-testing -suppress-warnings -index-store-path /Users/admin/builder/spi-builder-workspace/.derivedData/Index.noindex/DataStore -Xcc -D_LIBCPP_HARDENING_MODE\=_LIBCPP_HARDENING_MODE_DEBUG -swift-version 6 -I /Users/admin/builder/spi-builder-workspace/.derivedData/Build/Products/Debug-appletvos -Isystem /Applications/Xcode-27.0.0-Release.Candidate.app/Contents/Developer/Platforms/AppleTVOS.platform/Developer/usr/lib -F /Users/admin/builder/spi-builder-workspace/.derivedData/Build/Products/Debug-appletvos/PackageFrameworks -F /Users/admin/builder/spi-builder-workspace/.derivedData/Build/Products/Debug-appletvos -F /Applications/Xcode-27.0.0-Release.Candidate.app/Contents/Developer/Platforms/AppleTVOS.platform/Developer/Library/Frameworks -F /Applications/Xcode-27.0.0-Release.Candidate.app/Contents/Developer/Platforms/AppleTVOS.platform/Developer/SDKs/AppleTVOS27.0.sdk/Developer/Library/Frameworks -Xfrontend -load-plugin-executable -Xfrontend /Users/admin/builder/spi-builder-workspace/.derivedData/Build/Products/Debug/ThreadLocalMacros\#ThreadLocalMacros -emit-localized-strings -emit-localized-strings-path /Users/admin/builder/spi-builder-workspace/.derivedData/Build/Intermediates.noindex/SpeziBluetooth.build/Debug-appletvos/SpeziBluetooth-t.build/Objects-normal/arm64 -c -j10 -enable-batch-mode -incremental -Xcc -ivfsstatcache -Xcc /Users/admin/builder/spi-builder-workspace/.derivedData/SDKStatCaches.noindex/appletvos27.0-24J360-e829b21a6f8c9b70876ba0858053c044b32bfd8d43560033f8d89884cdb90028.sdkstatcache -output-file-map /Users/admin/builder/spi-builder-workspace/.derivedData/Build/Intermediates.noindex/SpeziBluetooth.build/Debug-appletvos/SpeziBluetooth-t.build/Objects-normal/arm64/SpeziBluetooth-OutputFileMap.json -save-temps -no-color-diagnostics -explicit-module-build -module-cache-path /Users/admin/builder/spi-builder-workspace/.derivedData/Build/Intermediates.noindex/SwiftExplicitPrecompiledModules -clang-scanner-module-cache-path /Users/admin/builder/spi-builder-workspace/.derivedData/ModuleCache.noindex -sdk-module-cache-path /Users/admin/builder/spi-builder-workspace/.derivedData/SDKExplicitPrecompiledModules -emit-dependencies -emit-module -emit-module-path /Users/admin/builder/spi-builder-workspace/.derivedData/Build/Intermediates.noindex/SpeziBluetooth.build/Debug-appletvos/SpeziBluetooth-t.build/Objects-normal/arm64/SpeziBluetooth.swiftmodule -serialize-diagnostics -dependency-scan-serialize-diagnostics-path /Users/admin/builder/spi-builder-workspace/.derivedData/Build/Intermediates.noindex/SpeziBluetooth.build/Debug-appletvos/SpeziBluetooth-t.build/Objects-normal/arm64/SpeziBluetooth-dependency-scan.dia -user-module-version 3.3.2 -validate-clang-modules-once -clang-build-session-file /Users/admin/builder/spi-builder-workspace/.derivedData/ModuleCache.noindex/Session.modulevalidation -Xcc -fmodules-prune-interval\=86400 -Xcc -fmodules-prune-after\=345600 -package-name spezibluetooth -emit-const-values -const-gather-protocols-list /Users/admin/builder/spi-builder-workspace/.derivedData/Build/Intermediates.noindex/SpeziBluetooth.build/Debug-appletvos/SpeziBluetooth-t.build/Objects-normal/arm64/SpeziBluetooth_const_extract_protocols.json -Xcc -I/Users/admin/builder/spi-builder-workspace/.dependencies/checkouts/swift-cmark/src/include -Xcc -I/Users/admin/builder/spi-builder-workspace/.dependencies/checkouts/swift-cmark/extensions/include -Xcc -I/Users/admin/builder/spi-builder-workspace/.dependencies/checkouts/zstd/lib -Xcc -I/Users/admin/builder/spi-builder-workspace/.dependencies/checkouts/swift-numerics/Sources/_NumericsShims/include -Xcc -I/Users/admin/builder/spi-builder-workspace/.dependencies/checkouts/SpeziFoundation/Sources/SpeziFoundationObjC/include -Xcc -I/Users/admin/builder/spi-builder-workspace/.dependencies/checkouts/swift-nio/Sources/CNIOPosix/include -Xcc -I/Users/admin/builder/spi-builder-workspace/.dependencies/checkouts/swift-nio/Sources/CNIOWASI/include -Xcc -I/Users/admin/builder/spi-builder-workspace/.dependencies/checkouts/swift-nio/Sources/CNIOWindows/include -Xcc -I/Users/admin/builder/spi-builder-workspace/.dependencies/checkouts/swift-nio/Sources/CNIOLinux/include -Xcc -I/Users/admin/builder/spi-builder-workspace/.dependencies/checkouts/swift-nio/Sources/CNIODarwin/include -Xcc -I/Users/admin/builder/spi-builder-workspace/.dependencies/checkouts/swift-nio/Sources/CNIOFreeBSD/include -Xcc -I/Users/admin/builder/spi-builder-workspace/.dependencies/checkouts/swift-nio/Sources/CNIOOpenBSD/include -Xcc -I/Users/admin/builder/spi-builder-workspace/.dependencies/checkouts/swift-nio/Sources/CNIOAtomics/include -Xcc -I/Users/admin/builder/spi-builder-workspace/.dependencies/checkouts/swift-atomics/Sources/_AtomicsShims/include -Xcc -I/Users/admin/builder/spi-builder-workspace/.derivedData/Build/Products/Debug-appletvos/include -Xcc -I/Users/admin/builder/spi-builder-workspace/.derivedData/Build/Intermediates.noindex/SpeziBluetooth.build/Debug-appletvos/SpeziBluetooth-t.build/DerivedSources-normal/arm64 -Xcc -I/Users/admin/builder/spi-builder-workspace/.derivedData/Build/Intermediates.noindex/SpeziBluetooth.build/Debug-appletvos/SpeziBluetooth-t.build/DerivedSources/arm64 -Xcc -I/Users/admin/builder/spi-builder-workspace/.derivedData/Build/Intermediates.noindex/SpeziBluetooth.build/Debug-appletvos/SpeziBluetooth-t.build/DerivedSources -Xcc -DSWIFT_PACKAGE -Xcc -DDEBUG\=1 -emit-objc-header -emit-objc-header-path /Users/admin/builder/spi-builder-workspace/.derivedData/Build/Intermediates.noindex/SpeziBluetooth.build/Debug-appletvos/SpeziBluetooth-t.build/Objects-normal/arm64/SpeziBluetooth-Swift.h -working-directory /Users/admin/builder/spi-builder-workspace/.swiftpm/xcode -experimental-emit-module-separately -disable-cmo
Ld /Users/admin/builder/spi-builder-workspace/.derivedData/Build/Products/Debug-appletvos/NIOPosix.o normal (in target 'NIOPosix' from project 'swift-nio')
cd /Users/admin/builder/spi-builder-workspace/.dependencies/checkouts/swift-nio
/Applications/Xcode-27.0.0-Release.Candidate.app/Contents/Developer/Toolchains/XcodeDefault.xctoolchain/usr/bin/clang -Xlinker -reproducible -target arm64-apple-tvos15.0 -r -isysroot /Applications/Xcode-27.0.0-Release.Candidate.app/Contents/Developer/Platforms/AppleTVOS.platform/Developer/SDKs/AppleTVOS27.0.sdk -O0 -w -Xlinker -no_warn_duplicate_libraries -F/Users/admin/builder/spi-builder-workspace/.derivedData/Build/Intermediates.noindex/EagerLinkingTBDs/Debug-appletvos -F/Users/admin/builder/spi-builder-workspace/.derivedData/Build/Products/Debug-appletvos/PackageFrameworks -F/Users/admin/builder/spi-builder-workspace/.derivedData/Build/Products/Debug-appletvos -iframework /Applications/Xcode-27.0.0-Release.Candidate.app/Contents/Developer/Platforms/AppleTVOS.platform/Developer/Library/Frameworks -iframework /Applications/Xcode-27.0.0-Release.Candidate.app/Contents/Developer/Platforms/AppleTVOS.platform/Developer/SDKs/AppleTVOS27.0.sdk/Developer/Library/Frameworks -filelist /Users/admin/builder/spi-builder-workspace/.derivedData/Build/Intermediates.noindex/swift-nio.build/Debug-appletvos/NIOPosix-t.build/Objects-normal/arm64/NIOPosix.LinkFileList -nostdlib -Xlinker -object_path_lto -Xlinker /Users/admin/builder/spi-builder-workspace/.derivedData/Build/Intermediates.noindex/swift-nio.build/Debug-appletvos/NIOPosix-t.build/Objects-normal/arm64/NIOPosix_lto.o -Xlinker -no_deduplicate -Xlinker -debug_variant -Xlinker -dependency_info -Xlinker /Users/admin/builder/spi-builder-workspace/.derivedData/Build/Intermediates.noindex/swift-nio.build/Debug-appletvos/NIOPosix-t.build/Objects-normal/arm64/NIOPosix_dependency_info.dat -fobjc-link-runtime -L/Applications/Xcode-27.0.0-Release.Candidate.app/Contents/Developer/Toolchains/XcodeDefault.xctoolchain/usr/lib/swift/appletvos -L/usr/lib/swift -Xlinker -add_ast_path -Xlinker /Users/admin/builder/spi-builder-workspace/.derivedData/Build/Intermediates.noindex/swift-nio.build/Debug-appletvos/NIOPosix-t.build/Objects-normal/arm64/NIOPosix.swiftmodule -o /Users/admin/builder/spi-builder-workspace/.derivedData/Build/Products/Debug-appletvos/NIOPosix.o
SwiftMergeGeneratedHeaders /Users/admin/builder/spi-builder-workspace/.derivedData/Build/Intermediates.noindex/GeneratedModuleMaps-appletvos/SpeziBluetooth-Swift.h /Users/admin/builder/spi-builder-workspace/.derivedData/Build/Intermediates.noindex/SpeziBluetooth.build/Debug-appletvos/SpeziBluetooth-t.build/Objects-normal/arm64/SpeziBluetooth-Swift.h (in target 'SpeziBluetooth' from project 'SpeziBluetooth')
cd /Users/admin/builder/spi-builder-workspace/.dependencies/checkouts/SpeziBluetooth
builtin-swiftHeaderTool -arch arm64 /Users/admin/builder/spi-builder-workspace/.derivedData/Build/Intermediates.noindex/SpeziBluetooth.build/Debug-appletvos/SpeziBluetooth-t.build/Objects-normal/arm64/SpeziBluetooth-Swift.h -o /Users/admin/builder/spi-builder-workspace/.derivedData/Build/Intermediates.noindex/GeneratedModuleMaps-appletvos/SpeziBluetooth-Swift.h
Copy /Users/admin/builder/spi-builder-workspace/.derivedData/Build/Products/Debug-appletvos/SpeziBluetooth.swiftmodule/arm64-apple-tvos.swiftmodule /Users/admin/builder/spi-builder-workspace/.derivedData/Build/Intermediates.noindex/SpeziBluetooth.build/Debug-appletvos/SpeziBluetooth-t.build/Objects-normal/arm64/SpeziBluetooth.swiftmodule (in target 'SpeziBluetooth' from project 'SpeziBluetooth')
cd /Users/admin/builder/spi-builder-workspace/.dependencies/checkouts/SpeziBluetooth
builtin-copy -exclude .DS_Store -exclude CVS -exclude .svn -exclude .git -exclude .hg -resolve-src-symlinks -rename /Users/admin/builder/spi-builder-workspace/.derivedData/Build/Intermediates.noindex/SpeziBluetooth.build/Debug-appletvos/SpeziBluetooth-t.build/Objects-normal/arm64/SpeziBluetooth.swiftmodule /Users/admin/builder/spi-builder-workspace/.derivedData/Build/Products/Debug-appletvos/SpeziBluetooth.swiftmodule/arm64-apple-tvos.swiftmodule
Copy /Users/admin/builder/spi-builder-workspace/.derivedData/Build/Products/Debug-appletvos/SpeziBluetooth.swiftmodule/arm64-apple-tvos.swiftdoc /Users/admin/builder/spi-builder-workspace/.derivedData/Build/Intermediates.noindex/SpeziBluetooth.build/Debug-appletvos/SpeziBluetooth-t.build/Objects-normal/arm64/SpeziBluetooth.swiftdoc (in target 'SpeziBluetooth' from project 'SpeziBluetooth')
cd /Users/admin/builder/spi-builder-workspace/.dependencies/checkouts/SpeziBluetooth
builtin-copy -exclude .DS_Store -exclude CVS -exclude .svn -exclude .git -exclude .hg -resolve-src-symlinks -rename /Users/admin/builder/spi-builder-workspace/.derivedData/Build/Intermediates.noindex/SpeziBluetooth.build/Debug-appletvos/SpeziBluetooth-t.build/Objects-normal/arm64/SpeziBluetooth.swiftdoc /Users/admin/builder/spi-builder-workspace/.derivedData/Build/Products/Debug-appletvos/SpeziBluetooth.swiftmodule/arm64-apple-tvos.swiftdoc
Copy /Users/admin/builder/spi-builder-workspace/.derivedData/Build/Products/Debug-appletvos/SpeziBluetooth.swiftmodule/arm64-apple-tvos.abi.json /Users/admin/builder/spi-builder-workspace/.derivedData/Build/Intermediates.noindex/SpeziBluetooth.build/Debug-appletvos/SpeziBluetooth-t.build/Objects-normal/arm64/SpeziBluetooth.abi.json (in target 'SpeziBluetooth' from project 'SpeziBluetooth')
cd /Users/admin/builder/spi-builder-workspace/.dependencies/checkouts/SpeziBluetooth
builtin-copy -exclude .DS_Store -exclude CVS -exclude .svn -exclude .git -exclude .hg -resolve-src-symlinks -rename /Users/admin/builder/spi-builder-workspace/.derivedData/Build/Intermediates.noindex/SpeziBluetooth.build/Debug-appletvos/SpeziBluetooth-t.build/Objects-normal/arm64/SpeziBluetooth.abi.json /Users/admin/builder/spi-builder-workspace/.derivedData/Build/Products/Debug-appletvos/SpeziBluetooth.swiftmodule/arm64-apple-tvos.abi.json
SwiftDriverJobDiscovery normal arm64 Compiling CharacteristicDescription.swift, DescriptorAspect.swift, DeviceDescription.swift, DiscoveryCriteria.swift, DiscoveryDescription.swift, ServiceDescription.swift, CBCharacteristicProperties+Props.swift, CBError+LocalizedError.swift, CBPeripheral+DebugIdentifier.swift, AdvertisementData.swift (in target 'SpeziBluetooth' from project 'SpeziBluetooth')
Copy /Users/admin/builder/spi-builder-workspace/.derivedData/Build/Products/Debug-appletvos/SpeziBluetooth.swiftmodule/Project/arm64-apple-tvos.swiftsourceinfo /Users/admin/builder/spi-builder-workspace/.derivedData/Build/Intermediates.noindex/SpeziBluetooth.build/Debug-appletvos/SpeziBluetooth-t.build/Objects-normal/arm64/SpeziBluetooth.swiftsourceinfo (in target 'SpeziBluetooth' from project 'SpeziBluetooth')
cd /Users/admin/builder/spi-builder-workspace/.dependencies/checkouts/SpeziBluetooth
builtin-copy -exclude .DS_Store -exclude CVS -exclude .svn -exclude .git -exclude .hg -resolve-src-symlinks -rename /Users/admin/builder/spi-builder-workspace/.derivedData/Build/Intermediates.noindex/SpeziBluetooth.build/Debug-appletvos/SpeziBluetooth-t.build/Objects-normal/arm64/SpeziBluetooth.swiftsourceinfo /Users/admin/builder/spi-builder-workspace/.derivedData/Build/Products/Debug-appletvos/SpeziBluetooth.swiftmodule/Project/arm64-apple-tvos.swiftsourceinfo
SwiftDriverJobDiscovery normal arm64 Compiling ManufacturerIdentifier.swift, OnChangeRegistration.swift, PeripheralState.swift, PeripheralStorage.swift, StateRegistration.swift, WriteType.swift, BluetoothWorkItem.swift, CharacteristicOnChangeHandler.swift, DiscoveryStaleTimer.swift, KVOStateDidChangeObserver.swift (in target 'SpeziBluetooth' from project 'SpeziBluetooth')
SwiftDriver SpeziBluetoothServices normal arm64 com.apple.xcode.tools.swift.compiler (in target 'SpeziBluetoothServices' from project 'SpeziBluetooth')
cd /Users/admin/builder/spi-builder-workspace/.swiftpm/xcode
builtin-SwiftDriver -- /Applications/Xcode-27.0.0-Release.Candidate.app/Contents/Developer/Toolchains/XcodeDefault.xctoolchain/usr/bin/swiftc -parse-as-library -module-name SpeziBluetoothServices -Onone @/Users/admin/builder/spi-builder-workspace/.derivedData/Build/Intermediates.noindex/SpeziBluetooth.build/Debug-appletvos/SpeziBluetoothServices-t.build/Objects-normal/arm64/SpeziBluetoothServices.SwiftFileList -DSWIFT_PACKAGE -DDEBUG -DSWIFT_MODULE_RESOURCE_BUNDLE_UNAVAILABLE -Xcc -fmodule-map-file\=/Users/admin/builder/spi-builder-workspace/.dependencies/checkouts/swift-cmark/src/include/module.modulemap -Xcc -fmodule-map-file\=/Users/admin/builder/spi-builder-workspace/.dependencies/checkouts/swift-cmark/extensions/include/module.modulemap -Xcc -fmodule-map-file\=/Users/admin/builder/spi-builder-workspace/.dependencies/checkouts/zstd/lib/module.modulemap -Xcc -fmodule-map-file\=/Users/admin/builder/spi-builder-workspace/.dependencies/checkouts/swift-numerics/Sources/_NumericsShims/include/module.modulemap -Xcc -fmodule-map-file\=/Users/admin/builder/spi-builder-workspace/.derivedData/Build/Intermediates.noindex/GeneratedModuleMaps-appletvos/SpeziFoundationObjC.modulemap -Xcc -fmodule-map-file\=/Users/admin/builder/spi-builder-workspace/.dependencies/checkouts/swift-atomics/Sources/_AtomicsShims/include/module.modulemap -Xcc -fmodule-map-file\=/Users/admin/builder/spi-builder-workspace/.derivedData/Build/Intermediates.noindex/GeneratedModuleMaps-appletvos/CNIOPosix.modulemap -Xcc -fmodule-map-file\=/Users/admin/builder/spi-builder-workspace/.derivedData/Build/Intermediates.noindex/GeneratedModuleMaps-appletvos/CNIOWASI.modulemap -Xcc -fmodule-map-file\=/Users/admin/builder/spi-builder-workspace/.dependencies/checkouts/swift-nio/Sources/CNIOWindows/include/module.modulemap -Xcc -fmodule-map-file\=/Users/admin/builder/spi-builder-workspace/.derivedData/Build/Intermediates.noindex/GeneratedModuleMaps-appletvos/CNIOLinux.modulemap -Xcc -fmodule-map-file\=/Users/admin/builder/spi-builder-workspace/.derivedData/Build/Intermediates.noindex/GeneratedModuleMaps-appletvos/CNIODarwin.modulemap -Xcc -fmodule-map-file\=/Users/admin/builder/spi-builder-workspace/.derivedData/Build/Intermediates.noindex/GeneratedModuleMaps-appletvos/CNIOFreeBSD.modulemap -Xcc -fmodule-map-file\=/Users/admin/builder/spi-builder-workspace/.derivedData/Build/Intermediates.noindex/GeneratedModuleMaps-appletvos/CNIOOpenBSD.modulemap -Xcc -fmodule-map-file\=/Users/admin/builder/spi-builder-workspace/.derivedData/Build/Intermediates.noindex/GeneratedModuleMaps-appletvos/CNIOAtomics.modulemap -DXcode -plugin-path /Applications/Xcode-27.0.0-Release.Candidate.app/Contents/Developer/Toolchains/XcodeDefault.xctoolchain/usr/lib/swift/host/plugins/testing -enable-experimental-feature DebugDescriptionMacro -sdk /Applications/Xcode-27.0.0-Release.Candidate.app/Contents/Developer/Platforms/AppleTVOS.platform/Developer/SDKs/AppleTVOS27.0.sdk -target arm64-apple-tvos17.0 -g -module-cache-path /Users/admin/builder/spi-builder-workspace/.derivedData/ModuleCache.noindex -Xfrontend -serialize-debugging-options -profile-coverage-mapping -profile-generate -enable-testing -suppress-warnings -index-store-path /Users/admin/builder/spi-builder-workspace/.derivedData/Index.noindex/DataStore -Xcc -D_LIBCPP_HARDENING_MODE\=_LIBCPP_HARDENING_MODE_DEBUG -swift-version 6 -I /Users/admin/builder/spi-builder-workspace/.derivedData/Build/Products/Debug-appletvos -Isystem /Applications/Xcode-27.0.0-Release.Candidate.app/Contents/Developer/Platforms/AppleTVOS.platform/Developer/usr/lib -F /Users/admin/builder/spi-builder-workspace/.derivedData/Build/Products/Debug-appletvos/PackageFrameworks -F /Users/admin/builder/spi-builder-workspace/.derivedData/Build/Products/Debug-appletvos -F /Applications/Xcode-27.0.0-Release.Candidate.app/Contents/Developer/Platforms/AppleTVOS.platform/Developer/Library/Frameworks -F /Applications/Xcode-27.0.0-Release.Candidate.app/Contents/Developer/Platforms/AppleTVOS.platform/Developer/SDKs/AppleTVOS27.0.sdk/Developer/Library/Frameworks -Xfrontend -load-plugin-executable -Xfrontend /Users/admin/builder/spi-builder-workspace/.derivedData/Build/Products/Debug/ThreadLocalMacros\#ThreadLocalMacros -emit-localized-strings -emit-localized-strings-path /Users/admin/builder/spi-builder-workspace/.derivedData/Build/Intermediates.noindex/SpeziBluetooth.build/Debug-appletvos/SpeziBluetoothServices-t.build/Objects-normal/arm64 -c -j10 -enable-batch-mode -incremental -Xcc -ivfsstatcache -Xcc /Users/admin/builder/spi-builder-workspace/.derivedData/SDKStatCaches.noindex/appletvos27.0-24J360-e829b21a6f8c9b70876ba0858053c044b32bfd8d43560033f8d89884cdb90028.sdkstatcache -output-file-map /Users/admin/builder/spi-builder-workspace/.derivedData/Build/Intermediates.noindex/SpeziBluetooth.build/Debug-appletvos/SpeziBluetoothServices-t.build/Objects-normal/arm64/SpeziBluetoothServices-OutputFileMap.json -save-temps -no-color-diagnostics -explicit-module-build -module-cache-path /Users/admin/builder/spi-builder-workspace/.derivedData/Build/Intermediates.noindex/SwiftExplicitPrecompiledModules -clang-scanner-module-cache-path /Users/admin/builder/spi-builder-workspace/.derivedData/ModuleCache.noindex -sdk-module-cache-path /Users/admin/builder/spi-builder-workspace/.derivedData/SDKExplicitPrecompiledModules -emit-dependencies -emit-module -emit-module-path /Users/admin/builder/spi-builder-workspace/.derivedData/Build/Intermediates.noindex/SpeziBluetooth.build/Debug-appletvos/SpeziBluetoothServices-t.build/Objects-normal/arm64/SpeziBluetoothServices.swiftmodule -serialize-diagnostics -dependency-scan-serialize-diagnostics-path /Users/admin/builder/spi-builder-workspace/.derivedData/Build/Intermediates.noindex/SpeziBluetooth.build/Debug-appletvos/SpeziBluetoothServices-t.build/Objects-normal/arm64/SpeziBluetoothServices-dependency-scan.dia -user-module-version 3.3.2 -validate-clang-modules-once -clang-build-session-file /Users/admin/builder/spi-builder-workspace/.derivedData/ModuleCache.noindex/Session.modulevalidation -Xcc -fmodules-prune-interval\=86400 -Xcc -fmodules-prune-after\=345600 -package-name spezibluetooth -emit-const-values -const-gather-protocols-list /Users/admin/builder/spi-builder-workspace/.derivedData/Build/Intermediates.noindex/SpeziBluetooth.build/Debug-appletvos/SpeziBluetoothServices-t.build/Objects-normal/arm64/SpeziBluetoothServices_const_extract_protocols.json -Xcc -I/Users/admin/builder/spi-builder-workspace/.dependencies/checkouts/swift-cmark/src/include -Xcc -I/Users/admin/builder/spi-builder-workspace/.dependencies/checkouts/swift-cmark/extensions/include -Xcc -I/Users/admin/builder/spi-builder-workspace/.dependencies/checkouts/zstd/lib -Xcc -I/Users/admin/builder/spi-builder-workspace/.dependencies/checkouts/swift-numerics/Sources/_NumericsShims/include -Xcc -I/Users/admin/builder/spi-builder-workspace/.dependencies/checkouts/SpeziFoundation/Sources/SpeziFoundationObjC/include -Xcc -I/Users/admin/builder/spi-builder-workspace/.dependencies/checkouts/swift-atomics/Sources/_AtomicsShims/include -Xcc -I/Users/admin/builder/spi-builder-workspace/.dependencies/checkouts/swift-nio/Sources/CNIOPosix/include -Xcc -I/Users/admin/builder/spi-builder-workspace/.dependencies/checkouts/swift-nio/Sources/CNIOWASI/include -Xcc -I/Users/admin/builder/spi-builder-workspace/.dependencies/checkouts/swift-nio/Sources/CNIOWindows/include -Xcc -I/Users/admin/builder/spi-builder-workspace/.dependencies/checkouts/swift-nio/Sources/CNIOLinux/include -Xcc -I/Users/admin/builder/spi-builder-workspace/.dependencies/checkouts/swift-nio/Sources/CNIODarwin/include -Xcc -I/Users/admin/builder/spi-builder-workspace/.dependencies/checkouts/swift-nio/Sources/CNIOFreeBSD/include -Xcc -I/Users/admin/builder/spi-builder-workspace/.dependencies/checkouts/swift-nio/Sources/CNIOOpenBSD/include -Xcc -I/Users/admin/builder/spi-builder-workspace/.dependencies/checkouts/swift-nio/Sources/CNIOAtomics/include -Xcc -I/Users/admin/builder/spi-builder-workspace/.derivedData/Build/Products/Debug-appletvos/include -Xcc -I/Users/admin/builder/spi-builder-workspace/.derivedData/Build/Intermediates.noindex/SpeziBluetooth.build/Debug-appletvos/SpeziBluetoothServices-t.build/DerivedSources-normal/arm64 -Xcc -I/Users/admin/builder/spi-builder-workspace/.derivedData/Build/Intermediates.noindex/SpeziBluetooth.build/Debug-appletvos/SpeziBluetoothServices-t.build/DerivedSources/arm64 -Xcc -I/Users/admin/builder/spi-builder-workspace/.derivedData/Build/Intermediates.noindex/SpeziBluetooth.build/Debug-appletvos/SpeziBluetoothServices-t.build/DerivedSources -Xcc -DSWIFT_PACKAGE -Xcc -DDEBUG\=1 -emit-objc-header -emit-objc-header-path /Users/admin/builder/spi-builder-workspace/.derivedData/Build/Intermediates.noindex/SpeziBluetooth.build/Debug-appletvos/SpeziBluetoothServices-t.build/Objects-normal/arm64/SpeziBluetoothServices-Swift.h -working-directory /Users/admin/builder/spi-builder-workspace/.swiftpm/xcode -experimental-emit-module-separately -disable-cmo
ExtractAppIntentsMetadata (in target 'NIOPosix' from project 'swift-nio')
cd /Users/admin/builder/spi-builder-workspace/.dependencies/checkouts/swift-nio
/Applications/Xcode-27.0.0-Release.Candidate.app/Contents/Developer/Toolchains/XcodeDefault.xctoolchain/usr/bin/appintentsmetadataprocessor --toolchain-dir /var/run/com.apple.security.cryptexd/mnt/com.apple.MobileAsset.MetalToolchain-v27.1.266.1.3uEkSE/Metal.xctoolchain --module-name NIOPosix --sdk-root /Applications/Xcode-27.0.0-Release.Candidate.app/Contents/Developer/Platforms/AppleTVOS.platform/Developer/SDKs/AppleTVOS27.0.sdk --xcode-version 27A266a --platform-family tvOS --deployment-target 15.0 --bundle-identifier swift-nio.NIOPosix --output /Users/admin/builder/spi-builder-workspace/.derivedData/Build/Products/Debug-appletvos/NIOPosix.appintents --target-triple arm64-apple-tvos15.0 --binary-file /Users/admin/builder/spi-builder-workspace/.derivedData/Build/Products/Debug-appletvos/NIOPosix.o --dependency-file /Users/admin/builder/spi-builder-workspace/.derivedData/Build/Intermediates.noindex/swift-nio.build/Debug-appletvos/NIOPosix-t.build/Objects-normal/arm64/NIOPosix_dependency_info.dat --stringsdata-file /Users/admin/builder/spi-builder-workspace/.derivedData/Build/Intermediates.noindex/swift-nio.build/Debug-appletvos/NIOPosix-t.build/Objects-normal/arm64/ExtractedAppShortcutsMetadata.stringsdata --source-file-list /Users/admin/builder/spi-builder-workspace/.derivedData/Build/Intermediates.noindex/swift-nio.build/Debug-appletvos/NIOPosix-t.build/Objects-normal/arm64/NIOPosix.SwiftFileList --metadata-file-list /Users/admin/builder/spi-builder-workspace/.derivedData/Build/Intermediates.noindex/swift-nio.build/Debug-appletvos/NIOPosix-t.build/NIOPosix.DependencyMetadataFileList --static-metadata-file-list /Users/admin/builder/spi-builder-workspace/.derivedData/Build/Intermediates.noindex/swift-nio.build/Debug-appletvos/NIOPosix-t.build/NIOPosix.DependencyStaticMetadataFileList --swift-const-vals-list /Users/admin/builder/spi-builder-workspace/.derivedData/Build/Intermediates.noindex/swift-nio.build/Debug-appletvos/NIOPosix-t.build/Objects-normal/arm64/NIOPosix.SwiftConstValuesFileList --force --compile-time-extraction --deployment-aware-processing --no-app-shortcuts-localization
2026-09-22 20:50:42.602 appintentsmetadataprocessor[2381:12558] Starting appintentsmetadataprocessor export
2026-09-22 20:50:42.684 appintentsmetadataprocessor[2381:12558] Extracted no relevant App Intents symbols, skipping writing output
SwiftDriverJobDiscovery normal arm64 Compiling ConnectedDevicesEnvironmentModifier.swift, ScanNearbyDevicesModifier.swift, BTUUID.swift, Box.swift, ChangeSubscriptions.swift, ConnectedDevices.swift, ConnectedDevicesModel.swift, Reference.swift, GeneratedStringSymbols_Localizable.swift (in target 'SpeziBluetooth' from project 'SpeziBluetooth')
SwiftDriverJobDiscovery normal arm64 Compiling CharacteristicPeripheralInjection.swift, CharacteristicTestInjections.swift, DeviceActionAccessor.swift, DeviceActionPeripheralInjection.swift, DeviceActionTestInjections.swift, DeviceStateAccessor.swift, DeviceStatePeripheralInjection.swift, DeviceStateTestInjections.swift, ServiceAccessor.swift (in target 'SpeziBluetooth' from project 'SpeziBluetooth')
Ld /Users/admin/builder/spi-builder-workspace/.derivedData/Build/Products/Debug-appletvos/NIO.o normal (in target 'NIO' from project 'swift-nio')
cd /Users/admin/builder/spi-builder-workspace/.dependencies/checkouts/swift-nio
/Applications/Xcode-27.0.0-Release.Candidate.app/Contents/Developer/Toolchains/XcodeDefault.xctoolchain/usr/bin/clang -Xlinker -reproducible -target arm64-apple-tvos15.0 -r -isysroot /Applications/Xcode-27.0.0-Release.Candidate.app/Contents/Developer/Platforms/AppleTVOS.platform/Developer/SDKs/AppleTVOS27.0.sdk -O0 -w -Xlinker -no_warn_duplicate_libraries -F/Users/admin/builder/spi-builder-workspace/.derivedData/Build/Intermediates.noindex/EagerLinkingTBDs/Debug-appletvos -F/Users/admin/builder/spi-builder-workspace/.derivedData/Build/Products/Debug-appletvos/PackageFrameworks -F/Users/admin/builder/spi-builder-workspace/.derivedData/Build/Products/Debug-appletvos -iframework /Applications/Xcode-27.0.0-Release.Candidate.app/Contents/Developer/Platforms/AppleTVOS.platform/Developer/Library/Frameworks -iframework /Applications/Xcode-27.0.0-Release.Candidate.app/Contents/Developer/Platforms/AppleTVOS.platform/Developer/SDKs/AppleTVOS27.0.sdk/Developer/Library/Frameworks -filelist /Users/admin/builder/spi-builder-workspace/.derivedData/Build/Intermediates.noindex/swift-nio.build/Debug-appletvos/NIO-t.build/Objects-normal/arm64/NIO.LinkFileList -nostdlib -Xlinker -object_path_lto -Xlinker /Users/admin/builder/spi-builder-workspace/.derivedData/Build/Intermediates.noindex/swift-nio.build/Debug-appletvos/NIO-t.build/Objects-normal/arm64/NIO_lto.o -Xlinker -no_deduplicate -Xlinker -debug_variant -Xlinker -dependency_info -Xlinker /Users/admin/builder/spi-builder-workspace/.derivedData/Build/Intermediates.noindex/swift-nio.build/Debug-appletvos/NIO-t.build/Objects-normal/arm64/NIO_dependency_info.dat -fobjc-link-runtime -L/Applications/Xcode-27.0.0-Release.Candidate.app/Contents/Developer/Toolchains/XcodeDefault.xctoolchain/usr/lib/swift/appletvos -L/usr/lib/swift -Xlinker -add_ast_path -Xlinker /Users/admin/builder/spi-builder-workspace/.derivedData/Build/Intermediates.noindex/swift-nio.build/Debug-appletvos/NIO-t.build/Objects-normal/arm64/NIO.swiftmodule -o /Users/admin/builder/spi-builder-workspace/.derivedData/Build/Products/Debug-appletvos/NIO.o
SwiftDriverJobDiscovery normal arm64 Compiling resource_bundle_accessor.swift, ASAccessoryEventType+Description.swift, ASDiscoveryDescriptor.Range+Description.swift, AccessoryEventRegistration.swift, AccessorySetupKit.swift, AccessorySetupKitError.swift, DescriptorAspect+ASDiscoveryDescriptor.swift, DeviceVariantCriteria+ASDiscoveryDescriptor.swift, DiscoveryCriteria+Descriptor.swift, ManufacturerIdentifier+Identifier.swift (in target 'SpeziBluetooth' from project 'SpeziBluetooth')
ExtractAppIntentsMetadata (in target 'NIO' from project 'swift-nio')
cd /Users/admin/builder/spi-builder-workspace/.dependencies/checkouts/swift-nio
/Applications/Xcode-27.0.0-Release.Candidate.app/Contents/Developer/Toolchains/XcodeDefault.xctoolchain/usr/bin/appintentsmetadataprocessor --toolchain-dir /var/run/com.apple.security.cryptexd/mnt/com.apple.MobileAsset.MetalToolchain-v27.1.266.1.3uEkSE/Metal.xctoolchain --module-name NIO --sdk-root /Applications/Xcode-27.0.0-Release.Candidate.app/Contents/Developer/Platforms/AppleTVOS.platform/Developer/SDKs/AppleTVOS27.0.sdk --xcode-version 27A266a --platform-family tvOS --deployment-target 15.0 --bundle-identifier swift-nio.NIO --output /Users/admin/builder/spi-builder-workspace/.derivedData/Build/Products/Debug-appletvos/NIO.appintents --target-triple arm64-apple-tvos15.0 --binary-file /Users/admin/builder/spi-builder-workspace/.derivedData/Build/Products/Debug-appletvos/NIO.o --dependency-file /Users/admin/builder/spi-builder-workspace/.derivedData/Build/Intermediates.noindex/swift-nio.build/Debug-appletvos/NIO-t.build/Objects-normal/arm64/NIO_dependency_info.dat --stringsdata-file /Users/admin/builder/spi-builder-workspace/.derivedData/Build/Intermediates.noindex/swift-nio.build/Debug-appletvos/NIO-t.build/Objects-normal/arm64/ExtractedAppShortcutsMetadata.stringsdata --source-file-list /Users/admin/builder/spi-builder-workspace/.derivedData/Build/Intermediates.noindex/swift-nio.build/Debug-appletvos/NIO-t.build/Objects-normal/arm64/NIO.SwiftFileList --metadata-file-list /Users/admin/builder/spi-builder-workspace/.derivedData/Build/Intermediates.noindex/swift-nio.build/Debug-appletvos/NIO-t.build/NIO.DependencyMetadataFileList --static-metadata-file-list /Users/admin/builder/spi-builder-workspace/.derivedData/Build/Intermediates.noindex/swift-nio.build/Debug-appletvos/NIO-t.build/NIO.DependencyStaticMetadataFileList --swift-const-vals-list /Users/admin/builder/spi-builder-workspace/.derivedData/Build/Intermediates.noindex/swift-nio.build/Debug-appletvos/NIO-t.build/Objects-normal/arm64/NIO.SwiftConstValuesFileList --force --compile-time-extraction --deployment-aware-processing --no-app-shortcuts-localization
2026-09-22 20:50:42.745 appintentsmetadataprocessor[2384:12627] Starting appintentsmetadataprocessor export
2026-09-22 20:50:42.815 appintentsmetadataprocessor[2384:12627] Extracted no relevant App Intents symbols, skipping writing output
SwiftDriverJobDiscovery normal arm64 Compiling ServicePeripheralInjection.swift, DeviceDescriptionParser.swift, SetupDeviceVisitor.swift, BaseVisitor.swift, DeviceVisitor.swift, ServiceVisitor.swift, AutoConnectModifier.swift, BluetoothScanner.swift, BluetoothScanningOptionsModifier.swift (in target 'SpeziBluetooth' from project 'SpeziBluetooth')
Ld /Users/admin/builder/spi-builder-workspace/.derivedData/Build/Products/Debug-appletvos/NIOFoundationCompat.o normal (in target 'NIOFoundationCompat' from project 'swift-nio')
cd /Users/admin/builder/spi-builder-workspace/.dependencies/checkouts/swift-nio
/Applications/Xcode-27.0.0-Release.Candidate.app/Contents/Developer/Toolchains/XcodeDefault.xctoolchain/usr/bin/clang -Xlinker -reproducible -target arm64-apple-tvos15.0 -r -isysroot /Applications/Xcode-27.0.0-Release.Candidate.app/Contents/Developer/Platforms/AppleTVOS.platform/Developer/SDKs/AppleTVOS27.0.sdk -O0 -w -Xlinker -no_warn_duplicate_libraries -F/Users/admin/builder/spi-builder-workspace/.derivedData/Build/Intermediates.noindex/EagerLinkingTBDs/Debug-appletvos -F/Users/admin/builder/spi-builder-workspace/.derivedData/Build/Products/Debug-appletvos/PackageFrameworks -F/Users/admin/builder/spi-builder-workspace/.derivedData/Build/Products/Debug-appletvos -iframework /Applications/Xcode-27.0.0-Release.Candidate.app/Contents/Developer/Platforms/AppleTVOS.platform/Developer/Library/Frameworks -iframework /Applications/Xcode-27.0.0-Release.Candidate.app/Contents/Developer/Platforms/AppleTVOS.platform/Developer/SDKs/AppleTVOS27.0.sdk/Developer/Library/Frameworks -filelist /Users/admin/builder/spi-builder-workspace/.derivedData/Build/Intermediates.noindex/swift-nio.build/Debug-appletvos/NIOFoundationCompat-t.build/Objects-normal/arm64/NIOFoundationCompat.LinkFileList -nostdlib -Xlinker -object_path_lto -Xlinker /Users/admin/builder/spi-builder-workspace/.derivedData/Build/Intermediates.noindex/swift-nio.build/Debug-appletvos/NIOFoundationCompat-t.build/Objects-normal/arm64/NIOFoundationCompat_lto.o -Xlinker -no_deduplicate -Xlinker -debug_variant -Xlinker -dependency_info -Xlinker /Users/admin/builder/spi-builder-workspace/.derivedData/Build/Intermediates.noindex/swift-nio.build/Debug-appletvos/NIOFoundationCompat-t.build/Objects-normal/arm64/NIOFoundationCompat_dependency_info.dat -fobjc-link-runtime -L/Applications/Xcode-27.0.0-Release.Candidate.app/Contents/Developer/Toolchains/XcodeDefault.xctoolchain/usr/lib/swift/appletvos -L/usr/lib/swift -Xlinker -add_ast_path -Xlinker /Users/admin/builder/spi-builder-workspace/.derivedData/Build/Intermediates.noindex/swift-nio.build/Debug-appletvos/NIOFoundationCompat-t.build/Objects-normal/arm64/NIOFoundationCompat.swiftmodule -o /Users/admin/builder/spi-builder-workspace/.derivedData/Build/Products/Debug-appletvos/NIOFoundationCompat.o
SwiftDriverJobDiscovery normal arm64 Compiling BluetoothError.swift, BluetoothManagerStorage.swift, BluetoothState.swift, CharacteristicAccesses.swift, CharacteristicLocator.swift, DiscoverySession.swift, GATTCharacteristic.swift, GATTService.swift, MainActorBuffered.swift, ManagedAtomicMainActorBuffered.swift (in target 'SpeziBluetooth' from project 'SpeziBluetooth')
ExtractAppIntentsMetadata (in target 'NIOFoundationCompat' from project 'swift-nio')
cd /Users/admin/builder/spi-builder-workspace/.dependencies/checkouts/swift-nio
/Applications/Xcode-27.0.0-Release.Candidate.app/Contents/Developer/Toolchains/XcodeDefault.xctoolchain/usr/bin/appintentsmetadataprocessor --toolchain-dir /var/run/com.apple.security.cryptexd/mnt/com.apple.MobileAsset.MetalToolchain-v27.1.266.1.3uEkSE/Metal.xctoolchain --module-name NIOFoundationCompat --sdk-root /Applications/Xcode-27.0.0-Release.Candidate.app/Contents/Developer/Platforms/AppleTVOS.platform/Developer/SDKs/AppleTVOS27.0.sdk --xcode-version 27A266a --platform-family tvOS --deployment-target 15.0 --bundle-identifier swift-nio.NIOFoundationCompat --output /Users/admin/builder/spi-builder-workspace/.derivedData/Build/Products/Debug-appletvos/NIOFoundationCompat.appintents --target-triple arm64-apple-tvos15.0 --binary-file /Users/admin/builder/spi-builder-workspace/.derivedData/Build/Products/Debug-appletvos/NIOFoundationCompat.o --dependency-file /Users/admin/builder/spi-builder-workspace/.derivedData/Build/Intermediates.noindex/swift-nio.build/Debug-appletvos/NIOFoundationCompat-t.build/Objects-normal/arm64/NIOFoundationCompat_dependency_info.dat --stringsdata-file /Users/admin/builder/spi-builder-workspace/.derivedData/Build/Intermediates.noindex/swift-nio.build/Debug-appletvos/NIOFoundationCompat-t.build/Objects-normal/arm64/ExtractedAppShortcutsMetadata.stringsdata --source-file-list /Users/admin/builder/spi-builder-workspace/.derivedData/Build/Intermediates.noindex/swift-nio.build/Debug-appletvos/NIOFoundationCompat-t.build/Objects-normal/arm64/NIOFoundationCompat.SwiftFileList --metadata-file-list /Users/admin/builder/spi-builder-workspace/.derivedData/Build/Intermediates.noindex/swift-nio.build/Debug-appletvos/NIOFoundationCompat-t.build/NIOFoundationCompat.DependencyMetadataFileList --static-metadata-file-list /Users/admin/builder/spi-builder-workspace/.derivedData/Build/Intermediates.noindex/swift-nio.build/Debug-appletvos/NIOFoundationCompat-t.build/NIOFoundationCompat.DependencyStaticMetadataFileList --swift-const-vals-list /Users/admin/builder/spi-builder-workspace/.derivedData/Build/Intermediates.noindex/swift-nio.build/Debug-appletvos/NIOFoundationCompat-t.build/Objects-normal/arm64/NIOFoundationCompat.SwiftConstValuesFileList --force --compile-time-extraction --deployment-aware-processing --no-app-shortcuts-localization
2026-09-22 20:50:42.872 appintentsmetadataprocessor[2387:12660] Starting appintentsmetadataprocessor export
2026-09-22 20:50:42.938 appintentsmetadataprocessor[2387:12660] Extracted no relevant App Intents symbols, skipping writing output
Ld /Users/admin/builder/spi-builder-workspace/.derivedData/Build/Products/Debug-appletvos/ByteCoding.o normal (in target 'ByteCoding' from project 'SpeziNetworking')
cd /Users/admin/builder/spi-builder-workspace/.dependencies/checkouts/SpeziNetworking
/Applications/Xcode-27.0.0-Release.Candidate.app/Contents/Developer/Toolchains/XcodeDefault.xctoolchain/usr/bin/clang -Xlinker -reproducible -target arm64-apple-tvos16.0 -r -isysroot /Applications/Xcode-27.0.0-Release.Candidate.app/Contents/Developer/Platforms/AppleTVOS.platform/Developer/SDKs/AppleTVOS27.0.sdk -O0 -w -Xlinker -no_warn_duplicate_libraries -F/Users/admin/builder/spi-builder-workspace/.derivedData/Build/Intermediates.noindex/EagerLinkingTBDs/Debug-appletvos -F/Users/admin/builder/spi-builder-workspace/.derivedData/Build/Products/Debug-appletvos/PackageFrameworks -F/Users/admin/builder/spi-builder-workspace/.derivedData/Build/Products/Debug-appletvos -iframework /Applications/Xcode-27.0.0-Release.Candidate.app/Contents/Developer/Platforms/AppleTVOS.platform/Developer/Library/Frameworks -iframework /Applications/Xcode-27.0.0-Release.Candidate.app/Contents/Developer/Platforms/AppleTVOS.platform/Developer/SDKs/AppleTVOS27.0.sdk/Developer/Library/Frameworks -filelist /Users/admin/builder/spi-builder-workspace/.derivedData/Build/Intermediates.noindex/SpeziNetworking.build/Debug-appletvos/ByteCoding-t.build/Objects-normal/arm64/ByteCoding.LinkFileList -nostdlib -Xlinker -object_path_lto -Xlinker /Users/admin/builder/spi-builder-workspace/.derivedData/Build/Intermediates.noindex/SpeziNetworking.build/Debug-appletvos/ByteCoding-t.build/Objects-normal/arm64/ByteCoding_lto.o -Xlinker -no_deduplicate -Xlinker -debug_variant -Xlinker -dependency_info -Xlinker /Users/admin/builder/spi-builder-workspace/.derivedData/Build/Intermediates.noindex/SpeziNetworking.build/Debug-appletvos/ByteCoding-t.build/Objects-normal/arm64/ByteCoding_dependency_info.dat -fobjc-link-runtime -L/Applications/Xcode-27.0.0-Release.Candidate.app/Contents/Developer/Toolchains/XcodeDefault.xctoolchain/usr/lib/swift/appletvos -L/usr/lib/swift -Xlinker -add_ast_path -Xlinker /Users/admin/builder/spi-builder-workspace/.derivedData/Build/Intermediates.noindex/SpeziNetworking.build/Debug-appletvos/ByteCoding-t.build/Objects-normal/arm64/ByteCoding.swiftmodule -o /Users/admin/builder/spi-builder-workspace/.derivedData/Build/Products/Debug-appletvos/ByteCoding.o
ExtractAppIntentsMetadata (in target 'ByteCoding' from project 'SpeziNetworking')
cd /Users/admin/builder/spi-builder-workspace/.dependencies/checkouts/SpeziNetworking
/Applications/Xcode-27.0.0-Release.Candidate.app/Contents/Developer/Toolchains/XcodeDefault.xctoolchain/usr/bin/appintentsmetadataprocessor --toolchain-dir /var/run/com.apple.security.cryptexd/mnt/com.apple.MobileAsset.MetalToolchain-v27.1.266.1.3uEkSE/Metal.xctoolchain --module-name ByteCoding --sdk-root /Applications/Xcode-27.0.0-Release.Candidate.app/Contents/Developer/Platforms/AppleTVOS.platform/Developer/SDKs/AppleTVOS27.0.sdk --xcode-version 27A266a --platform-family tvOS --deployment-target 16.0 --bundle-identifier spezinetworking.ByteCoding --output /Users/admin/builder/spi-builder-workspace/.derivedData/Build/Products/Debug-appletvos/ByteCoding.appintents --target-triple arm64-apple-tvos16.0 --binary-file /Users/admin/builder/spi-builder-workspace/.derivedData/Build/Products/Debug-appletvos/ByteCoding.o --dependency-file /Users/admin/builder/spi-builder-workspace/.derivedData/Build/Intermediates.noindex/SpeziNetworking.build/Debug-appletvos/ByteCoding-t.build/Objects-normal/arm64/ByteCoding_dependency_info.dat --stringsdata-file /Users/admin/builder/spi-builder-workspace/.derivedData/Build/Intermediates.noindex/SpeziNetworking.build/Debug-appletvos/ByteCoding-t.build/Objects-normal/arm64/ExtractedAppShortcutsMetadata.stringsdata --source-file-list /Users/admin/builder/spi-builder-workspace/.derivedData/Build/Intermediates.noindex/SpeziNetworking.build/Debug-appletvos/ByteCoding-t.build/Objects-normal/arm64/ByteCoding.SwiftFileList --metadata-file-list /Users/admin/builder/spi-builder-workspace/.derivedData/Build/Intermediates.noindex/SpeziNetworking.build/Debug-appletvos/ByteCoding-t.build/ByteCoding.DependencyMetadataFileList --static-metadata-file-list /Users/admin/builder/spi-builder-workspace/.derivedData/Build/Intermediates.noindex/SpeziNetworking.build/Debug-appletvos/ByteCoding-t.build/ByteCoding.DependencyStaticMetadataFileList --swift-const-vals-list /Users/admin/builder/spi-builder-workspace/.derivedData/Build/Intermediates.noindex/SpeziNetworking.build/Debug-appletvos/ByteCoding-t.build/Objects-normal/arm64/ByteCoding.SwiftConstValuesFileList --force --compile-time-extraction --deployment-aware-processing --no-app-shortcuts-localization
2026-09-22 20:50:42.980 appintentsmetadataprocessor[2390:12699] Starting appintentsmetadataprocessor export
2026-09-22 20:50:43.042 appintentsmetadataprocessor[2390:12699] Extracted no relevant App Intents symbols, skipping writing output
SwiftCompile normal arm64 Compiling\ BloodPressureFeature.swift,\ BloodPressureMeasurement.swift,\ IntermediateCuffPressure.swift,\ MeasurementInterval.swift /Users/admin/builder/spi-builder-workspace/.dependencies/checkouts/SpeziBluetooth/Sources/SpeziBluetoothServices/Characteristics/BloodPressureFeature.swift /Users/admin/builder/spi-builder-workspace/.dependencies/checkouts/SpeziBluetooth/Sources/SpeziBluetoothServices/Characteristics/BloodPressureMeasurement.swift /Users/admin/builder/spi-builder-workspace/.dependencies/checkouts/SpeziBluetooth/Sources/SpeziBluetoothServices/Characteristics/IntermediateCuffPressure.swift /Users/admin/builder/spi-builder-workspace/.dependencies/checkouts/SpeziBluetooth/Sources/SpeziBluetoothServices/Characteristics/MeasurementInterval.swift (in target 'SpeziBluetoothServices' from project 'SpeziBluetooth')
SwiftCompile normal arm64 /Users/admin/builder/spi-builder-workspace/.dependencies/checkouts/SpeziBluetooth/Sources/SpeziBluetoothServices/Characteristics/BloodPressureFeature.swift (in target 'SpeziBluetoothServices' from project 'SpeziBluetooth')
cd /Users/admin/builder/spi-builder-workspace/.swiftpm/xcode
builtin-SwiftPerFileCompile BloodPressureFeature.swift
SwiftCompile normal arm64 /Users/admin/builder/spi-builder-workspace/.dependencies/checkouts/SpeziBluetooth/Sources/SpeziBluetoothServices/Characteristics/BloodPressureMeasurement.swift (in target 'SpeziBluetoothServices' from project 'SpeziBluetooth')
cd /Users/admin/builder/spi-builder-workspace/.swiftpm/xcode
builtin-SwiftPerFileCompile BloodPressureMeasurement.swift
SwiftCompile normal arm64 /Users/admin/builder/spi-builder-workspace/.dependencies/checkouts/SpeziBluetooth/Sources/SpeziBluetoothServices/Characteristics/IntermediateCuffPressure.swift (in target 'SpeziBluetoothServices' from project 'SpeziBluetooth')
cd /Users/admin/builder/spi-builder-workspace/.swiftpm/xcode
builtin-SwiftPerFileCompile IntermediateCuffPressure.swift
SwiftCompile normal arm64 /Users/admin/builder/spi-builder-workspace/.dependencies/checkouts/SpeziBluetooth/Sources/SpeziBluetoothServices/Characteristics/MeasurementInterval.swift (in target 'SpeziBluetoothServices' from project 'SpeziBluetooth')
cd /Users/admin/builder/spi-builder-workspace/.swiftpm/xcode
builtin-SwiftPerFileCompile MeasurementInterval.swift
SwiftEmitModule normal arm64 Emitting\ module\ for\ SpeziBluetoothServices (in target 'SpeziBluetoothServices' from project 'SpeziBluetooth')
SwiftCompile normal arm64 (in target 'SpeziBluetoothServices' from project 'SpeziBluetooth')
cd /Users/admin/builder/spi-builder-workspace/.swiftpm/xcode
SwiftCompile normal arm64 Compiling\ CharacteristicAccessor+GenericRecordAccess.swift,\ RecordAccessFilterCriteria.swift,\ RecordAccessFilterType.swift,\ RecordAccessGeneralResponse.swift /Users/admin/builder/spi-builder-workspace/.dependencies/checkouts/SpeziBluetooth/Sources/SpeziBluetoothServices/Characteristics/RecordAccess/GenericOperand/CharacteristicAccessor+GenericRecordAccess.swift /Users/admin/builder/spi-builder-workspace/.dependencies/checkouts/SpeziBluetooth/Sources/SpeziBluetoothServices/Characteristics/RecordAccess/GenericOperand/RecordAccessFilterCriteria.swift /Users/admin/builder/spi-builder-workspace/.dependencies/checkouts/SpeziBluetooth/Sources/SpeziBluetoothServices/Characteristics/RecordAccess/GenericOperand/RecordAccessFilterType.swift /Users/admin/builder/spi-builder-workspace/.dependencies/checkouts/SpeziBluetooth/Sources/SpeziBluetoothServices/Characteristics/RecordAccess/GenericOperand/RecordAccessGeneralResponse.swift (in target 'SpeziBluetoothServices' from project 'SpeziBluetooth')
SwiftCompile normal arm64 /Users/admin/builder/spi-builder-workspace/.dependencies/checkouts/SpeziBluetooth/Sources/SpeziBluetoothServices/Characteristics/RecordAccess/GenericOperand/CharacteristicAccessor+GenericRecordAccess.swift (in target 'SpeziBluetoothServices' from project 'SpeziBluetooth')
cd /Users/admin/builder/spi-builder-workspace/.swiftpm/xcode
builtin-SwiftPerFileCompile CharacteristicAccessor+GenericRecordAccess.swift
SwiftCompile normal arm64 /Users/admin/builder/spi-builder-workspace/.dependencies/checkouts/SpeziBluetooth/Sources/SpeziBluetoothServices/Characteristics/RecordAccess/GenericOperand/RecordAccessFilterCriteria.swift (in target 'SpeziBluetoothServices' from project 'SpeziBluetooth')
cd /Users/admin/builder/spi-builder-workspace/.swiftpm/xcode
builtin-SwiftPerFileCompile RecordAccessFilterCriteria.swift
SwiftCompile normal arm64 /Users/admin/builder/spi-builder-workspace/.dependencies/checkouts/SpeziBluetooth/Sources/SpeziBluetoothServices/Characteristics/RecordAccess/GenericOperand/RecordAccessFilterType.swift (in target 'SpeziBluetoothServices' from project 'SpeziBluetooth')
cd /Users/admin/builder/spi-builder-workspace/.swiftpm/xcode
builtin-SwiftPerFileCompile RecordAccessFilterType.swift
SwiftCompile normal arm64 /Users/admin/builder/spi-builder-workspace/.dependencies/checkouts/SpeziBluetooth/Sources/SpeziBluetoothServices/Characteristics/RecordAccess/GenericOperand/RecordAccessGeneralResponse.swift (in target 'SpeziBluetoothServices' from project 'SpeziBluetooth')
cd /Users/admin/builder/spi-builder-workspace/.swiftpm/xcode
builtin-SwiftPerFileCompile RecordAccessGeneralResponse.swift
SwiftCompile normal arm64 Compiling\ RecordAccessResponseFormatError.swift,\ TemperatureMeasurement.swift,\ TemperatureType.swift,\ CurrentTime.swift /Users/admin/builder/spi-builder-workspace/.dependencies/checkouts/SpeziBluetooth/Sources/SpeziBluetoothServices/Characteristics/RecordAccess/RecordAccessResponseFormatError.swift /Users/admin/builder/spi-builder-workspace/.dependencies/checkouts/SpeziBluetooth/Sources/SpeziBluetoothServices/Characteristics/TemperatureMeasurement.swift /Users/admin/builder/spi-builder-workspace/.dependencies/checkouts/SpeziBluetooth/Sources/SpeziBluetoothServices/Characteristics/TemperatureType.swift /Users/admin/builder/spi-builder-workspace/.dependencies/checkouts/SpeziBluetooth/Sources/SpeziBluetoothServices/Characteristics/Time/CurrentTime.swift (in target 'SpeziBluetoothServices' from project 'SpeziBluetooth')
SwiftCompile normal arm64 /Users/admin/builder/spi-builder-workspace/.dependencies/checkouts/SpeziBluetooth/Sources/SpeziBluetoothServices/Characteristics/RecordAccess/RecordAccessResponseFormatError.swift (in target 'SpeziBluetoothServices' from project 'SpeziBluetooth')
cd /Users/admin/builder/spi-builder-workspace/.swiftpm/xcode
builtin-SwiftPerFileCompile RecordAccessResponseFormatError.swift
SwiftCompile normal arm64 /Users/admin/builder/spi-builder-workspace/.dependencies/checkouts/SpeziBluetooth/Sources/SpeziBluetoothServices/Characteristics/TemperatureMeasurement.swift (in target 'SpeziBluetoothServices' from project 'SpeziBluetooth')
cd /Users/admin/builder/spi-builder-workspace/.swiftpm/xcode
builtin-SwiftPerFileCompile TemperatureMeasurement.swift
SwiftCompile normal arm64 /Users/admin/builder/spi-builder-workspace/.dependencies/checkouts/SpeziBluetooth/Sources/SpeziBluetoothServices/Characteristics/TemperatureType.swift (in target 'SpeziBluetoothServices' from project 'SpeziBluetooth')
cd /Users/admin/builder/spi-builder-workspace/.swiftpm/xcode
builtin-SwiftPerFileCompile TemperatureType.swift
SwiftCompile normal arm64 /Users/admin/builder/spi-builder-workspace/.dependencies/checkouts/SpeziBluetooth/Sources/SpeziBluetoothServices/Characteristics/Time/CurrentTime.swift (in target 'SpeziBluetoothServices' from project 'SpeziBluetooth')
cd /Users/admin/builder/spi-builder-workspace/.swiftpm/xcode
builtin-SwiftPerFileCompile CurrentTime.swift
SwiftCompile normal arm64 Compiling\ RecordAccessGenericOperand.swift,\ RecordAccessControlPoint+Operations.swift,\ RecordAccessControlPoint.swift,\ RecordAccessOpCode.swift /Users/admin/builder/spi-builder-workspace/.dependencies/checkouts/SpeziBluetooth/Sources/SpeziBluetoothServices/Characteristics/RecordAccess/GenericOperand/RecordAccessGenericOperand.swift /Users/admin/builder/spi-builder-workspace/.dependencies/checkouts/SpeziBluetooth/Sources/SpeziBluetoothServices/Characteristics/RecordAccess/RecordAccessControlPoint+Operations.swift /Users/admin/builder/spi-builder-workspace/.dependencies/checkouts/SpeziBluetooth/Sources/SpeziBluetoothServices/Characteristics/RecordAccess/RecordAccessControlPoint.swift /Users/admin/builder/spi-builder-workspace/.dependencies/checkouts/SpeziBluetooth/Sources/SpeziBluetoothServices/Characteristics/RecordAccess/RecordAccessOpCode.swift (in target 'SpeziBluetoothServices' from project 'SpeziBluetooth')
SwiftCompile normal arm64 /Users/admin/builder/spi-builder-workspace/.dependencies/checkouts/SpeziBluetooth/Sources/SpeziBluetoothServices/Characteristics/RecordAccess/GenericOperand/RecordAccessGenericOperand.swift (in target 'SpeziBluetoothServices' from project 'SpeziBluetooth')
cd /Users/admin/builder/spi-builder-workspace/.swiftpm/xcode
builtin-SwiftPerFileCompile RecordAccessGenericOperand.swift
SwiftCompile normal arm64 /Users/admin/builder/spi-builder-workspace/.dependencies/checkouts/SpeziBluetooth/Sources/SpeziBluetoothServices/Characteristics/RecordAccess/RecordAccessControlPoint+Operations.swift (in target 'SpeziBluetoothServices' from project 'SpeziBluetooth')
cd /Users/admin/builder/spi-builder-workspace/.swiftpm/xcode
builtin-SwiftPerFileCompile RecordAccessControlPoint+Operations.swift
SwiftCompile normal arm64 /Users/admin/builder/spi-builder-workspace/.dependencies/checkouts/SpeziBluetooth/Sources/SpeziBluetoothServices/Characteristics/RecordAccess/RecordAccessControlPoint.swift (in target 'SpeziBluetoothServices' from project 'SpeziBluetooth')
cd /Users/admin/builder/spi-builder-workspace/.swiftpm/xcode
builtin-SwiftPerFileCompile RecordAccessControlPoint.swift
SwiftCompile normal arm64 /Users/admin/builder/spi-builder-workspace/.dependencies/checkouts/SpeziBluetooth/Sources/SpeziBluetoothServices/Characteristics/RecordAccess/RecordAccessOpCode.swift (in target 'SpeziBluetoothServices' from project 'SpeziBluetooth')
cd /Users/admin/builder/spi-builder-workspace/.swiftpm/xcode
builtin-SwiftPerFileCompile RecordAccessOpCode.swift
SwiftCompile normal arm64 Compiling\ DateTime.swift,\ DayDateTime.swift,\ DayOfWeek.swift,\ ExactTime256.swift /Users/admin/builder/spi-builder-workspace/.dependencies/checkouts/SpeziBluetooth/Sources/SpeziBluetoothServices/Characteristics/Time/DateTime.swift /Users/admin/builder/spi-builder-workspace/.dependencies/checkouts/SpeziBluetooth/Sources/SpeziBluetoothServices/Characteristics/Time/DayDateTime.swift /Users/admin/builder/spi-builder-workspace/.dependencies/checkouts/SpeziBluetooth/Sources/SpeziBluetoothServices/Characteristics/Time/DayOfWeek.swift /Users/admin/builder/spi-builder-workspace/.dependencies/checkouts/SpeziBluetooth/Sources/SpeziBluetoothServices/Characteristics/Time/ExactTime256.swift (in target 'SpeziBluetoothServices' from project 'SpeziBluetooth')
SwiftCompile normal arm64 /Users/admin/builder/spi-builder-workspace/.dependencies/checkouts/SpeziBluetooth/Sources/SpeziBluetoothServices/Characteristics/Time/DateTime.swift (in target 'SpeziBluetoothServices' from project 'SpeziBluetooth')
cd /Users/admin/builder/spi-builder-workspace/.swiftpm/xcode
builtin-SwiftPerFileCompile DateTime.swift
SwiftCompile normal arm64 /Users/admin/builder/spi-builder-workspace/.dependencies/checkouts/SpeziBluetooth/Sources/SpeziBluetoothServices/Characteristics/Time/DayDateTime.swift (in target 'SpeziBluetoothServices' from project 'SpeziBluetooth')
cd /Users/admin/builder/spi-builder-workspace/.swiftpm/xcode
builtin-SwiftPerFileCompile DayDateTime.swift
SwiftCompile normal arm64 /Users/admin/builder/spi-builder-workspace/.dependencies/checkouts/SpeziBluetooth/Sources/SpeziBluetoothServices/Characteristics/Time/DayOfWeek.swift (in target 'SpeziBluetoothServices' from project 'SpeziBluetooth')
cd /Users/admin/builder/spi-builder-workspace/.swiftpm/xcode
builtin-SwiftPerFileCompile DayOfWeek.swift
SwiftCompile normal arm64 /Users/admin/builder/spi-builder-workspace/.dependencies/checkouts/SpeziBluetooth/Sources/SpeziBluetoothServices/Characteristics/Time/ExactTime256.swift (in target 'SpeziBluetoothServices' from project 'SpeziBluetooth')
cd /Users/admin/builder/spi-builder-workspace/.swiftpm/xcode
builtin-SwiftPerFileCompile ExactTime256.swift
SwiftCompile normal arm64 Compiling\ WeightMeasurement.swift,\ WeightScaleFeature.swift,\ BatteryService.swift,\ BloodPressureService.swift /Users/admin/builder/spi-builder-workspace/.dependencies/checkouts/SpeziBluetooth/Sources/SpeziBluetoothServices/Characteristics/WeightMeasurement.swift /Users/admin/builder/spi-builder-workspace/.dependencies/checkouts/SpeziBluetooth/Sources/SpeziBluetoothServices/Characteristics/WeightScaleFeature.swift /Users/admin/builder/spi-builder-workspace/.dependencies/checkouts/SpeziBluetooth/Sources/SpeziBluetoothServices/Services/BatteryService.swift /Users/admin/builder/spi-builder-workspace/.dependencies/checkouts/SpeziBluetooth/Sources/SpeziBluetoothServices/Services/BloodPressureService.swift (in target 'SpeziBluetoothServices' from project 'SpeziBluetooth')
SwiftCompile normal arm64 /Users/admin/builder/spi-builder-workspace/.dependencies/checkouts/SpeziBluetooth/Sources/SpeziBluetoothServices/Characteristics/WeightMeasurement.swift (in target 'SpeziBluetoothServices' from project 'SpeziBluetooth')
cd /Users/admin/builder/spi-builder-workspace/.swiftpm/xcode
builtin-SwiftPerFileCompile WeightMeasurement.swift
SwiftCompile normal arm64 /Users/admin/builder/spi-builder-workspace/.dependencies/checkouts/SpeziBluetooth/Sources/SpeziBluetoothServices/Characteristics/WeightScaleFeature.swift (in target 'SpeziBluetoothServices' from project 'SpeziBluetooth')
cd /Users/admin/builder/spi-builder-workspace/.swiftpm/xcode
builtin-SwiftPerFileCompile WeightScaleFeature.swift
SwiftCompile normal arm64 /Users/admin/builder/spi-builder-workspace/.dependencies/checkouts/SpeziBluetooth/Sources/SpeziBluetoothServices/Services/BatteryService.swift (in target 'SpeziBluetoothServices' from project 'SpeziBluetooth')
cd /Users/admin/builder/spi-builder-workspace/.swiftpm/xcode
builtin-SwiftPerFileCompile BatteryService.swift
SwiftCompile normal arm64 /Users/admin/builder/spi-builder-workspace/.dependencies/checkouts/SpeziBluetooth/Sources/SpeziBluetoothServices/Services/BloodPressureService.swift (in target 'SpeziBluetoothServices' from project 'SpeziBluetooth')
cd /Users/admin/builder/spi-builder-workspace/.swiftpm/xcode
builtin-SwiftPerFileCompile BloodPressureService.swift
SwiftCompile normal arm64 Compiling\ PLXContinuousMeasurement.swift,\ PLXFeatures.swift,\ PLXSpotCheckMeasurement.swift,\ PnPID.swift /Users/admin/builder/spi-builder-workspace/.dependencies/checkouts/SpeziBluetooth/Sources/SpeziBluetoothServices/Characteristics/PLXContinuousMeasurement.swift /Users/admin/builder/spi-builder-workspace/.dependencies/checkouts/SpeziBluetooth/Sources/SpeziBluetoothServices/Characteristics/PLXFeatures.swift /Users/admin/builder/spi-builder-workspace/.dependencies/checkouts/SpeziBluetooth/Sources/SpeziBluetoothServices/Characteristics/PLXSpotCheckMeasurement.swift /Users/admin/builder/spi-builder-workspace/.dependencies/checkouts/SpeziBluetooth/Sources/SpeziBluetoothServices/Characteristics/PnPID.swift (in target 'SpeziBluetoothServices' from project 'SpeziBluetooth')
SwiftCompile normal arm64 /Users/admin/builder/spi-builder-workspace/.dependencies/checkouts/SpeziBluetooth/Sources/SpeziBluetoothServices/Characteristics/PLXContinuousMeasurement.swift (in target 'SpeziBluetoothServices' from project 'SpeziBluetooth')
cd /Users/admin/builder/spi-builder-workspace/.swiftpm/xcode
builtin-SwiftPerFileCompile PLXContinuousMeasurement.swift
SwiftCompile normal arm64 /Users/admin/builder/spi-builder-workspace/.dependencies/checkouts/SpeziBluetooth/Sources/SpeziBluetoothServices/Characteristics/PLXFeatures.swift (in target 'SpeziBluetoothServices' from project 'SpeziBluetooth')
cd /Users/admin/builder/spi-builder-workspace/.swiftpm/xcode
builtin-SwiftPerFileCompile PLXFeatures.swift
SwiftCompile normal arm64 /Users/admin/builder/spi-builder-workspace/.dependencies/checkouts/SpeziBluetooth/Sources/SpeziBluetoothServices/Characteristics/PLXSpotCheckMeasurement.swift (in target 'SpeziBluetoothServices' from project 'SpeziBluetooth')
cd /Users/admin/builder/spi-builder-workspace/.swiftpm/xcode
builtin-SwiftPerFileCompile PLXSpotCheckMeasurement.swift
SwiftCompile normal arm64 /Users/admin/builder/spi-builder-workspace/.dependencies/checkouts/SpeziBluetooth/Sources/SpeziBluetoothServices/Characteristics/PnPID.swift (in target 'SpeziBluetoothServices' from project 'SpeziBluetooth')
cd /Users/admin/builder/spi-builder-workspace/.swiftpm/xcode
builtin-SwiftPerFileCompile PnPID.swift
SwiftCompile normal arm64 Compiling\ RecordAccessOperand.swift,\ RecordAccessOperationContent.swift,\ RecordAccessOperator.swift,\ RecordAccessResponseCode.swift /Users/admin/builder/spi-builder-workspace/.dependencies/checkouts/SpeziBluetooth/Sources/SpeziBluetoothServices/Characteristics/RecordAccess/RecordAccessOperand.swift /Users/admin/builder/spi-builder-workspace/.dependencies/checkouts/SpeziBluetooth/Sources/SpeziBluetoothServices/Characteristics/RecordAccess/RecordAccessOperationContent.swift /Users/admin/builder/spi-builder-workspace/.dependencies/checkouts/SpeziBluetooth/Sources/SpeziBluetoothServices/Characteristics/RecordAccess/RecordAccessOperator.swift /Users/admin/builder/spi-builder-workspace/.dependencies/checkouts/SpeziBluetooth/Sources/SpeziBluetoothServices/Characteristics/RecordAccess/RecordAccessResponseCode.swift (in target 'SpeziBluetoothServices' from project 'SpeziBluetooth')
SwiftCompile normal arm64 /Users/admin/builder/spi-builder-workspace/.dependencies/checkouts/SpeziBluetooth/Sources/SpeziBluetoothServices/Characteristics/RecordAccess/RecordAccessOperand.swift (in target 'SpeziBluetoothServices' from project 'SpeziBluetooth')
cd /Users/admin/builder/spi-builder-workspace/.swiftpm/xcode
builtin-SwiftPerFileCompile RecordAccessOperand.swift
SwiftCompile normal arm64 /Users/admin/builder/spi-builder-workspace/.dependencies/checkouts/SpeziBluetooth/Sources/SpeziBluetoothServices/Characteristics/RecordAccess/RecordAccessOperationContent.swift (in target 'SpeziBluetoothServices' from project 'SpeziBluetooth')
cd /Users/admin/builder/spi-builder-workspace/.swiftpm/xcode
builtin-SwiftPerFileCompile RecordAccessOperationContent.swift
SwiftCompile normal arm64 /Users/admin/builder/spi-builder-workspace/.dependencies/checkouts/SpeziBluetooth/Sources/SpeziBluetoothServices/Characteristics/RecordAccess/RecordAccessOperator.swift (in target 'SpeziBluetoothServices' from project 'SpeziBluetooth')
cd /Users/admin/builder/spi-builder-workspace/.swiftpm/xcode
builtin-SwiftPerFileCompile RecordAccessOperator.swift
SwiftCompile normal arm64 /Users/admin/builder/spi-builder-workspace/.dependencies/checkouts/SpeziBluetooth/Sources/SpeziBluetoothServices/Characteristics/RecordAccess/RecordAccessResponseCode.swift (in target 'SpeziBluetoothServices' from project 'SpeziBluetooth')
cd /Users/admin/builder/spi-builder-workspace/.swiftpm/xcode
builtin-SwiftPerFileCompile RecordAccessResponseCode.swift
SwiftCompile normal arm64 Compiling\ WeightScaleService.swift,\ CBUUID+Characteristics.swift,\ EventLog.swift,\ TestService.swift /Users/admin/builder/spi-builder-workspace/.dependencies/checkouts/SpeziBluetooth/Sources/SpeziBluetoothServices/Services/WeightScaleService.swift /Users/admin/builder/spi-builder-workspace/.dependencies/checkouts/SpeziBluetooth/Sources/SpeziBluetoothServices/TestingSupport/CBUUID+Characteristics.swift /Users/admin/builder/spi-builder-workspace/.dependencies/checkouts/SpeziBluetooth/Sources/SpeziBluetoothServices/TestingSupport/EventLog.swift /Users/admin/builder/spi-builder-workspace/.dependencies/checkouts/SpeziBluetooth/Sources/SpeziBluetoothServices/TestingSupport/TestService.swift (in target 'SpeziBluetoothServices' from project 'SpeziBluetooth')
SwiftCompile normal arm64 /Users/admin/builder/spi-builder-workspace/.dependencies/checkouts/SpeziBluetooth/Sources/SpeziBluetoothServices/Services/WeightScaleService.swift (in target 'SpeziBluetoothServices' from project 'SpeziBluetooth')
cd /Users/admin/builder/spi-builder-workspace/.swiftpm/xcode
builtin-SwiftPerFileCompile WeightScaleService.swift
SwiftCompile normal arm64 /Users/admin/builder/spi-builder-workspace/.dependencies/checkouts/SpeziBluetooth/Sources/SpeziBluetoothServices/TestingSupport/CBUUID+Characteristics.swift (in target 'SpeziBluetoothServices' from project 'SpeziBluetooth')
cd /Users/admin/builder/spi-builder-workspace/.swiftpm/xcode
builtin-SwiftPerFileCompile CBUUID+Characteristics.swift
SwiftCompile normal arm64 /Users/admin/builder/spi-builder-workspace/.dependencies/checkouts/SpeziBluetooth/Sources/SpeziBluetoothServices/TestingSupport/EventLog.swift (in target 'SpeziBluetoothServices' from project 'SpeziBluetooth')
cd /Users/admin/builder/spi-builder-workspace/.swiftpm/xcode
builtin-SwiftPerFileCompile EventLog.swift
SwiftCompile normal arm64 /Users/admin/builder/spi-builder-workspace/.dependencies/checkouts/SpeziBluetooth/Sources/SpeziBluetoothServices/TestingSupport/TestService.swift (in target 'SpeziBluetoothServices' from project 'SpeziBluetooth')
cd /Users/admin/builder/spi-builder-workspace/.swiftpm/xcode
builtin-SwiftPerFileCompile TestService.swift
SwiftDriverJobDiscovery normal arm64 Compiling RecordAccessOperand.swift, RecordAccessOperationContent.swift, RecordAccessOperator.swift, RecordAccessResponseCode.swift (in target 'SpeziBluetoothServices' from project 'SpeziBluetooth')
SwiftCompile normal arm64 Compiling\ CurrentTimeService.swift,\ DeviceInformationService.swift,\ HealthThermometerService.swift,\ PulseOximeterService.swift /Users/admin/builder/spi-builder-workspace/.dependencies/checkouts/SpeziBluetooth/Sources/SpeziBluetoothServices/Services/CurrentTimeService.swift /Users/admin/builder/spi-builder-workspace/.dependencies/checkouts/SpeziBluetooth/Sources/SpeziBluetoothServices/Services/DeviceInformationService.swift /Users/admin/builder/spi-builder-workspace/.dependencies/checkouts/SpeziBluetooth/Sources/SpeziBluetoothServices/Services/HealthThermometerService.swift /Users/admin/builder/spi-builder-workspace/.dependencies/checkouts/SpeziBluetooth/Sources/SpeziBluetoothServices/Services/PulseOximeterService.swift (in target 'SpeziBluetoothServices' from project 'SpeziBluetooth')
SwiftCompile normal arm64 /Users/admin/builder/spi-builder-workspace/.dependencies/checkouts/SpeziBluetooth/Sources/SpeziBluetoothServices/Services/CurrentTimeService.swift (in target 'SpeziBluetoothServices' from project 'SpeziBluetooth')
cd /Users/admin/builder/spi-builder-workspace/.swiftpm/xcode
builtin-SwiftPerFileCompile CurrentTimeService.swift
SwiftCompile normal arm64 /Users/admin/builder/spi-builder-workspace/.dependencies/checkouts/SpeziBluetooth/Sources/SpeziBluetoothServices/Services/DeviceInformationService.swift (in target 'SpeziBluetoothServices' from project 'SpeziBluetooth')
cd /Users/admin/builder/spi-builder-workspace/.swiftpm/xcode
builtin-SwiftPerFileCompile DeviceInformationService.swift
SwiftCompile normal arm64 /Users/admin/builder/spi-builder-workspace/.dependencies/checkouts/SpeziBluetooth/Sources/SpeziBluetoothServices/Services/HealthThermometerService.swift (in target 'SpeziBluetoothServices' from project 'SpeziBluetooth')
cd /Users/admin/builder/spi-builder-workspace/.swiftpm/xcode
builtin-SwiftPerFileCompile HealthThermometerService.swift
SwiftCompile normal arm64 /Users/admin/builder/spi-builder-workspace/.dependencies/checkouts/SpeziBluetooth/Sources/SpeziBluetoothServices/Services/PulseOximeterService.swift (in target 'SpeziBluetoothServices' from project 'SpeziBluetooth')
cd /Users/admin/builder/spi-builder-workspace/.swiftpm/xcode
builtin-SwiftPerFileCompile PulseOximeterService.swift
SwiftDriverJobDiscovery normal arm64 Compiling RecordAccessGenericOperand.swift, RecordAccessControlPoint+Operations.swift, RecordAccessControlPoint.swift, RecordAccessOpCode.swift (in target 'SpeziBluetoothServices' from project 'SpeziBluetooth')
SwiftDriverJobDiscovery normal arm64 Compiling CharacteristicAccessor+GenericRecordAccess.swift, RecordAccessFilterCriteria.swift, RecordAccessFilterType.swift, RecordAccessGeneralResponse.swift (in target 'SpeziBluetoothServices' from project 'SpeziBluetooth')
Ld /Users/admin/builder/spi-builder-workspace/.derivedData/Build/Products/Debug-appletvos/SpeziNumerics.o normal (in target 'SpeziNumerics' from project 'SpeziNetworking')
cd /Users/admin/builder/spi-builder-workspace/.dependencies/checkouts/SpeziNetworking
/Applications/Xcode-27.0.0-Release.Candidate.app/Contents/Developer/Toolchains/XcodeDefault.xctoolchain/usr/bin/clang -Xlinker -reproducible -target arm64-apple-tvos16.0 -r -isysroot /Applications/Xcode-27.0.0-Release.Candidate.app/Contents/Developer/Platforms/AppleTVOS.platform/Developer/SDKs/AppleTVOS27.0.sdk -O0 -w -Xlinker -no_warn_duplicate_libraries -F/Users/admin/builder/spi-builder-workspace/.derivedData/Build/Intermediates.noindex/EagerLinkingTBDs/Debug-appletvos -F/Users/admin/builder/spi-builder-workspace/.derivedData/Build/Products/Debug-appletvos/PackageFrameworks -F/Users/admin/builder/spi-builder-workspace/.derivedData/Build/Products/Debug-appletvos -iframework /Applications/Xcode-27.0.0-Release.Candidate.app/Contents/Developer/Platforms/AppleTVOS.platform/Developer/Library/Frameworks -iframework /Applications/Xcode-27.0.0-Release.Candidate.app/Contents/Developer/Platforms/AppleTVOS.platform/Developer/SDKs/AppleTVOS27.0.sdk/Developer/Library/Frameworks -filelist /Users/admin/builder/spi-builder-workspace/.derivedData/Build/Intermediates.noindex/SpeziNetworking.build/Debug-appletvos/SpeziNumerics-t.build/Objects-normal/arm64/SpeziNumerics.LinkFileList -nostdlib -Xlinker -object_path_lto -Xlinker /Users/admin/builder/spi-builder-workspace/.derivedData/Build/Intermediates.noindex/SpeziNetworking.build/Debug-appletvos/SpeziNumerics-t.build/Objects-normal/arm64/SpeziNumerics_lto.o -Xlinker -no_deduplicate -Xlinker -debug_variant -Xlinker -dependency_info -Xlinker /Users/admin/builder/spi-builder-workspace/.derivedData/Build/Intermediates.noindex/SpeziNetworking.build/Debug-appletvos/SpeziNumerics-t.build/Objects-normal/arm64/SpeziNumerics_dependency_info.dat -fobjc-link-runtime -L/Applications/Xcode-27.0.0-Release.Candidate.app/Contents/Developer/Toolchains/XcodeDefault.xctoolchain/usr/lib/swift/appletvos -L/usr/lib/swift -Xlinker -add_ast_path -Xlinker /Users/admin/builder/spi-builder-workspace/.derivedData/Build/Intermediates.noindex/SpeziNetworking.build/Debug-appletvos/SpeziNumerics-t.build/Objects-normal/arm64/SpeziNumerics.swiftmodule -o /Users/admin/builder/spi-builder-workspace/.derivedData/Build/Products/Debug-appletvos/SpeziNumerics.o
ExtractAppIntentsMetadata (in target 'SpeziNumerics' from project 'SpeziNetworking')
cd /Users/admin/builder/spi-builder-workspace/.dependencies/checkouts/SpeziNetworking
/Applications/Xcode-27.0.0-Release.Candidate.app/Contents/Developer/Toolchains/XcodeDefault.xctoolchain/usr/bin/appintentsmetadataprocessor --toolchain-dir /var/run/com.apple.security.cryptexd/mnt/com.apple.MobileAsset.MetalToolchain-v27.1.266.1.3uEkSE/Metal.xctoolchain --module-name SpeziNumerics --sdk-root /Applications/Xcode-27.0.0-Release.Candidate.app/Contents/Developer/Platforms/AppleTVOS.platform/Developer/SDKs/AppleTVOS27.0.sdk --xcode-version 27A266a --platform-family tvOS --deployment-target 16.0 --bundle-identifier spezinetworking.SpeziNumerics --output /Users/admin/builder/spi-builder-workspace/.derivedData/Build/Products/Debug-appletvos/SpeziNumerics.appintents --target-triple arm64-apple-tvos16.0 --binary-file /Users/admin/builder/spi-builder-workspace/.derivedData/Build/Products/Debug-appletvos/SpeziNumerics.o --dependency-file /Users/admin/builder/spi-builder-workspace/.derivedData/Build/Intermediates.noindex/SpeziNetworking.build/Debug-appletvos/SpeziNumerics-t.build/Objects-normal/arm64/SpeziNumerics_dependency_info.dat --stringsdata-file /Users/admin/builder/spi-builder-workspace/.derivedData/Build/Intermediates.noindex/SpeziNetworking.build/Debug-appletvos/SpeziNumerics-t.build/Objects-normal/arm64/ExtractedAppShortcutsMetadata.stringsdata --source-file-list /Users/admin/builder/spi-builder-workspace/.derivedData/Build/Intermediates.noindex/SpeziNetworking.build/Debug-appletvos/SpeziNumerics-t.build/Objects-normal/arm64/SpeziNumerics.SwiftFileList --metadata-file-list /Users/admin/builder/spi-builder-workspace/.derivedData/Build/Intermediates.noindex/SpeziNetworking.build/Debug-appletvos/SpeziNumerics-t.build/SpeziNumerics.DependencyMetadataFileList --static-metadata-file-list /Users/admin/builder/spi-builder-workspace/.derivedData/Build/Intermediates.noindex/SpeziNetworking.build/Debug-appletvos/SpeziNumerics-t.build/SpeziNumerics.DependencyStaticMetadataFileList --swift-const-vals-list /Users/admin/builder/spi-builder-workspace/.derivedData/Build/Intermediates.noindex/SpeziNetworking.build/Debug-appletvos/SpeziNumerics-t.build/Objects-normal/arm64/SpeziNumerics.SwiftConstValuesFileList --force --compile-time-extraction --deployment-aware-processing --no-app-shortcuts-localization
2026-09-22 20:50:43.515 appintentsmetadataprocessor[2404:12752] Starting appintentsmetadataprocessor export
2026-09-22 20:50:43.593 appintentsmetadataprocessor[2404:12752] Extracted no relevant App Intents symbols, skipping writing output
SwiftDriverJobDiscovery normal arm64 Compiling RecordAccessResponseFormatError.swift, TemperatureMeasurement.swift, TemperatureType.swift, CurrentTime.swift (in target 'SpeziBluetoothServices' from project 'SpeziBluetooth')
SwiftDriverJobDiscovery normal arm64 Compiling Bluetooth.swift, Appearance.swift, DeviceAppearance.swift, DeviceVariantCriteria.swift, Variant.swift, DeviceDiscoveryDescriptor.swift, Discover.swift, DiscoveryDescriptorBuilder.swift, BluetoothManager.swift, BluetoothPeripheral.swift (in target 'SpeziBluetooth' from project 'SpeziBluetooth')
SwiftDriver\ Compilation SpeziBluetooth normal arm64 com.apple.xcode.tools.swift.compiler (in target 'SpeziBluetooth' from project 'SpeziBluetooth')
cd /Users/admin/builder/spi-builder-workspace/.swiftpm/xcode
builtin-Swift-Compilation -- /Applications/Xcode-27.0.0-Release.Candidate.app/Contents/Developer/Toolchains/XcodeDefault.xctoolchain/usr/bin/swiftc -parse-as-library -module-name SpeziBluetooth -Onone @/Users/admin/builder/spi-builder-workspace/.derivedData/Build/Intermediates.noindex/SpeziBluetooth.build/Debug-appletvos/SpeziBluetooth-t.build/Objects-normal/arm64/SpeziBluetooth.SwiftFileList -DSWIFT_PACKAGE -DDEBUG -DSWIFT_MODULE_RESOURCE_BUNDLE_AVAILABLE -Xcc -fmodule-map-file\=/Users/admin/builder/spi-builder-workspace/.dependencies/checkouts/swift-cmark/src/include/module.modulemap -Xcc -fmodule-map-file\=/Users/admin/builder/spi-builder-workspace/.dependencies/checkouts/swift-cmark/extensions/include/module.modulemap -Xcc -fmodule-map-file\=/Users/admin/builder/spi-builder-workspace/.dependencies/checkouts/zstd/lib/module.modulemap -Xcc -fmodule-map-file\=/Users/admin/builder/spi-builder-workspace/.dependencies/checkouts/swift-numerics/Sources/_NumericsShims/include/module.modulemap -Xcc -fmodule-map-file\=/Users/admin/builder/spi-builder-workspace/.derivedData/Build/Intermediates.noindex/GeneratedModuleMaps-appletvos/SpeziFoundationObjC.modulemap -Xcc -fmodule-map-file\=/Users/admin/builder/spi-builder-workspace/.derivedData/Build/Intermediates.noindex/GeneratedModuleMaps-appletvos/CNIOPosix.modulemap -Xcc -fmodule-map-file\=/Users/admin/builder/spi-builder-workspace/.derivedData/Build/Intermediates.noindex/GeneratedModuleMaps-appletvos/CNIOWASI.modulemap -Xcc -fmodule-map-file\=/Users/admin/builder/spi-builder-workspace/.dependencies/checkouts/swift-nio/Sources/CNIOWindows/include/module.modulemap -Xcc -fmodule-map-file\=/Users/admin/builder/spi-builder-workspace/.derivedData/Build/Intermediates.noindex/GeneratedModuleMaps-appletvos/CNIOLinux.modulemap -Xcc -fmodule-map-file\=/Users/admin/builder/spi-builder-workspace/.derivedData/Build/Intermediates.noindex/GeneratedModuleMaps-appletvos/CNIODarwin.modulemap -Xcc -fmodule-map-file\=/Users/admin/builder/spi-builder-workspace/.derivedData/Build/Intermediates.noindex/GeneratedModuleMaps-appletvos/CNIOFreeBSD.modulemap -Xcc -fmodule-map-file\=/Users/admin/builder/spi-builder-workspace/.derivedData/Build/Intermediates.noindex/GeneratedModuleMaps-appletvos/CNIOOpenBSD.modulemap -Xcc -fmodule-map-file\=/Users/admin/builder/spi-builder-workspace/.derivedData/Build/Intermediates.noindex/GeneratedModuleMaps-appletvos/CNIOAtomics.modulemap -Xcc -fmodule-map-file\=/Users/admin/builder/spi-builder-workspace/.dependencies/checkouts/swift-atomics/Sources/_AtomicsShims/include/module.modulemap -DXcode -plugin-path /Applications/Xcode-27.0.0-Release.Candidate.app/Contents/Developer/Toolchains/XcodeDefault.xctoolchain/usr/lib/swift/host/plugins/testing -enable-experimental-feature DebugDescriptionMacro -sdk /Applications/Xcode-27.0.0-Release.Candidate.app/Contents/Developer/Platforms/AppleTVOS.platform/Developer/SDKs/AppleTVOS27.0.sdk -target arm64-apple-tvos17.0 -g -module-cache-path /Users/admin/builder/spi-builder-workspace/.derivedData/ModuleCache.noindex -Xfrontend -serialize-debugging-options -profile-coverage-mapping -profile-generate -enable-testing -suppress-warnings -index-store-path /Users/admin/builder/spi-builder-workspace/.derivedData/Index.noindex/DataStore -Xcc -D_LIBCPP_HARDENING_MODE\=_LIBCPP_HARDENING_MODE_DEBUG -swift-version 6 -I /Users/admin/builder/spi-builder-workspace/.derivedData/Build/Products/Debug-appletvos -Isystem /Applications/Xcode-27.0.0-Release.Candidate.app/Contents/Developer/Platforms/AppleTVOS.platform/Developer/usr/lib -F /Users/admin/builder/spi-builder-workspace/.derivedData/Build/Products/Debug-appletvos/PackageFrameworks -F /Users/admin/builder/spi-builder-workspace/.derivedData/Build/Products/Debug-appletvos -F /Applications/Xcode-27.0.0-Release.Candidate.app/Contents/Developer/Platforms/AppleTVOS.platform/Developer/Library/Frameworks -F /Applications/Xcode-27.0.0-Release.Candidate.app/Contents/Developer/Platforms/AppleTVOS.platform/Developer/SDKs/AppleTVOS27.0.sdk/Developer/Library/Frameworks -Xfrontend -load-plugin-executable -Xfrontend /Users/admin/builder/spi-builder-workspace/.derivedData/Build/Products/Debug/ThreadLocalMacros\#ThreadLocalMacros -emit-localized-strings -emit-localized-strings-path /Users/admin/builder/spi-builder-workspace/.derivedData/Build/Intermediates.noindex/SpeziBluetooth.build/Debug-appletvos/SpeziBluetooth-t.build/Objects-normal/arm64 -c -j10 -enable-batch-mode -incremental -Xcc -ivfsstatcache -Xcc /Users/admin/builder/spi-builder-workspace/.derivedData/SDKStatCaches.noindex/appletvos27.0-24J360-e829b21a6f8c9b70876ba0858053c044b32bfd8d43560033f8d89884cdb90028.sdkstatcache -output-file-map /Users/admin/builder/spi-builder-workspace/.derivedData/Build/Intermediates.noindex/SpeziBluetooth.build/Debug-appletvos/SpeziBluetooth-t.build/Objects-normal/arm64/SpeziBluetooth-OutputFileMap.json -save-temps -no-color-diagnostics -explicit-module-build -module-cache-path /Users/admin/builder/spi-builder-workspace/.derivedData/Build/Intermediates.noindex/SwiftExplicitPrecompiledModules -clang-scanner-module-cache-path /Users/admin/builder/spi-builder-workspace/.derivedData/ModuleCache.noindex -sdk-module-cache-path /Users/admin/builder/spi-builder-workspace/.derivedData/SDKExplicitPrecompiledModules -emit-dependencies -emit-module -emit-module-path /Users/admin/builder/spi-builder-workspace/.derivedData/Build/Intermediates.noindex/SpeziBluetooth.build/Debug-appletvos/SpeziBluetooth-t.build/Objects-normal/arm64/SpeziBluetooth.swiftmodule -serialize-diagnostics -dependency-scan-serialize-diagnostics-path /Users/admin/builder/spi-builder-workspace/.derivedData/Build/Intermediates.noindex/SpeziBluetooth.build/Debug-appletvos/SpeziBluetooth-t.build/Objects-normal/arm64/SpeziBluetooth-dependency-scan.dia -user-module-version 3.3.2 -validate-clang-modules-once -clang-build-session-file /Users/admin/builder/spi-builder-workspace/.derivedData/ModuleCache.noindex/Session.modulevalidation -Xcc -fmodules-prune-interval\=86400 -Xcc -fmodules-prune-after\=345600 -package-name spezibluetooth -emit-const-values -const-gather-protocols-list /Users/admin/builder/spi-builder-workspace/.derivedData/Build/Intermediates.noindex/SpeziBluetooth.build/Debug-appletvos/SpeziBluetooth-t.build/Objects-normal/arm64/SpeziBluetooth_const_extract_protocols.json -Xcc -I/Users/admin/builder/spi-builder-workspace/.dependencies/checkouts/swift-cmark/src/include -Xcc -I/Users/admin/builder/spi-builder-workspace/.dependencies/checkouts/swift-cmark/extensions/include -Xcc -I/Users/admin/builder/spi-builder-workspace/.dependencies/checkouts/zstd/lib -Xcc -I/Users/admin/builder/spi-builder-workspace/.dependencies/checkouts/swift-numerics/Sources/_NumericsShims/include -Xcc -I/Users/admin/builder/spi-builder-workspace/.dependencies/checkouts/SpeziFoundation/Sources/SpeziFoundationObjC/include -Xcc -I/Users/admin/builder/spi-builder-workspace/.dependencies/checkouts/swift-nio/Sources/CNIOPosix/include -Xcc -I/Users/admin/builder/spi-builder-workspace/.dependencies/checkouts/swift-nio/Sources/CNIOWASI/include -Xcc -I/Users/admin/builder/spi-builder-workspace/.dependencies/checkouts/swift-nio/Sources/CNIOWindows/include -Xcc -I/Users/admin/builder/spi-builder-workspace/.dependencies/checkouts/swift-nio/Sources/CNIOLinux/include -Xcc -I/Users/admin/builder/spi-builder-workspace/.dependencies/checkouts/swift-nio/Sources/CNIODarwin/include -Xcc -I/Users/admin/builder/spi-builder-workspace/.dependencies/checkouts/swift-nio/Sources/CNIOFreeBSD/include -Xcc -I/Users/admin/builder/spi-builder-workspace/.dependencies/checkouts/swift-nio/Sources/CNIOOpenBSD/include -Xcc -I/Users/admin/builder/spi-builder-workspace/.dependencies/checkouts/swift-nio/Sources/CNIOAtomics/include -Xcc -I/Users/admin/builder/spi-builder-workspace/.dependencies/checkouts/swift-atomics/Sources/_AtomicsShims/include -Xcc -I/Users/admin/builder/spi-builder-workspace/.derivedData/Build/Products/Debug-appletvos/include -Xcc -I/Users/admin/builder/spi-builder-workspace/.derivedData/Build/Intermediates.noindex/SpeziBluetooth.build/Debug-appletvos/SpeziBluetooth-t.build/DerivedSources-normal/arm64 -Xcc -I/Users/admin/builder/spi-builder-workspace/.derivedData/Build/Intermediates.noindex/SpeziBluetooth.build/Debug-appletvos/SpeziBluetooth-t.build/DerivedSources/arm64 -Xcc -I/Users/admin/builder/spi-builder-workspace/.derivedData/Build/Intermediates.noindex/SpeziBluetooth.build/Debug-appletvos/SpeziBluetooth-t.build/DerivedSources -Xcc -DSWIFT_PACKAGE -Xcc -DDEBUG\=1 -emit-objc-header -emit-objc-header-path /Users/admin/builder/spi-builder-workspace/.derivedData/Build/Intermediates.noindex/SpeziBluetooth.build/Debug-appletvos/SpeziBluetooth-t.build/Objects-normal/arm64/SpeziBluetooth-Swift.h -working-directory /Users/admin/builder/spi-builder-workspace/.swiftpm/xcode -experimental-emit-module-separately -disable-cmo
Ld /Users/admin/builder/spi-builder-workspace/.derivedData/Build/Products/Debug-appletvos/SpeziBluetooth.o normal (in target 'SpeziBluetooth' from project 'SpeziBluetooth')
cd /Users/admin/builder/spi-builder-workspace/.dependencies/checkouts/SpeziBluetooth
/Applications/Xcode-27.0.0-Release.Candidate.app/Contents/Developer/Toolchains/XcodeDefault.xctoolchain/usr/bin/clang -Xlinker -reproducible -target arm64-apple-tvos17.0 -r -isysroot /Applications/Xcode-27.0.0-Release.Candidate.app/Contents/Developer/Platforms/AppleTVOS.platform/Developer/SDKs/AppleTVOS27.0.sdk -O0 -w -Xlinker -no_warn_duplicate_libraries -F/Users/admin/builder/spi-builder-workspace/.derivedData/Build/Intermediates.noindex/EagerLinkingTBDs/Debug-appletvos -F/Users/admin/builder/spi-builder-workspace/.derivedData/Build/Products/Debug-appletvos/PackageFrameworks -F/Users/admin/builder/spi-builder-workspace/.derivedData/Build/Products/Debug-appletvos -iframework /Applications/Xcode-27.0.0-Release.Candidate.app/Contents/Developer/Platforms/AppleTVOS.platform/Developer/Library/Frameworks -iframework /Applications/Xcode-27.0.0-Release.Candidate.app/Contents/Developer/Platforms/AppleTVOS.platform/Developer/SDKs/AppleTVOS27.0.sdk/Developer/Library/Frameworks -filelist /Users/admin/builder/spi-builder-workspace/.derivedData/Build/Intermediates.noindex/SpeziBluetooth.build/Debug-appletvos/SpeziBluetooth-t.build/Objects-normal/arm64/SpeziBluetooth.LinkFileList -nostdlib -Xlinker -object_path_lto -Xlinker /Users/admin/builder/spi-builder-workspace/.derivedData/Build/Intermediates.noindex/SpeziBluetooth.build/Debug-appletvos/SpeziBluetooth-t.build/Objects-normal/arm64/SpeziBluetooth_lto.o -Xlinker -no_deduplicate -Xlinker -debug_variant -Xlinker -dependency_info -Xlinker /Users/admin/builder/spi-builder-workspace/.derivedData/Build/Intermediates.noindex/SpeziBluetooth.build/Debug-appletvos/SpeziBluetooth-t.build/Objects-normal/arm64/SpeziBluetooth_dependency_info.dat -fobjc-link-runtime -L/Applications/Xcode-27.0.0-Release.Candidate.app/Contents/Developer/Toolchains/XcodeDefault.xctoolchain/usr/lib/swift/appletvos -L/usr/lib/swift -Xlinker -add_ast_path -Xlinker /Users/admin/builder/spi-builder-workspace/.derivedData/Build/Intermediates.noindex/SpeziBluetooth.build/Debug-appletvos/SpeziBluetooth-t.build/Objects-normal/arm64/SpeziBluetooth.swiftmodule -o /Users/admin/builder/spi-builder-workspace/.derivedData/Build/Products/Debug-appletvos/SpeziBluetooth.o
SwiftDriverJobDiscovery normal arm64 Compiling WeightScaleService.swift, CBUUID+Characteristics.swift, EventLog.swift, TestService.swift (in target 'SpeziBluetoothServices' from project 'SpeziBluetooth')
ExtractAppIntentsMetadata (in target 'SpeziBluetooth' from project 'SpeziBluetooth')
cd /Users/admin/builder/spi-builder-workspace/.dependencies/checkouts/SpeziBluetooth
/Applications/Xcode-27.0.0-Release.Candidate.app/Contents/Developer/Toolchains/XcodeDefault.xctoolchain/usr/bin/appintentsmetadataprocessor --toolchain-dir /var/run/com.apple.security.cryptexd/mnt/com.apple.MobileAsset.MetalToolchain-v27.1.266.1.3uEkSE/Metal.xctoolchain --module-name SpeziBluetooth --sdk-root /Applications/Xcode-27.0.0-Release.Candidate.app/Contents/Developer/Platforms/AppleTVOS.platform/Developer/SDKs/AppleTVOS27.0.sdk --xcode-version 27A266a --platform-family tvOS --deployment-target 17.0 --bundle-identifier spezibluetooth.SpeziBluetooth --output /Users/admin/builder/spi-builder-workspace/.derivedData/Build/Products/Debug-appletvos/SpeziBluetooth.appintents --target-triple arm64-apple-tvos17.0 --binary-file /Users/admin/builder/spi-builder-workspace/.derivedData/Build/Products/Debug-appletvos/SpeziBluetooth.o --dependency-file /Users/admin/builder/spi-builder-workspace/.derivedData/Build/Intermediates.noindex/SpeziBluetooth.build/Debug-appletvos/SpeziBluetooth-t.build/Objects-normal/arm64/SpeziBluetooth_dependency_info.dat --stringsdata-file /Users/admin/builder/spi-builder-workspace/.derivedData/Build/Intermediates.noindex/SpeziBluetooth.build/Debug-appletvos/SpeziBluetooth-t.build/Objects-normal/arm64/ExtractedAppShortcutsMetadata.stringsdata --source-file-list /Users/admin/builder/spi-builder-workspace/.derivedData/Build/Intermediates.noindex/SpeziBluetooth.build/Debug-appletvos/SpeziBluetooth-t.build/Objects-normal/arm64/SpeziBluetooth.SwiftFileList --metadata-file-list /Users/admin/builder/spi-builder-workspace/.derivedData/Build/Intermediates.noindex/SpeziBluetooth.build/Debug-appletvos/SpeziBluetooth-t.build/SpeziBluetooth.DependencyMetadataFileList --static-metadata-file-list /Users/admin/builder/spi-builder-workspace/.derivedData/Build/Intermediates.noindex/SpeziBluetooth.build/Debug-appletvos/SpeziBluetooth-t.build/SpeziBluetooth.DependencyStaticMetadataFileList --swift-const-vals-list /Users/admin/builder/spi-builder-workspace/.derivedData/Build/Intermediates.noindex/SpeziBluetooth.build/Debug-appletvos/SpeziBluetooth-t.build/Objects-normal/arm64/SpeziBluetooth.SwiftConstValuesFileList --force --compile-time-extraction --deployment-aware-processing --no-app-shortcuts-localization
2026-09-22 20:50:43.770 appintentsmetadataprocessor[2407:12784] Starting appintentsmetadataprocessor export
2026-09-22 20:50:43.839 appintentsmetadataprocessor[2407:12784] Extracted no relevant App Intents symbols, skipping writing output
SwiftDriverJobDiscovery normal arm64 Compiling WeightMeasurement.swift, WeightScaleFeature.swift, BatteryService.swift, BloodPressureService.swift (in target 'SpeziBluetoothServices' from project 'SpeziBluetooth')
SwiftDriverJobDiscovery normal arm64 Compiling BloodPressureFeature.swift, BloodPressureMeasurement.swift, IntermediateCuffPressure.swift, MeasurementInterval.swift (in target 'SpeziBluetoothServices' from project 'SpeziBluetooth')
SwiftDriverJobDiscovery normal arm64 Compiling DateTime.swift, DayDateTime.swift, DayOfWeek.swift, ExactTime256.swift (in target 'SpeziBluetoothServices' from project 'SpeziBluetooth')
SwiftDriverJobDiscovery normal arm64 Compiling CurrentTimeService.swift, DeviceInformationService.swift, HealthThermometerService.swift, PulseOximeterService.swift (in target 'SpeziBluetoothServices' from project 'SpeziBluetooth')
SwiftDriverJobDiscovery normal arm64 Emitting module for SpeziBluetoothServices (in target 'SpeziBluetoothServices' from project 'SpeziBluetooth')
SwiftDriver\ Compilation\ Requirements SpeziBluetoothServices normal arm64 com.apple.xcode.tools.swift.compiler (in target 'SpeziBluetoothServices' from project 'SpeziBluetooth')
cd /Users/admin/builder/spi-builder-workspace/.swiftpm/xcode
builtin-Swift-Compilation-Requirements -- /Applications/Xcode-27.0.0-Release.Candidate.app/Contents/Developer/Toolchains/XcodeDefault.xctoolchain/usr/bin/swiftc -parse-as-library -module-name SpeziBluetoothServices -Onone @/Users/admin/builder/spi-builder-workspace/.derivedData/Build/Intermediates.noindex/SpeziBluetooth.build/Debug-appletvos/SpeziBluetoothServices-t.build/Objects-normal/arm64/SpeziBluetoothServices.SwiftFileList -DSWIFT_PACKAGE -DDEBUG -DSWIFT_MODULE_RESOURCE_BUNDLE_UNAVAILABLE -Xcc -fmodule-map-file\=/Users/admin/builder/spi-builder-workspace/.dependencies/checkouts/swift-cmark/src/include/module.modulemap -Xcc -fmodule-map-file\=/Users/admin/builder/spi-builder-workspace/.dependencies/checkouts/swift-cmark/extensions/include/module.modulemap -Xcc -fmodule-map-file\=/Users/admin/builder/spi-builder-workspace/.dependencies/checkouts/zstd/lib/module.modulemap -Xcc -fmodule-map-file\=/Users/admin/builder/spi-builder-workspace/.dependencies/checkouts/swift-numerics/Sources/_NumericsShims/include/module.modulemap -Xcc -fmodule-map-file\=/Users/admin/builder/spi-builder-workspace/.derivedData/Build/Intermediates.noindex/GeneratedModuleMaps-appletvos/SpeziFoundationObjC.modulemap -Xcc -fmodule-map-file\=/Users/admin/builder/spi-builder-workspace/.dependencies/checkouts/swift-atomics/Sources/_AtomicsShims/include/module.modulemap -Xcc -fmodule-map-file\=/Users/admin/builder/spi-builder-workspace/.derivedData/Build/Intermediates.noindex/GeneratedModuleMaps-appletvos/CNIOPosix.modulemap -Xcc -fmodule-map-file\=/Users/admin/builder/spi-builder-workspace/.derivedData/Build/Intermediates.noindex/GeneratedModuleMaps-appletvos/CNIOWASI.modulemap -Xcc -fmodule-map-file\=/Users/admin/builder/spi-builder-workspace/.dependencies/checkouts/swift-nio/Sources/CNIOWindows/include/module.modulemap -Xcc -fmodule-map-file\=/Users/admin/builder/spi-builder-workspace/.derivedData/Build/Intermediates.noindex/GeneratedModuleMaps-appletvos/CNIOLinux.modulemap -Xcc -fmodule-map-file\=/Users/admin/builder/spi-builder-workspace/.derivedData/Build/Intermediates.noindex/GeneratedModuleMaps-appletvos/CNIODarwin.modulemap -Xcc -fmodule-map-file\=/Users/admin/builder/spi-builder-workspace/.derivedData/Build/Intermediates.noindex/GeneratedModuleMaps-appletvos/CNIOFreeBSD.modulemap -Xcc -fmodule-map-file\=/Users/admin/builder/spi-builder-workspace/.derivedData/Build/Intermediates.noindex/GeneratedModuleMaps-appletvos/CNIOOpenBSD.modulemap -Xcc -fmodule-map-file\=/Users/admin/builder/spi-builder-workspace/.derivedData/Build/Intermediates.noindex/GeneratedModuleMaps-appletvos/CNIOAtomics.modulemap -DXcode -plugin-path /Applications/Xcode-27.0.0-Release.Candidate.app/Contents/Developer/Toolchains/XcodeDefault.xctoolchain/usr/lib/swift/host/plugins/testing -enable-experimental-feature DebugDescriptionMacro -sdk /Applications/Xcode-27.0.0-Release.Candidate.app/Contents/Developer/Platforms/AppleTVOS.platform/Developer/SDKs/AppleTVOS27.0.sdk -target arm64-apple-tvos17.0 -g -module-cache-path /Users/admin/builder/spi-builder-workspace/.derivedData/ModuleCache.noindex -Xfrontend -serialize-debugging-options -profile-coverage-mapping -profile-generate -enable-testing -suppress-warnings -index-store-path /Users/admin/builder/spi-builder-workspace/.derivedData/Index.noindex/DataStore -Xcc -D_LIBCPP_HARDENING_MODE\=_LIBCPP_HARDENING_MODE_DEBUG -swift-version 6 -I /Users/admin/builder/spi-builder-workspace/.derivedData/Build/Products/Debug-appletvos -Isystem /Applications/Xcode-27.0.0-Release.Candidate.app/Contents/Developer/Platforms/AppleTVOS.platform/Developer/usr/lib -F /Users/admin/builder/spi-builder-workspace/.derivedData/Build/Products/Debug-appletvos/PackageFrameworks -F /Users/admin/builder/spi-builder-workspace/.derivedData/Build/Products/Debug-appletvos -F /Applications/Xcode-27.0.0-Release.Candidate.app/Contents/Developer/Platforms/AppleTVOS.platform/Developer/Library/Frameworks -F /Applications/Xcode-27.0.0-Release.Candidate.app/Contents/Developer/Platforms/AppleTVOS.platform/Developer/SDKs/AppleTVOS27.0.sdk/Developer/Library/Frameworks -Xfrontend -load-plugin-executable -Xfrontend /Users/admin/builder/spi-builder-workspace/.derivedData/Build/Products/Debug/ThreadLocalMacros\#ThreadLocalMacros -emit-localized-strings -emit-localized-strings-path /Users/admin/builder/spi-builder-workspace/.derivedData/Build/Intermediates.noindex/SpeziBluetooth.build/Debug-appletvos/SpeziBluetoothServices-t.build/Objects-normal/arm64 -c -j10 -enable-batch-mode -incremental -Xcc -ivfsstatcache -Xcc /Users/admin/builder/spi-builder-workspace/.derivedData/SDKStatCaches.noindex/appletvos27.0-24J360-e829b21a6f8c9b70876ba0858053c044b32bfd8d43560033f8d89884cdb90028.sdkstatcache -output-file-map /Users/admin/builder/spi-builder-workspace/.derivedData/Build/Intermediates.noindex/SpeziBluetooth.build/Debug-appletvos/SpeziBluetoothServices-t.build/Objects-normal/arm64/SpeziBluetoothServices-OutputFileMap.json -save-temps -no-color-diagnostics -explicit-module-build -module-cache-path /Users/admin/builder/spi-builder-workspace/.derivedData/Build/Intermediates.noindex/SwiftExplicitPrecompiledModules -clang-scanner-module-cache-path /Users/admin/builder/spi-builder-workspace/.derivedData/ModuleCache.noindex -sdk-module-cache-path /Users/admin/builder/spi-builder-workspace/.derivedData/SDKExplicitPrecompiledModules -emit-dependencies -emit-module -emit-module-path /Users/admin/builder/spi-builder-workspace/.derivedData/Build/Intermediates.noindex/SpeziBluetooth.build/Debug-appletvos/SpeziBluetoothServices-t.build/Objects-normal/arm64/SpeziBluetoothServices.swiftmodule -serialize-diagnostics -dependency-scan-serialize-diagnostics-path /Users/admin/builder/spi-builder-workspace/.derivedData/Build/Intermediates.noindex/SpeziBluetooth.build/Debug-appletvos/SpeziBluetoothServices-t.build/Objects-normal/arm64/SpeziBluetoothServices-dependency-scan.dia -user-module-version 3.3.2 -validate-clang-modules-once -clang-build-session-file /Users/admin/builder/spi-builder-workspace/.derivedData/ModuleCache.noindex/Session.modulevalidation -Xcc -fmodules-prune-interval\=86400 -Xcc -fmodules-prune-after\=345600 -package-name spezibluetooth -emit-const-values -const-gather-protocols-list /Users/admin/builder/spi-builder-workspace/.derivedData/Build/Intermediates.noindex/SpeziBluetooth.build/Debug-appletvos/SpeziBluetoothServices-t.build/Objects-normal/arm64/SpeziBluetoothServices_const_extract_protocols.json -Xcc -I/Users/admin/builder/spi-builder-workspace/.dependencies/checkouts/swift-cmark/src/include -Xcc -I/Users/admin/builder/spi-builder-workspace/.dependencies/checkouts/swift-cmark/extensions/include -Xcc -I/Users/admin/builder/spi-builder-workspace/.dependencies/checkouts/zstd/lib -Xcc -I/Users/admin/builder/spi-builder-workspace/.dependencies/checkouts/swift-numerics/Sources/_NumericsShims/include -Xcc -I/Users/admin/builder/spi-builder-workspace/.dependencies/checkouts/SpeziFoundation/Sources/SpeziFoundationObjC/include -Xcc -I/Users/admin/builder/spi-builder-workspace/.dependencies/checkouts/swift-atomics/Sources/_AtomicsShims/include -Xcc -I/Users/admin/builder/spi-builder-workspace/.dependencies/checkouts/swift-nio/Sources/CNIOPosix/include -Xcc -I/Users/admin/builder/spi-builder-workspace/.dependencies/checkouts/swift-nio/Sources/CNIOWASI/include -Xcc -I/Users/admin/builder/spi-builder-workspace/.dependencies/checkouts/swift-nio/Sources/CNIOWindows/include -Xcc -I/Users/admin/builder/spi-builder-workspace/.dependencies/checkouts/swift-nio/Sources/CNIOLinux/include -Xcc -I/Users/admin/builder/spi-builder-workspace/.dependencies/checkouts/swift-nio/Sources/CNIODarwin/include -Xcc -I/Users/admin/builder/spi-builder-workspace/.dependencies/checkouts/swift-nio/Sources/CNIOFreeBSD/include -Xcc -I/Users/admin/builder/spi-builder-workspace/.dependencies/checkouts/swift-nio/Sources/CNIOOpenBSD/include -Xcc -I/Users/admin/builder/spi-builder-workspace/.dependencies/checkouts/swift-nio/Sources/CNIOAtomics/include -Xcc -I/Users/admin/builder/spi-builder-workspace/.derivedData/Build/Products/Debug-appletvos/include -Xcc -I/Users/admin/builder/spi-builder-workspace/.derivedData/Build/Intermediates.noindex/SpeziBluetooth.build/Debug-appletvos/SpeziBluetoothServices-t.build/DerivedSources-normal/arm64 -Xcc -I/Users/admin/builder/spi-builder-workspace/.derivedData/Build/Intermediates.noindex/SpeziBluetooth.build/Debug-appletvos/SpeziBluetoothServices-t.build/DerivedSources/arm64 -Xcc -I/Users/admin/builder/spi-builder-workspace/.derivedData/Build/Intermediates.noindex/SpeziBluetooth.build/Debug-appletvos/SpeziBluetoothServices-t.build/DerivedSources -Xcc -DSWIFT_PACKAGE -Xcc -DDEBUG\=1 -emit-objc-header -emit-objc-header-path /Users/admin/builder/spi-builder-workspace/.derivedData/Build/Intermediates.noindex/SpeziBluetooth.build/Debug-appletvos/SpeziBluetoothServices-t.build/Objects-normal/arm64/SpeziBluetoothServices-Swift.h -working-directory /Users/admin/builder/spi-builder-workspace/.swiftpm/xcode -experimental-emit-module-separately -disable-cmo
SwiftMergeGeneratedHeaders /Users/admin/builder/spi-builder-workspace/.derivedData/Build/Intermediates.noindex/GeneratedModuleMaps-appletvos/SpeziBluetoothServices-Swift.h /Users/admin/builder/spi-builder-workspace/.derivedData/Build/Intermediates.noindex/SpeziBluetooth.build/Debug-appletvos/SpeziBluetoothServices-t.build/Objects-normal/arm64/SpeziBluetoothServices-Swift.h (in target 'SpeziBluetoothServices' from project 'SpeziBluetooth')
cd /Users/admin/builder/spi-builder-workspace/.dependencies/checkouts/SpeziBluetooth
builtin-swiftHeaderTool -arch arm64 /Users/admin/builder/spi-builder-workspace/.derivedData/Build/Intermediates.noindex/SpeziBluetooth.build/Debug-appletvos/SpeziBluetoothServices-t.build/Objects-normal/arm64/SpeziBluetoothServices-Swift.h -o /Users/admin/builder/spi-builder-workspace/.derivedData/Build/Intermediates.noindex/GeneratedModuleMaps-appletvos/SpeziBluetoothServices-Swift.h
Copy /Users/admin/builder/spi-builder-workspace/.derivedData/Build/Products/Debug-appletvos/SpeziBluetoothServices.swiftmodule/arm64-apple-tvos.swiftdoc /Users/admin/builder/spi-builder-workspace/.derivedData/Build/Intermediates.noindex/SpeziBluetooth.build/Debug-appletvos/SpeziBluetoothServices-t.build/Objects-normal/arm64/SpeziBluetoothServices.swiftdoc (in target 'SpeziBluetoothServices' from project 'SpeziBluetooth')
cd /Users/admin/builder/spi-builder-workspace/.dependencies/checkouts/SpeziBluetooth
builtin-copy -exclude .DS_Store -exclude CVS -exclude .svn -exclude .git -exclude .hg -resolve-src-symlinks -rename /Users/admin/builder/spi-builder-workspace/.derivedData/Build/Intermediates.noindex/SpeziBluetooth.build/Debug-appletvos/SpeziBluetoothServices-t.build/Objects-normal/arm64/SpeziBluetoothServices.swiftdoc /Users/admin/builder/spi-builder-workspace/.derivedData/Build/Products/Debug-appletvos/SpeziBluetoothServices.swiftmodule/arm64-apple-tvos.swiftdoc
Copy /Users/admin/builder/spi-builder-workspace/.derivedData/Build/Products/Debug-appletvos/SpeziBluetoothServices.swiftmodule/arm64-apple-tvos.swiftmodule /Users/admin/builder/spi-builder-workspace/.derivedData/Build/Intermediates.noindex/SpeziBluetooth.build/Debug-appletvos/SpeziBluetoothServices-t.build/Objects-normal/arm64/SpeziBluetoothServices.swiftmodule (in target 'SpeziBluetoothServices' from project 'SpeziBluetooth')
cd /Users/admin/builder/spi-builder-workspace/.dependencies/checkouts/SpeziBluetooth
builtin-copy -exclude .DS_Store -exclude CVS -exclude .svn -exclude .git -exclude .hg -resolve-src-symlinks -rename /Users/admin/builder/spi-builder-workspace/.derivedData/Build/Intermediates.noindex/SpeziBluetooth.build/Debug-appletvos/SpeziBluetoothServices-t.build/Objects-normal/arm64/SpeziBluetoothServices.swiftmodule /Users/admin/builder/spi-builder-workspace/.derivedData/Build/Products/Debug-appletvos/SpeziBluetoothServices.swiftmodule/arm64-apple-tvos.swiftmodule
Copy /Users/admin/builder/spi-builder-workspace/.derivedData/Build/Products/Debug-appletvos/SpeziBluetoothServices.swiftmodule/arm64-apple-tvos.abi.json /Users/admin/builder/spi-builder-workspace/.derivedData/Build/Intermediates.noindex/SpeziBluetooth.build/Debug-appletvos/SpeziBluetoothServices-t.build/Objects-normal/arm64/SpeziBluetoothServices.abi.json (in target 'SpeziBluetoothServices' from project 'SpeziBluetooth')
cd /Users/admin/builder/spi-builder-workspace/.dependencies/checkouts/SpeziBluetooth
builtin-copy -exclude .DS_Store -exclude CVS -exclude .svn -exclude .git -exclude .hg -resolve-src-symlinks -rename /Users/admin/builder/spi-builder-workspace/.derivedData/Build/Intermediates.noindex/SpeziBluetooth.build/Debug-appletvos/SpeziBluetoothServices-t.build/Objects-normal/arm64/SpeziBluetoothServices.abi.json /Users/admin/builder/spi-builder-workspace/.derivedData/Build/Products/Debug-appletvos/SpeziBluetoothServices.swiftmodule/arm64-apple-tvos.abi.json
Copy /Users/admin/builder/spi-builder-workspace/.derivedData/Build/Products/Debug-appletvos/SpeziBluetoothServices.swiftmodule/Project/arm64-apple-tvos.swiftsourceinfo /Users/admin/builder/spi-builder-workspace/.derivedData/Build/Intermediates.noindex/SpeziBluetooth.build/Debug-appletvos/SpeziBluetoothServices-t.build/Objects-normal/arm64/SpeziBluetoothServices.swiftsourceinfo (in target 'SpeziBluetoothServices' from project 'SpeziBluetooth')
cd /Users/admin/builder/spi-builder-workspace/.dependencies/checkouts/SpeziBluetooth
builtin-copy -exclude .DS_Store -exclude CVS -exclude .svn -exclude .git -exclude .hg -resolve-src-symlinks -rename /Users/admin/builder/spi-builder-workspace/.derivedData/Build/Intermediates.noindex/SpeziBluetooth.build/Debug-appletvos/SpeziBluetoothServices-t.build/Objects-normal/arm64/SpeziBluetoothServices.swiftsourceinfo /Users/admin/builder/spi-builder-workspace/.derivedData/Build/Products/Debug-appletvos/SpeziBluetoothServices.swiftmodule/Project/arm64-apple-tvos.swiftsourceinfo
SwiftDriver SpeziDevices normal arm64 com.apple.xcode.tools.swift.compiler (in target 'SpeziDevices' from project 'SpeziDevices')
cd /Users/admin/builder/spi-builder-workspace/.swiftpm/xcode
builtin-SwiftDriver -- /Applications/Xcode-27.0.0-Release.Candidate.app/Contents/Developer/Toolchains/XcodeDefault.xctoolchain/usr/bin/swiftc -parse-as-library -module-name SpeziDevices -Onone @/Users/admin/builder/spi-builder-workspace/.derivedData/Build/Intermediates.noindex/SpeziDevices.build/Debug-appletvos/SpeziDevices-t.build/Objects-normal/arm64/SpeziDevices.SwiftFileList -DSWIFT_PACKAGE -DDEBUG -DSWIFT_MODULE_RESOURCE_BUNDLE_UNAVAILABLE -Xcc -fmodule-map-file\=/Users/admin/builder/spi-builder-workspace/.derivedData/Build/Intermediates.noindex/GeneratedModuleMaps-appletvos/CNIOPosix.modulemap -Xcc -fmodule-map-file\=/Users/admin/builder/spi-builder-workspace/.derivedData/Build/Intermediates.noindex/GeneratedModuleMaps-appletvos/CNIOWASI.modulemap -Xcc -fmodule-map-file\=/Users/admin/builder/spi-builder-workspace/.dependencies/checkouts/swift-nio/Sources/CNIOWindows/include/module.modulemap -Xcc -fmodule-map-file\=/Users/admin/builder/spi-builder-workspace/.derivedData/Build/Intermediates.noindex/GeneratedModuleMaps-appletvos/CNIOLinux.modulemap -Xcc -fmodule-map-file\=/Users/admin/builder/spi-builder-workspace/.derivedData/Build/Intermediates.noindex/GeneratedModuleMaps-appletvos/CNIODarwin.modulemap -Xcc -fmodule-map-file\=/Users/admin/builder/spi-builder-workspace/.derivedData/Build/Intermediates.noindex/GeneratedModuleMaps-appletvos/CNIOFreeBSD.modulemap -Xcc -fmodule-map-file\=/Users/admin/builder/spi-builder-workspace/.derivedData/Build/Intermediates.noindex/GeneratedModuleMaps-appletvos/CNIOOpenBSD.modulemap -Xcc -fmodule-map-file\=/Users/admin/builder/spi-builder-workspace/.derivedData/Build/Intermediates.noindex/GeneratedModuleMaps-appletvos/CNIOAtomics.modulemap -Xcc -fmodule-map-file\=/Users/admin/builder/spi-builder-workspace/.dependencies/checkouts/zstd/lib/module.modulemap -Xcc -fmodule-map-file\=/Users/admin/builder/spi-builder-workspace/.dependencies/checkouts/swift-atomics/Sources/_AtomicsShims/include/module.modulemap -Xcc -fmodule-map-file\=/Users/admin/builder/spi-builder-workspace/.dependencies/checkouts/swift-numerics/Sources/_NumericsShims/include/module.modulemap -Xcc -fmodule-map-file\=/Users/admin/builder/spi-builder-workspace/.derivedData/Build/Intermediates.noindex/GeneratedModuleMaps-appletvos/SpeziFoundationObjC.modulemap -Xcc -fmodule-map-file\=/Users/admin/builder/spi-builder-workspace/.dependencies/checkouts/swift-cmark/src/include/module.modulemap -Xcc -fmodule-map-file\=/Users/admin/builder/spi-builder-workspace/.dependencies/checkouts/swift-cmark/extensions/include/module.modulemap -DXcode -plugin-path /Applications/Xcode-27.0.0-Release.Candidate.app/Contents/Developer/Toolchains/XcodeDefault.xctoolchain/usr/lib/swift/host/plugins/testing -enable-experimental-feature DebugDescriptionMacro -sdk /Applications/Xcode-27.0.0-Release.Candidate.app/Contents/Developer/Platforms/AppleTVOS.platform/Developer/SDKs/AppleTVOS27.0.sdk -target arm64-apple-tvos17.0 -g -module-cache-path /Users/admin/builder/spi-builder-workspace/.derivedData/ModuleCache.noindex -Xfrontend -serialize-debugging-options -profile-coverage-mapping -profile-generate -enable-testing -index-store-path /Users/admin/builder/spi-builder-workspace/.derivedData/Index.noindex/DataStore -Xcc -D_LIBCPP_HARDENING_MODE\=_LIBCPP_HARDENING_MODE_DEBUG -swift-version 6 -I /Users/admin/builder/spi-builder-workspace/.derivedData/Build/Products/Debug-appletvos -Isystem /Applications/Xcode-27.0.0-Release.Candidate.app/Contents/Developer/Platforms/AppleTVOS.platform/Developer/usr/lib -F /Users/admin/builder/spi-builder-workspace/.derivedData/Build/Products/Debug-appletvos/PackageFrameworks -F /Users/admin/builder/spi-builder-workspace/.derivedData/Build/Products/Debug-appletvos -F /Applications/Xcode-27.0.0-Release.Candidate.app/Contents/Developer/Platforms/AppleTVOS.platform/Developer/Library/Frameworks -F /Applications/Xcode-27.0.0-Release.Candidate.app/Contents/Developer/Platforms/AppleTVOS.platform/Developer/SDKs/AppleTVOS27.0.sdk/Developer/Library/Frameworks -Xfrontend -load-plugin-executable -Xfrontend /Users/admin/builder/spi-builder-workspace/.derivedData/Build/Products/Debug/ThreadLocalMacros\#ThreadLocalMacros -emit-localized-strings -emit-localized-strings-path /Users/admin/builder/spi-builder-workspace/.derivedData/Build/Intermediates.noindex/SpeziDevices.build/Debug-appletvos/SpeziDevices-t.build/Objects-normal/arm64 -c -j10 -enable-batch-mode -incremental -Xcc -ivfsstatcache -Xcc /Users/admin/builder/spi-builder-workspace/.derivedData/SDKStatCaches.noindex/appletvos27.0-24J360-e829b21a6f8c9b70876ba0858053c044b32bfd8d43560033f8d89884cdb90028.sdkstatcache -output-file-map /Users/admin/builder/spi-builder-workspace/.derivedData/Build/Intermediates.noindex/SpeziDevices.build/Debug-appletvos/SpeziDevices-t.build/Objects-normal/arm64/SpeziDevices-OutputFileMap.json -save-temps -no-color-diagnostics -explicit-module-build -module-cache-path /Users/admin/builder/spi-builder-workspace/.derivedData/Build/Intermediates.noindex/SwiftExplicitPrecompiledModules -clang-scanner-module-cache-path /Users/admin/builder/spi-builder-workspace/.derivedData/ModuleCache.noindex -sdk-module-cache-path /Users/admin/builder/spi-builder-workspace/.derivedData/SDKExplicitPrecompiledModules -emit-dependencies -emit-module -emit-module-path /Users/admin/builder/spi-builder-workspace/.derivedData/Build/Intermediates.noindex/SpeziDevices.build/Debug-appletvos/SpeziDevices-t.build/Objects-normal/arm64/SpeziDevices.swiftmodule -serialize-diagnostics -dependency-scan-serialize-diagnostics-path /Users/admin/builder/spi-builder-workspace/.derivedData/Build/Intermediates.noindex/SpeziDevices.build/Debug-appletvos/SpeziDevices-t.build/Objects-normal/arm64/SpeziDevices-dependency-scan.dia -validate-clang-modules-once -clang-build-session-file /Users/admin/builder/spi-builder-workspace/.derivedData/ModuleCache.noindex/Session.modulevalidation -Xcc -fmodules-prune-interval\=86400 -Xcc -fmodules-prune-after\=345600 -package-name spi_builder_workspace -emit-const-values -const-gather-protocols-list /Users/admin/builder/spi-builder-workspace/.derivedData/Build/Intermediates.noindex/SpeziDevices.build/Debug-appletvos/SpeziDevices-t.build/Objects-normal/arm64/SpeziDevices_const_extract_protocols.json -Xcc -I/Users/admin/builder/spi-builder-workspace/.dependencies/checkouts/swift-nio/Sources/CNIOPosix/include -Xcc -I/Users/admin/builder/spi-builder-workspace/.dependencies/checkouts/swift-nio/Sources/CNIOWASI/include -Xcc -I/Users/admin/builder/spi-builder-workspace/.dependencies/checkouts/swift-nio/Sources/CNIOWindows/include -Xcc -I/Users/admin/builder/spi-builder-workspace/.dependencies/checkouts/swift-nio/Sources/CNIOLinux/include -Xcc -I/Users/admin/builder/spi-builder-workspace/.dependencies/checkouts/swift-nio/Sources/CNIODarwin/include -Xcc -I/Users/admin/builder/spi-builder-workspace/.dependencies/checkouts/swift-nio/Sources/CNIOFreeBSD/include -Xcc -I/Users/admin/builder/spi-builder-workspace/.dependencies/checkouts/swift-nio/Sources/CNIOOpenBSD/include -Xcc -I/Users/admin/builder/spi-builder-workspace/.dependencies/checkouts/swift-nio/Sources/CNIOAtomics/include -Xcc -I/Users/admin/builder/spi-builder-workspace/.dependencies/checkouts/zstd/lib -Xcc -I/Users/admin/builder/spi-builder-workspace/.dependencies/checkouts/swift-atomics/Sources/_AtomicsShims/include -Xcc -I/Users/admin/builder/spi-builder-workspace/.dependencies/checkouts/swift-numerics/Sources/_NumericsShims/include -Xcc -I/Users/admin/builder/spi-builder-workspace/.dependencies/checkouts/SpeziFoundation/Sources/SpeziFoundationObjC/include -Xcc -I/Users/admin/builder/spi-builder-workspace/.dependencies/checkouts/swift-cmark/src/include -Xcc -I/Users/admin/builder/spi-builder-workspace/.dependencies/checkouts/swift-cmark/extensions/include -Xcc -I/Users/admin/builder/spi-builder-workspace/.derivedData/Build/Products/Debug-appletvos/include -Xcc -I/Users/admin/builder/spi-builder-workspace/.derivedData/Build/Intermediates.noindex/SpeziDevices.build/Debug-appletvos/SpeziDevices-t.build/DerivedSources-normal/arm64 -Xcc -I/Users/admin/builder/spi-builder-workspace/.derivedData/Build/Intermediates.noindex/SpeziDevices.build/Debug-appletvos/SpeziDevices-t.build/DerivedSources/arm64 -Xcc -I/Users/admin/builder/spi-builder-workspace/.derivedData/Build/Intermediates.noindex/SpeziDevices.build/Debug-appletvos/SpeziDevices-t.build/DerivedSources -Xcc -DSWIFT_PACKAGE -Xcc -DDEBUG\=1 -emit-objc-header -emit-objc-header-path /Users/admin/builder/spi-builder-workspace/.derivedData/Build/Intermediates.noindex/SpeziDevices.build/Debug-appletvos/SpeziDevices-t.build/Objects-normal/arm64/SpeziDevices-Swift.h -working-directory /Users/admin/builder/spi-builder-workspace/.swiftpm/xcode -experimental-emit-module-separately -disable-cmo
error: Clang dependency scanning failure: (in target 'SpeziDevices' from project 'SpeziDevices')
error: Clang dependency scanning failure: (in target 'SpeziDevices' from project 'SpeziDevices')
error: Clang dependency scanning failure: (in target 'SpeziDevices' from project 'SpeziDevices')
error: Clang dependency scanning failure: (in target 'SpeziDevices' from project 'SpeziDevices')
error: Clang dependency scanning failure: (in target 'SpeziDevices' from project 'SpeziDevices')
error: Clang dependency scanning failure: (in target 'SpeziDevices' from project 'SpeziDevices')
error: Clang dependency scanning failure: (in target 'SpeziDevices' from project 'SpeziDevices')
error: Clang dependency scanning failure: (in target 'SpeziDevices' from project 'SpeziDevices')
error: Clang dependency scanning failure: (in target 'SpeziDevices' from project 'SpeziDevices')
error: Clang dependency scanning failure: (in target 'SpeziDevices' from project 'SpeziDevices')
error: Clang dependency scanning failure: (in target 'SpeziDevices' from project 'SpeziDevices')
error: Clang dependency scanning failure: (in target 'SpeziDevices' from project 'SpeziDevices')
error: Clang dependency scanning failure: (in target 'SpeziDevices' from project 'SpeziDevices')
error: Clang dependency scanning failure: (in target 'SpeziDevices' from project 'SpeziDevices')
error: Clang dependency scanning failure: (in target 'SpeziDevices' from project 'SpeziDevices')
error: Clang dependency scanning failure: (in target 'SpeziDevices' from project 'SpeziDevices')
/Users/admin/builder/spi-builder-workspace/Sources/SpeziDevices/Devices/HealthDevice.swift:9:8: error: Unable to resolve module dependency: 'HealthKit' (in target 'SpeziDevices' from project 'SpeziDevices')
note: A dependency of main module 'SpeziDevices'
/Users/admin/builder/spi-builder-workspace/Sources/SpeziDevices/Health/BloodPressureMeasurement+HKSample.swift:10:8: note: Also imported here
/Users/admin/builder/spi-builder-workspace/Sources/SpeziDevices/Health/BloodPressureMeasurement.Unit+HKUnit.swift:9:8: note: Also imported here
/Users/admin/builder/spi-builder-workspace/Sources/SpeziDevices/Health/WeightMeasurement+HKSample.swift:10:8: note: Also imported here
/Users/admin/builder/spi-builder-workspace/Sources/SpeziDevices/Health/WeightMeasurement.Unit+HKUnit.swift:10:8: note: Also imported here
/Users/admin/builder/spi-builder-workspace/Sources/SpeziDevices/HealthMeasurements.swift:9:8: note: Also imported here
/Users/admin/builder/spi-builder-workspace/Sources/SpeziDevices/Measurements/HealthKitMeasurement.swift:9:8: note: Also imported here
/Users/admin/builder/spi-builder-workspace/Sources/SpeziDevices/Measurements/StoredMeasurement.swift:10:8: note: Also imported here
/Users/admin/builder/spi-builder-workspace/Sources/SpeziDevices/Devices/HealthDevice.swift:9:8: note: A dependency of main module 'SpeziDevices'
import HealthKit
^ (in target 'SpeziDevices' from project 'SpeziDevices')
/Users/admin/builder/spi-builder-workspace/Sources/SpeziDevices/Health/BloodPressureMeasurement+HKSample.swift:10:8: note: Also imported here
import HealthKit
^ (in target 'SpeziDevices' from project 'SpeziDevices')
/Users/admin/builder/spi-builder-workspace/Sources/SpeziDevices/Health/BloodPressureMeasurement.Unit+HKUnit.swift:9:8: note: Also imported here
import HealthKit
^ (in target 'SpeziDevices' from project 'SpeziDevices')
/Users/admin/builder/spi-builder-workspace/Sources/SpeziDevices/Health/WeightMeasurement+HKSample.swift:10:8: note: Also imported here
import HealthKit
^ (in target 'SpeziDevices' from project 'SpeziDevices')
/Users/admin/builder/spi-builder-workspace/Sources/SpeziDevices/Health/WeightMeasurement.Unit+HKUnit.swift:10:8: note: Also imported here
import HealthKit
^ (in target 'SpeziDevices' from project 'SpeziDevices')
/Users/admin/builder/spi-builder-workspace/Sources/SpeziDevices/HealthMeasurements.swift:9:8: note: Also imported here
import HealthKit
^ (in target 'SpeziDevices' from project 'SpeziDevices')
/Users/admin/builder/spi-builder-workspace/Sources/SpeziDevices/Measurements/HealthKitMeasurement.swift:9:8: note: Also imported here
import HealthKit
^ (in target 'SpeziDevices' from project 'SpeziDevices')
/Users/admin/builder/spi-builder-workspace/Sources/SpeziDevices/Measurements/StoredMeasurement.swift:10:8: note: Also imported here
import HealthKit
^ (in target 'SpeziDevices' from project 'SpeziDevices')
SwiftDriverJobDiscovery normal arm64 Compiling PLXContinuousMeasurement.swift, PLXFeatures.swift, PLXSpotCheckMeasurement.swift, PnPID.swift (in target 'SpeziBluetoothServices' from project 'SpeziBluetooth')
SwiftDriver\ Compilation SpeziBluetoothServices normal arm64 com.apple.xcode.tools.swift.compiler (in target 'SpeziBluetoothServices' from project 'SpeziBluetooth')
cd /Users/admin/builder/spi-builder-workspace/.swiftpm/xcode
builtin-Swift-Compilation -- /Applications/Xcode-27.0.0-Release.Candidate.app/Contents/Developer/Toolchains/XcodeDefault.xctoolchain/usr/bin/swiftc -parse-as-library -module-name SpeziBluetoothServices -Onone @/Users/admin/builder/spi-builder-workspace/.derivedData/Build/Intermediates.noindex/SpeziBluetooth.build/Debug-appletvos/SpeziBluetoothServices-t.build/Objects-normal/arm64/SpeziBluetoothServices.SwiftFileList -DSWIFT_PACKAGE -DDEBUG -DSWIFT_MODULE_RESOURCE_BUNDLE_UNAVAILABLE -Xcc -fmodule-map-file\=/Users/admin/builder/spi-builder-workspace/.dependencies/checkouts/swift-cmark/src/include/module.modulemap -Xcc -fmodule-map-file\=/Users/admin/builder/spi-builder-workspace/.dependencies/checkouts/swift-cmark/extensions/include/module.modulemap -Xcc -fmodule-map-file\=/Users/admin/builder/spi-builder-workspace/.dependencies/checkouts/zstd/lib/module.modulemap -Xcc -fmodule-map-file\=/Users/admin/builder/spi-builder-workspace/.dependencies/checkouts/swift-numerics/Sources/_NumericsShims/include/module.modulemap -Xcc -fmodule-map-file\=/Users/admin/builder/spi-builder-workspace/.derivedData/Build/Intermediates.noindex/GeneratedModuleMaps-appletvos/SpeziFoundationObjC.modulemap -Xcc -fmodule-map-file\=/Users/admin/builder/spi-builder-workspace/.dependencies/checkouts/swift-atomics/Sources/_AtomicsShims/include/module.modulemap -Xcc -fmodule-map-file\=/Users/admin/builder/spi-builder-workspace/.derivedData/Build/Intermediates.noindex/GeneratedModuleMaps-appletvos/CNIOPosix.modulemap -Xcc -fmodule-map-file\=/Users/admin/builder/spi-builder-workspace/.derivedData/Build/Intermediates.noindex/GeneratedModuleMaps-appletvos/CNIOWASI.modulemap -Xcc -fmodule-map-file\=/Users/admin/builder/spi-builder-workspace/.dependencies/checkouts/swift-nio/Sources/CNIOWindows/include/module.modulemap -Xcc -fmodule-map-file\=/Users/admin/builder/spi-builder-workspace/.derivedData/Build/Intermediates.noindex/GeneratedModuleMaps-appletvos/CNIOLinux.modulemap -Xcc -fmodule-map-file\=/Users/admin/builder/spi-builder-workspace/.derivedData/Build/Intermediates.noindex/GeneratedModuleMaps-appletvos/CNIODarwin.modulemap -Xcc -fmodule-map-file\=/Users/admin/builder/spi-builder-workspace/.derivedData/Build/Intermediates.noindex/GeneratedModuleMaps-appletvos/CNIOFreeBSD.modulemap -Xcc -fmodule-map-file\=/Users/admin/builder/spi-builder-workspace/.derivedData/Build/Intermediates.noindex/GeneratedModuleMaps-appletvos/CNIOOpenBSD.modulemap -Xcc -fmodule-map-file\=/Users/admin/builder/spi-builder-workspace/.derivedData/Build/Intermediates.noindex/GeneratedModuleMaps-appletvos/CNIOAtomics.modulemap -DXcode -plugin-path /Applications/Xcode-27.0.0-Release.Candidate.app/Contents/Developer/Toolchains/XcodeDefault.xctoolchain/usr/lib/swift/host/plugins/testing -enable-experimental-feature DebugDescriptionMacro -sdk /Applications/Xcode-27.0.0-Release.Candidate.app/Contents/Developer/Platforms/AppleTVOS.platform/Developer/SDKs/AppleTVOS27.0.sdk -target arm64-apple-tvos17.0 -g -module-cache-path /Users/admin/builder/spi-builder-workspace/.derivedData/ModuleCache.noindex -Xfrontend -serialize-debugging-options -profile-coverage-mapping -profile-generate -enable-testing -suppress-warnings -index-store-path /Users/admin/builder/spi-builder-workspace/.derivedData/Index.noindex/DataStore -Xcc -D_LIBCPP_HARDENING_MODE\=_LIBCPP_HARDENING_MODE_DEBUG -swift-version 6 -I /Users/admin/builder/spi-builder-workspace/.derivedData/Build/Products/Debug-appletvos -Isystem /Applications/Xcode-27.0.0-Release.Candidate.app/Contents/Developer/Platforms/AppleTVOS.platform/Developer/usr/lib -F /Users/admin/builder/spi-builder-workspace/.derivedData/Build/Products/Debug-appletvos/PackageFrameworks -F /Users/admin/builder/spi-builder-workspace/.derivedData/Build/Products/Debug-appletvos -F /Applications/Xcode-27.0.0-Release.Candidate.app/Contents/Developer/Platforms/AppleTVOS.platform/Developer/Library/Frameworks -F /Applications/Xcode-27.0.0-Release.Candidate.app/Contents/Developer/Platforms/AppleTVOS.platform/Developer/SDKs/AppleTVOS27.0.sdk/Developer/Library/Frameworks -Xfrontend -load-plugin-executable -Xfrontend /Users/admin/builder/spi-builder-workspace/.derivedData/Build/Products/Debug/ThreadLocalMacros\#ThreadLocalMacros -emit-localized-strings -emit-localized-strings-path /Users/admin/builder/spi-builder-workspace/.derivedData/Build/Intermediates.noindex/SpeziBluetooth.build/Debug-appletvos/SpeziBluetoothServices-t.build/Objects-normal/arm64 -c -j10 -enable-batch-mode -incremental -Xcc -ivfsstatcache -Xcc /Users/admin/builder/spi-builder-workspace/.derivedData/SDKStatCaches.noindex/appletvos27.0-24J360-e829b21a6f8c9b70876ba0858053c044b32bfd8d43560033f8d89884cdb90028.sdkstatcache -output-file-map /Users/admin/builder/spi-builder-workspace/.derivedData/Build/Intermediates.noindex/SpeziBluetooth.build/Debug-appletvos/SpeziBluetoothServices-t.build/Objects-normal/arm64/SpeziBluetoothServices-OutputFileMap.json -save-temps -no-color-diagnostics -explicit-module-build -module-cache-path /Users/admin/builder/spi-builder-workspace/.derivedData/Build/Intermediates.noindex/SwiftExplicitPrecompiledModules -clang-scanner-module-cache-path /Users/admin/builder/spi-builder-workspace/.derivedData/ModuleCache.noindex -sdk-module-cache-path /Users/admin/builder/spi-builder-workspace/.derivedData/SDKExplicitPrecompiledModules -emit-dependencies -emit-module -emit-module-path /Users/admin/builder/spi-builder-workspace/.derivedData/Build/Intermediates.noindex/SpeziBluetooth.build/Debug-appletvos/SpeziBluetoothServices-t.build/Objects-normal/arm64/SpeziBluetoothServices.swiftmodule -serialize-diagnostics -dependency-scan-serialize-diagnostics-path /Users/admin/builder/spi-builder-workspace/.derivedData/Build/Intermediates.noindex/SpeziBluetooth.build/Debug-appletvos/SpeziBluetoothServices-t.build/Objects-normal/arm64/SpeziBluetoothServices-dependency-scan.dia -user-module-version 3.3.2 -validate-clang-modules-once -clang-build-session-file /Users/admin/builder/spi-builder-workspace/.derivedData/ModuleCache.noindex/Session.modulevalidation -Xcc -fmodules-prune-interval\=86400 -Xcc -fmodules-prune-after\=345600 -package-name spezibluetooth -emit-const-values -const-gather-protocols-list /Users/admin/builder/spi-builder-workspace/.derivedData/Build/Intermediates.noindex/SpeziBluetooth.build/Debug-appletvos/SpeziBluetoothServices-t.build/Objects-normal/arm64/SpeziBluetoothServices_const_extract_protocols.json -Xcc -I/Users/admin/builder/spi-builder-workspace/.dependencies/checkouts/swift-cmark/src/include -Xcc -I/Users/admin/builder/spi-builder-workspace/.dependencies/checkouts/swift-cmark/extensions/include -Xcc -I/Users/admin/builder/spi-builder-workspace/.dependencies/checkouts/zstd/lib -Xcc -I/Users/admin/builder/spi-builder-workspace/.dependencies/checkouts/swift-numerics/Sources/_NumericsShims/include -Xcc -I/Users/admin/builder/spi-builder-workspace/.dependencies/checkouts/SpeziFoundation/Sources/SpeziFoundationObjC/include -Xcc -I/Users/admin/builder/spi-builder-workspace/.dependencies/checkouts/swift-atomics/Sources/_AtomicsShims/include -Xcc -I/Users/admin/builder/spi-builder-workspace/.dependencies/checkouts/swift-nio/Sources/CNIOPosix/include -Xcc -I/Users/admin/builder/spi-builder-workspace/.dependencies/checkouts/swift-nio/Sources/CNIOWASI/include -Xcc -I/Users/admin/builder/spi-builder-workspace/.dependencies/checkouts/swift-nio/Sources/CNIOWindows/include -Xcc -I/Users/admin/builder/spi-builder-workspace/.dependencies/checkouts/swift-nio/Sources/CNIOLinux/include -Xcc -I/Users/admin/builder/spi-builder-workspace/.dependencies/checkouts/swift-nio/Sources/CNIODarwin/include -Xcc -I/Users/admin/builder/spi-builder-workspace/.dependencies/checkouts/swift-nio/Sources/CNIOFreeBSD/include -Xcc -I/Users/admin/builder/spi-builder-workspace/.dependencies/checkouts/swift-nio/Sources/CNIOOpenBSD/include -Xcc -I/Users/admin/builder/spi-builder-workspace/.dependencies/checkouts/swift-nio/Sources/CNIOAtomics/include -Xcc -I/Users/admin/builder/spi-builder-workspace/.derivedData/Build/Products/Debug-appletvos/include -Xcc -I/Users/admin/builder/spi-builder-workspace/.derivedData/Build/Intermediates.noindex/SpeziBluetooth.build/Debug-appletvos/SpeziBluetoothServices-t.build/DerivedSources-normal/arm64 -Xcc -I/Users/admin/builder/spi-builder-workspace/.derivedData/Build/Intermediates.noindex/SpeziBluetooth.build/Debug-appletvos/SpeziBluetoothServices-t.build/DerivedSources/arm64 -Xcc -I/Users/admin/builder/spi-builder-workspace/.derivedData/Build/Intermediates.noindex/SpeziBluetooth.build/Debug-appletvos/SpeziBluetoothServices-t.build/DerivedSources -Xcc -DSWIFT_PACKAGE -Xcc -DDEBUG\=1 -emit-objc-header -emit-objc-header-path /Users/admin/builder/spi-builder-workspace/.derivedData/Build/Intermediates.noindex/SpeziBluetooth.build/Debug-appletvos/SpeziBluetoothServices-t.build/Objects-normal/arm64/SpeziBluetoothServices-Swift.h -working-directory /Users/admin/builder/spi-builder-workspace/.swiftpm/xcode -experimental-emit-module-separately -disable-cmo
Ld /Users/admin/builder/spi-builder-workspace/.derivedData/Build/Products/Debug-appletvos/SpeziBluetoothServices.o normal (in target 'SpeziBluetoothServices' from project 'SpeziBluetooth')
cd /Users/admin/builder/spi-builder-workspace/.dependencies/checkouts/SpeziBluetooth
/Applications/Xcode-27.0.0-Release.Candidate.app/Contents/Developer/Toolchains/XcodeDefault.xctoolchain/usr/bin/clang -Xlinker -reproducible -target arm64-apple-tvos17.0 -r -isysroot /Applications/Xcode-27.0.0-Release.Candidate.app/Contents/Developer/Platforms/AppleTVOS.platform/Developer/SDKs/AppleTVOS27.0.sdk -O0 -w -Xlinker -no_warn_duplicate_libraries -F/Users/admin/builder/spi-builder-workspace/.derivedData/Build/Intermediates.noindex/EagerLinkingTBDs/Debug-appletvos -F/Users/admin/builder/spi-builder-workspace/.derivedData/Build/Products/Debug-appletvos/PackageFrameworks -F/Users/admin/builder/spi-builder-workspace/.derivedData/Build/Products/Debug-appletvos -iframework /Applications/Xcode-27.0.0-Release.Candidate.app/Contents/Developer/Platforms/AppleTVOS.platform/Developer/Library/Frameworks -iframework /Applications/Xcode-27.0.0-Release.Candidate.app/Contents/Developer/Platforms/AppleTVOS.platform/Developer/SDKs/AppleTVOS27.0.sdk/Developer/Library/Frameworks -filelist /Users/admin/builder/spi-builder-workspace/.derivedData/Build/Intermediates.noindex/SpeziBluetooth.build/Debug-appletvos/SpeziBluetoothServices-t.build/Objects-normal/arm64/SpeziBluetoothServices.LinkFileList -nostdlib -Xlinker -object_path_lto -Xlinker /Users/admin/builder/spi-builder-workspace/.derivedData/Build/Intermediates.noindex/SpeziBluetooth.build/Debug-appletvos/SpeziBluetoothServices-t.build/Objects-normal/arm64/SpeziBluetoothServices_lto.o -Xlinker -no_deduplicate -Xlinker -debug_variant -Xlinker -dependency_info -Xlinker /Users/admin/builder/spi-builder-workspace/.derivedData/Build/Intermediates.noindex/SpeziBluetooth.build/Debug-appletvos/SpeziBluetoothServices-t.build/Objects-normal/arm64/SpeziBluetoothServices_dependency_info.dat -fobjc-link-runtime -L/Applications/Xcode-27.0.0-Release.Candidate.app/Contents/Developer/Toolchains/XcodeDefault.xctoolchain/usr/lib/swift/appletvos -L/usr/lib/swift -Xlinker -add_ast_path -Xlinker /Users/admin/builder/spi-builder-workspace/.derivedData/Build/Intermediates.noindex/SpeziBluetooth.build/Debug-appletvos/SpeziBluetoothServices-t.build/Objects-normal/arm64/SpeziBluetoothServices.swiftmodule -o /Users/admin/builder/spi-builder-workspace/.derivedData/Build/Products/Debug-appletvos/SpeziBluetoothServices.o
ExtractAppIntentsMetadata (in target 'SpeziBluetoothServices' from project 'SpeziBluetooth')
cd /Users/admin/builder/spi-builder-workspace/.dependencies/checkouts/SpeziBluetooth
/Applications/Xcode-27.0.0-Release.Candidate.app/Contents/Developer/Toolchains/XcodeDefault.xctoolchain/usr/bin/appintentsmetadataprocessor --toolchain-dir /var/run/com.apple.security.cryptexd/mnt/com.apple.MobileAsset.MetalToolchain-v27.1.266.1.3uEkSE/Metal.xctoolchain --module-name SpeziBluetoothServices --sdk-root /Applications/Xcode-27.0.0-Release.Candidate.app/Contents/Developer/Platforms/AppleTVOS.platform/Developer/SDKs/AppleTVOS27.0.sdk --xcode-version 27A266a --platform-family tvOS --deployment-target 17.0 --bundle-identifier spezibluetooth.SpeziBluetoothServices --output /Users/admin/builder/spi-builder-workspace/.derivedData/Build/Products/Debug-appletvos/SpeziBluetoothServices.appintents --target-triple arm64-apple-tvos17.0 --binary-file /Users/admin/builder/spi-builder-workspace/.derivedData/Build/Products/Debug-appletvos/SpeziBluetoothServices.o --dependency-file /Users/admin/builder/spi-builder-workspace/.derivedData/Build/Intermediates.noindex/SpeziBluetooth.build/Debug-appletvos/SpeziBluetoothServices-t.build/Objects-normal/arm64/SpeziBluetoothServices_dependency_info.dat --stringsdata-file /Users/admin/builder/spi-builder-workspace/.derivedData/Build/Intermediates.noindex/SpeziBluetooth.build/Debug-appletvos/SpeziBluetoothServices-t.build/Objects-normal/arm64/ExtractedAppShortcutsMetadata.stringsdata --source-file-list /Users/admin/builder/spi-builder-workspace/.derivedData/Build/Intermediates.noindex/SpeziBluetooth.build/Debug-appletvos/SpeziBluetoothServices-t.build/Objects-normal/arm64/SpeziBluetoothServices.SwiftFileList --metadata-file-list /Users/admin/builder/spi-builder-workspace/.derivedData/Build/Intermediates.noindex/SpeziBluetooth.build/Debug-appletvos/SpeziBluetoothServices-t.build/SpeziBluetoothServices.DependencyMetadataFileList --static-metadata-file-list /Users/admin/builder/spi-builder-workspace/.derivedData/Build/Intermediates.noindex/SpeziBluetooth.build/Debug-appletvos/SpeziBluetoothServices-t.build/SpeziBluetoothServices.DependencyStaticMetadataFileList --swift-const-vals-list /Users/admin/builder/spi-builder-workspace/.derivedData/Build/Intermediates.noindex/SpeziBluetooth.build/Debug-appletvos/SpeziBluetoothServices-t.build/Objects-normal/arm64/SpeziBluetoothServices.SwiftConstValuesFileList --force --compile-time-extraction --deployment-aware-processing --no-app-shortcuts-localization
2026-09-22 20:50:44.082 appintentsmetadataprocessor[2410:12839] Starting appintentsmetadataprocessor export
2026-09-22 20:50:44.142 appintentsmetadataprocessor[2410:12839] Extracted no relevant App Intents symbols, skipping writing output
PruneExplicitPrecompiledModules /Users/admin/builder/spi-builder-workspace/.derivedData/Build/Intermediates.noindex/SwiftExplicitPrecompiledModules
PruneExplicitPrecompiledModules /Users/admin/builder/spi-builder-workspace/.derivedData/SDKExplicitPrecompiledModules
PruneExplicitPrecompiledModules /Users/admin/builder/spi-builder-workspace/.derivedData/Build/Intermediates.noindex/ExplicitPrecompiledModules
2026-09-22 20:50:11.838 xcodebuild[1406:7543] [MT] IDERunDestination: Supported platforms for the buildables in the current scheme is empty.
** BUILD FAILED **
The following build commands failed:
SwiftDriver SpeziDevices normal arm64 com.apple.xcode.tools.swift.compiler (in target 'SpeziDevices' from project 'SpeziDevices')
Building workspace SpeziDevices with scheme SpeziDevices-Package
(2 failures)
Command line invocation:
/Applications/Xcode-27.0.0-Release.Candidate.app/Contents/Developer/usr/bin/xcodebuild -IDEClonedSourcePackagesDirPathOverride=/Users/admin/builder/spi-builder-workspace/.dependencies -resolvePackageDependencies
Resolve Package Graph
failed to retrieve search paths with pkg-config; maybe pkg-config is not installedcouldn't find pc file for zlib
Resolved source packages:
swift-numerics: https://github.com/apple/swift-numerics.git @ 1.1.1
swift-collections: https://github.com/apple/swift-collections.git @ 1.6.0
cmark-gfm: https://github.com/swiftlang/swift-cmark @ 0.9.0
SpeziDevices: /Users/admin/builder/spi-builder-workspace
swift-log: https://github.com/apple/swift-log @ 1.15.1
zstd: https://github.com/StanfordBDHG/zstd.git @ 1.5.8-beta.1
swift-system: https://github.com/apple/swift-system.git @ 1.8.1
swift-markdown-ui: https://github.com/gonzalezreal/swift-markdown-ui.git @ 2.4.1
SpeziViews: https://github.com/StanfordSpezi/SpeziViews.git @ 1.12.14
swift-atomics: https://github.com/apple/swift-atomics.git @ 1.3.1
swift-algorithms: https://github.com/apple/swift-algorithms.git @ 1.2.1
swift-syntax: https://github.com/swiftlang/swift-syntax.git @ 603.0.2
NetworkImage: https://github.com/gonzalezreal/NetworkImage @ 6.0.1
ThreadLocal: https://github.com/StanfordBDHG/ThreadLocal.git @ 0.1.3
swift-nio: https://github.com/apple/swift-nio.git @ 2.103.0
SpeziNetworking: https://github.com/StanfordSpezi/SpeziNetworking.git @ 2.3.0
Spezi: https://github.com/StanfordSpezi/Spezi.git @ 1.10.2
SpeziFoundation: https://github.com/StanfordSpezi/SpeziFoundation.git @ 2.7.7
SpeziBluetooth: https://github.com/StanfordSpezi/SpeziBluetooth.git @ 3.3.2
RuntimeAssertions: https://github.com/StanfordBDHG/XCTRuntimeAssertions.git @ 2.2.0
resolved source packages: swift-numerics, swift-collections, cmark-gfm, SpeziDevices, swift-log, zstd, swift-system, swift-markdown-ui, SpeziViews, swift-atomics, swift-algorithms, swift-syntax, NetworkImage, ThreadLocal, swift-nio, SpeziNetworking, Spezi, SpeziFoundation, SpeziBluetooth, RuntimeAssertions
2026-09-22 20:50:47.105 xcodebuild[2411:12911] [MT] IDERunDestination: Supported platforms for the buildables in the current scheme is empty.
{
"default_localization" : "en",
"dependencies" : [
{
"identity" : "swift-collections",
"requirement" : {
"range" : [
{
"lower_bound" : "1.1.1",
"upper_bound" : "2.0.0"
}
]
},
"type" : "sourceControl",
"url" : "https://github.com/apple/swift-collections.git"
},
{
"identity" : "spezifoundation",
"requirement" : {
"range" : [
{
"lower_bound" : "2.1.8",
"upper_bound" : "3.0.0"
}
]
},
"type" : "sourceControl",
"url" : "https://github.com/StanfordSpezi/SpeziFoundation.git"
},
{
"identity" : "spezi",
"requirement" : {
"range" : [
{
"lower_bound" : "1.9.1",
"upper_bound" : "2.0.0"
}
]
},
"type" : "sourceControl",
"url" : "https://github.com/StanfordSpezi/Spezi.git"
},
{
"identity" : "speziviews",
"requirement" : {
"range" : [
{
"lower_bound" : "1.8.0",
"upper_bound" : "2.0.0"
}
]
},
"type" : "sourceControl",
"url" : "https://github.com/StanfordSpezi/SpeziViews.git"
},
{
"identity" : "spezibluetooth",
"requirement" : {
"range" : [
{
"lower_bound" : "3.3.0",
"upper_bound" : "4.0.0"
}
]
},
"type" : "sourceControl",
"url" : "https://github.com/StanfordSpezi/SpeziBluetooth.git"
},
{
"identity" : "spezinetworking",
"requirement" : {
"range" : [
{
"lower_bound" : "2.3.0",
"upper_bound" : "3.0.0"
}
]
},
"type" : "sourceControl",
"url" : "https://github.com/StanfordSpezi/SpeziNetworking.git"
}
],
"manifest_display_name" : "SpeziDevices",
"name" : "SpeziDevices",
"path" : "/Users/admin/builder/spi-builder-workspace",
"platforms" : [
{
"name" : "ios",
"version" : "17.0"
},
{
"name" : "macos",
"version" : "14.0"
},
{
"name" : "maccatalyst",
"version" : "17.0"
},
{
"name" : "visionos",
"version" : "1.0"
}
],
"products" : [
{
"name" : "SpeziDevices",
"targets" : [
"SpeziDevices"
],
"type" : {
"library" : [
"automatic"
]
}
},
{
"name" : "SpeziDevicesUI",
"targets" : [
"SpeziDevicesUI"
],
"type" : {
"library" : [
"automatic"
]
}
},
{
"name" : "SpeziOmron",
"targets" : [
"SpeziOmron"
],
"type" : {
"library" : [
"automatic"
]
}
}
],
"targets" : [
{
"c99name" : "SpeziOmronTests",
"module_type" : "SwiftTarget",
"name" : "SpeziOmronTests",
"path" : "Tests/SpeziOmronTests",
"product_dependencies" : [
"SpeziBluetooth",
"ByteCodingTesting"
],
"sources" : [
"SpeziOmronTests.swift"
],
"target_dependencies" : [
"SpeziOmron"
],
"type" : "test"
},
{
"c99name" : "SpeziOmron",
"module_type" : "SwiftTarget",
"name" : "SpeziOmron",
"path" : "Sources/SpeziOmron",
"product_dependencies" : [
"SpeziBluetooth",
"SpeziBluetoothServices"
],
"product_memberships" : [
"SpeziOmron"
],
"resources" : [
{
"path" : "/Users/admin/builder/spi-builder-workspace/Sources/SpeziOmron/Resources/Media.xcassets",
"rule" : {
"process" : {
}
}
}
],
"sources" : [
"Characteristic/CharacteristicAccessor+OmronRecordAccess.swift",
"Characteristic/OmronRecordAccessOperand.swift",
"Characteristic/RecordAccessControlPoint+Omron.swift",
"Characteristic/RecordAccessOpCode+Omron.swift",
"Devices/OmronBloodPressureCuff.swift",
"Devices/OmronWeightScale.swift",
"Model/ManufacturerIdentifier+Omron.swift",
"Model/OmronLocalName.swift",
"Model/OmronManufacturerData.swift",
"Model/OmronModel.swift",
"OmronHealthDevice.swift",
"OmronOptionService.swift"
],
"target_dependencies" : [
"SpeziDevices"
],
"type" : "library"
},
{
"c99name" : "SpeziDevicesUI",
"module_type" : "SwiftTarget",
"name" : "SpeziDevicesUI",
"path" : "Sources/SpeziDevicesUI",
"product_dependencies" : [
"SpeziViews",
"SpeziValidation",
"SpeziBluetooth"
],
"product_memberships" : [
"SpeziDevicesUI"
],
"resources" : [
{
"path" : "/Users/admin/builder/spi-builder-workspace/Sources/SpeziDevicesUI/Resources/Localizable.xcstrings",
"rule" : {
"process" : {
}
}
},
{
"path" : "/Users/admin/builder/spi-builder-workspace/Sources/SpeziDevicesUI/Resources/Localizable.xcstrings.license",
"rule" : {
"process" : {
}
}
}
],
"sources" : [
"Devices/AccessoryRenameButton.swift",
"Devices/BatteryIcon.swift",
"Devices/DeviceBatteryInfoRow.swift",
"Devices/DeviceDetailsView.swift",
"Devices/DeviceModelRow.swift",
"Devices/DeviceNameRow.swift",
"Devices/DeviceTile.swift",
"Devices/DevicesGrid.swift",
"Devices/DevicesUnavailableView.swift",
"Devices/DevicesView.swift",
"Devices/NameEditView.swift",
"Measurements/BloodPressureMeasurementLabel.swift",
"Measurements/ConfirmMeasurementButton.swift",
"Measurements/MeasurementLayer.swift",
"Measurements/MeasurementsRecordedSheet.swift",
"Measurements/WeightMeasurementLabel.swift",
"Pairing/AccessoryImageView.swift",
"Pairing/AccessorySetupSheet.swift",
"Pairing/DiscoveryView.swift",
"Pairing/Model/PairingViewState.swift",
"Pairing/PairDeviceView.swift",
"Pairing/PairedDeviceView.swift",
"Pairing/PairingFailureView.swift",
"Scanning/BluetoothUnavailableView.swift",
"Scanning/LoadingSectionHeader.swift",
"Scanning/NearbyDeviceRow.swift",
"Scanning/PeripheralLabel.swift",
"Scanning/PeripheralSecondaryLabel.swift",
"Tips/ForgetDeviceTip.swift",
"Utils/PaneContent.swift",
"Utils/TimerIntervalLabel.swift"
],
"target_dependencies" : [
"SpeziDevices"
],
"type" : "library"
},
{
"c99name" : "SpeziDevicesTests",
"module_type" : "SwiftTarget",
"name" : "SpeziDevicesTests",
"path" : "Tests/SpeziDevicesTests",
"product_dependencies" : [
"SpeziFoundation",
"SpeziTesting",
"SpeziBluetooth",
"SpeziBluetoothServices"
],
"sources" : [
"HealthMeasurementsTests.swift",
"PairedDevicesTests.swift"
],
"target_dependencies" : [
"SpeziDevices"
],
"type" : "test"
},
{
"c99name" : "SpeziDevices",
"module_type" : "SwiftTarget",
"name" : "SpeziDevices",
"path" : "Sources/SpeziDevices",
"product_dependencies" : [
"OrderedCollections",
"SpeziFoundation",
"SpeziBluetooth",
"SpeziBluetoothServices",
"SpeziViews",
"Spezi"
],
"product_memberships" : [
"SpeziDevices",
"SpeziDevicesUI",
"SpeziOmron"
],
"sources" : [
"AccessorySetupKit/ImageReference+AccessorySetupKit.swift",
"AccessorySetupKit/LoadAccessorySetupKit.swift",
"Devices/BatteryPoweredDevice.swift",
"Devices/ConnectionAttemptResult.swift",
"Devices/DeviceConnections.swift",
"Devices/DeviceVariantMigration.swift",
"Devices/DiscoveredDevice.swift",
"Devices/GenericBluetoothPeripheral.swift",
"Devices/GenericDevice.swift",
"Devices/HealthDevice.swift",
"Devices/PairableDevice.swift",
"Devices/PairedDevice.swift",
"Health/BloodPressureMeasurement+HKSample.swift",
"Health/BloodPressureMeasurement.Unit+HKUnit.swift",
"Health/WeightMeasurement+HKSample.swift",
"Health/WeightMeasurement.Unit+HKUnit.swift",
"HealthMeasurements.swift",
"Measurements/BluetoothHealthMeasurement.swift",
"Measurements/HealthKitMeasurement.swift",
"Measurements/StoredMeasurement.swift",
"Model/DevicePairingError.swift",
"Model/PairedDeviceInfo.swift",
"Model/PairingContinuation.swift",
"PairedDevices.swift",
"Testing/MockBluetoothPeripheral.swift",
"Testing/MockDevice.swift"
],
"type" : "library"
}
],
"tools_version" : "6.0"
}
{
"workspace" : {
"name" : "SpeziDevices",
"schemes" : [
"MarkdownUI",
"SpeziDevices",
"SpeziDevices-Package",
"SpeziDevicesUI",
"SpeziOmron"
]
}
}
2026-09-22 20:50:50.143 xcodebuild[2427:13010] [MT] IDERunDestination: Supported platforms for the buildables in the current scheme is empty.
Running build ...
env DEVELOPER_DIR=/Applications/Xcode-27.0.0-Release.Candidate.app xcrun xcodebuild -IDEClonedSourcePackagesDirPathOverride=$PWD/.dependencies -skipMacroValidation -skipPackagePluginValidation -derivedDataPath $PWD/.derivedData build -scheme SpeziDevices-Package -destination generic/platform=tvOS
Command line invocation:
/Applications/Xcode-27.0.0-Release.Candidate.app/Contents/Developer/usr/bin/xcodebuild -IDEClonedSourcePackagesDirPathOverride=/Users/admin/builder/spi-builder-workspace/.dependencies -skipMacroValidation -skipPackagePluginValidation -derivedDataPath /Users/admin/builder/spi-builder-workspace/.derivedData build -scheme SpeziDevices-Package -destination generic/platform=tvOS
Resolve Package Graph
failed to retrieve search paths with pkg-config; maybe pkg-config is not installedcouldn't find pc file for zlib
Resolved source packages:
SpeziNetworking: https://github.com/StanfordSpezi/SpeziNetworking.git @ 2.3.0
swift-algorithms: https://github.com/apple/swift-algorithms.git @ 1.2.1
swift-markdown-ui: https://github.com/gonzalezreal/swift-markdown-ui.git @ 2.4.1
swift-log: https://github.com/apple/swift-log @ 1.15.1
swift-atomics: https://github.com/apple/swift-atomics.git @ 1.3.1
SpeziViews: https://github.com/StanfordSpezi/SpeziViews.git @ 1.12.14
ThreadLocal: https://github.com/StanfordBDHG/ThreadLocal.git @ 0.1.3
RuntimeAssertions: https://github.com/StanfordBDHG/XCTRuntimeAssertions.git @ 2.2.0
SpeziFoundation: https://github.com/StanfordSpezi/SpeziFoundation.git @ 2.7.7
SpeziBluetooth: https://github.com/StanfordSpezi/SpeziBluetooth.git @ 3.3.2
swift-collections: https://github.com/apple/swift-collections.git @ 1.6.0
Spezi: https://github.com/StanfordSpezi/Spezi.git @ 1.10.2
swift-syntax: https://github.com/swiftlang/swift-syntax.git @ 603.0.2
cmark-gfm: https://github.com/swiftlang/swift-cmark @ 0.9.0
swift-system: https://github.com/apple/swift-system.git @ 1.8.1
SpeziDevices: /Users/admin/builder/spi-builder-workspace
NetworkImage: https://github.com/gonzalezreal/NetworkImage @ 6.0.1
zstd: https://github.com/StanfordBDHG/zstd.git @ 1.5.8-beta.1
swift-numerics: https://github.com/apple/swift-numerics.git @ 1.1.1
swift-nio: https://github.com/apple/swift-nio.git @ 2.103.0
ComputePackagePrebuildTargetDependencyGraph
Prepare packages
CreateBuildRequest
SendProjectDescription
CreateBuildOperation
ComputeTargetDependencyGraph
note: Building targets in dependency order
note: Target dependency graph (82 targets)
Target 'SpeziOmron-product' in project 'SpeziDevices'
➜ Explicit dependency on target 'SpeziOmron' in project 'SpeziDevices'
➜ Explicit dependency on target 'SpeziDevices_SpeziOmron' in project 'SpeziDevices'
➜ Explicit dependency on target 'SpeziDevices' in project 'SpeziDevices'
➜ Explicit dependency on target 'OrderedCollections-product' in project 'swift-collections'
➜ Explicit dependency on target 'SpeziFoundation-product' in project 'SpeziFoundation'
➜ Explicit dependency on target 'SpeziBluetooth-product' in project 'SpeziBluetooth'
➜ Explicit dependency on target 'SpeziBluetoothServices-product' in project 'SpeziBluetooth'
➜ Explicit dependency on target 'SpeziViews-product' in project 'SpeziViews'
➜ Explicit dependency on target 'Spezi-product' in project 'Spezi'
Target 'SpeziOmron' in project 'SpeziDevices'
➜ Explicit dependency on target 'SpeziDevices_SpeziOmron' in project 'SpeziDevices'
➜ Explicit dependency on target 'SpeziDevices' in project 'SpeziDevices'
➜ Explicit dependency on target 'OrderedCollections-product' in project 'swift-collections'
➜ Explicit dependency on target 'SpeziFoundation-product' in project 'SpeziFoundation'
➜ Explicit dependency on target 'SpeziBluetooth-product' in project 'SpeziBluetooth'
➜ Explicit dependency on target 'SpeziBluetoothServices-product' in project 'SpeziBluetooth'
➜ Explicit dependency on target 'SpeziViews-product' in project 'SpeziViews'
➜ Explicit dependency on target 'Spezi-product' in project 'Spezi'
Target 'SpeziDevices_SpeziOmron' in project 'SpeziDevices' (no dependencies)
Target 'SpeziDevicesUI-product' in project 'SpeziDevices'
➜ Explicit dependency on target 'SpeziDevicesUI' in project 'SpeziDevices'
➜ Explicit dependency on target 'SpeziDevices_SpeziDevicesUI' in project 'SpeziDevices'
➜ Explicit dependency on target 'SpeziDevices' in project 'SpeziDevices'
➜ Explicit dependency on target 'OrderedCollections-product' in project 'swift-collections'
➜ Explicit dependency on target 'SpeziFoundation-product' in project 'SpeziFoundation'
➜ Explicit dependency on target 'SpeziBluetooth-product' in project 'SpeziBluetooth'
➜ Explicit dependency on target 'SpeziBluetoothServices-product' in project 'SpeziBluetooth'
➜ Explicit dependency on target 'SpeziViews-product' in project 'SpeziViews'
➜ Explicit dependency on target 'Spezi-product' in project 'Spezi'
➜ Explicit dependency on target 'SpeziValidation-product' in project 'SpeziViews'
Target 'SpeziDevicesUI' in project 'SpeziDevices'
➜ Explicit dependency on target 'SpeziDevices_SpeziDevicesUI' in project 'SpeziDevices'
➜ Explicit dependency on target 'SpeziDevices' in project 'SpeziDevices'
➜ Explicit dependency on target 'OrderedCollections-product' in project 'swift-collections'
➜ Explicit dependency on target 'SpeziFoundation-product' in project 'SpeziFoundation'
➜ Explicit dependency on target 'SpeziBluetooth-product' in project 'SpeziBluetooth'
➜ Explicit dependency on target 'SpeziBluetoothServices-product' in project 'SpeziBluetooth'
➜ Explicit dependency on target 'SpeziViews-product' in project 'SpeziViews'
➜ Explicit dependency on target 'Spezi-product' in project 'Spezi'
➜ Explicit dependency on target 'SpeziValidation-product' in project 'SpeziViews'
Target 'SpeziValidation-product' in project 'SpeziViews'
➜ Explicit dependency on target 'SpeziValidation' in project 'SpeziViews'
➜ Explicit dependency on target 'SpeziViews_SpeziValidation' in project 'SpeziViews'
➜ Explicit dependency on target 'SpeziViews' in project 'SpeziViews'
➜ Explicit dependency on target 'Spezi-product' in project 'Spezi'
➜ Explicit dependency on target 'SpeziFoundation-product' in project 'SpeziFoundation'
➜ Explicit dependency on target 'SpeziLocalization-product' in project 'SpeziFoundation'
➜ Explicit dependency on target 'MarkdownUI-product' in project 'swift-markdown-ui'
➜ Explicit dependency on target 'OrderedCollections-product' in project 'swift-collections'
Target 'SpeziValidation' in project 'SpeziViews'
➜ Explicit dependency on target 'SpeziViews_SpeziValidation' in project 'SpeziViews'
➜ Explicit dependency on target 'SpeziViews' in project 'SpeziViews'
➜ Explicit dependency on target 'Spezi-product' in project 'Spezi'
➜ Explicit dependency on target 'SpeziFoundation-product' in project 'SpeziFoundation'
➜ Explicit dependency on target 'SpeziLocalization-product' in project 'SpeziFoundation'
➜ Explicit dependency on target 'MarkdownUI-product' in project 'swift-markdown-ui'
➜ Explicit dependency on target 'OrderedCollections-product' in project 'swift-collections'
Target 'SpeziViews_SpeziValidation' in project 'SpeziViews' (no dependencies)
Target 'SpeziDevices_SpeziDevicesUI' in project 'SpeziDevices' (no dependencies)
Target 'SpeziDevices-product' in project 'SpeziDevices'
➜ Explicit dependency on target 'SpeziDevices' in project 'SpeziDevices'
➜ Explicit dependency on target 'OrderedCollections-product' in project 'swift-collections'
➜ Explicit dependency on target 'SpeziFoundation-product' in project 'SpeziFoundation'
➜ Explicit dependency on target 'SpeziBluetooth-product' in project 'SpeziBluetooth'
➜ Explicit dependency on target 'SpeziBluetoothServices-product' in project 'SpeziBluetooth'
➜ Explicit dependency on target 'SpeziViews-product' in project 'SpeziViews'
➜ Explicit dependency on target 'Spezi-product' in project 'Spezi'
Target 'SpeziDevices' in project 'SpeziDevices'
➜ Explicit dependency on target 'OrderedCollections-product' in project 'swift-collections'
➜ Explicit dependency on target 'SpeziFoundation-product' in project 'SpeziFoundation'
➜ Explicit dependency on target 'SpeziBluetooth-product' in project 'SpeziBluetooth'
➜ Explicit dependency on target 'SpeziBluetoothServices-product' in project 'SpeziBluetooth'
➜ Explicit dependency on target 'SpeziViews-product' in project 'SpeziViews'
➜ Explicit dependency on target 'Spezi-product' in project 'Spezi'
Target 'SpeziBluetoothServices-product' in project 'SpeziBluetooth'
➜ Explicit dependency on target 'SpeziBluetoothServices' in project 'SpeziBluetooth'
➜ Explicit dependency on target 'SpeziBluetooth' in project 'SpeziBluetooth'
➜ Explicit dependency on target 'Spezi-product' in project 'Spezi'
➜ Explicit dependency on target 'NIOCore-product' in project 'swift-nio'
➜ Explicit dependency on target 'SpeziViews-product' in project 'SpeziViews'
➜ Explicit dependency on target 'OrderedCollections-product' in project 'swift-collections'
➜ Explicit dependency on target 'SpeziFoundation-product' in project 'SpeziFoundation'
➜ Explicit dependency on target 'ByteCoding-product' in project 'SpeziNetworking'
➜ Explicit dependency on target 'Atomics-product' in project 'swift-atomics'
➜ Explicit dependency on target 'SpeziNumerics-product' in project 'SpeziNetworking'
Target 'SpeziBluetoothServices' in project 'SpeziBluetooth'
➜ Explicit dependency on target 'SpeziBluetooth' in project 'SpeziBluetooth'
➜ Explicit dependency on target 'Spezi-product' in project 'Spezi'
➜ Explicit dependency on target 'NIOCore-product' in project 'swift-nio'
➜ Explicit dependency on target 'SpeziViews-product' in project 'SpeziViews'
➜ Explicit dependency on target 'OrderedCollections-product' in project 'swift-collections'
➜ Explicit dependency on target 'SpeziFoundation-product' in project 'SpeziFoundation'
➜ Explicit dependency on target 'ByteCoding-product' in project 'SpeziNetworking'
➜ Explicit dependency on target 'Atomics-product' in project 'swift-atomics'
➜ Explicit dependency on target 'SpeziNumerics-product' in project 'SpeziNetworking'
Target 'SpeziNumerics-product' in project 'SpeziNetworking'
➜ Explicit dependency on target 'SpeziNumerics' in project 'SpeziNetworking'
➜ Explicit dependency on target 'ByteCoding' in project 'SpeziNetworking'
➜ Explicit dependency on target 'NIOCore-product' in project 'swift-nio'
➜ Explicit dependency on target 'NIOFoundationCompat-product' in project 'swift-nio'
Target 'SpeziNumerics' in project 'SpeziNetworking'
➜ Explicit dependency on target 'ByteCoding' in project 'SpeziNetworking'
➜ Explicit dependency on target 'NIOCore-product' in project 'swift-nio'
➜ Explicit dependency on target 'NIOFoundationCompat-product' in project 'swift-nio'
Target 'SpeziBluetooth-product' in project 'SpeziBluetooth'
➜ Explicit dependency on target 'SpeziBluetooth' in project 'SpeziBluetooth'
➜ Explicit dependency on target 'SpeziBluetooth_SpeziBluetooth' in project 'SpeziBluetooth'
➜ Explicit dependency on target 'Spezi-product' in project 'Spezi'
➜ Explicit dependency on target 'NIOCore-product' in project 'swift-nio'
➜ Explicit dependency on target 'SpeziViews-product' in project 'SpeziViews'
➜ Explicit dependency on target 'OrderedCollections-product' in project 'swift-collections'
➜ Explicit dependency on target 'SpeziFoundation-product' in project 'SpeziFoundation'
➜ Explicit dependency on target 'ByteCoding-product' in project 'SpeziNetworking'
➜ Explicit dependency on target 'Atomics-product' in project 'swift-atomics'
Target 'SpeziBluetooth' in project 'SpeziBluetooth'
➜ Explicit dependency on target 'SpeziBluetooth_SpeziBluetooth' in project 'SpeziBluetooth'
➜ Explicit dependency on target 'Spezi-product' in project 'Spezi'
➜ Explicit dependency on target 'NIOCore-product' in project 'swift-nio'
➜ Explicit dependency on target 'SpeziViews-product' in project 'SpeziViews'
➜ Explicit dependency on target 'OrderedCollections-product' in project 'swift-collections'
➜ Explicit dependency on target 'SpeziFoundation-product' in project 'SpeziFoundation'
➜ Explicit dependency on target 'ByteCoding-product' in project 'SpeziNetworking'
➜ Explicit dependency on target 'Atomics-product' in project 'swift-atomics'
Target 'ByteCoding-product' in project 'SpeziNetworking'
➜ Explicit dependency on target 'ByteCoding' in project 'SpeziNetworking'
➜ Explicit dependency on target 'NIOCore-product' in project 'swift-nio'
➜ Explicit dependency on target 'NIOFoundationCompat-product' in project 'swift-nio'
Target 'ByteCoding' in project 'SpeziNetworking'
➜ Explicit dependency on target 'NIOCore-product' in project 'swift-nio'
➜ Explicit dependency on target 'NIOFoundationCompat-product' in project 'swift-nio'
Target 'NIOFoundationCompat-product' in project 'swift-nio'
➜ Explicit dependency on target 'NIOFoundationCompat' in project 'swift-nio'
➜ Explicit dependency on target 'CNIOAtomics' in project 'swift-nio'
➜ Explicit dependency on target 'NIOConcurrencyHelpers' in project 'swift-nio'
➜ Explicit dependency on target '_NIOBase64' in project 'swift-nio'
➜ Explicit dependency on target 'CNIOOpenBSD' in project 'swift-nio'
➜ Explicit dependency on target 'CNIOFreeBSD' in project 'swift-nio'
➜ Explicit dependency on target 'CNIODarwin' in project 'swift-nio'
➜ Explicit dependency on target 'CNIOLinux' in project 'swift-nio'
➜ Explicit dependency on target 'CNIOWindows' in project 'swift-nio'
➜ Explicit dependency on target 'CNIOWASI' in project 'swift-nio'
➜ Explicit dependency on target '_NIODataStructures' in project 'swift-nio'
➜ Explicit dependency on target 'NIOCore' in project 'swift-nio'
➜ Explicit dependency on target 'NIOEmbedded' in project 'swift-nio'
➜ Explicit dependency on target 'CNIOPosix' in project 'swift-nio'
➜ Explicit dependency on target 'NIOPosix' in project 'swift-nio'
➜ Explicit dependency on target 'NIO' in project 'swift-nio'
➜ Explicit dependency on target 'NIOFoundationEssentialsCompat' in project 'swift-nio'
➜ Explicit dependency on target 'DequeModule-product' in project 'swift-collections'
➜ Explicit dependency on target 'Atomics-product' in project 'swift-atomics'
Target 'NIOFoundationCompat' in project 'swift-nio'
➜ Explicit dependency on target 'CNIOAtomics' in project 'swift-nio'
➜ Explicit dependency on target 'NIOConcurrencyHelpers' in project 'swift-nio'
➜ Explicit dependency on target '_NIOBase64' in project 'swift-nio'
➜ Explicit dependency on target 'CNIOOpenBSD' in project 'swift-nio'
➜ Explicit dependency on target 'CNIOFreeBSD' in project 'swift-nio'
➜ Explicit dependency on target 'CNIODarwin' in project 'swift-nio'
➜ Explicit dependency on target 'CNIOLinux' in project 'swift-nio'
➜ Explicit dependency on target 'CNIOWindows' in project 'swift-nio'
➜ Explicit dependency on target 'CNIOWASI' in project 'swift-nio'
➜ Explicit dependency on target '_NIODataStructures' in project 'swift-nio'
➜ Explicit dependency on target 'NIOCore' in project 'swift-nio'
➜ Explicit dependency on target 'NIOEmbedded' in project 'swift-nio'
➜ Explicit dependency on target 'CNIOPosix' in project 'swift-nio'
➜ Explicit dependency on target 'NIOPosix' in project 'swift-nio'
➜ Explicit dependency on target 'NIO' in project 'swift-nio'
➜ Explicit dependency on target 'NIOFoundationEssentialsCompat' in project 'swift-nio'
➜ Explicit dependency on target 'DequeModule-product' in project 'swift-collections'
➜ Explicit dependency on target 'Atomics-product' in project 'swift-atomics'
Target 'NIOFoundationEssentialsCompat' in project 'swift-nio'
➜ Explicit dependency on target 'CNIOAtomics' in project 'swift-nio'
➜ Explicit dependency on target 'NIOConcurrencyHelpers' in project 'swift-nio'
➜ Explicit dependency on target '_NIOBase64' in project 'swift-nio'
➜ Explicit dependency on target 'CNIOOpenBSD' in project 'swift-nio'
➜ Explicit dependency on target 'CNIOFreeBSD' in project 'swift-nio'
➜ Explicit dependency on target 'CNIODarwin' in project 'swift-nio'
➜ Explicit dependency on target 'CNIOLinux' in project 'swift-nio'
➜ Explicit dependency on target 'CNIOWindows' in project 'swift-nio'
➜ Explicit dependency on target 'CNIOWASI' in project 'swift-nio'
➜ Explicit dependency on target '_NIODataStructures' in project 'swift-nio'
➜ Explicit dependency on target 'NIOCore' in project 'swift-nio'
➜ Explicit dependency on target 'DequeModule-product' in project 'swift-collections'
➜ Explicit dependency on target 'Atomics-product' in project 'swift-atomics'
Target 'NIO' in project 'swift-nio'
➜ Explicit dependency on target 'CNIOAtomics' in project 'swift-nio'
➜ Explicit dependency on target 'NIOConcurrencyHelpers' in project 'swift-nio'
➜ Explicit dependency on target '_NIOBase64' in project 'swift-nio'
➜ Explicit dependency on target 'CNIOOpenBSD' in project 'swift-nio'
➜ Explicit dependency on target 'CNIOFreeBSD' in project 'swift-nio'
➜ Explicit dependency on target 'CNIODarwin' in project 'swift-nio'
➜ Explicit dependency on target 'CNIOLinux' in project 'swift-nio'
➜ Explicit dependency on target 'CNIOWindows' in project 'swift-nio'
➜ Explicit dependency on target 'CNIOWASI' in project 'swift-nio'
➜ Explicit dependency on target '_NIODataStructures' in project 'swift-nio'
➜ Explicit dependency on target 'NIOCore' in project 'swift-nio'
➜ Explicit dependency on target 'NIOEmbedded' in project 'swift-nio'
➜ Explicit dependency on target 'CNIOPosix' in project 'swift-nio'
➜ Explicit dependency on target 'NIOPosix' in project 'swift-nio'
➜ Explicit dependency on target 'DequeModule-product' in project 'swift-collections'
➜ Explicit dependency on target 'Atomics-product' in project 'swift-atomics'
Target 'NIOPosix' in project 'swift-nio'
➜ Explicit dependency on target 'swift-nio_NIOPosix' in project 'swift-nio'
➜ Explicit dependency on target 'CNIOOpenBSD' in project 'swift-nio'
➜ Explicit dependency on target 'CNIOLinux' in project 'swift-nio'
➜ Explicit dependency on target 'CNIODarwin' in project 'swift-nio'
➜ Explicit dependency on target 'CNIOWindows' in project 'swift-nio'
➜ Explicit dependency on target 'CNIOAtomics' in project 'swift-nio'
➜ Explicit dependency on target 'NIOConcurrencyHelpers' in project 'swift-nio'
➜ Explicit dependency on target '_NIOBase64' in project 'swift-nio'
➜ Explicit dependency on target 'CNIOFreeBSD' in project 'swift-nio'
➜ Explicit dependency on target 'CNIOWASI' in project 'swift-nio'
➜ Explicit dependency on target '_NIODataStructures' in project 'swift-nio'
➜ Explicit dependency on target 'NIOCore' in project 'swift-nio'
➜ Explicit dependency on target 'CNIOPosix' in project 'swift-nio'
➜ Explicit dependency on target 'DequeModule-product' in project 'swift-collections'
➜ Explicit dependency on target 'Atomics-product' in project 'swift-atomics'
Target 'swift-nio_NIOPosix' in project 'swift-nio' (no dependencies)
Target 'CNIOPosix' in project 'swift-nio' (no dependencies)
Target 'NIOEmbedded' in project 'swift-nio'
➜ Explicit dependency on target 'CNIOAtomics' in project 'swift-nio'
➜ Explicit dependency on target 'NIOConcurrencyHelpers' in project 'swift-nio'
➜ Explicit dependency on target '_NIOBase64' in project 'swift-nio'
➜ Explicit dependency on target 'CNIOOpenBSD' in project 'swift-nio'
➜ Explicit dependency on target 'CNIOFreeBSD' in project 'swift-nio'
➜ Explicit dependency on target 'CNIODarwin' in project 'swift-nio'
➜ Explicit dependency on target 'CNIOLinux' in project 'swift-nio'
➜ Explicit dependency on target 'CNIOWindows' in project 'swift-nio'
➜ Explicit dependency on target 'CNIOWASI' in project 'swift-nio'
➜ Explicit dependency on target '_NIODataStructures' in project 'swift-nio'
➜ Explicit dependency on target 'NIOCore' in project 'swift-nio'
➜ Explicit dependency on target 'DequeModule-product' in project 'swift-collections'
➜ Explicit dependency on target 'Atomics-product' in project 'swift-atomics'
Target 'SpeziViews-product' in project 'SpeziViews'
➜ Explicit dependency on target 'SpeziViews' in project 'SpeziViews'
➜ Explicit dependency on target 'SpeziViews_SpeziViews' in project 'SpeziViews'
➜ Explicit dependency on target 'Spezi-product' in project 'Spezi'
➜ Explicit dependency on target 'SpeziFoundation-product' in project 'SpeziFoundation'
➜ Explicit dependency on target 'SpeziLocalization-product' in project 'SpeziFoundation'
➜ Explicit dependency on target 'MarkdownUI-product' in project 'swift-markdown-ui'
Target 'SpeziViews' in project 'SpeziViews'
➜ Explicit dependency on target 'SpeziViews_SpeziViews' in project 'SpeziViews'
➜ Explicit dependency on target 'Spezi-product' in project 'Spezi'
➜ Explicit dependency on target 'SpeziFoundation-product' in project 'SpeziFoundation'
➜ Explicit dependency on target 'SpeziLocalization-product' in project 'SpeziFoundation'
➜ Explicit dependency on target 'MarkdownUI-product' in project 'swift-markdown-ui'
Target 'MarkdownUI-product' in project 'swift-markdown-ui'
➜ Explicit dependency on target 'MarkdownUI' in project 'swift-markdown-ui'
➜ Explicit dependency on target 'cmark-gfm-product' in project 'cmark-gfm'
➜ Explicit dependency on target 'cmark-gfm-extensions-product' in project 'cmark-gfm'
➜ Explicit dependency on target 'NetworkImage-product' in project 'NetworkImage'
Target 'MarkdownUI' in project 'swift-markdown-ui'
➜ Explicit dependency on target 'cmark-gfm-product' in project 'cmark-gfm'
➜ Explicit dependency on target 'cmark-gfm-extensions-product' in project 'cmark-gfm'
➜ Explicit dependency on target 'NetworkImage-product' in project 'NetworkImage'
Target 'NetworkImage-product' in project 'NetworkImage'
➜ Explicit dependency on target 'NetworkImage' in project 'NetworkImage'
Target 'NetworkImage' in project 'NetworkImage' (no dependencies)
Target 'cmark-gfm-extensions-product' in project 'cmark-gfm'
➜ Explicit dependency on target 'cmark-gfm-extensions' in project 'cmark-gfm'
➜ Explicit dependency on target 'cmark-gfm' in project 'cmark-gfm'
Target 'cmark-gfm-extensions' in project 'cmark-gfm'
➜ Explicit dependency on target 'cmark-gfm' in project 'cmark-gfm'
Target 'cmark-gfm-product' in project 'cmark-gfm'
➜ Explicit dependency on target 'cmark-gfm' in project 'cmark-gfm'
Target 'cmark-gfm' in project 'cmark-gfm' (no dependencies)
Target 'SpeziLocalization-product' in project 'SpeziFoundation'
➜ Explicit dependency on target 'SpeziLocalization' in project 'SpeziFoundation'
➜ Explicit dependency on target 'SpeziFoundationObjC' in project 'SpeziFoundation'
➜ Explicit dependency on target 'SpeziFoundation' in project 'SpeziFoundation'
➜ Explicit dependency on target 'libzstd-product' in project 'zstd'
➜ Explicit dependency on target 'Atomics-product' in project 'swift-atomics'
➜ Explicit dependency on target 'Algorithms-product' in project 'swift-algorithms'
➜ Explicit dependency on target 'RuntimeAssertions-product' in project 'RuntimeAssertions'
➜ Explicit dependency on target 'Logging-product' in project 'swift-log'
➜ Explicit dependency on target 'ThreadLocal-product' in project 'ThreadLocal'
Target 'SpeziLocalization' in project 'SpeziFoundation'
➜ Explicit dependency on target 'SpeziFoundationObjC' in project 'SpeziFoundation'
➜ Explicit dependency on target 'SpeziFoundation' in project 'SpeziFoundation'
➜ Explicit dependency on target 'libzstd-product' in project 'zstd'
➜ Explicit dependency on target 'Atomics-product' in project 'swift-atomics'
➜ Explicit dependency on target 'Algorithms-product' in project 'swift-algorithms'
➜ Explicit dependency on target 'RuntimeAssertions-product' in project 'RuntimeAssertions'
➜ Explicit dependency on target 'Logging-product' in project 'swift-log'
➜ Explicit dependency on target 'ThreadLocal-product' in project 'ThreadLocal'
Target 'SpeziViews_SpeziViews' in project 'SpeziViews' (no dependencies)
Target 'NIOCore-product' in project 'swift-nio'
➜ Explicit dependency on target 'NIOCore' in project 'swift-nio'
➜ Explicit dependency on target 'CNIOAtomics' in project 'swift-nio'
➜ Explicit dependency on target 'NIOConcurrencyHelpers' in project 'swift-nio'
➜ Explicit dependency on target '_NIOBase64' in project 'swift-nio'
➜ Explicit dependency on target 'CNIOOpenBSD' in project 'swift-nio'
➜ Explicit dependency on target 'CNIOFreeBSD' in project 'swift-nio'
➜ Explicit dependency on target 'CNIODarwin' in project 'swift-nio'
➜ Explicit dependency on target 'CNIOLinux' in project 'swift-nio'
➜ Explicit dependency on target 'CNIOWindows' in project 'swift-nio'
➜ Explicit dependency on target 'CNIOWASI' in project 'swift-nio'
➜ Explicit dependency on target '_NIODataStructures' in project 'swift-nio'
➜ Explicit dependency on target 'DequeModule-product' in project 'swift-collections'
➜ Explicit dependency on target 'Atomics-product' in project 'swift-atomics'
Target 'NIOCore' in project 'swift-nio'
➜ Explicit dependency on target 'CNIOAtomics' in project 'swift-nio'
➜ Explicit dependency on target 'NIOConcurrencyHelpers' in project 'swift-nio'
➜ Explicit dependency on target '_NIOBase64' in project 'swift-nio'
➜ Explicit dependency on target 'CNIOOpenBSD' in project 'swift-nio'
➜ Explicit dependency on target 'CNIOFreeBSD' in project 'swift-nio'
➜ Explicit dependency on target 'CNIODarwin' in project 'swift-nio'
➜ Explicit dependency on target 'CNIOLinux' in project 'swift-nio'
➜ Explicit dependency on target 'CNIOWindows' in project 'swift-nio'
➜ Explicit dependency on target 'CNIOWASI' in project 'swift-nio'
➜ Explicit dependency on target '_NIODataStructures' in project 'swift-nio'
➜ Explicit dependency on target 'DequeModule-product' in project 'swift-collections'
➜ Explicit dependency on target 'Atomics-product' in project 'swift-atomics'
Target 'DequeModule-product' in project 'swift-collections'
➜ Explicit dependency on target 'DequeModule' in project 'swift-collections'
➜ Explicit dependency on target 'InternalCollectionsUtilities' in project 'swift-collections'
➜ Explicit dependency on target 'ContainersPreview' in project 'swift-collections'
Target 'DequeModule' in project 'swift-collections'
➜ Explicit dependency on target 'InternalCollectionsUtilities' in project 'swift-collections'
➜ Explicit dependency on target 'ContainersPreview' in project 'swift-collections'
Target 'ContainersPreview' in project 'swift-collections'
➜ Explicit dependency on target 'InternalCollectionsUtilities' in project 'swift-collections'
Target '_NIODataStructures' in project 'swift-nio' (no dependencies)
Target 'CNIOWASI' in project 'swift-nio' (no dependencies)
Target 'CNIOWindows' in project 'swift-nio' (no dependencies)
Target 'CNIOLinux' in project 'swift-nio' (no dependencies)
Target 'CNIODarwin' in project 'swift-nio' (no dependencies)
Target 'CNIOFreeBSD' in project 'swift-nio' (no dependencies)
Target 'CNIOOpenBSD' in project 'swift-nio' (no dependencies)
Target '_NIOBase64' in project 'swift-nio' (no dependencies)
Target 'NIOConcurrencyHelpers' in project 'swift-nio'
➜ Explicit dependency on target 'CNIOAtomics' in project 'swift-nio'
Target 'CNIOAtomics' in project 'swift-nio' (no dependencies)
Target 'Spezi-product' in project 'Spezi'
➜ Explicit dependency on target 'Spezi' in project 'Spezi'
➜ Explicit dependency on target 'SpeziFoundation-product' in project 'SpeziFoundation'
➜ Explicit dependency on target 'RuntimeAssertions-product' in project 'RuntimeAssertions'
➜ Explicit dependency on target 'OrderedCollections-product' in project 'swift-collections'
Target 'Spezi' in project 'Spezi'
➜ Explicit dependency on target 'SpeziFoundation-product' in project 'SpeziFoundation'
➜ Explicit dependency on target 'RuntimeAssertions-product' in project 'RuntimeAssertions'
➜ Explicit dependency on target 'OrderedCollections-product' in project 'swift-collections'
Target 'SpeziBluetooth_SpeziBluetooth' in project 'SpeziBluetooth' (no dependencies)
Target 'SpeziFoundation-product' in project 'SpeziFoundation'
➜ Explicit dependency on target 'SpeziFoundation' in project 'SpeziFoundation'
➜ Explicit dependency on target 'SpeziFoundation_SpeziFoundation' in project 'SpeziFoundation'
➜ Explicit dependency on target 'SpeziFoundationObjC' in project 'SpeziFoundation'
➜ Explicit dependency on target 'libzstd-product' in project 'zstd'
➜ Explicit dependency on target 'Atomics-product' in project 'swift-atomics'
➜ Explicit dependency on target 'Algorithms-product' in project 'swift-algorithms'
➜ Explicit dependency on target 'RuntimeAssertions-product' in project 'RuntimeAssertions'
➜ Explicit dependency on target 'Logging-product' in project 'swift-log'
➜ Explicit dependency on target 'ThreadLocal-product' in project 'ThreadLocal'
Target 'SpeziFoundation' in project 'SpeziFoundation'
➜ Explicit dependency on target 'SpeziFoundation_SpeziFoundation' in project 'SpeziFoundation'
➜ Explicit dependency on target 'SpeziFoundationObjC' in project 'SpeziFoundation'
➜ Explicit dependency on target 'libzstd-product' in project 'zstd'
➜ Explicit dependency on target 'Atomics-product' in project 'swift-atomics'
➜ Explicit dependency on target 'Algorithms-product' in project 'swift-algorithms'
➜ Explicit dependency on target 'RuntimeAssertions-product' in project 'RuntimeAssertions'
➜ Explicit dependency on target 'Logging-product' in project 'swift-log'
➜ Explicit dependency on target 'ThreadLocal-product' in project 'ThreadLocal'
Target 'ThreadLocal-product' in project 'ThreadLocal'
➜ Explicit dependency on target 'ThreadLocal' in project 'ThreadLocal'
➜ Explicit dependency on target 'ThreadLocalMacros' in project 'ThreadLocal'
Target 'ThreadLocal' in project 'ThreadLocal'
➜ Explicit dependency on target 'ThreadLocalMacros' in project 'ThreadLocal'
Target 'ThreadLocalMacros' in project 'ThreadLocal' (no dependencies)
Target 'Logging-product' in project 'swift-log'
➜ Explicit dependency on target 'Logging' in project 'swift-log'
Target 'Logging' in project 'swift-log' (no dependencies)
Target 'RuntimeAssertions-product' in project 'RuntimeAssertions'
➜ Explicit dependency on target 'RuntimeAssertions' in project 'RuntimeAssertions'
Target 'RuntimeAssertions' in project 'RuntimeAssertions' (no dependencies)
Target 'Algorithms-product' in project 'swift-algorithms'
➜ Explicit dependency on target 'Algorithms' in project 'swift-algorithms'
➜ Explicit dependency on target 'RealModule-product' in project 'swift-numerics'
Target 'Algorithms' in project 'swift-algorithms'
➜ Explicit dependency on target 'RealModule-product' in project 'swift-numerics'
Target 'RealModule-product' in project 'swift-numerics'
➜ Explicit dependency on target 'RealModule' in project 'swift-numerics'
➜ Explicit dependency on target '_NumericsShims' in project 'swift-numerics'
Target 'RealModule' in project 'swift-numerics'
➜ Explicit dependency on target '_NumericsShims' in project 'swift-numerics'
Target '_NumericsShims' in project 'swift-numerics' (no dependencies)
Target 'Atomics-product' in project 'swift-atomics'
➜ Explicit dependency on target 'Atomics' in project 'swift-atomics'
➜ Explicit dependency on target '_AtomicsShims' in project 'swift-atomics'
Target 'Atomics' in project 'swift-atomics'
➜ Explicit dependency on target '_AtomicsShims' in project 'swift-atomics'
Target '_AtomicsShims' in project 'swift-atomics' (no dependencies)
Target 'libzstd-product' in project 'zstd'
➜ Explicit dependency on target 'libzstd' in project 'zstd'
Target 'libzstd' in project 'zstd' (no dependencies)
Target 'SpeziFoundationObjC' in project 'SpeziFoundation' (no dependencies)
Target 'SpeziFoundation_SpeziFoundation' in project 'SpeziFoundation' (no dependencies)
Target 'OrderedCollections-product' in project 'swift-collections'
➜ Explicit dependency on target 'OrderedCollections' in project 'swift-collections'
➜ Explicit dependency on target 'InternalCollectionsUtilities' in project 'swift-collections'
Target 'OrderedCollections' in project 'swift-collections'
➜ Explicit dependency on target 'InternalCollectionsUtilities' in project 'swift-collections'
Target 'InternalCollectionsUtilities' in project 'swift-collections' (no dependencies)
GatherProvisioningInputs
CreateBuildDescription
ClangStatCache /Applications/Xcode-27.0.0-Release.Candidate.app/Contents/Developer/Toolchains/XcodeDefault.xctoolchain/usr/bin/clang-stat-cache /Applications/Xcode-27.0.0-Release.Candidate.app/Contents/Developer/Platforms/AppleTVOS.platform/Developer/SDKs/AppleTVOS27.0.sdk /Users/admin/builder/spi-builder-workspace/.derivedData/SDKStatCaches.noindex/appletvos27.0-24J360-e829b21a6f8c9b70876ba0858053c044b32bfd8d43560033f8d89884cdb90028.sdkstatcache
cd /Users/admin/builder/spi-builder-workspace/.swiftpm/xcode
/Applications/Xcode-27.0.0-Release.Candidate.app/Contents/Developer/Toolchains/XcodeDefault.xctoolchain/usr/bin/clang-stat-cache /Applications/Xcode-27.0.0-Release.Candidate.app/Contents/Developer/Platforms/AppleTVOS.platform/Developer/SDKs/AppleTVOS27.0.sdk -o /Users/admin/builder/spi-builder-workspace/.derivedData/SDKStatCaches.noindex/appletvos27.0-24J360-e829b21a6f8c9b70876ba0858053c044b32bfd8d43560033f8d89884cdb90028.sdkstatcache
ClangStatCache /Applications/Xcode-27.0.0-Release.Candidate.app/Contents/Developer/Toolchains/XcodeDefault.xctoolchain/usr/bin/clang-stat-cache /Applications/Xcode-27.0.0-Release.Candidate.app/Contents/Developer/Platforms/MacOSX.platform/Developer/SDKs/MacOSX27.0.sdk /Users/admin/builder/spi-builder-workspace/.derivedData/SDKStatCaches.noindex/macosx27.0-26A425-e829b21a6f8c9b70876ba0858053c0446a22442a12e9d48fe1a705f55a1adfc4.sdkstatcache
cd /Users/admin/builder/spi-builder-workspace/.swiftpm/xcode
/Applications/Xcode-27.0.0-Release.Candidate.app/Contents/Developer/Toolchains/XcodeDefault.xctoolchain/usr/bin/clang-stat-cache /Applications/Xcode-27.0.0-Release.Candidate.app/Contents/Developer/Platforms/MacOSX.platform/Developer/SDKs/MacOSX27.0.sdk -o /Users/admin/builder/spi-builder-workspace/.derivedData/SDKStatCaches.noindex/macosx27.0-26A425-e829b21a6f8c9b70876ba0858053c0446a22442a12e9d48fe1a705f55a1adfc4.sdkstatcache
SwiftDriver SpeziDevices normal arm64 com.apple.xcode.tools.swift.compiler (in target 'SpeziDevices' from project 'SpeziDevices')
cd /Users/admin/builder/spi-builder-workspace/.swiftpm/xcode
builtin-SwiftDriver -- /Applications/Xcode-27.0.0-Release.Candidate.app/Contents/Developer/Toolchains/XcodeDefault.xctoolchain/usr/bin/swiftc -parse-as-library -module-name SpeziDevices -Onone @/Users/admin/builder/spi-builder-workspace/.derivedData/Build/Intermediates.noindex/SpeziDevices.build/Debug-appletvos/SpeziDevices-t.build/Objects-normal/arm64/SpeziDevices.SwiftFileList -DSWIFT_PACKAGE -DDEBUG -DSWIFT_MODULE_RESOURCE_BUNDLE_UNAVAILABLE -Xcc -fmodule-map-file\=/Users/admin/builder/spi-builder-workspace/.derivedData/Build/Intermediates.noindex/GeneratedModuleMaps-appletvos/CNIOPosix.modulemap -Xcc -fmodule-map-file\=/Users/admin/builder/spi-builder-workspace/.derivedData/Build/Intermediates.noindex/GeneratedModuleMaps-appletvos/CNIOWASI.modulemap -Xcc -fmodule-map-file\=/Users/admin/builder/spi-builder-workspace/.dependencies/checkouts/swift-nio/Sources/CNIOWindows/include/module.modulemap -Xcc -fmodule-map-file\=/Users/admin/builder/spi-builder-workspace/.derivedData/Build/Intermediates.noindex/GeneratedModuleMaps-appletvos/CNIOLinux.modulemap -Xcc -fmodule-map-file\=/Users/admin/builder/spi-builder-workspace/.derivedData/Build/Intermediates.noindex/GeneratedModuleMaps-appletvos/CNIODarwin.modulemap -Xcc -fmodule-map-file\=/Users/admin/builder/spi-builder-workspace/.derivedData/Build/Intermediates.noindex/GeneratedModuleMaps-appletvos/CNIOFreeBSD.modulemap -Xcc -fmodule-map-file\=/Users/admin/builder/spi-builder-workspace/.derivedData/Build/Intermediates.noindex/GeneratedModuleMaps-appletvos/CNIOOpenBSD.modulemap -Xcc -fmodule-map-file\=/Users/admin/builder/spi-builder-workspace/.derivedData/Build/Intermediates.noindex/GeneratedModuleMaps-appletvos/CNIOAtomics.modulemap -Xcc -fmodule-map-file\=/Users/admin/builder/spi-builder-workspace/.dependencies/checkouts/zstd/lib/module.modulemap -Xcc -fmodule-map-file\=/Users/admin/builder/spi-builder-workspace/.dependencies/checkouts/swift-atomics/Sources/_AtomicsShims/include/module.modulemap -Xcc -fmodule-map-file\=/Users/admin/builder/spi-builder-workspace/.dependencies/checkouts/swift-numerics/Sources/_NumericsShims/include/module.modulemap -Xcc -fmodule-map-file\=/Users/admin/builder/spi-builder-workspace/.derivedData/Build/Intermediates.noindex/GeneratedModuleMaps-appletvos/SpeziFoundationObjC.modulemap -Xcc -fmodule-map-file\=/Users/admin/builder/spi-builder-workspace/.dependencies/checkouts/swift-cmark/src/include/module.modulemap -Xcc -fmodule-map-file\=/Users/admin/builder/spi-builder-workspace/.dependencies/checkouts/swift-cmark/extensions/include/module.modulemap -DXcode -plugin-path /Applications/Xcode-27.0.0-Release.Candidate.app/Contents/Developer/Toolchains/XcodeDefault.xctoolchain/usr/lib/swift/host/plugins/testing -enable-experimental-feature DebugDescriptionMacro -sdk /Applications/Xcode-27.0.0-Release.Candidate.app/Contents/Developer/Platforms/AppleTVOS.platform/Developer/SDKs/AppleTVOS27.0.sdk -target arm64-apple-tvos17.0 -g -module-cache-path /Users/admin/builder/spi-builder-workspace/.derivedData/ModuleCache.noindex -Xfrontend -serialize-debugging-options -profile-coverage-mapping -profile-generate -enable-testing -index-store-path /Users/admin/builder/spi-builder-workspace/.derivedData/Index.noindex/DataStore -Xcc -D_LIBCPP_HARDENING_MODE\=_LIBCPP_HARDENING_MODE_DEBUG -swift-version 6 -I /Users/admin/builder/spi-builder-workspace/.derivedData/Build/Products/Debug-appletvos -Isystem /Applications/Xcode-27.0.0-Release.Candidate.app/Contents/Developer/Platforms/AppleTVOS.platform/Developer/usr/lib -F /Users/admin/builder/spi-builder-workspace/.derivedData/Build/Products/Debug-appletvos/PackageFrameworks -F /Users/admin/builder/spi-builder-workspace/.derivedData/Build/Products/Debug-appletvos -F /Applications/Xcode-27.0.0-Release.Candidate.app/Contents/Developer/Platforms/AppleTVOS.platform/Developer/Library/Frameworks -F /Applications/Xcode-27.0.0-Release.Candidate.app/Contents/Developer/Platforms/AppleTVOS.platform/Developer/SDKs/AppleTVOS27.0.sdk/Developer/Library/Frameworks -Xfrontend -load-plugin-executable -Xfrontend /Users/admin/builder/spi-builder-workspace/.derivedData/Build/Products/Debug/ThreadLocalMacros\#ThreadLocalMacros -emit-localized-strings -emit-localized-strings-path /Users/admin/builder/spi-builder-workspace/.derivedData/Build/Intermediates.noindex/SpeziDevices.build/Debug-appletvos/SpeziDevices-t.build/Objects-normal/arm64 -c -j10 -enable-batch-mode -incremental -Xcc -ivfsstatcache -Xcc /Users/admin/builder/spi-builder-workspace/.derivedData/SDKStatCaches.noindex/appletvos27.0-24J360-e829b21a6f8c9b70876ba0858053c044b32bfd8d43560033f8d89884cdb90028.sdkstatcache -output-file-map /Users/admin/builder/spi-builder-workspace/.derivedData/Build/Intermediates.noindex/SpeziDevices.build/Debug-appletvos/SpeziDevices-t.build/Objects-normal/arm64/SpeziDevices-OutputFileMap.json -save-temps -no-color-diagnostics -explicit-module-build -module-cache-path /Users/admin/builder/spi-builder-workspace/.derivedData/Build/Intermediates.noindex/SwiftExplicitPrecompiledModules -clang-scanner-module-cache-path /Users/admin/builder/spi-builder-workspace/.derivedData/ModuleCache.noindex -sdk-module-cache-path /Users/admin/builder/spi-builder-workspace/.derivedData/SDKExplicitPrecompiledModules -emit-dependencies -emit-module -emit-module-path /Users/admin/builder/spi-builder-workspace/.derivedData/Build/Intermediates.noindex/SpeziDevices.build/Debug-appletvos/SpeziDevices-t.build/Objects-normal/arm64/SpeziDevices.swiftmodule -serialize-diagnostics -dependency-scan-serialize-diagnostics-path /Users/admin/builder/spi-builder-workspace/.derivedData/Build/Intermediates.noindex/SpeziDevices.build/Debug-appletvos/SpeziDevices-t.build/Objects-normal/arm64/SpeziDevices-dependency-scan.dia -validate-clang-modules-once -clang-build-session-file /Users/admin/builder/spi-builder-workspace/.derivedData/ModuleCache.noindex/Session.modulevalidation -Xcc -fmodules-prune-interval\=86400 -Xcc -fmodules-prune-after\=345600 -package-name spi_builder_workspace -emit-const-values -const-gather-protocols-list /Users/admin/builder/spi-builder-workspace/.derivedData/Build/Intermediates.noindex/SpeziDevices.build/Debug-appletvos/SpeziDevices-t.build/Objects-normal/arm64/SpeziDevices_const_extract_protocols.json -Xcc -I/Users/admin/builder/spi-builder-workspace/.dependencies/checkouts/swift-nio/Sources/CNIOPosix/include -Xcc -I/Users/admin/builder/spi-builder-workspace/.dependencies/checkouts/swift-nio/Sources/CNIOWASI/include -Xcc -I/Users/admin/builder/spi-builder-workspace/.dependencies/checkouts/swift-nio/Sources/CNIOWindows/include -Xcc -I/Users/admin/builder/spi-builder-workspace/.dependencies/checkouts/swift-nio/Sources/CNIOLinux/include -Xcc -I/Users/admin/builder/spi-builder-workspace/.dependencies/checkouts/swift-nio/Sources/CNIODarwin/include -Xcc -I/Users/admin/builder/spi-builder-workspace/.dependencies/checkouts/swift-nio/Sources/CNIOFreeBSD/include -Xcc -I/Users/admin/builder/spi-builder-workspace/.dependencies/checkouts/swift-nio/Sources/CNIOOpenBSD/include -Xcc -I/Users/admin/builder/spi-builder-workspace/.dependencies/checkouts/swift-nio/Sources/CNIOAtomics/include -Xcc -I/Users/admin/builder/spi-builder-workspace/.dependencies/checkouts/zstd/lib -Xcc -I/Users/admin/builder/spi-builder-workspace/.dependencies/checkouts/swift-atomics/Sources/_AtomicsShims/include -Xcc -I/Users/admin/builder/spi-builder-workspace/.dependencies/checkouts/swift-numerics/Sources/_NumericsShims/include -Xcc -I/Users/admin/builder/spi-builder-workspace/.dependencies/checkouts/SpeziFoundation/Sources/SpeziFoundationObjC/include -Xcc -I/Users/admin/builder/spi-builder-workspace/.dependencies/checkouts/swift-cmark/src/include -Xcc -I/Users/admin/builder/spi-builder-workspace/.dependencies/checkouts/swift-cmark/extensions/include -Xcc -I/Users/admin/builder/spi-builder-workspace/.derivedData/Build/Products/Debug-appletvos/include -Xcc -I/Users/admin/builder/spi-builder-workspace/.derivedData/Build/Intermediates.noindex/SpeziDevices.build/Debug-appletvos/SpeziDevices-t.build/DerivedSources-normal/arm64 -Xcc -I/Users/admin/builder/spi-builder-workspace/.derivedData/Build/Intermediates.noindex/SpeziDevices.build/Debug-appletvos/SpeziDevices-t.build/DerivedSources/arm64 -Xcc -I/Users/admin/builder/spi-builder-workspace/.derivedData/Build/Intermediates.noindex/SpeziDevices.build/Debug-appletvos/SpeziDevices-t.build/DerivedSources -Xcc -DSWIFT_PACKAGE -Xcc -DDEBUG\=1 -emit-objc-header -emit-objc-header-path /Users/admin/builder/spi-builder-workspace/.derivedData/Build/Intermediates.noindex/SpeziDevices.build/Debug-appletvos/SpeziDevices-t.build/Objects-normal/arm64/SpeziDevices-Swift.h -working-directory /Users/admin/builder/spi-builder-workspace/.swiftpm/xcode -experimental-emit-module-separately -disable-cmo
error: Clang dependency scanning failure: (in target 'SpeziDevices' from project 'SpeziDevices')
error: Clang dependency scanning failure: (in target 'SpeziDevices' from project 'SpeziDevices')
error: Clang dependency scanning failure: (in target 'SpeziDevices' from project 'SpeziDevices')
error: Clang dependency scanning failure: (in target 'SpeziDevices' from project 'SpeziDevices')
error: Clang dependency scanning failure: (in target 'SpeziDevices' from project 'SpeziDevices')
error: Clang dependency scanning failure: (in target 'SpeziDevices' from project 'SpeziDevices')
error: Clang dependency scanning failure: (in target 'SpeziDevices' from project 'SpeziDevices')
error: Clang dependency scanning failure: (in target 'SpeziDevices' from project 'SpeziDevices')
error: Clang dependency scanning failure: (in target 'SpeziDevices' from project 'SpeziDevices')
error: Clang dependency scanning failure: (in target 'SpeziDevices' from project 'SpeziDevices')
error: Clang dependency scanning failure: (in target 'SpeziDevices' from project 'SpeziDevices')
error: Clang dependency scanning failure: (in target 'SpeziDevices' from project 'SpeziDevices')
error: Clang dependency scanning failure: (in target 'SpeziDevices' from project 'SpeziDevices')
error: Clang dependency scanning failure: (in target 'SpeziDevices' from project 'SpeziDevices')
error: Clang dependency scanning failure: (in target 'SpeziDevices' from project 'SpeziDevices')
error: Clang dependency scanning failure: (in target 'SpeziDevices' from project 'SpeziDevices')
/Users/admin/builder/spi-builder-workspace/Sources/SpeziDevices/Devices/HealthDevice.swift:9:8: error: Unable to resolve module dependency: 'HealthKit' (in target 'SpeziDevices' from project 'SpeziDevices')
note: A dependency of main module 'SpeziDevices'
/Users/admin/builder/spi-builder-workspace/Sources/SpeziDevices/Health/BloodPressureMeasurement+HKSample.swift:10:8: note: Also imported here
/Users/admin/builder/spi-builder-workspace/Sources/SpeziDevices/Health/BloodPressureMeasurement.Unit+HKUnit.swift:9:8: note: Also imported here
/Users/admin/builder/spi-builder-workspace/Sources/SpeziDevices/Health/WeightMeasurement+HKSample.swift:10:8: note: Also imported here
/Users/admin/builder/spi-builder-workspace/Sources/SpeziDevices/Health/WeightMeasurement.Unit+HKUnit.swift:10:8: note: Also imported here
/Users/admin/builder/spi-builder-workspace/Sources/SpeziDevices/HealthMeasurements.swift:9:8: note: Also imported here
/Users/admin/builder/spi-builder-workspace/Sources/SpeziDevices/Measurements/HealthKitMeasurement.swift:9:8: note: Also imported here
/Users/admin/builder/spi-builder-workspace/Sources/SpeziDevices/Measurements/StoredMeasurement.swift:10:8: note: Also imported here
/Users/admin/builder/spi-builder-workspace/Sources/SpeziDevices/Devices/HealthDevice.swift:9:8: note: A dependency of main module 'SpeziDevices'
import HealthKit
^ (in target 'SpeziDevices' from project 'SpeziDevices')
/Users/admin/builder/spi-builder-workspace/Sources/SpeziDevices/Health/BloodPressureMeasurement+HKSample.swift:10:8: note: Also imported here
import HealthKit
^ (in target 'SpeziDevices' from project 'SpeziDevices')
/Users/admin/builder/spi-builder-workspace/Sources/SpeziDevices/Health/BloodPressureMeasurement.Unit+HKUnit.swift:9:8: note: Also imported here
import HealthKit
^ (in target 'SpeziDevices' from project 'SpeziDevices')
/Users/admin/builder/spi-builder-workspace/Sources/SpeziDevices/Health/WeightMeasurement+HKSample.swift:10:8: note: Also imported here
import HealthKit
^ (in target 'SpeziDevices' from project 'SpeziDevices')
/Users/admin/builder/spi-builder-workspace/Sources/SpeziDevices/Health/WeightMeasurement.Unit+HKUnit.swift:10:8: note: Also imported here
import HealthKit
^ (in target 'SpeziDevices' from project 'SpeziDevices')
/Users/admin/builder/spi-builder-workspace/Sources/SpeziDevices/HealthMeasurements.swift:9:8: note: Also imported here
import HealthKit
^ (in target 'SpeziDevices' from project 'SpeziDevices')
/Users/admin/builder/spi-builder-workspace/Sources/SpeziDevices/Measurements/HealthKitMeasurement.swift:9:8: note: Also imported here
import HealthKit
^ (in target 'SpeziDevices' from project 'SpeziDevices')
/Users/admin/builder/spi-builder-workspace/Sources/SpeziDevices/Measurements/StoredMeasurement.swift:10:8: note: Also imported here
import HealthKit
^ (in target 'SpeziDevices' from project 'SpeziDevices')
PruneExplicitPrecompiledModules /Users/admin/builder/spi-builder-workspace/.derivedData/SDKExplicitPrecompiledModules
PruneExplicitPrecompiledModules /Users/admin/builder/spi-builder-workspace/.derivedData/Build/Intermediates.noindex/ExplicitPrecompiledModules
PruneExplicitPrecompiledModules /Users/admin/builder/spi-builder-workspace/.derivedData/Build/Intermediates.noindex/SwiftExplicitPrecompiledModules
2026-09-22 20:50:52.926 xcodebuild[2436:13051] [MT] IDERunDestination: Supported platforms for the buildables in the current scheme is empty.
** BUILD FAILED **
The following build commands failed:
SwiftDriver SpeziDevices normal arm64 com.apple.xcode.tools.swift.compiler (in target 'SpeziDevices' from project 'SpeziDevices')
Building workspace SpeziDevices with scheme SpeziDevices-Package
(2 failures)
BUILD FAILURE 6.4 tvOS