Build Information
Failed to build SwiftPackageList, reference master (27ae17), with Swift 6.1 for Android on 12 Oct 2026 19:47:05 UTC.
Build Command
bash -c docker run --pull=always --rm -v "checkouts-54344843-3":/host -w "$PWD" -e JAVA_HOME="/root/.sdkman/candidates/java/current" -e SPI_BUILD="1" -e SPI_PROCESSING="1" registry.gitlab.com/saguaro1/spi-images:android-6.1-latest swift build --swift-sdk aarch64-unknown-linux-android24 2>&1Build Log
========================================
RunAll
========================================
Builder version: 5.1.1
Interrupt handler set up.
========================================
Checkout
========================================
Clone URL: https://github.com/FelixHerrmann/swift-package-list.git
Reference: master
Initialized empty Git repository in /host/spi-builder-workspace/.git/
hint: Using 'master' as the name for the initial branch. This default branch name
hint: is subject to change. To configure the initial branch name to use in all
hint: of your new repositories, which will suppress this warning, call:
hint:
hint: git config --global init.defaultBranch <name>
hint:
hint: Names commonly chosen instead of 'master' are 'main', 'trunk' and
hint: 'development'. The just-created branch can be renamed via this command:
hint:
hint: git branch -m <name>
From https://github.com/FelixHerrmann/swift-package-list
* branch master -> FETCH_HEAD
* [new branch] master -> origin/master
HEAD is now at 27ae17a Bump version (4.12.0)
Cloned https://github.com/FelixHerrmann/swift-package-list.git
Revision (git rev-parse @):
27ae17a335a933ed78dc7cb03984d1554de9f878
SPI manifest file found: $PWD/.spi.yml
SUCCESS checkout https://github.com/FelixHerrmann/swift-package-list.git at master
========================================
Build
========================================
Selected platform: android
Swift version: 6.1
Building package at path: $PWD
https://github.com/FelixHerrmann/swift-package-list.git
https://github.com/FelixHerrmann/swift-package-list.git
WARNING: environment variable SUPPRESS_SWIFT_6_FLAGS is not set
Running build ...
bash -c docker run --pull=always --rm -v "checkouts-54344843-3":/host -w "$PWD" -e JAVA_HOME="/root/.sdkman/candidates/java/current" -e SPI_BUILD="1" -e SPI_PROCESSING="1" registry.gitlab.com/saguaro1/spi-images:android-6.1-latest swift build --swift-sdk aarch64-unknown-linux-android24 -Xswiftc -Xfrontend -Xswiftc -stats-output-dir -Xswiftc -Xfrontend -Xswiftc .stats -Xswiftc -strict-concurrency=complete -Xswiftc -enable-upcoming-feature -Xswiftc StrictConcurrency -Xswiftc -enable-upcoming-feature -Xswiftc DisableOutwardActorInference -Xswiftc -enable-upcoming-feature -Xswiftc GlobalActorIsolatedTypesUsability -Xswiftc -enable-upcoming-feature -Xswiftc InferSendableFromCaptures 2>&1
android-6.1-latest: Pulling from saguaro1/spi-images
Digest: sha256:396310cef4466ceb116ed5462b0b92d4deb353c0dad749b406b7fd226f6db9af
Status: Image is up to date for registry.gitlab.com/saguaro1/spi-images:android-6.1-latest
Fetching https://github.com/apple/swift-argument-parser
[1/19112] Fetching swift-argument-parser
Fetched https://github.com/apple/swift-argument-parser from cache (1.00s)
Computing version for https://github.com/apple/swift-argument-parser
Computed https://github.com/apple/swift-argument-parser at 1.8.2 (1.49s)
Creating working copy for https://github.com/apple/swift-argument-parser
Working copy of https://github.com/apple/swift-argument-parser resolved at 1.8.2
[1/1] Compiling plugin SwiftPackageListPlugin
[2/2] Compiling plugin GenerateManual
[3/3] Compiling plugin GenerateDoccReference
Building for debugging...
[3/50] Write sources
[9/50] Copying PrivacyInfo.xcprivacy
[11/50] Copying Localizable.strings
[25/50] Copying PrivacyInfo.xcprivacy
[27/50] Copying Localizable.strings
[28/50] Copying Info.plist
[28/50] Write sources
[30/50] Copying Info.plist
[31/50] Write sources
[32/50] Copying Info.plist
[33/50] Copying Localizable.strings
[35/50] Write swift-version-24593BA9C3E375BF.txt
[37/70] Emitting module ArgumentParserToolInfo
<unknown>:0: warning: upcoming feature 'InferSendableFromCaptures' is already enabled as of Swift version 6
<unknown>:0: warning: upcoming feature 'GlobalActorIsolatedTypesUsability' is already enabled as of Swift version 6
<unknown>:0: warning: upcoming feature 'DisableOutwardActorInference' is already enabled as of Swift version 6
[38/70] Emitting module SwiftPackageList
[39/70] Compiling ArgumentParserToolInfo ToolInfo.swift
<unknown>:0: warning: upcoming feature 'InferSendableFromCaptures' is already enabled as of Swift version 6
<unknown>:0: warning: upcoming feature 'GlobalActorIsolatedTypesUsability' is already enabled as of Swift version 6
<unknown>:0: warning: upcoming feature 'DisableOutwardActorInference' is already enabled as of Swift version 6
[40/71] Wrapping AST for ArgumentParserToolInfo for debugging
[42/118] Emitting module ArgumentParserToolInfo
<unknown>:0: warning: upcoming feature 'InferSendableFromCaptures' is already enabled as of Swift version 6
<unknown>:0: warning: upcoming feature 'GlobalActorIsolatedTypesUsability' is already enabled as of Swift version 6
<unknown>:0: warning: upcoming feature 'DisableOutwardActorInference' is already enabled as of Swift version 6
[43/118] Compiling ArgumentParserToolInfo ToolInfo.swift
<unknown>:0: warning: upcoming feature 'InferSendableFromCaptures' is already enabled as of Swift version 6
<unknown>:0: warning: upcoming feature 'GlobalActorIsolatedTypesUsability' is already enabled as of Swift version 6
<unknown>:0: warning: upcoming feature 'DisableOutwardActorInference' is already enabled as of Swift version 6
[44/119] Compiling SwiftPackageList Package+Kind.swift
[45/119] Wrapping AST for ArgumentParserToolInfo for debugging
[47/166] Compiling SwiftPackageList JSONPackageProvider.swift
[48/166] Emitting module SwiftPackageList
[49/166] Compiling SwiftPackageList Bundle+acknowledgements.swift
[50/166] Compiling SwiftPackageList Package+Kind.swift
[51/166] Compiling SwiftPackageList Package.swift
[52/166] Compiling SwiftPackageList resource_bundle_accessor.swift
[53/166] Compiling SwiftPackageList PackageProvider.swift
[54/166] Compiling SwiftPackageList PropertyListPackageProvider.swift
[55/182] Wrapping AST for SwiftPackageList for debugging
[57/205] Compiling SwiftPackageListCore Checkouts.swift
/host/spi-builder-workspace/Sources/SwiftPackageListCore/Output Generation/PDF/PDFGenerator.swift:8:8: error: no such module 'AppKit'
6 | //
7 |
8 | import AppKit
| `- error: no such module 'AppKit'
9 | import SwiftPackageList
10 |
[58/205] Compiling SwiftPackageListCore Configuration.swift
/host/spi-builder-workspace/Sources/SwiftPackageListCore/Output Generation/PDF/PDFGenerator.swift:8:8: error: no such module 'AppKit'
6 | //
7 |
8 | import AppKit
| `- error: no such module 'AppKit'
9 | import SwiftPackageList
10 |
[59/205] Compiling SwiftPackageListCore DerivedData.swift
/host/spi-builder-workspace/Sources/SwiftPackageListCore/Output Generation/PDF/PDFGenerator.swift:8:8: error: no such module 'AppKit'
6 | //
7 |
8 | import AppKit
| `- error: no such module 'AppKit'
9 | import SwiftPackageList
10 |
[60/205] Compiling SwiftPackageListCore Directory.swift
/host/spi-builder-workspace/Sources/SwiftPackageListCore/Output Generation/PDF/PDFGenerator.swift:8:8: error: no such module 'AppKit'
6 | //
7 |
8 | import AppKit
| `- error: no such module 'AppKit'
9 | import SwiftPackageList
10 |
[61/205] Compiling SwiftPackageListCore PackageSource.swift
/host/spi-builder-workspace/Sources/SwiftPackageListCore/Output Generation/PDF/PDFGenerator.swift:8:8: error: no such module 'AppKit'
6 | //
7 |
8 | import AppKit
| `- error: no such module 'AppKit'
9 | import SwiftPackageList
10 |
[62/205] Compiling SwiftPackageListCore RegistryDownloads.swift
/host/spi-builder-workspace/Sources/SwiftPackageListCore/Output Generation/PDF/PDFGenerator.swift:8:8: error: no such module 'AppKit'
6 | //
7 |
8 | import AppKit
| `- error: no such module 'AppKit'
9 | import SwiftPackageList
10 |
error: emit-module command failed with exit code 1 (use -v to see invocation)
[63/210] Emitting module SwiftPackageListCore
/host/spi-builder-workspace/Sources/SwiftPackageListCore/Output Generation/PDF/PDFGenerator.swift:8:8: error: no such module 'AppKit'
6 | //
7 |
8 | import AppKit
| `- error: no such module 'AppKit'
9 | import SwiftPackageList
10 |
[64/210] Compiling SwiftPackageListCore StandardOutputGenerator.swift
/host/spi-builder-workspace/Sources/SwiftPackageListCore/Output Generation/PDF/PDFGenerator.swift:8:8: error: no such module 'AppKit'
6 | //
7 |
8 | import AppKit
| `- error: no such module 'AppKit'
9 | import SwiftPackageList
10 |
[65/210] Compiling SwiftPackageListCore NativeProject.swift
/host/spi-builder-workspace/Sources/SwiftPackageListCore/Output Generation/PDF/PDFGenerator.swift:8:8: error: no such module 'AppKit'
6 | //
7 |
8 | import AppKit
| `- error: no such module 'AppKit'
9 | import SwiftPackageList
10 |
[66/210] Compiling SwiftPackageListCore Project.swift
/host/spi-builder-workspace/Sources/SwiftPackageListCore/Output Generation/PDF/PDFGenerator.swift:8:8: error: no such module 'AppKit'
6 | //
7 |
8 | import AppKit
| `- error: no such module 'AppKit'
9 | import SwiftPackageList
10 |
[67/210] Compiling SwiftPackageListCore ProjectOptions.swift
/host/spi-builder-workspace/Sources/SwiftPackageListCore/Output Generation/PDF/PDFGenerator.swift:8:8: error: no such module 'AppKit'
6 | //
7 |
8 | import AppKit
| `- error: no such module 'AppKit'
9 | import SwiftPackageList
10 |
[68/210] Compiling SwiftPackageListCore ProjectType.swift
/host/spi-builder-workspace/Sources/SwiftPackageListCore/Output Generation/PDF/PDFGenerator.swift:8:8: error: no such module 'AppKit'
6 | //
7 |
8 | import AppKit
| `- error: no such module 'AppKit'
9 | import SwiftPackageList
10 |
[69/210] Compiling SwiftPackageListCore SwiftPackage.swift
/host/spi-builder-workspace/Sources/SwiftPackageListCore/Output Generation/PDF/PDFGenerator.swift:8:8: error: no such module 'AppKit'
6 | //
7 |
8 | import AppKit
| `- error: no such module 'AppKit'
9 | import SwiftPackageList
10 |
[70/210] Compiling SwiftPackageListCore Tuist+Dump.swift
/host/spi-builder-workspace/Sources/SwiftPackageListCore/Output Generation/PDF/PDFGenerator.swift:8:8: error: no such module 'AppKit'
6 | //
7 |
8 | import AppKit
| `- error: no such module 'AppKit'
9 | import SwiftPackageList
10 |
[71/210] Compiling SwiftPackageListCore Tuist.swift
/host/spi-builder-workspace/Sources/SwiftPackageListCore/Output Generation/PDF/PDFGenerator.swift:8:8: error: no such module 'AppKit'
6 | //
7 |
8 | import AppKit
| `- error: no such module 'AppKit'
9 | import SwiftPackageList
10 |
[72/210] Compiling SwiftPackageListCore TuistDependencies.swift
/host/spi-builder-workspace/Sources/SwiftPackageListCore/Output Generation/PDF/PDFGenerator.swift:8:8: error: no such module 'AppKit'
6 | //
7 |
8 | import AppKit
| `- error: no such module 'AppKit'
9 | import SwiftPackageList
10 |
[73/210] Compiling SwiftPackageListCore XcodeProject.swift
/host/spi-builder-workspace/Sources/SwiftPackageListCore/Output Generation/PDF/PDFGenerator.swift:8:8: error: no such module 'AppKit'
6 | //
7 |
8 | import AppKit
| `- error: no such module 'AppKit'
9 | import SwiftPackageList
10 |
[74/210] Compiling SwiftPackageListCore SourcePackages.swift
/host/spi-builder-workspace/Sources/SwiftPackageListCore/Output Generation/PDF/PDFGenerator.swift:8:8: error: no such module 'AppKit'
6 | //
7 |
8 | import AppKit
| `- error: no such module 'AppKit'
9 | import SwiftPackageList
10 |
[75/210] Compiling SwiftPackageListCore ContentsXcworkspacedata.swift
/host/spi-builder-workspace/Sources/SwiftPackageListCore/Output Generation/PDF/PDFGenerator.swift:8:8: error: no such module 'AppKit'
6 | //
7 |
8 | import AppKit
| `- error: no such module 'AppKit'
9 | import SwiftPackageList
10 |
[76/210] Compiling SwiftPackageListCore CustomPackages.swift
/host/spi-builder-workspace/Sources/SwiftPackageListCore/Output Generation/PDF/PDFGenerator.swift:8:8: error: no such module 'AppKit'
6 | //
7 |
8 | import AppKit
| `- error: no such module 'AppKit'
9 | import SwiftPackageList
10 |
[77/210] Compiling SwiftPackageListCore File.swift
/host/spi-builder-workspace/Sources/SwiftPackageListCore/Output Generation/PDF/PDFGenerator.swift:8:8: error: no such module 'AppKit'
6 | //
7 |
8 | import AppKit
| `- error: no such module 'AppKit'
9 | import SwiftPackageList
10 |
[78/210] Compiling SwiftPackageListCore License.swift
/host/spi-builder-workspace/Sources/SwiftPackageListCore/Output Generation/PDF/PDFGenerator.swift:8:8: error: no such module 'AppKit'
6 | //
7 |
8 | import AppKit
| `- error: no such module 'AppKit'
9 | import SwiftPackageList
10 |
[79/210] Compiling SwiftPackageListCore Mirrors.swift
/host/spi-builder-workspace/Sources/SwiftPackageListCore/Output Generation/PDF/PDFGenerator.swift:8:8: error: no such module 'AppKit'
6 | //
7 |
8 | import AppKit
| `- error: no such module 'AppKit'
9 | import SwiftPackageList
10 |
[80/210] Compiling SwiftPackageListCore XcodeWorkspace.swift
/host/spi-builder-workspace/Sources/SwiftPackageListCore/Output Generation/PDF/PDFGenerator.swift:8:8: error: no such module 'AppKit'
6 | //
7 |
8 | import AppKit
| `- error: no such module 'AppKit'
9 | import SwiftPackageList
10 |
[81/210] Compiling SwiftPackageListCore RuntimeError.swift
/host/spi-builder-workspace/Sources/SwiftPackageListCore/Output Generation/PDF/PDFGenerator.swift:8:8: error: no such module 'AppKit'
6 | //
7 |
8 | import AppKit
| `- error: no such module 'AppKit'
9 | import SwiftPackageList
10 |
[82/210] Compiling SwiftPackageListCore RegistryIdentity.swift
/host/spi-builder-workspace/Sources/SwiftPackageListCore/Output Generation/PDF/PDFGenerator.swift:8:8: error: no such module 'AppKit'
6 | //
7 |
8 | import AppKit
| `- error: no such module 'AppKit'
9 | import SwiftPackageList
10 |
[83/210] Compiling SwiftPackageListCore URL+deletingGitExtension.swift
/host/spi-builder-workspace/Sources/SwiftPackageListCore/Output Generation/PDF/PDFGenerator.swift:8:8: error: no such module 'AppKit'
6 | //
7 |
8 | import AppKit
| `- error: no such module 'AppKit'
9 | import SwiftPackageList
10 |
[84/210] Compiling SwiftPackageListCore ZSH.swift
/host/spi-builder-workspace/Sources/SwiftPackageListCore/Output Generation/PDF/PDFGenerator.swift:8:8: error: no such module 'AppKit'
6 | //
7 |
8 | import AppKit
| `- error: no such module 'AppKit'
9 | import SwiftPackageList
10 |
[85/210] Compiling SwiftPackageListCore PDFGenerator.swift
/host/spi-builder-workspace/Sources/SwiftPackageListCore/Output Generation/PDF/PDFGenerator.swift:8:8: error: no such module 'AppKit'
6 | //
7 |
8 | import AppKit
| `- error: no such module 'AppKit'
9 | import SwiftPackageList
10 |
[86/210] Compiling SwiftPackageListCore PropertyListGenerator.swift
/host/spi-builder-workspace/Sources/SwiftPackageListCore/Output Generation/PDF/PDFGenerator.swift:8:8: error: no such module 'AppKit'
6 | //
7 |
8 | import AppKit
| `- error: no such module 'AppKit'
9 | import SwiftPackageList
10 |
[87/210] Compiling SwiftPackageListCore SettingsBundleGenerator+Language.swift
/host/spi-builder-workspace/Sources/SwiftPackageListCore/Output Generation/PDF/PDFGenerator.swift:8:8: error: no such module 'AppKit'
6 | //
7 |
8 | import AppKit
| `- error: no such module 'AppKit'
9 | import SwiftPackageList
10 |
[88/210] Compiling SwiftPackageListCore SettingsBundleGenerator+PropertyList.swift
/host/spi-builder-workspace/Sources/SwiftPackageListCore/Output Generation/PDF/PDFGenerator.swift:8:8: error: no such module 'AppKit'
6 | //
7 |
8 | import AppKit
| `- error: no such module 'AppKit'
9 | import SwiftPackageList
10 |
[89/210] Compiling SwiftPackageListCore SettingsBundleGenerator.swift
/host/spi-builder-workspace/Sources/SwiftPackageListCore/Output Generation/PDF/PDFGenerator.swift:8:8: error: no such module 'AppKit'
6 | //
7 |
8 | import AppKit
| `- error: no such module 'AppKit'
9 | import SwiftPackageList
10 |
[90/210] Compiling SwiftPackageListCore PackageResolved.swift
/host/spi-builder-workspace/Sources/SwiftPackageListCore/Output Generation/PDF/PDFGenerator.swift:8:8: error: no such module 'AppKit'
6 | //
7 |
8 | import AppKit
| `- error: no such module 'AppKit'
9 | import SwiftPackageList
10 |
[91/210] Compiling SwiftPackageListCore ProjectPbxproj.swift
/host/spi-builder-workspace/Sources/SwiftPackageListCore/Output Generation/PDF/PDFGenerator.swift:8:8: error: no such module 'AppKit'
6 | //
7 |
8 | import AppKit
| `- error: no such module 'AppKit'
9 | import SwiftPackageList
10 |
[92/210] Compiling SwiftPackageListCore ProjectXcproj.swift
/host/spi-builder-workspace/Sources/SwiftPackageListCore/Output Generation/PDF/PDFGenerator.swift:8:8: error: no such module 'AppKit'
6 | //
7 |
8 | import AppKit
| `- error: no such module 'AppKit'
9 | import SwiftPackageList
10 |
[93/210] Compiling SwiftPackageListCore VersionedFile.swift
/host/spi-builder-workspace/Sources/SwiftPackageListCore/Output Generation/PDF/PDFGenerator.swift:8:8: error: no such module 'AppKit'
6 | //
7 |
8 | import AppKit
| `- error: no such module 'AppKit'
9 | import SwiftPackageList
10 |
[94/210] Compiling SwiftPackageListCore VersionedFileStorage.swift
/host/spi-builder-workspace/Sources/SwiftPackageListCore/Output Generation/PDF/PDFGenerator.swift:8:8: error: no such module 'AppKit'
6 | //
7 |
8 | import AppKit
| `- error: no such module 'AppKit'
9 | import SwiftPackageList
10 |
[95/210] Compiling SwiftPackageListCore WorkspaceState.swift
/host/spi-builder-workspace/Sources/SwiftPackageListCore/Output Generation/PDF/PDFGenerator.swift:8:8: error: no such module 'AppKit'
6 | //
7 |
8 | import AppKit
| `- error: no such module 'AppKit'
9 | import SwiftPackageList
10 |
[96/210] Compiling SwiftPackageListCore JSONGenerator.swift
/host/spi-builder-workspace/Sources/SwiftPackageListCore/Output Generation/PDF/PDFGenerator.swift:8:8: error: no such module 'AppKit'
6 | //
7 |
8 | import AppKit
| `- error: no such module 'AppKit'
9 | import SwiftPackageList
10 |
[97/210] Compiling SwiftPackageListCore OutputGenerator.swift
/host/spi-builder-workspace/Sources/SwiftPackageListCore/Output Generation/PDF/PDFGenerator.swift:8:8: error: no such module 'AppKit'
6 | //
7 |
8 | import AppKit
| `- error: no such module 'AppKit'
9 | import SwiftPackageList
10 |
[98/210] Compiling SwiftPackageListCore OutputGeneratorOptions.swift
/host/spi-builder-workspace/Sources/SwiftPackageListCore/Output Generation/PDF/PDFGenerator.swift:8:8: error: no such module 'AppKit'
6 | //
7 |
8 | import AppKit
| `- error: no such module 'AppKit'
9 | import SwiftPackageList
10 |
[99/210] Compiling SwiftPackageListCore OutputType.swift
/host/spi-builder-workspace/Sources/SwiftPackageListCore/Output Generation/PDF/PDFGenerator.swift:8:8: error: no such module 'AppKit'
6 | //
7 |
8 | import AppKit
| `- error: no such module 'AppKit'
9 | import SwiftPackageList
10 |
<unknown>:0: warning: upcoming feature 'InferSendableFromCaptures' is already enabled as of Swift version 6
<unknown>:0: warning: upcoming feature 'GlobalActorIsolatedTypesUsability' is already enabled as of Swift version 6
<unknown>:0: warning: upcoming feature 'DisableOutwardActorInference' is already enabled as of Swift version 6
<unknown>:0: warning: upcoming feature 'InferSendableFromCaptures' is already enabled as of Swift version 6
<unknown>:0: warning: upcoming feature 'GlobalActorIsolatedTypesUsability' is already enabled as of Swift version 6
<unknown>:0: warning: upcoming feature 'DisableOutwardActorInference' is already enabled as of Swift version 6
Running build ...
bash -c docker run --pull=always --rm -v "checkouts-54344843-3":/host -w "$PWD" -e JAVA_HOME="/root/.sdkman/candidates/java/current" -e SPI_BUILD="1" -e SPI_PROCESSING="1" registry.gitlab.com/saguaro1/spi-images:android-6.1-latest swift build --swift-sdk aarch64-unknown-linux-android24 2>&1
android-6.1-latest: Pulling from saguaro1/spi-images
Digest: sha256:396310cef4466ceb116ed5462b0b92d4deb353c0dad749b406b7fd226f6db9af
Status: Image is up to date for registry.gitlab.com/saguaro1/spi-images:android-6.1-latest
[0/1] Planning build
[1/1] Compiling plugin SwiftPackageListPlugin
[2/2] Compiling plugin GenerateManual
[3/3] Compiling plugin GenerateDoccReference
Building for debugging...
[3/18] Write swift-version-24593BA9C3E375BF.txt
[5/38] Compiling SwiftPackageList PackageProvider.swift
[6/38] Compiling SwiftPackageList resource_bundle_accessor.swift
[7/38] Emitting module ArgumentParserToolInfo
[8/38] Compiling SwiftPackageList Package+Kind.swift
[9/38] Emitting module SwiftPackageList
[10/38] Compiling SwiftPackageList PropertyListPackageProvider.swift
[11/38] Compiling SwiftPackageList Package.swift
[12/38] Compiling SwiftPackageList JSONPackageProvider.swift
[13/38] Compiling SwiftPackageList Bundle+acknowledgements.swift
[14/38] Compiling SwiftPackageList PackageProvider.swift
[16/38] Compiling ArgumentParserToolInfo ToolInfo.swift
[17/66] Emitting module ArgumentParserToolInfo
[18/66] Compiling ArgumentParserToolInfo ToolInfo.swift
error: emit-module command failed with exit code 1 (use -v to see invocation)
[21/76] Emitting module SwiftPackageListCore
/host/spi-builder-workspace/Sources/SwiftPackageListCore/Output Generation/PDF/PDFGenerator.swift:8:8: error: no such module 'AppKit'
6 | //
7 |
8 | import AppKit
| `- error: no such module 'AppKit'
9 | import SwiftPackageList
10 |
[22/175] Compiling SwiftPackageList resource_bundle_accessor.swift
[23/175] Compiling SwiftPackageList PropertyListPackageProvider.swift
[24/175] Compiling ArgumentParser NameSpecification.swift
/host/spi-builder-workspace/Sources/SwiftPackageListCore/Output Generation/PDF/PDFGenerator.swift:8:8: error: no such module 'AppKit'
6 | //
7 |
8 | import AppKit
| `- error: no such module 'AppKit'
9 | import SwiftPackageList
10 |
[25/175] Compiling ArgumentParser Option.swift
/host/spi-builder-workspace/Sources/SwiftPackageListCore/Output Generation/PDF/PDFGenerator.swift:8:8: error: no such module 'AppKit'
6 | //
7 |
8 | import AppKit
| `- error: no such module 'AppKit'
9 | import SwiftPackageList
10 |
[26/175] Compiling ArgumentParser OptionGroup.swift
/host/spi-builder-workspace/Sources/SwiftPackageListCore/Output Generation/PDF/PDFGenerator.swift:8:8: error: no such module 'AppKit'
6 | //
7 |
8 | import AppKit
| `- error: no such module 'AppKit'
9 | import SwiftPackageList
10 |
[27/175] Compiling ArgumentParser BashCompletionsGenerator.swift
/host/spi-builder-workspace/Sources/SwiftPackageListCore/Output Generation/PDF/PDFGenerator.swift:8:8: error: no such module 'AppKit'
6 | //
7 |
8 | import AppKit
| `- error: no such module 'AppKit'
9 | import SwiftPackageList
10 |
[28/175] Compiling ArgumentParser CompletionsGenerator.swift
/host/spi-builder-workspace/Sources/SwiftPackageListCore/Output Generation/PDF/PDFGenerator.swift:8:8: error: no such module 'AppKit'
6 | //
7 |
8 | import AppKit
| `- error: no such module 'AppKit'
9 | import SwiftPackageList
10 |
[29/175] Compiling ArgumentParser CommandParser.swift
/host/spi-builder-workspace/Sources/SwiftPackageListCore/Output Generation/PDF/PDFGenerator.swift:8:8: error: no such module 'AppKit'
6 | //
7 |
8 | import AppKit
| `- error: no such module 'AppKit'
9 | import SwiftPackageList
10 |
[30/175] Compiling ArgumentParser InputKey.swift
/host/spi-builder-workspace/Sources/SwiftPackageListCore/Output Generation/PDF/PDFGenerator.swift:8:8: error: no such module 'AppKit'
6 | //
7 |
8 | import AppKit
| `- error: no such module 'AppKit'
9 | import SwiftPackageList
10 |
[31/175] Compiling ArgumentParser InputOrigin.swift
/host/spi-builder-workspace/Sources/SwiftPackageListCore/Output Generation/PDF/PDFGenerator.swift:8:8: error: no such module 'AppKit'
6 | //
7 |
8 | import AppKit
| `- error: no such module 'AppKit'
9 | import SwiftPackageList
10 |
[32/175] Compiling ArgumentParser Mutex.swift
/host/spi-builder-workspace/Sources/SwiftPackageListCore/Output Generation/PDF/PDFGenerator.swift:8:8: error: no such module 'AppKit'
6 | //
7 |
8 | import AppKit
| `- error: no such module 'AppKit'
9 | import SwiftPackageList
10 |
[33/175] Compiling ArgumentParser Platform.swift
/host/spi-builder-workspace/Sources/SwiftPackageListCore/Output Generation/PDF/PDFGenerator.swift:8:8: error: no such module 'AppKit'
6 | //
7 |
8 | import AppKit
| `- error: no such module 'AppKit'
9 | import SwiftPackageList
10 |
[34/175] Compiling ArgumentParser SplitArguments.swift
/host/spi-builder-workspace/Sources/SwiftPackageListCore/Output Generation/PDF/PDFGenerator.swift:8:8: error: no such module 'AppKit'
6 | //
7 |
8 | import AppKit
| `- error: no such module 'AppKit'
9 | import SwiftPackageList
10 |
[35/175] Compiling ArgumentParser DumpHelpGenerator.swift
/host/spi-builder-workspace/Sources/SwiftPackageListCore/Output Generation/PDF/PDFGenerator.swift:8:8: error: no such module 'AppKit'
6 | //
7 |
8 | import AppKit
| `- error: no such module 'AppKit'
9 | import SwiftPackageList
10 |
[36/175] Compiling ArgumentParser ParsableCommand.swift
/host/spi-builder-workspace/Sources/SwiftPackageListCore/Output Generation/PDF/PDFGenerator.swift:8:8: error: no such module 'AppKit'
6 | //
7 |
8 | import AppKit
| `- error: no such module 'AppKit'
9 | import SwiftPackageList
10 |
[37/175] Compiling ArgumentParser ArgumentDecoder.swift
/host/spi-builder-workspace/Sources/SwiftPackageListCore/Output Generation/PDF/PDFGenerator.swift:8:8: error: no such module 'AppKit'
6 | //
7 |
8 | import AppKit
| `- error: no such module 'AppKit'
9 | import SwiftPackageList
10 |
[38/175] Compiling ArgumentParser ArgumentDefinition.swift
/host/spi-builder-workspace/Sources/SwiftPackageListCore/Output Generation/PDF/PDFGenerator.swift:8:8: error: no such module 'AppKit'
6 | //
7 |
8 | import AppKit
| `- error: no such module 'AppKit'
9 | import SwiftPackageList
10 |
[39/175] Compiling ArgumentParser ArgumentSet.swift
/host/spi-builder-workspace/Sources/SwiftPackageListCore/Output Generation/PDF/PDFGenerator.swift:8:8: error: no such module 'AppKit'
6 | //
7 |
8 | import AppKit
| `- error: no such module 'AppKit'
9 | import SwiftPackageList
10 |
[40/175] Compiling ArgumentParser Foundation.swift
/host/spi-builder-workspace/Sources/SwiftPackageListCore/Output Generation/PDF/PDFGenerator.swift:8:8: error: no such module 'AppKit'
6 | //
7 |
8 | import AppKit
| `- error: no such module 'AppKit'
9 | import SwiftPackageList
10 |
[41/175] Compiling ArgumentParser Name.swift
/host/spi-builder-workspace/Sources/SwiftPackageListCore/Output Generation/PDF/PDFGenerator.swift:8:8: error: no such module 'AppKit'
6 | //
7 |
8 | import AppKit
| `- error: no such module 'AppKit'
9 | import SwiftPackageList
10 |
[42/175] Compiling ArgumentParser Parsed.swift
/host/spi-builder-workspace/Sources/SwiftPackageListCore/Output Generation/PDF/PDFGenerator.swift:8:8: error: no such module 'AppKit'
6 | //
7 |
8 | import AppKit
| `- error: no such module 'AppKit'
9 | import SwiftPackageList
10 |
[43/175] Compiling ArgumentParser ParsedValues.swift
/host/spi-builder-workspace/Sources/SwiftPackageListCore/Output Generation/PDF/PDFGenerator.swift:8:8: error: no such module 'AppKit'
6 | //
7 |
8 | import AppKit
| `- error: no such module 'AppKit'
9 | import SwiftPackageList
10 |
[44/175] Compiling ArgumentParser ParserError.swift
/host/spi-builder-workspace/Sources/SwiftPackageListCore/Output Generation/PDF/PDFGenerator.swift:8:8: error: no such module 'AppKit'
6 | //
7 |
8 | import AppKit
| `- error: no such module 'AppKit'
9 | import SwiftPackageList
10 |
[45/175] Compiling SwiftPackageList Package+Kind.swift
[46/175] Compiling SwiftPackageList JSONPackageProvider.swift
[47/175] Emitting module SwiftPackageList
[48/175] Compiling SwiftPackageList Package.swift
[49/175] Compiling SwiftPackageList Bundle+acknowledgements.swift
[50/176] Compiling ArgumentParser ParentCommand.swift
/host/spi-builder-workspace/Sources/SwiftPackageListCore/Output Generation/PDF/PDFGenerator.swift:8:8: error: no such module 'AppKit'
6 | //
7 |
8 | import AppKit
| `- error: no such module 'AppKit'
9 | import SwiftPackageList
10 |
[51/176] Compiling ArgumentParser AsyncParsableCommand.swift
/host/spi-builder-workspace/Sources/SwiftPackageListCore/Output Generation/PDF/PDFGenerator.swift:8:8: error: no such module 'AppKit'
6 | //
7 |
8 | import AppKit
| `- error: no such module 'AppKit'
9 | import SwiftPackageList
10 |
[52/176] Compiling ArgumentParser CommandConfiguration.swift
/host/spi-builder-workspace/Sources/SwiftPackageListCore/Output Generation/PDF/PDFGenerator.swift:8:8: error: no such module 'AppKit'
6 | //
7 |
8 | import AppKit
| `- error: no such module 'AppKit'
9 | import SwiftPackageList
10 |
[53/176] Compiling ArgumentParser CommandGroup.swift
/host/spi-builder-workspace/Sources/SwiftPackageListCore/Output Generation/PDF/PDFGenerator.swift:8:8: error: no such module 'AppKit'
6 | //
7 |
8 | import AppKit
| `- error: no such module 'AppKit'
9 | import SwiftPackageList
10 |
[54/176] Compiling ArgumentParser EnumerableFlag.swift
/host/spi-builder-workspace/Sources/SwiftPackageListCore/Output Generation/PDF/PDFGenerator.swift:8:8: error: no such module 'AppKit'
6 | //
7 |
8 | import AppKit
| `- error: no such module 'AppKit'
9 | import SwiftPackageList
10 |
[55/176] Compiling ArgumentParser ExpressibleByArgument.swift
/host/spi-builder-workspace/Sources/SwiftPackageListCore/Output Generation/PDF/PDFGenerator.swift:8:8: error: no such module 'AppKit'
6 | //
7 |
8 | import AppKit
| `- error: no such module 'AppKit'
9 | import SwiftPackageList
10 |
[57/176] Compiling ArgumentParser FishCompletionsGenerator.swift
/host/spi-builder-workspace/Sources/SwiftPackageListCore/Output Generation/PDF/PDFGenerator.swift:8:8: error: no such module 'AppKit'
6 | //
7 |
8 | import AppKit
| `- error: no such module 'AppKit'
9 | import SwiftPackageList
10 |
[58/176] Compiling ArgumentParser ZshCompletionsGenerator.swift
/host/spi-builder-workspace/Sources/SwiftPackageListCore/Output Generation/PDF/PDFGenerator.swift:8:8: error: no such module 'AppKit'
6 | //
7 |
8 | import AppKit
| `- error: no such module 'AppKit'
9 | import SwiftPackageList
10 |
[59/176] Compiling ArgumentParser Argument.swift
/host/spi-builder-workspace/Sources/SwiftPackageListCore/Output Generation/PDF/PDFGenerator.swift:8:8: error: no such module 'AppKit'
6 | //
7 |
8 | import AppKit
| `- error: no such module 'AppKit'
9 | import SwiftPackageList
10 |
[60/176] Compiling ArgumentParser ArgumentDiscussion.swift
/host/spi-builder-workspace/Sources/SwiftPackageListCore/Output Generation/PDF/PDFGenerator.swift:8:8: error: no such module 'AppKit'
6 | //
7 |
8 | import AppKit
| `- error: no such module 'AppKit'
9 | import SwiftPackageList
10 |
[61/176] Compiling ArgumentParser ArgumentHelp.swift
/host/spi-builder-workspace/Sources/SwiftPackageListCore/Output Generation/PDF/PDFGenerator.swift:8:8: error: no such module 'AppKit'
6 | //
7 |
8 | import AppKit
| `- error: no such module 'AppKit'
9 | import SwiftPackageList
10 |
[62/176] Compiling ArgumentParser ParsableArguments.swift
/host/spi-builder-workspace/Sources/SwiftPackageListCore/Output Generation/PDF/PDFGenerator.swift:8:8: error: no such module 'AppKit'
6 | //
7 |
8 | import AppKit
| `- error: no such module 'AppKit'
9 | import SwiftPackageList
10 |
[63/176] Compiling ArgumentParser ArgumentVisibility.swift
/host/spi-builder-workspace/Sources/SwiftPackageListCore/Output Generation/PDF/PDFGenerator.swift:8:8: error: no such module 'AppKit'
6 | //
7 |
8 | import AppKit
| `- error: no such module 'AppKit'
9 | import SwiftPackageList
10 |
[64/176] Compiling ArgumentParser CompletionKind.swift
/host/spi-builder-workspace/Sources/SwiftPackageListCore/Output Generation/PDF/PDFGenerator.swift:8:8: error: no such module 'AppKit'
6 | //
7 |
8 | import AppKit
| `- error: no such module 'AppKit'
9 | import SwiftPackageList
10 |
[65/176] Compiling ArgumentParser Errors.swift
/host/spi-builder-workspace/Sources/SwiftPackageListCore/Output Generation/PDF/PDFGenerator.swift:8:8: error: no such module 'AppKit'
6 | //
7 |
8 | import AppKit
| `- error: no such module 'AppKit'
9 | import SwiftPackageList
10 |
[66/176] Compiling ArgumentParser Flag.swift
/host/spi-builder-workspace/Sources/SwiftPackageListCore/Output Generation/PDF/PDFGenerator.swift:8:8: error: no such module 'AppKit'
6 | //
7 |
8 | import AppKit
| `- error: no such module 'AppKit'
9 | import SwiftPackageList
10 |
[67/176] Compiling ArgumentParser HelpCommand.swift
/host/spi-builder-workspace/Sources/SwiftPackageListCore/Output Generation/PDF/PDFGenerator.swift:8:8: error: no such module 'AppKit'
6 | //
7 |
8 | import AppKit
| `- error: no such module 'AppKit'
9 | import SwiftPackageList
10 |
[68/176] Compiling ArgumentParser HelpGenerator.swift
/host/spi-builder-workspace/Sources/SwiftPackageListCore/Output Generation/PDF/PDFGenerator.swift:8:8: error: no such module 'AppKit'
6 | //
7 |
8 | import AppKit
| `- error: no such module 'AppKit'
9 | import SwiftPackageList
10 |
[69/176] Compiling ArgumentParser MessageInfo.swift
/host/spi-builder-workspace/Sources/SwiftPackageListCore/Output Generation/PDF/PDFGenerator.swift:8:8: error: no such module 'AppKit'
6 | //
7 |
8 | import AppKit
| `- error: no such module 'AppKit'
9 | import SwiftPackageList
10 |
[70/176] Compiling ArgumentParser UsageGenerator.swift
/host/spi-builder-workspace/Sources/SwiftPackageListCore/Output Generation/PDF/PDFGenerator.swift:8:8: error: no such module 'AppKit'
6 | //
7 |
8 | import AppKit
| `- error: no such module 'AppKit'
9 | import SwiftPackageList
10 |
[71/176] Compiling ArgumentParser CollectionExtensions.swift
/host/spi-builder-workspace/Sources/SwiftPackageListCore/Output Generation/PDF/PDFGenerator.swift:8:8: error: no such module 'AppKit'
6 | //
7 |
8 | import AppKit
| `- error: no such module 'AppKit'
9 | import SwiftPackageList
10 |
[71/176] Wrapping AST for SwiftPackageList for debugging
BUILD FAILURE 6.1 android