Build Information
Failed to build Revnix, reference main (1ef8e2), with Swift 6.1 for Android on 1 Nov 2026 05:02:21 UTC.
Build Command
bash -c docker run --pull=always --rm -v "checkouts-54344845-2":/host -w "$PWD" -e JAVA_HOME="/root/.sdkman/candidates/java/current" -e SPI_BUILD="1" -e SPI_PROCESSING="1" registry.gitlab.com/saguaro1/spi-images:android-6.1-latest swift build --swift-sdk aarch64-unknown-linux-android24 2>&1Build Log
========================================
RunAll
========================================
Builder version: 5.1.4
Interrupt handler set up.
========================================
Checkout
========================================
Clone URL: https://github.com/Oth-tech/RevnixSDK-iOS.git
Reference: main
Initialized empty Git repository in /host/spi-builder-workspace/.git/
hint: Using 'master' as the name for the initial branch. This default branch name
hint: is subject to change. To configure the initial branch name to use in all
hint: of your new repositories, which will suppress this warning, call:
hint:
hint: git config --global init.defaultBranch <name>
hint:
hint: Names commonly chosen instead of 'master' are 'main', 'trunk' and
hint: 'development'. The just-created branch can be renamed via this command:
hint:
hint: git branch -m <name>
From https://github.com/Oth-tech/RevnixSDK-iOS
* branch main -> FETCH_HEAD
* [new branch] main -> origin/main
HEAD is now at 1ef8e2a Merge pull request #71 from Oth-tech/docs-audit
Cloned https://github.com/Oth-tech/RevnixSDK-iOS.git
Revision (git rev-parse @):
1ef8e2aec6b695f6d1af3acbce89ea39d7ab4bff
SPI manifest file found: $PWD/.spi.yml
SUCCESS checkout https://github.com/Oth-tech/RevnixSDK-iOS.git at main
========================================
Build
========================================
Selected platform: android
Swift version: 6.1
Building package at path: $PWD
https://github.com/Oth-tech/RevnixSDK-iOS.git
https://github.com/Oth-tech/RevnixSDK-iOS.git
WARNING: environment variable SUPPRESS_SWIFT_6_FLAGS is not set
Running build ...
bash -c docker run --pull=always --rm -v "checkouts-54344845-2":/host -w "$PWD" -e JAVA_HOME="/root/.sdkman/candidates/java/current" -e SPI_BUILD="1" -e SPI_PROCESSING="1" registry.gitlab.com/saguaro1/spi-images:android-6.1-latest swift build --swift-sdk aarch64-unknown-linux-android24 -Xswiftc -Xfrontend -Xswiftc -stats-output-dir -Xswiftc -Xfrontend -Xswiftc .stats -Xswiftc -strict-concurrency=complete -Xswiftc -enable-upcoming-feature -Xswiftc StrictConcurrency -Xswiftc -enable-upcoming-feature -Xswiftc DisableOutwardActorInference -Xswiftc -enable-upcoming-feature -Xswiftc GlobalActorIsolatedTypesUsability -Xswiftc -enable-upcoming-feature -Xswiftc InferSendableFromCaptures 2>&1
android-6.1-latest: Pulling from saguaro1/spi-images
Digest: sha256:1af1ef9e2b8f7a959ad4dced2035c22f050ae85f531ed2857472423d8f2ef4d3
Status: Image is up to date for registry.gitlab.com/saguaro1/spi-images:android-6.1-latest
Building for debugging...
[0/3] Write sources
[0/3] Copying PrivacyInfo.xcprivacy
[2/3] Write swift-version-24593BA9C3E375BF.txt
[4/20] Compiling Revnix Storage.swift
/host/spi-builder-workspace/Sources/Revnix/RevnixClient.swift:11:8: error: no such module 'CryptoKit'
9 | import DeviceCheck
10 | #endif
11 | import CryptoKit
| `- error: no such module 'CryptoKit'
12 |
13 | typealias SkanUpdater = @Sendable (Int, RevnixCoarseValue?, Bool) async throws -> Void
[5/20] Compiling Revnix StoreKitGlue.swift
/host/spi-builder-workspace/Sources/Revnix/RevnixClient.swift:11:8: error: no such module 'CryptoKit'
9 | import DeviceCheck
10 | #endif
11 | import CryptoKit
| `- error: no such module 'CryptoKit'
12 |
13 | typealias SkanUpdater = @Sendable (Int, RevnixCoarseValue?, Bool) async throws -> Void
[6/22] Compiling Revnix RevnixPaywallView.swift
/host/spi-builder-workspace/Sources/Revnix/RevnixClient.swift:11:8: error: no such module 'CryptoKit'
9 | import DeviceCheck
10 | #endif
11 | import CryptoKit
| `- error: no such module 'CryptoKit'
12 |
13 | typealias SkanUpdater = @Sendable (Int, RevnixCoarseValue?, Bool) async throws -> Void
[7/22] Compiling Revnix Skan.swift
/host/spi-builder-workspace/Sources/Revnix/RevnixClient.swift:11:8: error: no such module 'CryptoKit'
9 | import DeviceCheck
10 | #endif
11 | import CryptoKit
| `- error: no such module 'CryptoKit'
12 |
13 | typealias SkanUpdater = @Sendable (Int, RevnixCoarseValue?, Bool) async throws -> Void
[8/22] Compiling Revnix PaywallLocalization.swift
/host/spi-builder-workspace/Sources/Revnix/RevnixClient.swift:11:8: error: no such module 'CryptoKit'
9 | import DeviceCheck
10 | #endif
11 | import CryptoKit
| `- error: no such module 'CryptoKit'
12 |
13 | typealias SkanUpdater = @Sendable (Int, RevnixCoarseValue?, Bool) async throws -> Void
[9/22] Compiling Revnix PaywallRenderRules.swift
/host/spi-builder-workspace/Sources/Revnix/RevnixClient.swift:11:8: error: no such module 'CryptoKit'
9 | import DeviceCheck
10 | #endif
11 | import CryptoKit
| `- error: no such module 'CryptoKit'
12 |
13 | typealias SkanUpdater = @Sendable (Int, RevnixCoarseValue?, Bool) async throws -> Void
error: emit-module command failed with exit code 1 (use -v to see invocation)
[10/22] Emitting module Revnix
/host/spi-builder-workspace/Sources/Revnix/RevnixClient.swift:11:8: error: no such module 'CryptoKit'
9 | import DeviceCheck
10 | #endif
11 | import CryptoKit
| `- error: no such module 'CryptoKit'
12 |
13 | typealias SkanUpdater = @Sendable (Int, RevnixCoarseValue?, Bool) async throws -> Void
[11/22] Compiling Revnix RevnixError.swift
/host/spi-builder-workspace/Sources/Revnix/RevnixClient.swift:11:8: error: no such module 'CryptoKit'
9 | import DeviceCheck
10 | #endif
11 | import CryptoKit
| `- error: no such module 'CryptoKit'
12 |
13 | typealias SkanUpdater = @Sendable (Int, RevnixCoarseValue?, Bool) async throws -> Void
[12/22] Compiling Revnix RevnixPaywallBlockView.swift
/host/spi-builder-workspace/Sources/Revnix/RevnixClient.swift:11:8: error: no such module 'CryptoKit'
9 | import DeviceCheck
10 | #endif
11 | import CryptoKit
| `- error: no such module 'CryptoKit'
12 |
13 | typealias SkanUpdater = @Sendable (Int, RevnixCoarseValue?, Bool) async throws -> Void
[13/22] Compiling Revnix RevnixClient.swift
/host/spi-builder-workspace/Sources/Revnix/RevnixClient.swift:11:8: error: no such module 'CryptoKit'
9 | import DeviceCheck
10 | #endif
11 | import CryptoKit
| `- error: no such module 'CryptoKit'
12 |
13 | typealias SkanUpdater = @Sendable (Int, RevnixCoarseValue?, Bool) async throws -> Void
[14/22] Compiling Revnix RevnixConfig.swift
/host/spi-builder-workspace/Sources/Revnix/RevnixClient.swift:11:8: error: no such module 'CryptoKit'
9 | import DeviceCheck
10 | #endif
11 | import CryptoKit
| `- error: no such module 'CryptoKit'
12 |
13 | typealias SkanUpdater = @Sendable (Int, RevnixCoarseValue?, Bool) async throws -> Void
[15/22] Compiling Revnix PaywallBackground.swift
/host/spi-builder-workspace/Sources/Revnix/RevnixClient.swift:11:8: error: no such module 'CryptoKit'
9 | import DeviceCheck
10 | #endif
11 | import CryptoKit
| `- error: no such module 'CryptoKit'
12 |
13 | typealias SkanUpdater = @Sendable (Int, RevnixCoarseValue?, Bool) async throws -> Void
[16/22] Compiling Revnix PaywallBlockGeometry.swift
/host/spi-builder-workspace/Sources/Revnix/RevnixClient.swift:11:8: error: no such module 'CryptoKit'
9 | import DeviceCheck
10 | #endif
11 | import CryptoKit
| `- error: no such module 'CryptoKit'
12 |
13 | typealias SkanUpdater = @Sendable (Int, RevnixCoarseValue?, Bool) async throws -> Void
[17/22] Compiling Revnix PaywallBlocks.swift
/host/spi-builder-workspace/Sources/Revnix/RevnixClient.swift:11:8: error: no such module 'CryptoKit'
9 | import DeviceCheck
10 | #endif
11 | import CryptoKit
| `- error: no such module 'CryptoKit'
12 |
13 | typealias SkanUpdater = @Sendable (Int, RevnixCoarseValue?, Bool) async throws -> Void
[18/22] Compiling Revnix DeviceFacts.swift
/host/spi-builder-workspace/Sources/Revnix/RevnixClient.swift:11:8: error: no such module 'CryptoKit'
9 | import DeviceCheck
10 | #endif
11 | import CryptoKit
| `- error: no such module 'CryptoKit'
12 |
13 | typealias SkanUpdater = @Sendable (Int, RevnixCoarseValue?, Bool) async throws -> Void
[19/22] Compiling Revnix ImplicitPlacements.swift
/host/spi-builder-workspace/Sources/Revnix/RevnixClient.swift:11:8: error: no such module 'CryptoKit'
9 | import DeviceCheck
10 | #endif
11 | import CryptoKit
| `- error: no such module 'CryptoKit'
12 |
13 | typealias SkanUpdater = @Sendable (Int, RevnixCoarseValue?, Bool) async throws -> Void
[20/22] Compiling Revnix Models.swift
/host/spi-builder-workspace/Sources/Revnix/RevnixClient.swift:11:8: error: no such module 'CryptoKit'
9 | import DeviceCheck
10 | #endif
11 | import CryptoKit
| `- error: no such module 'CryptoKit'
12 |
13 | typealias SkanUpdater = @Sendable (Int, RevnixCoarseValue?, Bool) async throws -> Void
[21/22] Compiling Revnix Tracking.swift
/host/spi-builder-workspace/Sources/Revnix/RevnixClient.swift:11:8: error: no such module 'CryptoKit'
9 | import DeviceCheck
10 | #endif
11 | import CryptoKit
| `- error: no such module 'CryptoKit'
12 |
13 | typealias SkanUpdater = @Sendable (Int, RevnixCoarseValue?, Bool) async throws -> Void
[22/22] Compiling Revnix resource_bundle_accessor.swift
/host/spi-builder-workspace/Sources/Revnix/RevnixClient.swift:11:8: error: no such module 'CryptoKit'
9 | import DeviceCheck
10 | #endif
11 | import CryptoKit
| `- error: no such module 'CryptoKit'
12 |
13 | typealias SkanUpdater = @Sendable (Int, RevnixCoarseValue?, Bool) async throws -> Void
Running build ...
bash -c docker run --pull=always --rm -v "checkouts-54344845-2":/host -w "$PWD" -e JAVA_HOME="/root/.sdkman/candidates/java/current" -e SPI_BUILD="1" -e SPI_PROCESSING="1" registry.gitlab.com/saguaro1/spi-images:android-6.1-latest swift build --swift-sdk aarch64-unknown-linux-android24 2>&1
android-6.1-latest: Pulling from saguaro1/spi-images
Digest: sha256:1af1ef9e2b8f7a959ad4dced2035c22f050ae85f531ed2857472423d8f2ef4d3
Status: Image is up to date for registry.gitlab.com/saguaro1/spi-images:android-6.1-latest
[0/1] Planning build
Building for debugging...
[0/1] Write swift-version-24593BA9C3E375BF.txt
[2/18] Compiling Revnix RevnixPaywallView.swift
/host/spi-builder-workspace/Sources/Revnix/RevnixClient.swift:11:8: error: no such module 'CryptoKit'
9 | import DeviceCheck
10 | #endif
11 | import CryptoKit
| `- error: no such module 'CryptoKit'
12 |
13 | typealias SkanUpdater = @Sendable (Int, RevnixCoarseValue?, Bool) async throws -> Void
[3/18] Compiling Revnix Skan.swift
/host/spi-builder-workspace/Sources/Revnix/RevnixClient.swift:11:8: error: no such module 'CryptoKit'
9 | import DeviceCheck
10 | #endif
11 | import CryptoKit
| `- error: no such module 'CryptoKit'
12 |
13 | typealias SkanUpdater = @Sendable (Int, RevnixCoarseValue?, Bool) async throws -> Void
[4/20] Compiling Revnix Tracking.swift
/host/spi-builder-workspace/Sources/Revnix/RevnixClient.swift:11:8: error: no such module 'CryptoKit'
9 | import DeviceCheck
10 | #endif
11 | import CryptoKit
| `- error: no such module 'CryptoKit'
12 |
13 | typealias SkanUpdater = @Sendable (Int, RevnixCoarseValue?, Bool) async throws -> Void
[5/20] Compiling Revnix resource_bundle_accessor.swift
/host/spi-builder-workspace/Sources/Revnix/RevnixClient.swift:11:8: error: no such module 'CryptoKit'
9 | import DeviceCheck
10 | #endif
11 | import CryptoKit
| `- error: no such module 'CryptoKit'
12 |
13 | typealias SkanUpdater = @Sendable (Int, RevnixCoarseValue?, Bool) async throws -> Void
[6/20] Compiling Revnix RevnixError.swift
/host/spi-builder-workspace/Sources/Revnix/RevnixClient.swift:11:8: error: no such module 'CryptoKit'
9 | import DeviceCheck
10 | #endif
11 | import CryptoKit
| `- error: no such module 'CryptoKit'
12 |
13 | typealias SkanUpdater = @Sendable (Int, RevnixCoarseValue?, Bool) async throws -> Void
[7/20] Compiling Revnix RevnixPaywallBlockView.swift
/host/spi-builder-workspace/Sources/Revnix/RevnixClient.swift:11:8: error: no such module 'CryptoKit'
9 | import DeviceCheck
10 | #endif
11 | import CryptoKit
| `- error: no such module 'CryptoKit'
12 |
13 | typealias SkanUpdater = @Sendable (Int, RevnixCoarseValue?, Bool) async throws -> Void
[8/20] Compiling Revnix PaywallLocalization.swift
/host/spi-builder-workspace/Sources/Revnix/RevnixClient.swift:11:8: error: no such module 'CryptoKit'
9 | import DeviceCheck
10 | #endif
11 | import CryptoKit
| `- error: no such module 'CryptoKit'
12 |
13 | typealias SkanUpdater = @Sendable (Int, RevnixCoarseValue?, Bool) async throws -> Void
[9/20] Compiling Revnix PaywallRenderRules.swift
/host/spi-builder-workspace/Sources/Revnix/RevnixClient.swift:11:8: error: no such module 'CryptoKit'
9 | import DeviceCheck
10 | #endif
11 | import CryptoKit
| `- error: no such module 'CryptoKit'
12 |
13 | typealias SkanUpdater = @Sendable (Int, RevnixCoarseValue?, Bool) async throws -> Void
[10/20] Compiling Revnix Storage.swift
/host/spi-builder-workspace/Sources/Revnix/RevnixClient.swift:11:8: error: no such module 'CryptoKit'
9 | import DeviceCheck
10 | #endif
11 | import CryptoKit
| `- error: no such module 'CryptoKit'
12 |
13 | typealias SkanUpdater = @Sendable (Int, RevnixCoarseValue?, Bool) async throws -> Void
[11/20] Compiling Revnix StoreKitGlue.swift
/host/spi-builder-workspace/Sources/Revnix/RevnixClient.swift:11:8: error: no such module 'CryptoKit'
9 | import DeviceCheck
10 | #endif
11 | import CryptoKit
| `- error: no such module 'CryptoKit'
12 |
13 | typealias SkanUpdater = @Sendable (Int, RevnixCoarseValue?, Bool) async throws -> Void
error: emit-module command failed with exit code 1 (use -v to see invocation)
[12/20] Emitting module Revnix
/host/spi-builder-workspace/Sources/Revnix/RevnixClient.swift:11:8: error: no such module 'CryptoKit'
9 | import DeviceCheck
10 | #endif
11 | import CryptoKit
| `- error: no such module 'CryptoKit'
12 |
13 | typealias SkanUpdater = @Sendable (Int, RevnixCoarseValue?, Bool) async throws -> Void
[13/20] Compiling Revnix RevnixClient.swift
/host/spi-builder-workspace/Sources/Revnix/RevnixClient.swift:11:8: error: no such module 'CryptoKit'
9 | import DeviceCheck
10 | #endif
11 | import CryptoKit
| `- error: no such module 'CryptoKit'
12 |
13 | typealias SkanUpdater = @Sendable (Int, RevnixCoarseValue?, Bool) async throws -> Void
[14/20] Compiling Revnix RevnixConfig.swift
/host/spi-builder-workspace/Sources/Revnix/RevnixClient.swift:11:8: error: no such module 'CryptoKit'
9 | import DeviceCheck
10 | #endif
11 | import CryptoKit
| `- error: no such module 'CryptoKit'
12 |
13 | typealias SkanUpdater = @Sendable (Int, RevnixCoarseValue?, Bool) async throws -> Void
[15/20] Compiling Revnix PaywallBackground.swift
/host/spi-builder-workspace/Sources/Revnix/RevnixClient.swift:11:8: error: no such module 'CryptoKit'
9 | import DeviceCheck
10 | #endif
11 | import CryptoKit
| `- error: no such module 'CryptoKit'
12 |
13 | typealias SkanUpdater = @Sendable (Int, RevnixCoarseValue?, Bool) async throws -> Void
[16/20] Compiling Revnix PaywallBlockGeometry.swift
/host/spi-builder-workspace/Sources/Revnix/RevnixClient.swift:11:8: error: no such module 'CryptoKit'
9 | import DeviceCheck
10 | #endif
11 | import CryptoKit
| `- error: no such module 'CryptoKit'
12 |
13 | typealias SkanUpdater = @Sendable (Int, RevnixCoarseValue?, Bool) async throws -> Void
[17/20] Compiling Revnix PaywallBlocks.swift
/host/spi-builder-workspace/Sources/Revnix/RevnixClient.swift:11:8: error: no such module 'CryptoKit'
9 | import DeviceCheck
10 | #endif
11 | import CryptoKit
| `- error: no such module 'CryptoKit'
12 |
13 | typealias SkanUpdater = @Sendable (Int, RevnixCoarseValue?, Bool) async throws -> Void
[18/20] Compiling Revnix DeviceFacts.swift
/host/spi-builder-workspace/Sources/Revnix/RevnixClient.swift:11:8: error: no such module 'CryptoKit'
9 | import DeviceCheck
10 | #endif
11 | import CryptoKit
| `- error: no such module 'CryptoKit'
12 |
13 | typealias SkanUpdater = @Sendable (Int, RevnixCoarseValue?, Bool) async throws -> Void
[19/20] Compiling Revnix ImplicitPlacements.swift
/host/spi-builder-workspace/Sources/Revnix/RevnixClient.swift:11:8: error: no such module 'CryptoKit'
9 | import DeviceCheck
10 | #endif
11 | import CryptoKit
| `- error: no such module 'CryptoKit'
12 |
13 | typealias SkanUpdater = @Sendable (Int, RevnixCoarseValue?, Bool) async throws -> Void
[20/20] Compiling Revnix Models.swift
/host/spi-builder-workspace/Sources/Revnix/RevnixClient.swift:11:8: error: no such module 'CryptoKit'
9 | import DeviceCheck
10 | #endif
11 | import CryptoKit
| `- error: no such module 'CryptoKit'
12 |
13 | typealias SkanUpdater = @Sendable (Int, RevnixCoarseValue?, Bool) async throws -> Void
BUILD FAILURE 6.1 android