Build Information
Failed to build ScreenData, reference 0.4.2 (20e1b7), with Swift 6.4 for watchOS using Xcode 27.0 on 18 Sep 2026 06:25:01 UTC.
Build Command
env DEVELOPER_DIR=/Applications/Xcode-27.0.0-Release.Candidate.app xcrun xcodebuild -IDEClonedSourcePackagesDirPathOverride=$PWD/.dependencies -skipMacroValidation -skipPackagePluginValidation -derivedDataPath $PWD/.derivedData build -scheme ScreenData-Package -destination generic/platform=watchOSBuild Log
========================================
RunAll
========================================
Builder version: 5.1.0
Interrupt handler set up.
========================================
Checkout
========================================
Clone URL: https://github.com/ServerDriven/ScreenData-swift.git
Reference: 0.4.2
Initialized empty Git repository in /Users/admin/builder/spi-builder-workspace/.git/
From https://github.com/ServerDriven/ScreenData-swift
* tag 0.4.2 -> FETCH_HEAD
HEAD is now at 20e1b73 Merge pull request #17 from ServerDriven/develop
Cloned https://github.com/ServerDriven/ScreenData-swift.git
Revision (git rev-parse @):
20e1b73ec66076494135b041a29d43ca0870fd45
SUCCESS checkout https://github.com/ServerDriven/ScreenData-swift.git at 0.4.2
========================================
Build
========================================
Selected platform: watchOS
Swift version: 6.4
Building package at path: $PWD
https://github.com/ServerDriven/ScreenData-swift.git
Command line invocation:
/Applications/Xcode-27.0.0-Release.Candidate.app/Contents/Developer/usr/bin/xcodebuild -IDEClonedSourcePackagesDirPathOverride=/Users/admin/builder/spi-builder-workspace/.dependencies -resolvePackageDependencies
resolved source packages:
{
"dependencies" : [
],
"manifest_display_name" : "ScreenData",
"name" : "ScreenData",
"path" : "/Users/admin/builder/spi-builder-workspace",
"platforms" : [
],
"products" : [
{
"name" : "ScreenData",
"targets" : [
"ScreenData"
],
"type" : {
"library" : [
"automatic"
]
}
}
],
"targets" : [
{
"c99name" : "ScreenDataTests",
"module_type" : "SwiftTarget",
"name" : "ScreenDataTests",
"path" : "Tests/ScreenDataTests",
"sources" : [
"ScreenDataTests.swift",
"XCTestManifests.swift"
],
"target_dependencies" : [
"ScreenData"
],
"type" : "test"
},
{
"c99name" : "ScreenData",
"module_type" : "SwiftTarget",
"name" : "ScreenData",
"path" : "Sources/ScreenData",
"product_memberships" : [
"ScreenData"
],
"sources" : [
"Objects/Destination.swift",
"Objects/SomeColor.swift",
"Objects/SomeStyle.swift",
"Objects/SomeView+.swift",
"Objects/SomeView.swift",
"Screens/SomeScreen.swift",
"Types/DestinationType.swift",
"Types/FontType.swift",
"Types/ImageAspectScale.swift",
"Types/ViewDirectionAxis.swift",
"Types/ViewType.swift",
"Views/SomeButton.swift",
"Views/SomeContainerView.swift",
"Views/SomeCustomView.swift",
"Views/SomeImage.swift",
"Views/SomeLabel.swift",
"Views/SomeSpacer.swift",
"Views/SomeText.swift"
],
"type" : "library"
}
],
"tools_version" : "5.2"
}
{
"project" : {
"configurations" : [
"Debug",
"Release"
],
"name" : "ScreenData",
"schemes" : [
"ScreenData-Package"
],
"targets" : [
"ScreenData",
"ScreenDataPackageDescription",
"ScreenDataPackageTests",
"ScreenDataTests"
]
}
}
Running build ...
env DEVELOPER_DIR=/Applications/Xcode-27.0.0-Release.Candidate.app xcrun xcodebuild -IDEClonedSourcePackagesDirPathOverride=$PWD/.dependencies -skipMacroValidation -skipPackagePluginValidation -derivedDataPath $PWD/.derivedData build -scheme ScreenData-Package -destination generic/platform=watchOS
Command line invocation:
/Applications/Xcode-27.0.0-Release.Candidate.app/Contents/Developer/usr/bin/xcodebuild -IDEClonedSourcePackagesDirPathOverride=/Users/admin/builder/spi-builder-workspace/.dependencies -skipMacroValidation -skipPackagePluginValidation -derivedDataPath /Users/admin/builder/spi-builder-workspace/.derivedData build -scheme ScreenData-Package -destination generic/platform=watchOS
ComputePackagePrebuildTargetDependencyGraph
Prepare packages
CreateBuildRequest
SendProjectDescription
CreateBuildOperation
ComputeTargetDependencyGraph
note: Building targets in dependency order
note: Target dependency graph (1 target)
Target 'ScreenData' in project 'ScreenData' (no dependencies)
GatherProvisioningInputs
CreateBuildDescription
ExecuteExternalTool /Applications/Xcode-27.0.0-Release.Candidate.app/Contents/Developer/Toolchains/XcodeDefault.xctoolchain/usr/bin/clang -v -E -dM -isysroot /Applications/Xcode-27.0.0-Release.Candidate.app/Contents/Developer/Platforms/WatchOS.platform/Developer/SDKs/WatchOS27.0.sdk -x c -c /dev/null
ExecuteExternalTool /Applications/Xcode-27.0.0-Release.Candidate.app/Contents/Developer/Toolchains/XcodeDefault.xctoolchain/usr/bin/swiftc --version
ExecuteExternalTool /Applications/Xcode-27.0.0-Release.Candidate.app/Contents/Developer/Toolchains/XcodeDefault.xctoolchain/usr/bin/ld -version_details
Build description signature: 7087a748d20883172473aa5f14c1dff0
Build description path: /Users/admin/builder/spi-builder-workspace/.derivedData/Build/Intermediates.noindex/XCBuildData/7087a748d20883172473aa5f14c1dff0.xcbuilddata
/Users/admin/builder/spi-builder-workspace/ScreenData.xcodeproj: error: The watchOS deployment target 'WATCHOS_DEPLOYMENT_TARGET' is set to 2.0, but the range of supported deployment target versions is 9.0 to 27.0.x. (in target 'ScreenData' from project 'ScreenData')
error: The armv7k architecture is deprecated. You should update your ARCHS build setting to remove the armv7k architecture. (in target 'ScreenData' from project 'ScreenData')
** BUILD FAILED **
The following build commands failed:
Building project ScreenData with scheme ScreenData-Package
(1 failure)
Command line invocation:
/Applications/Xcode-27.0.0-Release.Candidate.app/Contents/Developer/usr/bin/xcodebuild -IDEClonedSourcePackagesDirPathOverride=/Users/admin/builder/spi-builder-workspace/.dependencies -resolvePackageDependencies
resolved source packages:
{
"dependencies" : [
],
"manifest_display_name" : "ScreenData",
"name" : "ScreenData",
"path" : "/Users/admin/builder/spi-builder-workspace",
"platforms" : [
],
"products" : [
{
"name" : "ScreenData",
"targets" : [
"ScreenData"
],
"type" : {
"library" : [
"automatic"
]
}
}
],
"targets" : [
{
"c99name" : "ScreenDataTests",
"module_type" : "SwiftTarget",
"name" : "ScreenDataTests",
"path" : "Tests/ScreenDataTests",
"sources" : [
"ScreenDataTests.swift",
"XCTestManifests.swift"
],
"target_dependencies" : [
"ScreenData"
],
"type" : "test"
},
{
"c99name" : "ScreenData",
"module_type" : "SwiftTarget",
"name" : "ScreenData",
"path" : "Sources/ScreenData",
"product_memberships" : [
"ScreenData"
],
"sources" : [
"Objects/Destination.swift",
"Objects/SomeColor.swift",
"Objects/SomeStyle.swift",
"Objects/SomeView+.swift",
"Objects/SomeView.swift",
"Screens/SomeScreen.swift",
"Types/DestinationType.swift",
"Types/FontType.swift",
"Types/ImageAspectScale.swift",
"Types/ViewDirectionAxis.swift",
"Types/ViewType.swift",
"Views/SomeButton.swift",
"Views/SomeContainerView.swift",
"Views/SomeCustomView.swift",
"Views/SomeImage.swift",
"Views/SomeLabel.swift",
"Views/SomeSpacer.swift",
"Views/SomeText.swift"
],
"type" : "library"
}
],
"tools_version" : "5.2"
}
{
"project" : {
"configurations" : [
"Debug",
"Release"
],
"name" : "ScreenData",
"schemes" : [
"ScreenData-Package"
],
"targets" : [
"ScreenData",
"ScreenDataPackageDescription",
"ScreenDataPackageTests",
"ScreenDataTests"
]
}
}
Running build ...
env DEVELOPER_DIR=/Applications/Xcode-27.0.0-Release.Candidate.app xcrun xcodebuild -IDEClonedSourcePackagesDirPathOverride=$PWD/.dependencies -skipMacroValidation -skipPackagePluginValidation -derivedDataPath $PWD/.derivedData build -scheme ScreenData-Package -destination generic/platform=watchOS
Command line invocation:
/Applications/Xcode-27.0.0-Release.Candidate.app/Contents/Developer/usr/bin/xcodebuild -IDEClonedSourcePackagesDirPathOverride=/Users/admin/builder/spi-builder-workspace/.dependencies -skipMacroValidation -skipPackagePluginValidation -derivedDataPath /Users/admin/builder/spi-builder-workspace/.derivedData build -scheme ScreenData-Package -destination generic/platform=watchOS
ComputePackagePrebuildTargetDependencyGraph
Prepare packages
CreateBuildRequest
SendProjectDescription
CreateBuildOperation
ComputeTargetDependencyGraph
note: Building targets in dependency order
note: Target dependency graph (1 target)
Target 'ScreenData' in project 'ScreenData' (no dependencies)
GatherProvisioningInputs
CreateBuildDescription
error: The armv7k architecture is deprecated. You should update your ARCHS build setting to remove the armv7k architecture. (in target 'ScreenData' from project 'ScreenData')
/Users/admin/builder/spi-builder-workspace/ScreenData.xcodeproj: error: The watchOS deployment target 'WATCHOS_DEPLOYMENT_TARGET' is set to 2.0, but the range of supported deployment target versions is 9.0 to 27.0.x. (in target 'ScreenData' from project 'ScreenData')
** BUILD FAILED **
The following build commands failed:
Building project ScreenData with scheme ScreenData-Package
(1 failure)
BUILD FAILURE 6.4 watchOS