The Swift Package Index logo.Swift Package Index

Build Information

Failed to build IEEE802Swift, reference 0.2.1 (9dd325), with Swift 6.2 for iOS using Xcode 26.3 on 5 Oct 2026 17:36:31 UTC.

Build Command

No build command. This typically means the build failed at an early stage where we determine the build command.

Build Log

========================================
RunAll
========================================
Builder version: 5.1.1
Interrupt handler set up.
========================================
Checkout
========================================
Clone URL: https://github.com/PADL/IEEE802Swift.git
Reference: 0.2.1
Initialized empty Git repository in /Users/admin/builder/spi-builder-workspace/.git/
From https://github.com/PADL/IEEE802Swift
 * tag               0.2.1      -> FETCH_HEAD
HEAD is now at 9dd325c Depend on upstream AsyncExtensions 0.7
Cloned https://github.com/PADL/IEEE802Swift.git
Revision (git rev-parse @):
9dd325c76d967b240ad79a3eb3617c4e8c75bc79
SUCCESS checkout https://github.com/PADL/IEEE802Swift.git at 0.2.1
========================================
Build
========================================
Selected platform:         iOS
Swift version:             6.2
Building package at path:  $PWD
https://github.com/PADL/IEEE802Swift.git
Command line invocation:
    /Applications/Xcode-26.3.0.app/Contents/Developer/usr/bin/xcodebuild -IDEClonedSourcePackagesDirPathOverride=/Users/admin/builder/spi-builder-workspace/.dependencies -resolvePackageDependencies
Resolve Package Graph
Fetching from https://github.com/PADL/SocketAddress
Fetching from https://github.com/sideeffect-io/AsyncExtensions
Fetching from https://github.com/PADL/IORingSwift
Fetching from https://github.com/apple/swift-binary-parsing
Fetching from https://github.com/apple/swift-system
Fetching from https://github.com/apple/swift-collections.git
Resolve Package Graph
Updating from https://github.com/apple/swift-system
Updating from https://github.com/sideeffect-io/AsyncExtensions
Updating from https://github.com/apple/swift-binary-parsing
Updating from https://github.com/PADL/SocketAddress
Updating from https://github.com/PADL/IORingSwift
Updating from https://github.com/apple/swift-collections.git
Resolve Package Graph
Updating from https://github.com/apple/swift-binary-parsing
Updating from https://github.com/PADL/IORingSwift
Updating from https://github.com/apple/swift-system
Updating from https://github.com/sideeffect-io/AsyncExtensions
Updating from https://github.com/PADL/SocketAddress
Updating from https://github.com/apple/swift-collections.git
Resolved source packages:
  spi-builder-workspace: (null)
2026-10-05 13:36:29.282 xcodebuild[538:3085] Writing error result bundle to /var/folders/xq/y_g06wb113726d38xsyx71_h0000gn/T/ResultBundle_2026-05-10_13-36-0029.xcresult
xcodebuild: error: Could not resolve package dependencies:
  Failed to resolve dependencies Dependencies could not be resolved because 'ioringswift' >= 2.1.0 contains incompatible tools version (6.3.0) and root depends on 'ioringswift' 2.1.3..<3.0.0.
Command line invocation:
    /Applications/Xcode-26.3.0.app/Contents/Developer/usr/bin/xcodebuild -IDEClonedSourcePackagesDirPathOverride=/Users/admin/builder/spi-builder-workspace/.dependencies -resolvePackageDependencies
Resolve Package Graph
Updating from https://github.com/sideeffect-io/AsyncExtensions
Updating from https://github.com/apple/swift-system
Updating from https://github.com/apple/swift-binary-parsing
Updating from https://github.com/PADL/IORingSwift
Updating from https://github.com/PADL/SocketAddress
Updating from https://github.com/apple/swift-collections.git
Resolved source packages:
  spi-builder-workspace: (null)
2026-10-05 13:36:31.500 xcodebuild[824:4621] Writing error result bundle to /var/folders/xq/y_g06wb113726d38xsyx71_h0000gn/T/ResultBundle_2026-05-10_13-36-0031.xcresult
xcodebuild: error: Could not resolve package dependencies:
  Failed to resolve dependencies Dependencies could not be resolved because 'ioringswift' >= 2.1.0 contains incompatible tools version (6.3.0) and root depends on 'ioringswift' 2.1.3..<3.0.0.
BUILD FAILURE 6.2 iOS