Build Information
Failed to build Wand, reference main (8ed44d), with Swift 6.4 for tvOS using Xcode 27.0 on 28 Sep 2026 04:55:32 UTC.
Build Command
env DEVELOPER_DIR=/Applications/Xcode-27.0.0-Release.Candidate.app xcrun xcodebuild -IDEClonedSourcePackagesDirPathOverride=$PWD/.dependencies -skipMacroValidation -skipPackagePluginValidation -derivedDataPath $PWD/.derivedData build -scheme Wand -destination generic/platform=tvOSBuild Log
========================================
RunAll
========================================
Builder version: 5.1.0
Interrupt handler set up.
========================================
Checkout
========================================
Clone URL: https://github.com/The-Wand/Wand.git
Reference: main
Initialized empty Git repository in /Users/admin/builder/spi-builder-workspace/.git/
From https://github.com/The-Wand/Wand
* branch main -> FETCH_HEAD
* [new branch] main -> origin/main
HEAD is now at 8ed44dc Fix 4.0.1 build
Cloned https://github.com/The-Wand/Wand.git
Revision (git rev-parse @):
8ed44dc27a581d35c2bd769b0d07d079416ec9f1
SPI manifest file found: $PWD/.spi.yml
SUCCESS checkout https://github.com/The-Wand/Wand.git at main
========================================
Build
========================================
Selected platform: tvOS
Swift version: 6.4
Building package at path: $PWD
https://github.com/The-Wand/Wand.git
Command line invocation:
/Applications/Xcode-27.0.0-Release.Candidate.app/Contents/Developer/usr/bin/xcodebuild -IDEClonedSourcePackagesDirPathOverride=/Users/admin/builder/spi-builder-workspace/.dependencies -resolvePackageDependencies
Resolve Package Graph
Fetching from https://github.com/el-machine/Any.git
Creating working copy of package ‘Any’
Checking out 1.0.3 of package ‘Any’
Resolved source packages:
Any_: https://github.com/el-machine/Any.git @ 1.0.3
resolved source packages: Any_
{
"dependencies" : [
{
"identity" : "any",
"requirement" : {
"exact" : [
"1.0.3"
]
},
"type" : "sourceControl",
"url" : "https://github.com/The-Wand/Any.git"
}
],
"manifest_display_name" : "Wand",
"name" : "Wand",
"path" : "/Users/admin/builder/spi-builder-workspace",
"platforms" : [
{
"name" : "ios",
"version" : "14.0"
},
{
"name" : "macos",
"version" : "12.0"
},
{
"name" : "tvos",
"version" : "14.0"
},
{
"name" : "watchos",
"version" : "7.0"
}
],
"products" : [
{
"name" : "Wand",
"targets" : [
"Wand"
],
"type" : {
"library" : [
"automatic"
]
}
}
],
"targets" : [
{
"c99name" : "WandTests",
"module_type" : "SwiftTarget",
"name" : "WandTests",
"path" : "Tests",
"product_dependencies" : [
"Any_"
],
"sources" : [
"Cases/&/&_Syntax_Tests.swift",
"Cases/&/AndT_Tests.swift",
"Cases/&/AndU_Tests.swift",
"Cases/?/?_Syntax_Tests.swift",
"Cases/?/Ask_Dependencies_Tests.swift",
"Cases/Ask/Ask_Tests.swift",
"Cases/Children/c_Tests.swift",
"Cases/Core/Add/Add_Tests.swift",
"Cases/Core/Attach_Tests.swift",
"Cases/Core/Clean_Tests.swift",
"Cases/Core/Contains_Tests.swift",
"Cases/Core/Extract_Tests.swift",
"Cases/Core/Get/Get_Tests.swift",
"Cases/Core/HighLoad_Tests.swift",
"Cases/Core/Init/Core_To_Array_Tests.swift",
"Cases/Core/Init/Core_To_Dictionary_Tests.swift",
"Cases/Core/Init/Core_To_Tests.swift",
"Cases/Core/Init/Core_Utils_Tests.swift",
"Cases/Core/Init/Expressible_Tests.swift",
"Cases/Core/Put/Core_Put_Default_Tests.swift",
"Cases/Core/Put/Core_Put_Dynamic_Tests.swift",
"Cases/Core/Put/Core_Put_Tests.swift",
"Cases/Core/Wanded/Obtainable_Tests.swift",
"Cases/Core/Wanded/Ubiquitous_Tests.swift",
"Cases/e/Errors_Tests.swift",
"Cases/|/Addons/Ask_All_Tests.swift",
"Cases/|/Addons/Ask_Any_Tests.swift",
"Cases/|/Addons/Counting_Tests.swift",
"Cases/|/Addons/Sequence_Tests.swift",
"Cases/|/Addons/Task_Tests.swift",
"Cases/|/AskT_Tests.swift",
"Cases/|/Convertable/CoreGraphics_Tests.swift",
"Cases/|/Convertable/Numbers_Tests.swift",
"Cases/|/Describing_Tests.swift",
"Cases/|/String_Tests.swift",
"Cases/|/|_Syntax_Tests.swift",
"Lab/Bot.swift",
"Lab/Control.swift",
"Lab/DeviceLookup.swift",
"Lab/Drive.swift",
"Lab/Experiments.swift",
"Lab/ImageCreator.swift",
"Lab/Output.swift",
"Lab/Singletone.swift",
"Lab/Task.swift",
"Unit/DefaultTests.swift",
"Unit/Objects/JugTask.swift",
"Unit/Objects/JugTests.swift",
"Unit/Objects/Machines/Auto.swift",
"Unit/Objects/Machines/Button.swift",
"Unit/Objects/Machines/Eat.swift",
"Unit/Objects/Machines/Gear.swift",
"Unit/Objects/Machines/Machines.swift",
"Unit/Objects/Machines/Reaper.swift",
"Unit/Objects/Machines/Trees.swift",
"Unit/Objects/Machines/Vulture.swift",
"Unit/Objects/Machines/VultureTests.swift",
"Unit/Objects/Objects.swift",
"Unit/Objects/Structs/Skills.swift",
"Unit/Objects/Structs/Structs.swift",
"Unit/Performance.swift",
"Unit/T_Tests.swift",
"Unit/Unit.swift",
"Unit/XCTestCase.swift"
],
"target_dependencies" : [
"Wand"
],
"type" : "test"
},
{
"c99name" : "Wand",
"module_type" : "SwiftTarget",
"name" : "Wand",
"path" : "Sources",
"product_memberships" : [
"Wand"
],
"sources" : [
"!~=.swift",
"&/&.swift",
"&/&Key.swift",
"&/AndT.swift",
"&/AndU.swift",
"&/Operation.swift",
"+/+.swift",
"+/+?.swift",
"+/+Ask.swift",
"-.swift",
"?/?.swift",
"?/Error.swift",
"?/Error?.swift",
"?/Option.swift",
"Ask.swift",
"Children.swift",
"Core/Core.swift",
"Core/Expressible/Expressible.swift",
"Core/Expressible/ExpressibleByArray.swift",
"Core/Expressible/ExpressibleByDictionary.swift",
"Core/Log.swift",
"Core/Platform/Platform.swift",
"Core/Weak.swift",
"DataBreach.swift",
"Fix/Fix.swift",
"Fix/Retry.swift",
"ML/NLTag_Ask.swift",
"ML/NLTagger_Obtain.swift",
"Memory.swift",
"MicroServices/Browsable.swift",
"MicroServices/MicroService.swift",
"MicroServices/NWBrowser.Result_Ask.swift",
"MicroServices/NWBrowser.State_Ask.swift",
"MicroServices/NWBrowser_Obtain.swift",
"MicroServices/NWConnection_Ask.swift",
"MicroServices/NWParameters_Obtain.swift",
"MicroServices/NWProtocolTLS.Options_Obtain.swift",
"MicroServices/WandFramerProtocol.swift",
"Obtainable.swift",
"Ubiquitous.swift",
"|/Addons/Addons.swift",
"|/Addons/All.swift",
"|/Addons/Any.swift",
"|/Addons/Counting.swift",
"|/Addons/Key.swift",
"|/Addons/Sequence.swift",
"|/Addons/Time.swift",
"|/Ask.Nil.swift",
"|/Ask.T.swift",
"|/Convertable/Bundle_Convert.swift",
"|/Convertable/CoreGraphics_Convertable.swift",
"|/Convertable/KeyPath.swift",
"|/Convertable/Numbers/Integer_Convertable.swift",
"|/Convertable/Numbers/Math_Convertable.swift",
"|/Convertable/Numbers/Numeric_Convertable.swift",
"|/Convertable/String_Convertable.swift",
"|/Describing/Describing.swift",
"|/Describing/Describing_Character.swift",
"|/Describing/Describing_Data.swift",
"|/Expecting.swift",
"|/Wanded/Core+Wanded.swift",
"|/Wanded/Proxy.swift",
"|/Wanded/Wanded.swift",
"|/|!.swift",
"|/|.swift"
],
"type" : "library"
}
],
"tools_version" : "5.6"
}
{
"project" : {
"configurations" : [
"Debug",
"Release"
],
"name" : "Wand",
"schemes" : [
"Any_",
"Extension",
"Play",
"ScreenExtension",
"Wand",
"WatchPlay"
],
"targets" : [
"Wand",
"Play",
"WandTests",
"WatchPlay",
"WatchPlayTests",
"Extension",
"XcodeXPC",
"ScreenExtension"
]
}
}
{
"workspace" : {
"name" : "Wand",
"schemes" : [
"Any_",
"Wand"
]
}
}
2026-09-28 00:55:15.486 xcodebuild[705:4491] [MT] IDERunDestination: Supported platforms for the buildables in the current scheme is empty.
2026-09-28 00:55:15.600 xcodebuild[705:4491] [MT] IDERunDestination: Supported platforms for the buildables in the current scheme is empty.
Running build ...
env DEVELOPER_DIR=/Applications/Xcode-27.0.0-Release.Candidate.app xcrun xcodebuild -IDEClonedSourcePackagesDirPathOverride=$PWD/.dependencies -skipMacroValidation -skipPackagePluginValidation -derivedDataPath $PWD/.derivedData build -scheme Wand -destination generic/platform=tvOS
Command line invocation:
/Applications/Xcode-27.0.0-Release.Candidate.app/Contents/Developer/usr/bin/xcodebuild -IDEClonedSourcePackagesDirPathOverride=/Users/admin/builder/spi-builder-workspace/.dependencies -skipMacroValidation -skipPackagePluginValidation -derivedDataPath /Users/admin/builder/spi-builder-workspace/.derivedData build -scheme Wand -destination generic/platform=tvOS
Resolve Package Graph
Resolve Package Graph
Resolved source packages:
Wand: /Users/admin/builder/spi-builder-workspace
Any_: https://github.com/The-Wand/Any.git @ 1.0.3
ComputePackagePrebuildTargetDependencyGraph
Prepare packages
CreateBuildRequest
SendProjectDescription
CreateBuildOperation
ComputeTargetDependencyGraph
note: Building targets in dependency order
note: Target dependency graph (2 targets)
Target 'Wand-product' in project 'Wand'
➜ Explicit dependency on target 'Wand' in project 'Wand'
Target 'Wand' in project 'Wand' (no dependencies)
GatherProvisioningInputs
CreateBuildDescription
ExecuteExternalTool /Applications/Xcode-27.0.0-Release.Candidate.app/Contents/Developer/Toolchains/XcodeDefault.xctoolchain/usr/bin/clang -v -E -dM -isysroot /Applications/Xcode-27.0.0-Release.Candidate.app/Contents/Developer/Platforms/AppleTVOS.platform/Developer/SDKs/AppleTVOS27.0.sdk -x c -c /dev/null
ExecuteExternalTool /Applications/Xcode-27.0.0-Release.Candidate.app/Contents/Developer/Toolchains/XcodeDefault.xctoolchain/usr/bin/swiftc --version
ExecuteExternalTool /Applications/Xcode-27.0.0-Release.Candidate.app/Contents/Developer/Toolchains/XcodeDefault.xctoolchain/usr/bin/ld -version_details
Build description signature: 28407fc2f90b74576a9b9824d512a241
Build description path: /Users/admin/builder/spi-builder-workspace/.derivedData/Build/Intermediates.noindex/XCBuildData/28407fc2f90b74576a9b9824d512a241.xcbuilddata
CreateBuildDirectory /Users/admin/builder/spi-builder-workspace/.derivedData/SDKExplicitPrecompiledModules
cd /Users/admin/builder/spi-builder-workspace/.swiftpm/xcode
builtin-create-build-directory /Users/admin/builder/spi-builder-workspace/.derivedData/SDKExplicitPrecompiledModules
CreateBuildDirectory /Users/admin/builder/spi-builder-workspace/.derivedData/ModuleCache.noindex
cd /Users/admin/builder/spi-builder-workspace/.swiftpm/xcode
builtin-create-build-directory /Users/admin/builder/spi-builder-workspace/.derivedData/ModuleCache.noindex
CreateBuildDirectory /Users/admin/builder/spi-builder-workspace/.derivedData/CompilationCache.noindex
cd /Users/admin/builder/spi-builder-workspace/.swiftpm/xcode
builtin-create-build-directory /Users/admin/builder/spi-builder-workspace/.derivedData/CompilationCache.noindex
ClangStatCache /Applications/Xcode-27.0.0-Release.Candidate.app/Contents/Developer/Toolchains/XcodeDefault.xctoolchain/usr/bin/clang-stat-cache /Applications/Xcode-27.0.0-Release.Candidate.app/Contents/Developer/Platforms/AppleTVOS.platform/Developer/SDKs/AppleTVOS27.0.sdk /Users/admin/builder/spi-builder-workspace/.derivedData/SDKStatCaches.noindex/appletvos27.0-24J360-e829b21a6f8c9b70876ba0858053c044b32bfd8d43560033f8d89884cdb90028.sdkstatcache
cd /Users/admin/builder/spi-builder-workspace/.swiftpm/xcode
/Applications/Xcode-27.0.0-Release.Candidate.app/Contents/Developer/Toolchains/XcodeDefault.xctoolchain/usr/bin/clang-stat-cache /Applications/Xcode-27.0.0-Release.Candidate.app/Contents/Developer/Platforms/AppleTVOS.platform/Developer/SDKs/AppleTVOS27.0.sdk -o /Users/admin/builder/spi-builder-workspace/.derivedData/SDKStatCaches.noindex/appletvos27.0-24J360-e829b21a6f8c9b70876ba0858053c044b32bfd8d43560033f8d89884cdb90028.sdkstatcache
CreateBuildDirectory /Users/admin/builder/spi-builder-workspace/.derivedData/Build/Products
cd /Users/admin/builder/spi-builder-workspace/.swiftpm/xcode
builtin-create-build-directory /Users/admin/builder/spi-builder-workspace/.derivedData/Build/Products
CreateBuildDirectory /Users/admin/builder/spi-builder-workspace/.derivedData/Build/Intermediates.noindex
cd /Users/admin/builder/spi-builder-workspace/.swiftpm/xcode
builtin-create-build-directory /Users/admin/builder/spi-builder-workspace/.derivedData/Build/Intermediates.noindex
CreateBuildDirectory /Users/admin/builder/spi-builder-workspace/.derivedData/Build/Intermediates.noindex/PrecompiledHeaders
cd /Users/admin/builder/spi-builder-workspace/.swiftpm/xcode
builtin-create-build-directory /Users/admin/builder/spi-builder-workspace/.derivedData/Build/Intermediates.noindex/PrecompiledHeaders
CreateBuildDirectory /Users/admin/builder/spi-builder-workspace/.derivedData/Build/Intermediates.noindex/SwiftExplicitPrecompiledModules
cd /Users/admin/builder/spi-builder-workspace/.swiftpm/xcode
builtin-create-build-directory /Users/admin/builder/spi-builder-workspace/.derivedData/Build/Intermediates.noindex/SwiftExplicitPrecompiledModules
CreateBuildDirectory /Users/admin/builder/spi-builder-workspace/.derivedData/Build/Intermediates.noindex/ExplicitPrecompiledModules
cd /Users/admin/builder/spi-builder-workspace/.swiftpm/xcode
builtin-create-build-directory /Users/admin/builder/spi-builder-workspace/.derivedData/Build/Intermediates.noindex/ExplicitPrecompiledModules
CreateBuildDirectory /Users/admin/builder/spi-builder-workspace/.derivedData/Build/Intermediates.noindex/EagerLinkingTBDs/Debug-appletvos
cd /Users/admin/builder/spi-builder-workspace/.swiftpm/xcode
builtin-create-build-directory /Users/admin/builder/spi-builder-workspace/.derivedData/Build/Intermediates.noindex/EagerLinkingTBDs/Debug-appletvos
CreateBuildDirectory /Users/admin/builder/spi-builder-workspace/.derivedData/Build/Products/Debug-appletvos
cd /Users/admin/builder/spi-builder-workspace/.swiftpm/xcode
builtin-create-build-directory /Users/admin/builder/spi-builder-workspace/.derivedData/Build/Products/Debug-appletvos
CreateBuildDirectory /Users/admin/builder/spi-builder-workspace/.derivedData/Build/Products/Debug-appletvos/PackageFrameworks
cd /Users/admin/builder/spi-builder-workspace/.swiftpm/xcode
builtin-create-build-directory /Users/admin/builder/spi-builder-workspace/.derivedData/Build/Products/Debug-appletvos/PackageFrameworks
WriteAuxiliaryFile /Users/admin/builder/spi-builder-workspace/.derivedData/Build/Intermediates.noindex/Wand.build/Debug-appletvos/Wand-t.build/Wand.DependencyMetadataFileList (in target 'Wand' from project 'Wand')
cd /Users/admin/builder/spi-builder-workspace
write-file /Users/admin/builder/spi-builder-workspace/.derivedData/Build/Intermediates.noindex/Wand.build/Debug-appletvos/Wand-t.build/Wand.DependencyMetadataFileList
WriteAuxiliaryFile /Users/admin/builder/spi-builder-workspace/.derivedData/Build/Intermediates.noindex/Wand.build/Debug-appletvos/Wand-t.build/Wand.DependencyStaticMetadataFileList (in target 'Wand' from project 'Wand')
cd /Users/admin/builder/spi-builder-workspace
write-file /Users/admin/builder/spi-builder-workspace/.derivedData/Build/Intermediates.noindex/Wand.build/Debug-appletvos/Wand-t.build/Wand.DependencyStaticMetadataFileList
WriteAuxiliaryFile /Users/admin/builder/spi-builder-workspace/.derivedData/Build/Intermediates.noindex/Wand.build/Debug-appletvos/Wand-t.build/Wand.modulemap (in target 'Wand' from project 'Wand')
cd /Users/admin/builder/spi-builder-workspace
write-file /Users/admin/builder/spi-builder-workspace/.derivedData/Build/Intermediates.noindex/Wand.build/Debug-appletvos/Wand-t.build/Wand.modulemap
WriteAuxiliaryFile /Users/admin/builder/spi-builder-workspace/.derivedData/Build/Intermediates.noindex/Wand.build/Debug-appletvos/Wand-t.build/Objects-normal/arm64/Wand_const_extract_protocols.json (in target 'Wand' from project 'Wand')
cd /Users/admin/builder/spi-builder-workspace
write-file /Users/admin/builder/spi-builder-workspace/.derivedData/Build/Intermediates.noindex/Wand.build/Debug-appletvos/Wand-t.build/Objects-normal/arm64/Wand_const_extract_protocols.json
WriteAuxiliaryFile /Users/admin/builder/spi-builder-workspace/.derivedData/Build/Intermediates.noindex/Wand.build/Debug-appletvos/Wand-t.build/Objects-normal/arm64/Wand.SwiftFileList (in target 'Wand' from project 'Wand')
cd /Users/admin/builder/spi-builder-workspace
write-file /Users/admin/builder/spi-builder-workspace/.derivedData/Build/Intermediates.noindex/Wand.build/Debug-appletvos/Wand-t.build/Objects-normal/arm64/Wand.SwiftFileList
WriteAuxiliaryFile /Users/admin/builder/spi-builder-workspace/.derivedData/Build/Intermediates.noindex/Wand.build/Debug-appletvos/Wand-t.build/Objects-normal/arm64/Wand.SwiftConstValuesFileList (in target 'Wand' from project 'Wand')
cd /Users/admin/builder/spi-builder-workspace
write-file /Users/admin/builder/spi-builder-workspace/.derivedData/Build/Intermediates.noindex/Wand.build/Debug-appletvos/Wand-t.build/Objects-normal/arm64/Wand.SwiftConstValuesFileList
WriteAuxiliaryFile /Users/admin/builder/spi-builder-workspace/.derivedData/Build/Intermediates.noindex/Wand.build/Debug-appletvos/Wand-t.build/Objects-normal/arm64/Wand.LinkFileList (in target 'Wand' from project 'Wand')
cd /Users/admin/builder/spi-builder-workspace
write-file /Users/admin/builder/spi-builder-workspace/.derivedData/Build/Intermediates.noindex/Wand.build/Debug-appletvos/Wand-t.build/Objects-normal/arm64/Wand.LinkFileList
WriteAuxiliaryFile /Users/admin/builder/spi-builder-workspace/.derivedData/Build/Intermediates.noindex/Wand.build/Debug-appletvos/Wand-t.build/Objects-normal/arm64/Wand-OutputFileMap.json (in target 'Wand' from project 'Wand')
cd /Users/admin/builder/spi-builder-workspace
write-file /Users/admin/builder/spi-builder-workspace/.derivedData/Build/Intermediates.noindex/Wand.build/Debug-appletvos/Wand-t.build/Objects-normal/arm64/Wand-OutputFileMap.json
Copy /Users/admin/builder/spi-builder-workspace/.derivedData/Build/Intermediates.noindex/GeneratedModuleMaps-appletvos/Wand.modulemap /Users/admin/builder/spi-builder-workspace/.derivedData/Build/Intermediates.noindex/Wand.build/Debug-appletvos/Wand-t.build/Wand.modulemap (in target 'Wand' from project 'Wand')
cd /Users/admin/builder/spi-builder-workspace
builtin-copy -exclude .DS_Store -exclude CVS -exclude .svn -exclude .git -exclude .hg -resolve-src-symlinks /Users/admin/builder/spi-builder-workspace/.derivedData/Build/Intermediates.noindex/Wand.build/Debug-appletvos/Wand-t.build/Wand.modulemap /Users/admin/builder/spi-builder-workspace/.derivedData/Build/Intermediates.noindex/GeneratedModuleMaps-appletvos
SwiftDriver Wand normal arm64 com.apple.xcode.tools.swift.compiler (in target 'Wand' from project 'Wand')
cd /Users/admin/builder/spi-builder-workspace/.swiftpm/xcode
builtin-SwiftDriver -- /Applications/Xcode-27.0.0-Release.Candidate.app/Contents/Developer/Toolchains/XcodeDefault.xctoolchain/usr/bin/swiftc -parse-as-library -module-name Wand -Onone @/Users/admin/builder/spi-builder-workspace/.derivedData/Build/Intermediates.noindex/Wand.build/Debug-appletvos/Wand-t.build/Objects-normal/arm64/Wand.SwiftFileList -DSWIFT_PACKAGE -DDEBUG -DSWIFT_MODULE_RESOURCE_BUNDLE_UNAVAILABLE -DXcode -plugin-path /Applications/Xcode-27.0.0-Release.Candidate.app/Contents/Developer/Toolchains/XcodeDefault.xctoolchain/usr/lib/swift/host/plugins/testing -enable-experimental-feature DebugDescriptionMacro -sdk /Applications/Xcode-27.0.0-Release.Candidate.app/Contents/Developer/Platforms/AppleTVOS.platform/Developer/SDKs/AppleTVOS27.0.sdk -target arm64-apple-tvos15.0 -g -module-cache-path /Users/admin/builder/spi-builder-workspace/.derivedData/ModuleCache.noindex -Xfrontend -serialize-debugging-options -profile-coverage-mapping -profile-generate -enable-testing -index-store-path /Users/admin/builder/spi-builder-workspace/.derivedData/Index.noindex/DataStore -Xcc -D_LIBCPP_HARDENING_MODE\=_LIBCPP_HARDENING_MODE_DEBUG -swift-version 5 -I /Users/admin/builder/spi-builder-workspace/.derivedData/Build/Products/Debug-appletvos -Isystem /Applications/Xcode-27.0.0-Release.Candidate.app/Contents/Developer/Platforms/AppleTVOS.platform/Developer/usr/lib -F /Users/admin/builder/spi-builder-workspace/.derivedData/Build/Products/Debug-appletvos -F /Applications/Xcode-27.0.0-Release.Candidate.app/Contents/Developer/Platforms/AppleTVOS.platform/Developer/Library/Frameworks -F /Applications/Xcode-27.0.0-Release.Candidate.app/Contents/Developer/Platforms/AppleTVOS.platform/Developer/SDKs/AppleTVOS27.0.sdk/Developer/Library/Frameworks -c -j10 -enable-batch-mode -incremental -Xcc -ivfsstatcache -Xcc /Users/admin/builder/spi-builder-workspace/.derivedData/SDKStatCaches.noindex/appletvos27.0-24J360-e829b21a6f8c9b70876ba0858053c044b32bfd8d43560033f8d89884cdb90028.sdkstatcache -output-file-map /Users/admin/builder/spi-builder-workspace/.derivedData/Build/Intermediates.noindex/Wand.build/Debug-appletvos/Wand-t.build/Objects-normal/arm64/Wand-OutputFileMap.json -save-temps -no-color-diagnostics -explicit-module-build -module-cache-path /Users/admin/builder/spi-builder-workspace/.derivedData/Build/Intermediates.noindex/SwiftExplicitPrecompiledModules -clang-scanner-module-cache-path /Users/admin/builder/spi-builder-workspace/.derivedData/ModuleCache.noindex -sdk-module-cache-path /Users/admin/builder/spi-builder-workspace/.derivedData/SDKExplicitPrecompiledModules -emit-dependencies -emit-module -emit-module-path /Users/admin/builder/spi-builder-workspace/.derivedData/Build/Intermediates.noindex/Wand.build/Debug-appletvos/Wand-t.build/Objects-normal/arm64/Wand.swiftmodule -serialize-diagnostics -dependency-scan-serialize-diagnostics-path /Users/admin/builder/spi-builder-workspace/.derivedData/Build/Intermediates.noindex/Wand.build/Debug-appletvos/Wand-t.build/Objects-normal/arm64/Wand-dependency-scan.dia -validate-clang-modules-once -clang-build-session-file /Users/admin/builder/spi-builder-workspace/.derivedData/ModuleCache.noindex/Session.modulevalidation -Xcc -fmodules-prune-interval\=86400 -Xcc -fmodules-prune-after\=345600 -emit-const-values -const-gather-protocols-list /Users/admin/builder/spi-builder-workspace/.derivedData/Build/Intermediates.noindex/Wand.build/Debug-appletvos/Wand-t.build/Objects-normal/arm64/Wand_const_extract_protocols.json -Xcc -I/Users/admin/builder/spi-builder-workspace/.derivedData/Build/Products/Debug-appletvos/include -Xcc -I/Users/admin/builder/spi-builder-workspace/.derivedData/Build/Intermediates.noindex/Wand.build/Debug-appletvos/Wand-t.build/DerivedSources-normal/arm64 -Xcc -I/Users/admin/builder/spi-builder-workspace/.derivedData/Build/Intermediates.noindex/Wand.build/Debug-appletvos/Wand-t.build/DerivedSources/arm64 -Xcc -I/Users/admin/builder/spi-builder-workspace/.derivedData/Build/Intermediates.noindex/Wand.build/Debug-appletvos/Wand-t.build/DerivedSources -Xcc -DSWIFT_PACKAGE -Xcc -DDEBUG\=1 -emit-objc-header -emit-objc-header-path /Users/admin/builder/spi-builder-workspace/.derivedData/Build/Intermediates.noindex/Wand.build/Debug-appletvos/Wand-t.build/Objects-normal/arm64/Wand-Swift.h -working-directory /Users/admin/builder/spi-builder-workspace/.swiftpm/xcode -experimental-emit-module-separately -disable-cmo
SwiftExplicitDependencyGeneratePcm arm64 /Users/admin/builder/spi-builder-workspace/.derivedData/SDKExplicitPrecompiledModules/ptrcheck-2AZ6B5IBYD3RRRTFWN2ONASY3.pcm
SwiftExplicitDependencyGeneratePcm arm64 /Users/admin/builder/spi-builder-workspace/.derivedData/SDKExplicitPrecompiledModules/_Builtin_stddef-9ZJZ6FDEZNKTZU8YLPMFT9RAQ.pcm
SwiftExplicitDependencyGeneratePcm arm64 /Users/admin/builder/spi-builder-workspace/.derivedData/SDKExplicitPrecompiledModules/_SwiftConcurrencyShims-BY5PD8KF1L5KF6F4Q69HE3TJ4.pcm
SwiftExplicitDependencyGeneratePcm arm64 /Users/admin/builder/spi-builder-workspace/.derivedData/SDKExplicitPrecompiledModules/_Builtin_stdbool-AHRDH5EKLY6D04C5E42F3VCQI.pcm
SwiftExplicitDependencyGeneratePcm arm64 /Users/admin/builder/spi-builder-workspace/.derivedData/SDKExplicitPrecompiledModules/_Builtin_float-8ZJAYZ85YBOAOP52Y9H6IUNP3.pcm
SwiftExplicitDependencyGeneratePcm arm64 /Users/admin/builder/spi-builder-workspace/.derivedData/SDKExplicitPrecompiledModules/SwiftShims-8N4EXJ4RUJTR8K9OO3CMOH1EP.pcm
SwiftExplicitDependencyGeneratePcm arm64 /Users/admin/builder/spi-builder-workspace/.derivedData/SDKExplicitPrecompiledModules/_AvailabilityInternal-BV2EDDP0MI5QJDDPEEV4D9D3V.pcm
SwiftExplicitDependencyGeneratePcm arm64 /Users/admin/builder/spi-builder-workspace/.derivedData/SDKExplicitPrecompiledModules/_Builtin_stdarg-BO2OCAUYVAXDRVQWQ8ISKGNUQ.pcm
SwiftExplicitDependencyGeneratePcm arm64 /Users/admin/builder/spi-builder-workspace/.derivedData/SDKExplicitPrecompiledModules/ptrauth-8X2KEPL7CTRPS40TUB9APHPK6.pcm
SwiftExplicitDependencyGeneratePcm arm64 /Users/admin/builder/spi-builder-workspace/.derivedData/SDKExplicitPrecompiledModules/DeveloperToolsSupport-B1X8RI63V48AJRTH2RK6JAARV.pcm
SwiftExplicitDependencyGeneratePcm arm64 /Users/admin/builder/spi-builder-workspace/.derivedData/SDKExplicitPrecompiledModules/_DarwinFoundation1-JOTYMOA1YZCIJ2NON6FQ848O.pcm
SwiftExplicitDependencyGeneratePcm arm64 /Users/admin/builder/spi-builder-workspace/.derivedData/SDKExplicitPrecompiledModules/_DarwinFoundation2-AOGAN1O02NKXRJN5V73AV3V3M.pcm
SwiftExplicitDependencyGeneratePcm arm64 /Users/admin/builder/spi-builder-workspace/.derivedData/SDKExplicitPrecompiledModules/_Builtin_limits-7JU2HP127LIT1X9E2V3D8WZ1.pcm
SwiftExplicitDependencyGeneratePcm arm64 /Users/admin/builder/spi-builder-workspace/.derivedData/SDKExplicitPrecompiledModules/_Builtin_stdint-6NFTB6IBKS143IVPGT1EKB7HO.pcm
SwiftExplicitDependencyGeneratePcm arm64 /Users/admin/builder/spi-builder-workspace/.derivedData/SDKExplicitPrecompiledModules/string_h-6EVHP7A717OUS5DMC78F79HWO.pcm
SwiftExplicitDependencyGeneratePcm arm64 /Users/admin/builder/spi-builder-workspace/.derivedData/SDKExplicitPrecompiledModules/_Builtin_tgmath-7ULT1EUHDHW4OZPSTT33H6QGE.pcm
SwiftExplicitDependencyGeneratePcm arm64 /Users/admin/builder/spi-builder-workspace/.derivedData/SDKExplicitPrecompiledModules/sys_types-8GCAV1YMG5UUGHUID3CA20TCH.pcm
SwiftExplicitDependencyGeneratePcm arm64 /Users/admin/builder/spi-builder-workspace/.derivedData/SDKExplicitPrecompiledModules/_Builtin_stdatomic-3YXHN678NGYM3NL9POJ2HVEIF.pcm
SwiftExplicitDependencyGeneratePcm arm64 /Users/admin/builder/spi-builder-workspace/.derivedData/SDKExplicitPrecompiledModules/_Builtin_intrinsics-437O2R2NID4WAQVENR63GR82C.pcm
SwiftExplicitDependencyGeneratePcm arm64 /Users/admin/builder/spi-builder-workspace/.derivedData/SDKExplicitPrecompiledModules/_DarwinFoundation3-8SR3855WDFHQPR6G9GHOI2C07.pcm
SwiftExplicitDependencyGeneratePcm arm64 /Users/admin/builder/spi-builder-workspace/.derivedData/SDKExplicitPrecompiledModules/_Builtin_inttypes-6X1IQ3QK9KEVKXOK9Y79EW7J3.pcm
SwiftExplicitDependencyGeneratePcm arm64 /Users/admin/builder/spi-builder-workspace/.derivedData/SDKExplicitPrecompiledModules/Darwin-DBSQAVBBPC3D2OMU5ZI2RXMST.pcm
SwiftExplicitDependencyGeneratePcm arm64 /Users/admin/builder/spi-builder-workspace/.derivedData/SDKExplicitPrecompiledModules/simd-117QUXEUT3Z7UQCUYWV2UA228.pcm
SwiftExplicitDependencyGeneratePcm arm64 /Users/admin/builder/spi-builder-workspace/.derivedData/SDKExplicitPrecompiledModules/MachO-EH3F5PJCIZG05NO51CEFSZYPW.pcm
SwiftExplicitDependencyGeneratePcm arm64 /Users/admin/builder/spi-builder-workspace/.derivedData/SDKExplicitPrecompiledModules/ObjectiveC-5250FDCE56N8508OR6XUYDKZM.pcm
SwiftExplicitDependencyGeneratePcm arm64 /Users/admin/builder/spi-builder-workspace/.derivedData/SDKExplicitPrecompiledModules/os_object-E2DGZ0SX0TULQHULZRPO6OKNW.pcm
SwiftExplicitDependencyGeneratePcm arm64 /Users/admin/builder/spi-builder-workspace/.derivedData/SDKExplicitPrecompiledModules/os_workgroup-DBUFF7811DKMX7VPBOJPGGF1U.pcm
SwiftExplicitDependencyGeneratePcm arm64 /Users/admin/builder/spi-builder-workspace/.derivedData/SDKExplicitPrecompiledModules/Dispatch-1QL58A0V50C39KVAIC6C38SHL.pcm
SwiftExplicitDependencyGeneratePcm arm64 /Users/admin/builder/spi-builder-workspace/.derivedData/SDKExplicitPrecompiledModules/Spatial-7U8NLEFXSB8BR7PJQGVMF5A4Q.pcm
SwiftExplicitDependencyGeneratePcm arm64 /Users/admin/builder/spi-builder-workspace/.derivedData/SDKExplicitPrecompiledModules/XPC-6O2DJFT3QUJ7QKTD3SNUB6PCR.pcm
SwiftExplicitDependencyGeneratePcm arm64 /Users/admin/builder/spi-builder-workspace/.derivedData/SDKExplicitPrecompiledModules/dnssd-EP05MCI8X9XCB9GCC2I2LPUJV.pcm
SwiftExplicitDependencyGeneratePcm arm64 /Users/admin/builder/spi-builder-workspace/.derivedData/SDKExplicitPrecompiledModules/CoreFoundation-7TPJ7ENDC4L1A1ESHYI9TXS0D.pcm
SwiftExplicitDependencyGeneratePcm arm64 /Users/admin/builder/spi-builder-workspace/.derivedData/SDKExplicitPrecompiledModules/os-3GJI8H0BNAEZPQPQ1V0VVY3FY.pcm
SwiftExplicitDependencyGeneratePcm arm64 /Users/admin/builder/spi-builder-workspace/.derivedData/SDKExplicitPrecompiledModules/CoreGraphics-CWSP3J98S2658BYCVL6RP99T3.pcm
SwiftExplicitDependencyGeneratePcm arm64 /Users/admin/builder/spi-builder-workspace/.derivedData/SDKExplicitPrecompiledModules/CFNetwork-2CUR2VK9S3S3WPFXPNXNUWYGN.pcm
SwiftExplicitDependencyGeneratePcm arm64 /Users/admin/builder/spi-builder-workspace/.derivedData/SDKExplicitPrecompiledModules/Security-8VMXEKVDA3MHUH9AOTP905DID.pcm
SwiftExplicitDependencyGeneratePcm arm64 /Users/admin/builder/spi-builder-workspace/.derivedData/SDKExplicitPrecompiledModules/Foundation-BSSIP64DIGUKMAYJOG1WPQ78X.pcm
SwiftExplicitDependencyGeneratePcm arm64 /Users/admin/builder/spi-builder-workspace/.derivedData/SDKExplicitPrecompiledModules/ImageIO-88D4CLEBD4CLWQKT78PZ6H1O8.pcm
SwiftExplicitDependencyGeneratePcm arm64 /Users/admin/builder/spi-builder-workspace/.derivedData/SDKExplicitPrecompiledModules/CoreText-59NY7PABM0I4V978161FOC04A.pcm
SwiftExplicitDependencyGeneratePcm arm64 /Users/admin/builder/spi-builder-workspace/.derivedData/SDKExplicitPrecompiledModules/Network-4N07O3JN82GNOWXYH2TBMWON5.pcm
SwiftExplicitDependencyGeneratePcm arm64 /Users/admin/builder/spi-builder-workspace/.derivedData/SDKExplicitPrecompiledModules/CoreTransferable-7V4O8DATEQ9F7SDNTCW8YWLG3.pcm
SwiftExplicitDependencyGeneratePcm arm64 /Users/admin/builder/spi-builder-workspace/.derivedData/SDKExplicitPrecompiledModules/DataDetection-37JIYZ2GWDA1L166PP1D9JKAF.pcm
SwiftExplicitDependencyGeneratePcm arm64 /Users/admin/builder/spi-builder-workspace/.derivedData/SDKExplicitPrecompiledModules/OSLog-7OT6HHTMY0ZFEQJ095LJZ6NLC.pcm
SwiftExplicitDependencyGeneratePcm arm64 /Users/admin/builder/spi-builder-workspace/.derivedData/SDKExplicitPrecompiledModules/_LocationEssentials-ETSJ65FELPWR8WH8G49R1DF2E.pcm
SwiftExplicitDependencyGeneratePcm arm64 /Users/admin/builder/spi-builder-workspace/.derivedData/SDKExplicitPrecompiledModules/UserNotifications-E9ZW5TH066WIJWH9080RC5NG4.pcm
SwiftExplicitDependencyGeneratePcm arm64 /Users/admin/builder/spi-builder-workspace/.derivedData/SDKExplicitPrecompiledModules/IOSurface-38FJ1CKX9FV2RD97O64Z7QB17.pcm
SwiftExplicitDependencyGeneratePcm arm64 /Users/admin/builder/spi-builder-workspace/.derivedData/SDKExplicitPrecompiledModules/Accessibility-B6BODGZ4MQQTY0PBC4SHRP009.pcm
SwiftExplicitDependencyGeneratePcm arm64 /Users/admin/builder/spi-builder-workspace/.derivedData/SDKExplicitPrecompiledModules/NaturalLanguage-AVLFKVYQF1BUI9TDH9210P65X.pcm
SwiftExplicitDependencyGeneratePcm arm64 /Users/admin/builder/spi-builder-workspace/.derivedData/SDKExplicitPrecompiledModules/UIUtilities-6ZFJ1AK4H8IBGEBMYQBWGBYLK.pcm
SwiftExplicitDependencyGeneratePcm arm64 /Users/admin/builder/spi-builder-workspace/.derivedData/SDKExplicitPrecompiledModules/Symbols-B5AU9VM9Y7NU79RLMH13Z4IFM.pcm
SwiftExplicitDependencyGeneratePcm arm64 /Users/admin/builder/spi-builder-workspace/.derivedData/SDKExplicitPrecompiledModules/UniformTypeIdentifiers-95CC8U42ZA9STP5K6GP9ZVJS5.pcm
SwiftExplicitDependencyGeneratePcm arm64 /Users/admin/builder/spi-builder-workspace/.derivedData/SDKExplicitPrecompiledModules/CoreLocation-YVXXAOMVX0JH2KO1XTTKTY51.pcm
SwiftExplicitDependencyGeneratePcm arm64 /Users/admin/builder/spi-builder-workspace/.derivedData/SDKExplicitPrecompiledModules/Metal-2KYBS7IML1SD788M91YV7Q0CC.pcm
SwiftExplicitDependencyGeneratePcm arm64 /Users/admin/builder/spi-builder-workspace/.derivedData/SDKExplicitPrecompiledModules/OpenGLES-4NY99CNDU9WUNUYEIXSS1QFGE.pcm
SwiftExplicitDependencyGeneratePcm arm64 /Users/admin/builder/spi-builder-workspace/.derivedData/SDKExplicitPrecompiledModules/CoreVideo-DPU0PB5X0XLSVA2ETRGI6FJBM.pcm
SwiftExplicitDependencyGeneratePcm arm64 /Users/admin/builder/spi-builder-workspace/.derivedData/SDKExplicitPrecompiledModules/QuartzCore-DJSYAWKXFGVSAK5CQMOB3JSR.pcm
SwiftExplicitDependencyGeneratePcm arm64 /Users/admin/builder/spi-builder-workspace/.derivedData/SDKExplicitPrecompiledModules/CoreImage-7S2AFJ8EIY3DUFYLEAX1JR1QV.pcm
SwiftExplicitDependencyGeneratePcm arm64 /Users/admin/builder/spi-builder-workspace/.derivedData/SDKExplicitPrecompiledModules/SwiftUICore-543QU5V2NHKUFCYFJDKUJ7NYG.pcm
SwiftExplicitDependencyGeneratePcm arm64 /Users/admin/builder/spi-builder-workspace/.derivedData/SDKExplicitPrecompiledModules/UIKit-1TKWN7VC2X6N3ITMRVA2G0EB2.pcm
SwiftEmitModule normal arm64 Emitting\ module\ for\ Wand (in target 'Wand' from project 'Wand')
/Users/admin/builder/spi-builder-workspace/Sources/+/+.swift:70:6: warning: same-type requirement makes generic parameter 'T' non-generic; this is an error in the Swift 6 language mode
68 | @inline(__always)
69 | public
70 | func +<T>(wand: Core, raw: (sequence: T, Core.Key)) where T == any Sequence {
| `- warning: same-type requirement makes generic parameter 'T' non-generic; this is an error in the Swift 6 language mode
71 | raw.sequence.forEach {
72 | wand + $0
/Users/admin/builder/spi-builder-workspace/Sources/Core/Core.swift:272:10: warning: same-type requirement makes generic parameter 'T' non-generic; this is an error in the Swift 6 language mode
270 | @inlinable
271 | public
272 | func dynamicallyCall<T>(withKeywordArguments args: T) -> Self where T == KeyValuePairs<String, Any> {
| `- warning: same-type requirement makes generic parameter 'T' non-generic; this is an error in the Swift 6 language mode
273 | for (key, object) in args {
274 |
/Users/admin/builder/spi-builder-workspace/Sources/Core/Core.swift:256:10: warning: same-type requirement makes generic parameter 'T' non-generic; this is an error in the Swift 6 language mode
254 | @inlinable
255 | public
256 | func put<T>(sequence: T) -> Self where T == any Sequence {
| `- warning: same-type requirement makes generic parameter 'T' non-generic; this is an error in the Swift 6 language mode
257 | sequence.forEach { object in
258 |
/Users/admin/builder/spi-builder-workspace/Sources/Core/Expressible/Expressible.swift:134:33: error: 'Regex' is only available in tvOS 16.0 or newer
132 | @inline(__always)
133 | private
134 | func |<T>(value: String, regex: Regex<T>) -> [Regex<T>.Match] {
| | `- error: 'Regex' is only available in tvOS 16.0 or newer
| `- note: add '@available' attribute to enclosing operator function
135 | value.matches(of: regex)
136 | }
/Users/admin/builder/spi-builder-workspace/Sources/Core/Expressible/Expressible.swift:134:47: error: 'Regex' is only available in tvOS 16.0 or newer
132 | @inline(__always)
133 | private
134 | func |<T>(value: String, regex: Regex<T>) -> [Regex<T>.Match] {
| | `- error: 'Regex' is only available in tvOS 16.0 or newer
| `- note: add '@available' attribute to enclosing operator function
135 | value.matches(of: regex)
136 | }
/Users/admin/builder/spi-builder-workspace/Sources/ML/NLTag_Ask.swift:42:14: warning: 'setCleaner(for:cleaner:)' is deprecated: renamed to '&' [#DeprecatedDeclaration]
40 |
41 | var stop = false
42 | wand.setCleaner(for: ask) {
| |- warning: 'setCleaner(for:cleaner:)' is deprecated: renamed to '&' [#DeprecatedDeclaration]
| `- note: use '&' instead
43 | stop = true
44 | }
/Users/admin/builder/spi-builder-workspace/Sources/MicroServices/NWBrowser.Result_Ask.swift:48:42: warning: result of operator '|' is unused [#NoUsage]
46 | // wand + source.browseResults...
47 |
48 | source.browseResults | {
| `- warning: result of operator '|' is unused [#NoUsage]
49 | wand + $0
50 | }
/Users/admin/builder/spi-builder-workspace/Sources/MicroServices/NWParameters_Obtain.swift:42:16: warning: immutable value 'code' was never used; consider replacing with '_' or removing it [#NoUsage]
40 | let wand = wand ?? Core.to(scope)
41 |
42 | if let code: String = wand.get() {
| `- warning: immutable value 'code' was never used; consider replacing with '_' or removing it [#NoUsage]
43 | let tcpOptions = NWProtocolTCP.Options()
44 | tcpOptions.enableKeepalive = true
/Users/admin/builder/spi-builder-workspace/Sources/MicroServices/NWParameters_Obtain.swift:50:17: warning: initialization of immutable value 'gameOptions' was never used; consider replacing with assignment to '_' or removing it [#NoUsage]
48 | options.includePeerToPeer = true
49 |
50 | let gameOptions = NWProtocolFramer.Options(definition: WandFramerProtocol.definition)
| `- warning: initialization of immutable value 'gameOptions' was never used; consider replacing with assignment to '_' or removing it [#NoUsage]
51 | //TODO
52 | //self.defaultProtocolStack.applicationProtocols.insert(gameOptions, at: 0)
[#DeprecatedDeclaration]: <https://docs.swift.org/compiler/documentation/diagnostics/deprecated-declaration>
[#NoUsage]: <https://docs.swift.org/compiler/documentation/diagnostics/no-usage>
Failed frontend command:
SwiftCompile normal arm64 (in target 'Wand' from project 'Wand')
cd /Users/admin/builder/spi-builder-workspace/.swiftpm/xcode
/Applications/Xcode-27.0.0-Release.Candidate.app/Contents/Developer/Toolchains/XcodeDefault.xctoolchain/usr/bin/swift-frontend -frontend -emit-module -experimental-skip-non-inlinable-function-bodies-without-types /Users/admin/builder/spi-builder-workspace/Sources/\!\~\=.swift /Users/admin/builder/spi-builder-workspace/Sources/\&/\&.swift /Users/admin/builder/spi-builder-workspace/Sources/\&/\&Key.swift /Users/admin/builder/spi-builder-workspace/Sources/\&/AndT.swift /Users/admin/builder/spi-builder-workspace/Sources/\&/AndU.swift /Users/admin/builder/spi-builder-workspace/Sources/\&/Operation.swift /Users/admin/builder/spi-builder-workspace/Sources/+/+.swift /Users/admin/builder/spi-builder-workspace/Sources/+/+\?.swift /Users/admin/builder/spi-builder-workspace/Sources/+/+Ask.swift /Users/admin/builder/spi-builder-workspace/Sources/-.swift /Users/admin/builder/spi-builder-workspace/Sources/\?/\?.swift /Users/admin/builder/spi-builder-workspace/Sources/\?/Error.swift /Users/admin/builder/spi-builder-workspace/Sources/\?/Error\?.swift /Users/admin/builder/spi-builder-workspace/Sources/\?/Option.swift /Users/admin/builder/spi-builder-workspace/Sources/Ask.swift /Users/admin/builder/spi-builder-workspace/Sources/Children.swift /Users/admin/builder/spi-builder-workspace/Sources/Core/Core.swift /Users/admin/builder/spi-builder-workspace/Sources/Core/Expressible/Expressible.swift /Users/admin/builder/spi-builder-workspace/Sources/Core/Expressible/ExpressibleByArray.swift /Users/admin/builder/spi-builder-workspace/Sources/Core/Expressible/ExpressibleByDictionary.swift /Users/admin/builder/spi-builder-workspace/Sources/Core/Log.swift /Users/admin/builder/spi-builder-workspace/Sources/Core/Platform/Platform.swift /Users/admin/builder/spi-builder-workspace/Sources/Core/Weak.swift /Users/admin/builder/spi-builder-workspace/Sources/DataBreach.swift /Users/admin/builder/spi-builder-workspace/Sources/Fix/Fix.swift /Users/admin/builder/spi-builder-workspace/Sources/Fix/Retry.swift /Users/admin/builder/spi-builder-workspace/Sources/ML/NLTag_Ask.swift /Users/admin/builder/spi-builder-workspace/Sources/ML/NLTagger_Obtain.swift /Users/admin/builder/spi-builder-workspace/Sources/Memory.swift /Users/admin/builder/spi-builder-workspace/Sources/MicroServices/Browsable.swift /Users/admin/builder/spi-builder-workspace/Sources/MicroServices/MicroService.swift /Users/admin/builder/spi-builder-workspace/Sources/MicroServices/NWBrowser.Result_Ask.swift /Users/admin/builder/spi-builder-workspace/Sources/MicroServices/NWBrowser.State_Ask.swift /Users/admin/builder/spi-builder-workspace/Sources/MicroServices/NWBrowser_Obtain.swift /Users/admin/builder/spi-builder-workspace/Sources/MicroServices/NWConnection_Ask.swift /Users/admin/builder/spi-builder-workspace/Sources/MicroServices/NWParameters_Obtain.swift /Users/admin/builder/spi-builder-workspace/Sources/MicroServices/NWProtocolTLS.Options_Obtain.swift /Users/admin/builder/spi-builder-workspace/Sources/MicroServices/WandFramerProtocol.swift /Users/admin/builder/spi-builder-workspace/Sources/Obtainable.swift /Users/admin/builder/spi-builder-workspace/Sources/Ubiquitous.swift /Users/admin/builder/spi-builder-workspace/Sources/\|/Addons/Addons.swift /Users/admin/builder/spi-builder-workspace/Sources/\|/Addons/All.swift /Users/admin/builder/spi-builder-workspace/Sources/\|/Addons/Any.swift /Users/admin/builder/spi-builder-workspace/Sources/\|/Addons/Counting.swift /Users/admin/builder/spi-builder-workspace/Sources/\|/Addons/Key.swift /Users/admin/builder/spi-builder-workspace/Sources/\|/Addons/Sequence.swift /Users/admin/builder/spi-builder-workspace/Sources/\|/Addons/Time.swift /Users/admin/builder/spi-builder-workspace/Sources/\|/Ask.Nil.swift /Users/admin/builder/spi-builder-workspace/Sources/\|/Ask.T.swift /Users/admin/builder/spi-builder-workspace/Sources/\|/Convertable/Bundle_Convert.swift /Users/admin/builder/spi-builder-workspace/Sources/\|/Convertable/CoreGraphics_Convertable.swift /Users/admin/builder/spi-builder-workspace/Sources/\|/Convertable/KeyPath.swift /Users/admin/builder/spi-builder-workspace/Sources/\|/Convertable/Numbers/Integer_Convertable.swift /Users/admin/builder/spi-builder-workspace/Sources/\|/Convertable/Numbers/Math_Convertable.swift /Users/admin/builder/spi-builder-workspace/Sources/\|/Convertable/Numbers/Numeric_Convertable.swift /Users/admin/builder/spi-builder-workspace/Sources/\|/Convertable/String_Convertable.swift /Users/admin/builder/spi-builder-workspace/Sources/\|/Describing/Describing.swift /Users/admin/builder/spi-builder-workspace/Sources/\|/Describing/Describing_Character.swift /Users/admin/builder/spi-builder-workspace/Sources/\|/Describing/Describing_Data.swift /Users/admin/builder/spi-builder-workspace/Sources/\|/Expecting.swift /Users/admin/builder/spi-builder-workspace/Sources/\|/Wanded/Core+Wanded.swift /Users/admin/builder/spi-builder-workspace/Sources/\|/Wanded/Proxy.swift /Users/admin/builder/spi-builder-workspace/Sources/\|/Wanded/Wanded.swift /Users/admin/builder/spi-builder-workspace/Sources/\|/\|\!.swift /Users/admin/builder/spi-builder-workspace/Sources/\|/\|.swift -target arm64-apple-tvos15.0 -module-can-import-version CoreGraphics 2049 2049.0.0 -module-can-import-version Foundation 5027.0.69 5027.0.69 -module-can-import-version Network 5000.0.33 6681.3.1 -module-can-import-version UIKit 9127.0.84.1 9127.0.84 -disable-cross-import-overlay-search -load-resolved-plugin /Applications/Xcode-27.0.0-Release.Candidate.app/Contents/Developer/Platforms/AppleTVOS.platform/Developer/usr/lib/swift/host/plugins/libFoundationMacros.dylib\#/Applications/Xcode-27.0.0-Release.Candidate.app/Contents/Developer/Platforms/AppleTVOS.platform/Developer/usr/bin/swift-plugin-server\#FoundationMacros -load-resolved-plugin /Applications/Xcode-27.0.0-Release.Candidate.app/Contents/Developer/Platforms/AppleTVOS.platform/Developer/usr/lib/swift/host/plugins/libObservationMacros.dylib\#/Applications/Xcode-27.0.0-Release.Candidate.app/Contents/Developer/Platforms/AppleTVOS.platform/Developer/usr/bin/swift-plugin-server\#ObservationMacros -load-resolved-plugin /Applications/Xcode-27.0.0-Release.Candidate.app/Contents/Developer/Platforms/AppleTVOS.platform/Developer/usr/lib/swift/host/plugins/libPreviewsMacros.dylib\#/Applications/Xcode-27.0.0-Release.Candidate.app/Contents/Developer/Platforms/AppleTVOS.platform/Developer/usr/bin/swift-plugin-server\#PreviewsMacros -load-resolved-plugin /Applications/Xcode-27.0.0-Release.Candidate.app/Contents/Developer/Platforms/AppleTVOS.platform/Developer/usr/lib/swift/host/plugins/libSwiftMacros.dylib\#/Applications/Xcode-27.0.0-Release.Candidate.app/Contents/Developer/Platforms/AppleTVOS.platform/Developer/usr/bin/swift-plugin-server\#SwiftMacros -load-resolved-plugin /Applications/Xcode-27.0.0-Release.Candidate.app/Contents/Developer/Platforms/AppleTVOS.platform/Developer/usr/lib/swift/host/plugins/libSwiftUIMacros.dylib\#/Applications/Xcode-27.0.0-Release.Candidate.app/Contents/Developer/Platforms/AppleTVOS.platform/Developer/usr/bin/swift-plugin-server\#SwiftUIMacros -disable-implicit-swift-modules -Xcc -fno-implicit-modules -Xcc -fno-implicit-module-maps -explicit-swift-module-map-file /Users/admin/builder/spi-builder-workspace/.derivedData/Build/Intermediates.noindex/Wand.build/Debug-appletvos/Wand-t.build/Objects-normal/arm64/Wand-dependencies-1.json -Xllvm -aarch64-use-tbi -enable-objc-interop -stack-check -sdk /Applications/Xcode-27.0.0-Release.Candidate.app/Contents/Developer/Platforms/AppleTVOS.platform/Developer/SDKs/AppleTVOS27.0.sdk -I /Users/admin/builder/spi-builder-workspace/.derivedData/Build/Products/Debug-appletvos -Isystem /Applications/Xcode-27.0.0-Release.Candidate.app/Contents/Developer/Platforms/AppleTVOS.platform/Developer/usr/lib -F /Users/admin/builder/spi-builder-workspace/.derivedData/Build/Products/Debug-appletvos -F /Applications/Xcode-27.0.0-Release.Candidate.app/Contents/Developer/Platforms/AppleTVOS.platform/Developer/Library/Frameworks -F /Applications/Xcode-27.0.0-Release.Candidate.app/Contents/Developer/Platforms/AppleTVOS.platform/Developer/SDKs/AppleTVOS27.0.sdk/Developer/Library/Frameworks -module-cache-path /Users/admin/builder/spi-builder-workspace/.derivedData/Build/Intermediates.noindex/SwiftExplicitPrecompiledModules -no-color-diagnostics -Xcc -fno-color-diagnostics -enable-testing -g -debug-info-format\=dwarf -dwarf-version\=4 -profile-generate -profile-coverage-mapping -swift-version 5 -Onone -D SWIFT_PACKAGE -D DEBUG -D SWIFT_MODULE_RESOURCE_BUNDLE_UNAVAILABLE -D Xcode -serialize-debugging-options -enable-experimental-feature DebugDescriptionMacro -empty-abi-descriptor -validate-clang-modules-once -clang-build-session-file /Users/admin/builder/spi-builder-workspace/.derivedData/ModuleCache.noindex/Session.modulevalidation -Xcc -working-directory -Xcc /Users/admin/builder/spi-builder-workspace/.swiftpm/xcode -enable-anonymous-context-mangled-names -file-compilation-dir /Users/admin/builder/spi-builder-workspace/.swiftpm/xcode -Xcc -D_LIBCPP_HARDENING_MODE\=_LIBCPP_HARDENING_MODE_DEBUG -Xcc -ivfsstatcache -Xcc /Users/admin/builder/spi-builder-workspace/.derivedData/SDKStatCaches.noindex/appletvos27.0-24J360-e829b21a6f8c9b70876ba0858053c044b32bfd8d43560033f8d89884cdb90028.sdkstatcache -Xcc -fmodules-prune-interval\=86400 -Xcc -fmodules-prune-after\=345600 -Xcc -I/Users/admin/builder/spi-builder-workspace/.derivedData/Build/Products/Debug-appletvos/include -Xcc -I/Users/admin/builder/spi-builder-workspace/.derivedData/Build/Intermediates.noindex/Wand.build/Debug-appletvos/Wand-t.build/DerivedSources-normal/arm64 -Xcc -I/Users/admin/builder/spi-builder-workspace/.derivedData/Build/Intermediates.noindex/Wand.build/Debug-appletvos/Wand-t.build/DerivedSources/arm64 -Xcc -I/Users/admin/builder/spi-builder-workspace/.derivedData/Build/Intermediates.noindex/Wand.build/Debug-appletvos/Wand-t.build/DerivedSources -Xcc -DSWIFT_PACKAGE -Xcc -DDEBUG\=1 -no-auto-bridging-header-chaining -module-name Wand -const-gather-protocols-file /Users/admin/builder/spi-builder-workspace/.derivedData/Build/Intermediates.noindex/Wand.build/Debug-appletvos/Wand-t.build/Objects-normal/arm64/Wand_const_extract_protocols.json -disable-clang-spi -clang-target arm64-apple-tvos27.0 -target-sdk-version 27.0 -target-sdk-name appletvos27.0 -in-process-plugin-server-path /Applications/Xcode-27.0.0-Release.Candidate.app/Contents/Developer/Toolchains/XcodeDefault.xctoolchain/usr/lib/swift/host/libSwiftInProcPluginServer.dylib -emit-module-doc-path /Users/admin/builder/spi-builder-workspace/.derivedData/Build/Intermediates.noindex/Wand.build/Debug-appletvos/Wand-t.build/Objects-normal/arm64/Wand.swiftdoc -emit-module-source-info-path /Users/admin/builder/spi-builder-workspace/.derivedData/Build/Intermediates.noindex/Wand.build/Debug-appletvos/Wand-t.build/Objects-normal/arm64/Wand.swiftsourceinfo -emit-objc-header-path /Users/admin/builder/spi-builder-workspace/.derivedData/Build/Intermediates.noindex/Wand.build/Debug-appletvos/Wand-t.build/Objects-normal/arm64/Wand-Swift.h -serialize-diagnostics-path /Users/admin/builder/spi-builder-workspace/.derivedData/Build/Intermediates.noindex/Wand.build/Debug-appletvos/Wand-t.build/Objects-normal/arm64/Wand-primary-emit-module.dia -emit-dependencies-path /Users/admin/builder/spi-builder-workspace/.derivedData/Build/Intermediates.noindex/Wand.build/Debug-appletvos/Wand-t.build/Objects-normal/arm64/Wand-primary-emit-module.d -parse-as-library -o /Users/admin/builder/spi-builder-workspace/.derivedData/Build/Intermediates.noindex/Wand.build/Debug-appletvos/Wand-t.build/Objects-normal/arm64/Wand.swiftmodule -emit-abi-descriptor-path /Users/admin/builder/spi-builder-workspace/.derivedData/Build/Intermediates.noindex/Wand.build/Debug-appletvos/Wand-t.build/Objects-normal/arm64/Wand.abi.json
SwiftCompile normal arm64 Compiling\ Ask.Nil.swift,\ Ask.T.swift,\ Bundle_Convert.swift,\ CoreGraphics_Convertable.swift,\ KeyPath.swift,\ Integer_Convertable.swift /Users/admin/builder/spi-builder-workspace/Sources/|/Ask.Nil.swift /Users/admin/builder/spi-builder-workspace/Sources/|/Ask.T.swift /Users/admin/builder/spi-builder-workspace/Sources/|/Convertable/Bundle_Convert.swift /Users/admin/builder/spi-builder-workspace/Sources/|/Convertable/CoreGraphics_Convertable.swift /Users/admin/builder/spi-builder-workspace/Sources/|/Convertable/KeyPath.swift /Users/admin/builder/spi-builder-workspace/Sources/|/Convertable/Numbers/Integer_Convertable.swift (in target 'Wand' from project 'Wand')
SwiftCompile normal arm64 /Users/admin/builder/spi-builder-workspace/Sources/|/Ask.Nil.swift (in target 'Wand' from project 'Wand')
cd /Users/admin/builder/spi-builder-workspace/.swiftpm/xcode
builtin-SwiftPerFileCompile Ask.Nil.swift
SwiftCompile normal arm64 /Users/admin/builder/spi-builder-workspace/Sources/|/Ask.T.swift (in target 'Wand' from project 'Wand')
cd /Users/admin/builder/spi-builder-workspace/.swiftpm/xcode
builtin-SwiftPerFileCompile Ask.T.swift
SwiftCompile normal arm64 /Users/admin/builder/spi-builder-workspace/Sources/|/Convertable/Bundle_Convert.swift (in target 'Wand' from project 'Wand')
cd /Users/admin/builder/spi-builder-workspace/.swiftpm/xcode
builtin-SwiftPerFileCompile Bundle_Convert.swift
SwiftCompile normal arm64 /Users/admin/builder/spi-builder-workspace/Sources/|/Convertable/CoreGraphics_Convertable.swift (in target 'Wand' from project 'Wand')
cd /Users/admin/builder/spi-builder-workspace/.swiftpm/xcode
builtin-SwiftPerFileCompile CoreGraphics_Convertable.swift
SwiftCompile normal arm64 /Users/admin/builder/spi-builder-workspace/Sources/|/Convertable/KeyPath.swift (in target 'Wand' from project 'Wand')
cd /Users/admin/builder/spi-builder-workspace/.swiftpm/xcode
builtin-SwiftPerFileCompile KeyPath.swift
SwiftCompile normal arm64 /Users/admin/builder/spi-builder-workspace/Sources/|/Convertable/Numbers/Integer_Convertable.swift (in target 'Wand' from project 'Wand')
cd /Users/admin/builder/spi-builder-workspace/.swiftpm/xcode
builtin-SwiftPerFileCompile Integer_Convertable.swift
SwiftCompile normal arm64 Compiling\ Platform.swift,\ Weak.swift,\ DataBreach.swift,\ Fix.swift,\ Retry.swift,\ NLTag_Ask.swift,\ NLTagger_Obtain.swift /Users/admin/builder/spi-builder-workspace/Sources/Core/Platform/Platform.swift /Users/admin/builder/spi-builder-workspace/Sources/Core/Weak.swift /Users/admin/builder/spi-builder-workspace/Sources/DataBreach.swift /Users/admin/builder/spi-builder-workspace/Sources/Fix/Fix.swift /Users/admin/builder/spi-builder-workspace/Sources/Fix/Retry.swift /Users/admin/builder/spi-builder-workspace/Sources/ML/NLTag_Ask.swift /Users/admin/builder/spi-builder-workspace/Sources/ML/NLTagger_Obtain.swift (in target 'Wand' from project 'Wand')
/Users/admin/builder/spi-builder-workspace/Sources/+/+.swift:70:6: warning: same-type requirement makes generic parameter 'T' non-generic; this is an error in the Swift 6 language mode
68 | @inline(__always)
69 | public
70 | func +<T>(wand: Core, raw: (sequence: T, Core.Key)) where T == any Sequence {
| `- warning: same-type requirement makes generic parameter 'T' non-generic; this is an error in the Swift 6 language mode
71 | raw.sequence.forEach {
72 | wand + $0
/Users/admin/builder/spi-builder-workspace/Sources/ML/NLTag_Ask.swift:42:14: warning: 'setCleaner(for:cleaner:)' is deprecated: renamed to '&' [#DeprecatedDeclaration]
40 |
41 | var stop = false
42 | wand.setCleaner(for: ask) {
| |- warning: 'setCleaner(for:cleaner:)' is deprecated: renamed to '&' [#DeprecatedDeclaration]
| `- note: use '&' instead
43 | stop = true
44 | }
SwiftCompile normal arm64 /Users/admin/builder/spi-builder-workspace/Sources/Core/Platform/Platform.swift (in target 'Wand' from project 'Wand')
cd /Users/admin/builder/spi-builder-workspace/.swiftpm/xcode
builtin-SwiftPerFileCompile Platform.swift
SwiftCompile normal arm64 /Users/admin/builder/spi-builder-workspace/Sources/Core/Weak.swift (in target 'Wand' from project 'Wand')
cd /Users/admin/builder/spi-builder-workspace/.swiftpm/xcode
builtin-SwiftPerFileCompile Weak.swift
SwiftCompile normal arm64 /Users/admin/builder/spi-builder-workspace/Sources/DataBreach.swift (in target 'Wand' from project 'Wand')
cd /Users/admin/builder/spi-builder-workspace/.swiftpm/xcode
builtin-SwiftPerFileCompile DataBreach.swift
SwiftCompile normal arm64 /Users/admin/builder/spi-builder-workspace/Sources/Fix/Fix.swift (in target 'Wand' from project 'Wand')
cd /Users/admin/builder/spi-builder-workspace/.swiftpm/xcode
builtin-SwiftPerFileCompile Fix.swift
SwiftCompile normal arm64 /Users/admin/builder/spi-builder-workspace/Sources/Fix/Retry.swift (in target 'Wand' from project 'Wand')
cd /Users/admin/builder/spi-builder-workspace/.swiftpm/xcode
builtin-SwiftPerFileCompile Retry.swift
SwiftCompile normal arm64 /Users/admin/builder/spi-builder-workspace/Sources/ML/NLTag_Ask.swift (in target 'Wand' from project 'Wand')
cd /Users/admin/builder/spi-builder-workspace/.swiftpm/xcode
builtin-SwiftPerFileCompile NLTag_Ask.swift
SwiftCompile normal arm64 /Users/admin/builder/spi-builder-workspace/Sources/ML/NLTagger_Obtain.swift (in target 'Wand' from project 'Wand')
cd /Users/admin/builder/spi-builder-workspace/.swiftpm/xcode
builtin-SwiftPerFileCompile NLTagger_Obtain.swift
SwiftCompile normal arm64 Compiling\ NWParameters_Obtain.swift,\ NWProtocolTLS.Options_Obtain.swift,\ WandFramerProtocol.swift,\ Obtainable.swift,\ Ubiquitous.swift,\ Addons.swift /Users/admin/builder/spi-builder-workspace/Sources/MicroServices/NWParameters_Obtain.swift /Users/admin/builder/spi-builder-workspace/Sources/MicroServices/NWProtocolTLS.Options_Obtain.swift /Users/admin/builder/spi-builder-workspace/Sources/MicroServices/WandFramerProtocol.swift /Users/admin/builder/spi-builder-workspace/Sources/Obtainable.swift /Users/admin/builder/spi-builder-workspace/Sources/Ubiquitous.swift /Users/admin/builder/spi-builder-workspace/Sources/|/Addons/Addons.swift (in target 'Wand' from project 'Wand')
SwiftCompile normal arm64 /Users/admin/builder/spi-builder-workspace/Sources/MicroServices/NWParameters_Obtain.swift (in target 'Wand' from project 'Wand')
cd /Users/admin/builder/spi-builder-workspace/.swiftpm/xcode
builtin-SwiftPerFileCompile NWParameters_Obtain.swift
SwiftCompile normal arm64 /Users/admin/builder/spi-builder-workspace/Sources/MicroServices/NWProtocolTLS.Options_Obtain.swift (in target 'Wand' from project 'Wand')
cd /Users/admin/builder/spi-builder-workspace/.swiftpm/xcode
builtin-SwiftPerFileCompile NWProtocolTLS.Options_Obtain.swift
SwiftCompile normal arm64 /Users/admin/builder/spi-builder-workspace/Sources/MicroServices/WandFramerProtocol.swift (in target 'Wand' from project 'Wand')
cd /Users/admin/builder/spi-builder-workspace/.swiftpm/xcode
builtin-SwiftPerFileCompile WandFramerProtocol.swift
SwiftCompile normal arm64 /Users/admin/builder/spi-builder-workspace/Sources/Obtainable.swift (in target 'Wand' from project 'Wand')
cd /Users/admin/builder/spi-builder-workspace/.swiftpm/xcode
builtin-SwiftPerFileCompile Obtainable.swift
SwiftCompile normal arm64 /Users/admin/builder/spi-builder-workspace/Sources/Ubiquitous.swift (in target 'Wand' from project 'Wand')
cd /Users/admin/builder/spi-builder-workspace/.swiftpm/xcode
builtin-SwiftPerFileCompile Ubiquitous.swift
SwiftCompile normal arm64 /Users/admin/builder/spi-builder-workspace/Sources/|/Addons/Addons.swift (in target 'Wand' from project 'Wand')
cd /Users/admin/builder/spi-builder-workspace/.swiftpm/xcode
builtin-SwiftPerFileCompile Addons.swift
/Users/admin/builder/spi-builder-workspace/Sources/MicroServices/NWParameters_Obtain.swift:42:16: warning: immutable value 'code' was never used; consider replacing with '_' or removing it [#NoUsage]
40 | let wand = wand ?? Core.to(scope)
41 |
42 | if let code: String = wand.get() {
| `- warning: immutable value 'code' was never used; consider replacing with '_' or removing it [#NoUsage]
43 | let tcpOptions = NWProtocolTCP.Options()
44 | tcpOptions.enableKeepalive = true
/Users/admin/builder/spi-builder-workspace/Sources/MicroServices/NWParameters_Obtain.swift:50:17: warning: initialization of immutable value 'gameOptions' was never used; consider replacing with assignment to '_' or removing it [#NoUsage]
48 | options.includePeerToPeer = true
49 |
50 | let gameOptions = NWProtocolFramer.Options(definition: WandFramerProtocol.definition)
| `- warning: initialization of immutable value 'gameOptions' was never used; consider replacing with assignment to '_' or removing it [#NoUsage]
51 | //TODO
52 | //self.defaultProtocolStack.applicationProtocols.insert(gameOptions, at: 0)
/Users/admin/builder/spi-builder-workspace/Sources/+/+.swift:70:6: warning: same-type requirement makes generic parameter 'T' non-generic; this is an error in the Swift 6 language mode
68 | @inline(__always)
69 | public
70 | func +<T>(wand: Core, raw: (sequence: T, Core.Key)) where T == any Sequence {
| `- warning: same-type requirement makes generic parameter 'T' non-generic; this is an error in the Swift 6 language mode
71 | raw.sequence.forEach {
72 | wand + $0
SwiftCompile normal arm64 Compiling\ Math_Convertable.swift,\ Numeric_Convertable.swift,\ String_Convertable.swift,\ Describing.swift,\ Describing_Character.swift,\ Describing_Data.swift /Users/admin/builder/spi-builder-workspace/Sources/|/Convertable/Numbers/Math_Convertable.swift /Users/admin/builder/spi-builder-workspace/Sources/|/Convertable/Numbers/Numeric_Convertable.swift /Users/admin/builder/spi-builder-workspace/Sources/|/Convertable/String_Convertable.swift /Users/admin/builder/spi-builder-workspace/Sources/|/Describing/Describing.swift /Users/admin/builder/spi-builder-workspace/Sources/|/Describing/Describing_Character.swift /Users/admin/builder/spi-builder-workspace/Sources/|/Describing/Describing_Data.swift (in target 'Wand' from project 'Wand')
SwiftCompile normal arm64 /Users/admin/builder/spi-builder-workspace/Sources/|/Convertable/Numbers/Math_Convertable.swift (in target 'Wand' from project 'Wand')
cd /Users/admin/builder/spi-builder-workspace/.swiftpm/xcode
builtin-SwiftPerFileCompile Math_Convertable.swift
SwiftCompile normal arm64 /Users/admin/builder/spi-builder-workspace/Sources/|/Convertable/Numbers/Numeric_Convertable.swift (in target 'Wand' from project 'Wand')
cd /Users/admin/builder/spi-builder-workspace/.swiftpm/xcode
builtin-SwiftPerFileCompile Numeric_Convertable.swift
SwiftCompile normal arm64 /Users/admin/builder/spi-builder-workspace/Sources/|/Convertable/String_Convertable.swift (in target 'Wand' from project 'Wand')
cd /Users/admin/builder/spi-builder-workspace/.swiftpm/xcode
builtin-SwiftPerFileCompile String_Convertable.swift
SwiftCompile normal arm64 /Users/admin/builder/spi-builder-workspace/Sources/|/Describing/Describing.swift (in target 'Wand' from project 'Wand')
cd /Users/admin/builder/spi-builder-workspace/.swiftpm/xcode
builtin-SwiftPerFileCompile Describing.swift
SwiftCompile normal arm64 /Users/admin/builder/spi-builder-workspace/Sources/|/Describing/Describing_Character.swift (in target 'Wand' from project 'Wand')
cd /Users/admin/builder/spi-builder-workspace/.swiftpm/xcode
builtin-SwiftPerFileCompile Describing_Character.swift
SwiftCompile normal arm64 /Users/admin/builder/spi-builder-workspace/Sources/|/Describing/Describing_Data.swift (in target 'Wand' from project 'Wand')
cd /Users/admin/builder/spi-builder-workspace/.swiftpm/xcode
builtin-SwiftPerFileCompile Describing_Data.swift
SwiftCompile normal arm64 Compiling\ All.swift,\ Any.swift,\ Counting.swift,\ Key.swift,\ Sequence.swift,\ Time.swift /Users/admin/builder/spi-builder-workspace/Sources/|/Addons/All.swift /Users/admin/builder/spi-builder-workspace/Sources/|/Addons/Any.swift /Users/admin/builder/spi-builder-workspace/Sources/|/Addons/Counting.swift /Users/admin/builder/spi-builder-workspace/Sources/|/Addons/Key.swift /Users/admin/builder/spi-builder-workspace/Sources/|/Addons/Sequence.swift /Users/admin/builder/spi-builder-workspace/Sources/|/Addons/Time.swift (in target 'Wand' from project 'Wand')
SwiftCompile normal arm64 /Users/admin/builder/spi-builder-workspace/Sources/|/Addons/All.swift (in target 'Wand' from project 'Wand')
cd /Users/admin/builder/spi-builder-workspace/.swiftpm/xcode
builtin-SwiftPerFileCompile All.swift
SwiftCompile normal arm64 /Users/admin/builder/spi-builder-workspace/Sources/|/Addons/Any.swift (in target 'Wand' from project 'Wand')
cd /Users/admin/builder/spi-builder-workspace/.swiftpm/xcode
builtin-SwiftPerFileCompile Any.swift
SwiftCompile normal arm64 /Users/admin/builder/spi-builder-workspace/Sources/|/Addons/Counting.swift (in target 'Wand' from project 'Wand')
cd /Users/admin/builder/spi-builder-workspace/.swiftpm/xcode
builtin-SwiftPerFileCompile Counting.swift
SwiftCompile normal arm64 /Users/admin/builder/spi-builder-workspace/Sources/|/Addons/Key.swift (in target 'Wand' from project 'Wand')
cd /Users/admin/builder/spi-builder-workspace/.swiftpm/xcode
builtin-SwiftPerFileCompile Key.swift
SwiftCompile normal arm64 /Users/admin/builder/spi-builder-workspace/Sources/|/Addons/Sequence.swift (in target 'Wand' from project 'Wand')
cd /Users/admin/builder/spi-builder-workspace/.swiftpm/xcode
builtin-SwiftPerFileCompile Sequence.swift
SwiftCompile normal arm64 /Users/admin/builder/spi-builder-workspace/Sources/|/Addons/Time.swift (in target 'Wand' from project 'Wand')
cd /Users/admin/builder/spi-builder-workspace/.swiftpm/xcode
builtin-SwiftPerFileCompile Time.swift
SwiftCompile normal arm64 Compiling\ Ask.swift,\ Children.swift,\ Core.swift,\ Expressible.swift,\ ExpressibleByArray.swift,\ ExpressibleByDictionary.swift,\ Log.swift /Users/admin/builder/spi-builder-workspace/Sources/Ask.swift /Users/admin/builder/spi-builder-workspace/Sources/Children.swift /Users/admin/builder/spi-builder-workspace/Sources/Core/Core.swift /Users/admin/builder/spi-builder-workspace/Sources/Core/Expressible/Expressible.swift /Users/admin/builder/spi-builder-workspace/Sources/Core/Expressible/ExpressibleByArray.swift /Users/admin/builder/spi-builder-workspace/Sources/Core/Expressible/ExpressibleByDictionary.swift /Users/admin/builder/spi-builder-workspace/Sources/Core/Log.swift (in target 'Wand' from project 'Wand')
/Users/admin/builder/spi-builder-workspace/Sources/Core/Core.swift:272:10: warning: same-type requirement makes generic parameter 'T' non-generic; this is an error in the Swift 6 language mode
270 | @inlinable
271 | public
272 | func dynamicallyCall<T>(withKeywordArguments args: T) -> Self where T == KeyValuePairs<String, Any> {
| `- warning: same-type requirement makes generic parameter 'T' non-generic; this is an error in the Swift 6 language mode
273 | for (key, object) in args {
274 |
/Users/admin/builder/spi-builder-workspace/Sources/Core/Core.swift:256:10: warning: same-type requirement makes generic parameter 'T' non-generic; this is an error in the Swift 6 language mode
254 | @inlinable
255 | public
256 | func put<T>(sequence: T) -> Self where T == any Sequence {
| `- warning: same-type requirement makes generic parameter 'T' non-generic; this is an error in the Swift 6 language mode
257 | sequence.forEach { object in
258 |
/Users/admin/builder/spi-builder-workspace/Sources/+/+.swift:70:6: warning: same-type requirement makes generic parameter 'T' non-generic; this is an error in the Swift 6 language mode
68 | @inline(__always)
69 | public
70 | func +<T>(wand: Core, raw: (sequence: T, Core.Key)) where T == any Sequence {
| `- warning: same-type requirement makes generic parameter 'T' non-generic; this is an error in the Swift 6 language mode
71 | raw.sequence.forEach {
72 | wand + $0
/Users/admin/builder/spi-builder-workspace/Sources/Core/Expressible/Expressible.swift:134:33: error: 'Regex' is only available in tvOS 16.0 or newer
132 | @inline(__always)
133 | private
134 | func |<T>(value: String, regex: Regex<T>) -> [Regex<T>.Match] {
| | `- error: 'Regex' is only available in tvOS 16.0 or newer
| `- note: add '@available' attribute to enclosing operator function
135 | value.matches(of: regex)
136 | }
/Users/admin/builder/spi-builder-workspace/Sources/Core/Expressible/Expressible.swift:134:47: error: 'Regex' is only available in tvOS 16.0 or newer
132 | @inline(__always)
133 | private
134 | func |<T>(value: String, regex: Regex<T>) -> [Regex<T>.Match] {
| | `- error: 'Regex' is only available in tvOS 16.0 or newer
| `- note: add '@available' attribute to enclosing operator function
135 | value.matches(of: regex)
136 | }
SwiftCompile normal arm64 /Users/admin/builder/spi-builder-workspace/Sources/Ask.swift (in target 'Wand' from project 'Wand')
cd /Users/admin/builder/spi-builder-workspace/.swiftpm/xcode
builtin-SwiftPerFileCompile Ask.swift
SwiftCompile normal arm64 /Users/admin/builder/spi-builder-workspace/Sources/Children.swift (in target 'Wand' from project 'Wand')
cd /Users/admin/builder/spi-builder-workspace/.swiftpm/xcode
builtin-SwiftPerFileCompile Children.swift
SwiftCompile normal arm64 /Users/admin/builder/spi-builder-workspace/Sources/Core/Core.swift (in target 'Wand' from project 'Wand')
cd /Users/admin/builder/spi-builder-workspace/.swiftpm/xcode
builtin-SwiftPerFileCompile Core.swift
SwiftCompile normal arm64 /Users/admin/builder/spi-builder-workspace/Sources/Core/Expressible/Expressible.swift (in target 'Wand' from project 'Wand')
cd /Users/admin/builder/spi-builder-workspace/.swiftpm/xcode
builtin-SwiftPerFileCompile Expressible.swift
SwiftCompile normal arm64 /Users/admin/builder/spi-builder-workspace/Sources/Core/Expressible/ExpressibleByArray.swift (in target 'Wand' from project 'Wand')
cd /Users/admin/builder/spi-builder-workspace/.swiftpm/xcode
builtin-SwiftPerFileCompile ExpressibleByArray.swift
SwiftCompile normal arm64 /Users/admin/builder/spi-builder-workspace/Sources/Core/Expressible/ExpressibleByDictionary.swift (in target 'Wand' from project 'Wand')
cd /Users/admin/builder/spi-builder-workspace/.swiftpm/xcode
builtin-SwiftPerFileCompile ExpressibleByDictionary.swift
SwiftCompile normal arm64 /Users/admin/builder/spi-builder-workspace/Sources/Core/Log.swift (in target 'Wand' from project 'Wand')
cd /Users/admin/builder/spi-builder-workspace/.swiftpm/xcode
builtin-SwiftPerFileCompile Log.swift
SwiftCompile normal arm64 Compiling\ Memory.swift,\ Browsable.swift,\ MicroService.swift,\ NWBrowser.Result_Ask.swift,\ NWBrowser.State_Ask.swift,\ NWBrowser_Obtain.swift,\ NWConnection_Ask.swift /Users/admin/builder/spi-builder-workspace/Sources/Memory.swift /Users/admin/builder/spi-builder-workspace/Sources/MicroServices/Browsable.swift /Users/admin/builder/spi-builder-workspace/Sources/MicroServices/MicroService.swift /Users/admin/builder/spi-builder-workspace/Sources/MicroServices/NWBrowser.Result_Ask.swift /Users/admin/builder/spi-builder-workspace/Sources/MicroServices/NWBrowser.State_Ask.swift /Users/admin/builder/spi-builder-workspace/Sources/MicroServices/NWBrowser_Obtain.swift /Users/admin/builder/spi-builder-workspace/Sources/MicroServices/NWConnection_Ask.swift (in target 'Wand' from project 'Wand')
/Users/admin/builder/spi-builder-workspace/Sources/+/+.swift:70:6: warning: same-type requirement makes generic parameter 'T' non-generic; this is an error in the Swift 6 language mode
68 | @inline(__always)
69 | public
70 | func +<T>(wand: Core, raw: (sequence: T, Core.Key)) where T == any Sequence {
| `- warning: same-type requirement makes generic parameter 'T' non-generic; this is an error in the Swift 6 language mode
71 | raw.sequence.forEach {
72 | wand + $0
/Users/admin/builder/spi-builder-workspace/Sources/MicroServices/Browsable.swift:74:13: warning: immutable value 'pass' was never used; consider replacing with '_' or removing it [#NoUsage]
72 | }
73 |
74 | let pass: String = wand.get()!
| `- warning: immutable value 'pass' was never used; consider replacing with '_' or removing it [#NoUsage]
75 | connection = NWConnection(to: endpoint, //TODO:
76 | using: NWParameters())//passcode: pass))
/Users/admin/builder/spi-builder-workspace/Sources/MicroServices/NWBrowser.Result_Ask.swift:48:42: warning: result of operator '|' is unused [#NoUsage]
46 | // wand + source.browseResults...
47 |
48 | source.browseResults | {
| `- warning: result of operator '|' is unused [#NoUsage]
49 | wand + $0
50 | }
SwiftCompile normal arm64 /Users/admin/builder/spi-builder-workspace/Sources/Memory.swift (in target 'Wand' from project 'Wand')
cd /Users/admin/builder/spi-builder-workspace/.swiftpm/xcode
builtin-SwiftPerFileCompile Memory.swift
SwiftCompile normal arm64 /Users/admin/builder/spi-builder-workspace/Sources/MicroServices/Browsable.swift (in target 'Wand' from project 'Wand')
cd /Users/admin/builder/spi-builder-workspace/.swiftpm/xcode
builtin-SwiftPerFileCompile Browsable.swift
SwiftCompile normal arm64 /Users/admin/builder/spi-builder-workspace/Sources/MicroServices/MicroService.swift (in target 'Wand' from project 'Wand')
cd /Users/admin/builder/spi-builder-workspace/.swiftpm/xcode
builtin-SwiftPerFileCompile MicroService.swift
SwiftCompile normal arm64 /Users/admin/builder/spi-builder-workspace/Sources/MicroServices/NWBrowser.Result_Ask.swift (in target 'Wand' from project 'Wand')
cd /Users/admin/builder/spi-builder-workspace/.swiftpm/xcode
builtin-SwiftPerFileCompile NWBrowser.Result_Ask.swift
SwiftCompile normal arm64 /Users/admin/builder/spi-builder-workspace/Sources/MicroServices/NWBrowser.State_Ask.swift (in target 'Wand' from project 'Wand')
cd /Users/admin/builder/spi-builder-workspace/.swiftpm/xcode
builtin-SwiftPerFileCompile NWBrowser.State_Ask.swift
SwiftCompile normal arm64 /Users/admin/builder/spi-builder-workspace/Sources/MicroServices/NWBrowser_Obtain.swift (in target 'Wand' from project 'Wand')
cd /Users/admin/builder/spi-builder-workspace/.swiftpm/xcode
builtin-SwiftPerFileCompile NWBrowser_Obtain.swift
SwiftCompile normal arm64 /Users/admin/builder/spi-builder-workspace/Sources/MicroServices/NWConnection_Ask.swift (in target 'Wand' from project 'Wand')
cd /Users/admin/builder/spi-builder-workspace/.swiftpm/xcode
builtin-SwiftPerFileCompile NWConnection_Ask.swift
SwiftCompile normal arm64 Compiling\ +?.swift,\ +Ask.swift,\ -.swift,\ ?.swift,\ Error.swift,\ Error?.swift,\ Option.swift /Users/admin/builder/spi-builder-workspace/Sources/+/+?.swift /Users/admin/builder/spi-builder-workspace/Sources/+/+Ask.swift /Users/admin/builder/spi-builder-workspace/Sources/-.swift /Users/admin/builder/spi-builder-workspace/Sources/?/?.swift /Users/admin/builder/spi-builder-workspace/Sources/?/Error.swift /Users/admin/builder/spi-builder-workspace/Sources/?/Error?.swift /Users/admin/builder/spi-builder-workspace/Sources/?/Option.swift (in target 'Wand' from project 'Wand')
SwiftCompile normal arm64 /Users/admin/builder/spi-builder-workspace/Sources/+/+?.swift (in target 'Wand' from project 'Wand')
cd /Users/admin/builder/spi-builder-workspace/.swiftpm/xcode
builtin-SwiftPerFileCompile +\?.swift
SwiftCompile normal arm64 /Users/admin/builder/spi-builder-workspace/Sources/+/+Ask.swift (in target 'Wand' from project 'Wand')
cd /Users/admin/builder/spi-builder-workspace/.swiftpm/xcode
builtin-SwiftPerFileCompile +Ask.swift
SwiftCompile normal arm64 /Users/admin/builder/spi-builder-workspace/Sources/-.swift (in target 'Wand' from project 'Wand')
cd /Users/admin/builder/spi-builder-workspace/.swiftpm/xcode
builtin-SwiftPerFileCompile -.swift
SwiftCompile normal arm64 /Users/admin/builder/spi-builder-workspace/Sources/?/?.swift (in target 'Wand' from project 'Wand')
cd /Users/admin/builder/spi-builder-workspace/.swiftpm/xcode
builtin-SwiftPerFileCompile \?.swift
SwiftCompile normal arm64 /Users/admin/builder/spi-builder-workspace/Sources/?/Error.swift (in target 'Wand' from project 'Wand')
cd /Users/admin/builder/spi-builder-workspace/.swiftpm/xcode
builtin-SwiftPerFileCompile Error.swift
SwiftCompile normal arm64 /Users/admin/builder/spi-builder-workspace/Sources/?/Error?.swift (in target 'Wand' from project 'Wand')
cd /Users/admin/builder/spi-builder-workspace/.swiftpm/xcode
builtin-SwiftPerFileCompile Error\?.swift
SwiftCompile normal arm64 /Users/admin/builder/spi-builder-workspace/Sources/?/Option.swift (in target 'Wand' from project 'Wand')
cd /Users/admin/builder/spi-builder-workspace/.swiftpm/xcode
builtin-SwiftPerFileCompile Option.swift
SwiftCompile normal arm64 Compiling\ !~=.swift,\ &.swift,\ &Key.swift,\ AndT.swift,\ AndU.swift,\ Operation.swift,\ +.swift /Users/admin/builder/spi-builder-workspace/Sources/!~=.swift /Users/admin/builder/spi-builder-workspace/Sources/&/&.swift /Users/admin/builder/spi-builder-workspace/Sources/&/&Key.swift /Users/admin/builder/spi-builder-workspace/Sources/&/AndT.swift /Users/admin/builder/spi-builder-workspace/Sources/&/AndU.swift /Users/admin/builder/spi-builder-workspace/Sources/&/Operation.swift /Users/admin/builder/spi-builder-workspace/Sources/+/+.swift (in target 'Wand' from project 'Wand')
SwiftCompile normal arm64 /Users/admin/builder/spi-builder-workspace/Sources/!~=.swift (in target 'Wand' from project 'Wand')
cd /Users/admin/builder/spi-builder-workspace/.swiftpm/xcode
builtin-SwiftPerFileCompile \!\~\=.swift
SwiftCompile normal arm64 /Users/admin/builder/spi-builder-workspace/Sources/&/&.swift (in target 'Wand' from project 'Wand')
cd /Users/admin/builder/spi-builder-workspace/.swiftpm/xcode
builtin-SwiftPerFileCompile \&.swift
SwiftCompile normal arm64 /Users/admin/builder/spi-builder-workspace/Sources/&/&Key.swift (in target 'Wand' from project 'Wand')
cd /Users/admin/builder/spi-builder-workspace/.swiftpm/xcode
builtin-SwiftPerFileCompile \&Key.swift
SwiftCompile normal arm64 /Users/admin/builder/spi-builder-workspace/Sources/&/AndT.swift (in target 'Wand' from project 'Wand')
cd /Users/admin/builder/spi-builder-workspace/.swiftpm/xcode
builtin-SwiftPerFileCompile AndT.swift
SwiftCompile normal arm64 /Users/admin/builder/spi-builder-workspace/Sources/&/AndU.swift (in target 'Wand' from project 'Wand')
cd /Users/admin/builder/spi-builder-workspace/.swiftpm/xcode
builtin-SwiftPerFileCompile AndU.swift
SwiftCompile normal arm64 /Users/admin/builder/spi-builder-workspace/Sources/&/Operation.swift (in target 'Wand' from project 'Wand')
cd /Users/admin/builder/spi-builder-workspace/.swiftpm/xcode
builtin-SwiftPerFileCompile Operation.swift
SwiftCompile normal arm64 /Users/admin/builder/spi-builder-workspace/Sources/+/+.swift (in target 'Wand' from project 'Wand')
cd /Users/admin/builder/spi-builder-workspace/.swiftpm/xcode
builtin-SwiftPerFileCompile +.swift
SwiftCompile normal arm64 Compiling\ Expecting.swift,\ Core+Wanded.swift,\ Proxy.swift,\ Wanded.swift,\ |!.swift,\ |.swift /Users/admin/builder/spi-builder-workspace/Sources/|/Expecting.swift /Users/admin/builder/spi-builder-workspace/Sources/|/Wanded/Core+Wanded.swift /Users/admin/builder/spi-builder-workspace/Sources/|/Wanded/Proxy.swift /Users/admin/builder/spi-builder-workspace/Sources/|/Wanded/Wanded.swift /Users/admin/builder/spi-builder-workspace/Sources/|/|!.swift /Users/admin/builder/spi-builder-workspace/Sources/|/|.swift (in target 'Wand' from project 'Wand')
SwiftCompile normal arm64 /Users/admin/builder/spi-builder-workspace/Sources/|/Expecting.swift (in target 'Wand' from project 'Wand')
cd /Users/admin/builder/spi-builder-workspace/.swiftpm/xcode
builtin-SwiftPerFileCompile Expecting.swift
SwiftCompile normal arm64 /Users/admin/builder/spi-builder-workspace/Sources/|/Wanded/Core+Wanded.swift (in target 'Wand' from project 'Wand')
cd /Users/admin/builder/spi-builder-workspace/.swiftpm/xcode
builtin-SwiftPerFileCompile Core+Wanded.swift
SwiftCompile normal arm64 /Users/admin/builder/spi-builder-workspace/Sources/|/Wanded/Proxy.swift (in target 'Wand' from project 'Wand')
cd /Users/admin/builder/spi-builder-workspace/.swiftpm/xcode
builtin-SwiftPerFileCompile Proxy.swift
SwiftCompile normal arm64 /Users/admin/builder/spi-builder-workspace/Sources/|/Wanded/Wanded.swift (in target 'Wand' from project 'Wand')
cd /Users/admin/builder/spi-builder-workspace/.swiftpm/xcode
builtin-SwiftPerFileCompile Wanded.swift
SwiftCompile normal arm64 /Users/admin/builder/spi-builder-workspace/Sources/|/|!.swift (in target 'Wand' from project 'Wand')
cd /Users/admin/builder/spi-builder-workspace/.swiftpm/xcode
builtin-SwiftPerFileCompile \|\!.swift
SwiftCompile normal arm64 /Users/admin/builder/spi-builder-workspace/Sources/|/|.swift (in target 'Wand' from project 'Wand')
cd /Users/admin/builder/spi-builder-workspace/.swiftpm/xcode
builtin-SwiftPerFileCompile \|.swift
PruneExplicitPrecompiledModules /Users/admin/builder/spi-builder-workspace/.derivedData/Build/Intermediates.noindex/ExplicitPrecompiledModules
PruneExplicitPrecompiledModules /Users/admin/builder/spi-builder-workspace/.derivedData/Build/Intermediates.noindex/SwiftExplicitPrecompiledModules
PruneExplicitPrecompiledModules /Users/admin/builder/spi-builder-workspace/.derivedData/SDKExplicitPrecompiledModules
2026-09-28 00:55:20.199 xcodebuild[751:4715] [MT] IDERunDestination: Supported platforms for the buildables in the current scheme is empty.
2026-09-28 00:55:20.311 xcodebuild[751:4715] [MT] IDERunDestination: Supported platforms for the buildables in the current scheme is empty.
** BUILD FAILED **
The following build commands failed:
SwiftCompile normal arm64 (in target 'Wand' from project 'Wand')
SwiftEmitModule normal arm64 Emitting\ module\ for\ Wand (in target 'Wand' from project 'Wand')
Building workspace Wand with scheme Wand
(3 failures)
Command line invocation:
/Applications/Xcode-27.0.0-Release.Candidate.app/Contents/Developer/usr/bin/xcodebuild -IDEClonedSourcePackagesDirPathOverride=/Users/admin/builder/spi-builder-workspace/.dependencies -resolvePackageDependencies
Resolve Package Graph
Resolved source packages:
Any_: https://github.com/The-Wand/Any.git @ 1.0.3
Wand: /Users/admin/builder/spi-builder-workspace
resolved source packages: Any_, Wand
2026-09-28 00:55:27.522 xcodebuild[843:5130] [MT] IDERunDestination: Supported platforms for the buildables in the current scheme is empty.
2026-09-28 00:55:27.634 xcodebuild[843:5130] [MT] IDERunDestination: Supported platforms for the buildables in the current scheme is empty.
{
"dependencies" : [
{
"identity" : "any",
"requirement" : {
"exact" : [
"1.0.3"
]
},
"type" : "sourceControl",
"url" : "https://github.com/The-Wand/Any.git"
}
],
"manifest_display_name" : "Wand",
"name" : "Wand",
"path" : "/Users/admin/builder/spi-builder-workspace",
"platforms" : [
{
"name" : "ios",
"version" : "14.0"
},
{
"name" : "macos",
"version" : "12.0"
},
{
"name" : "tvos",
"version" : "14.0"
},
{
"name" : "watchos",
"version" : "7.0"
}
],
"products" : [
{
"name" : "Wand",
"targets" : [
"Wand"
],
"type" : {
"library" : [
"automatic"
]
}
}
],
"targets" : [
{
"c99name" : "WandTests",
"module_type" : "SwiftTarget",
"name" : "WandTests",
"path" : "Tests",
"product_dependencies" : [
"Any_"
],
"sources" : [
"Cases/&/&_Syntax_Tests.swift",
"Cases/&/AndT_Tests.swift",
"Cases/&/AndU_Tests.swift",
"Cases/?/?_Syntax_Tests.swift",
"Cases/?/Ask_Dependencies_Tests.swift",
"Cases/Ask/Ask_Tests.swift",
"Cases/Children/c_Tests.swift",
"Cases/Core/Add/Add_Tests.swift",
"Cases/Core/Attach_Tests.swift",
"Cases/Core/Clean_Tests.swift",
"Cases/Core/Contains_Tests.swift",
"Cases/Core/Extract_Tests.swift",
"Cases/Core/Get/Get_Tests.swift",
"Cases/Core/HighLoad_Tests.swift",
"Cases/Core/Init/Core_To_Array_Tests.swift",
"Cases/Core/Init/Core_To_Dictionary_Tests.swift",
"Cases/Core/Init/Core_To_Tests.swift",
"Cases/Core/Init/Core_Utils_Tests.swift",
"Cases/Core/Init/Expressible_Tests.swift",
"Cases/Core/Put/Core_Put_Default_Tests.swift",
"Cases/Core/Put/Core_Put_Dynamic_Tests.swift",
"Cases/Core/Put/Core_Put_Tests.swift",
"Cases/Core/Wanded/Obtainable_Tests.swift",
"Cases/Core/Wanded/Ubiquitous_Tests.swift",
"Cases/e/Errors_Tests.swift",
"Cases/|/Addons/Ask_All_Tests.swift",
"Cases/|/Addons/Ask_Any_Tests.swift",
"Cases/|/Addons/Counting_Tests.swift",
"Cases/|/Addons/Sequence_Tests.swift",
"Cases/|/Addons/Task_Tests.swift",
"Cases/|/AskT_Tests.swift",
"Cases/|/Convertable/CoreGraphics_Tests.swift",
"Cases/|/Convertable/Numbers_Tests.swift",
"Cases/|/Describing_Tests.swift",
"Cases/|/String_Tests.swift",
"Cases/|/|_Syntax_Tests.swift",
"Lab/Bot.swift",
"Lab/Control.swift",
"Lab/DeviceLookup.swift",
"Lab/Drive.swift",
"Lab/Experiments.swift",
"Lab/ImageCreator.swift",
"Lab/Output.swift",
"Lab/Singletone.swift",
"Lab/Task.swift",
"Unit/DefaultTests.swift",
"Unit/Objects/JugTask.swift",
"Unit/Objects/JugTests.swift",
"Unit/Objects/Machines/Auto.swift",
"Unit/Objects/Machines/Button.swift",
"Unit/Objects/Machines/Eat.swift",
"Unit/Objects/Machines/Gear.swift",
"Unit/Objects/Machines/Machines.swift",
"Unit/Objects/Machines/Reaper.swift",
"Unit/Objects/Machines/Trees.swift",
"Unit/Objects/Machines/Vulture.swift",
"Unit/Objects/Machines/VultureTests.swift",
"Unit/Objects/Objects.swift",
"Unit/Objects/Structs/Skills.swift",
"Unit/Objects/Structs/Structs.swift",
"Unit/Performance.swift",
"Unit/T_Tests.swift",
"Unit/Unit.swift",
"Unit/XCTestCase.swift"
],
"target_dependencies" : [
"Wand"
],
"type" : "test"
},
{
"c99name" : "Wand",
"module_type" : "SwiftTarget",
"name" : "Wand",
"path" : "Sources",
"product_memberships" : [
"Wand"
],
"sources" : [
"!~=.swift",
"&/&.swift",
"&/&Key.swift",
"&/AndT.swift",
"&/AndU.swift",
"&/Operation.swift",
"+/+.swift",
"+/+?.swift",
"+/+Ask.swift",
"-.swift",
"?/?.swift",
"?/Error.swift",
"?/Error?.swift",
"?/Option.swift",
"Ask.swift",
"Children.swift",
"Core/Core.swift",
"Core/Expressible/Expressible.swift",
"Core/Expressible/ExpressibleByArray.swift",
"Core/Expressible/ExpressibleByDictionary.swift",
"Core/Log.swift",
"Core/Platform/Platform.swift",
"Core/Weak.swift",
"DataBreach.swift",
"Fix/Fix.swift",
"Fix/Retry.swift",
"ML/NLTag_Ask.swift",
"ML/NLTagger_Obtain.swift",
"Memory.swift",
"MicroServices/Browsable.swift",
"MicroServices/MicroService.swift",
"MicroServices/NWBrowser.Result_Ask.swift",
"MicroServices/NWBrowser.State_Ask.swift",
"MicroServices/NWBrowser_Obtain.swift",
"MicroServices/NWConnection_Ask.swift",
"MicroServices/NWParameters_Obtain.swift",
"MicroServices/NWProtocolTLS.Options_Obtain.swift",
"MicroServices/WandFramerProtocol.swift",
"Obtainable.swift",
"Ubiquitous.swift",
"|/Addons/Addons.swift",
"|/Addons/All.swift",
"|/Addons/Any.swift",
"|/Addons/Counting.swift",
"|/Addons/Key.swift",
"|/Addons/Sequence.swift",
"|/Addons/Time.swift",
"|/Ask.Nil.swift",
"|/Ask.T.swift",
"|/Convertable/Bundle_Convert.swift",
"|/Convertable/CoreGraphics_Convertable.swift",
"|/Convertable/KeyPath.swift",
"|/Convertable/Numbers/Integer_Convertable.swift",
"|/Convertable/Numbers/Math_Convertable.swift",
"|/Convertable/Numbers/Numeric_Convertable.swift",
"|/Convertable/String_Convertable.swift",
"|/Describing/Describing.swift",
"|/Describing/Describing_Character.swift",
"|/Describing/Describing_Data.swift",
"|/Expecting.swift",
"|/Wanded/Core+Wanded.swift",
"|/Wanded/Proxy.swift",
"|/Wanded/Wanded.swift",
"|/|!.swift",
"|/|.swift"
],
"type" : "library"
}
],
"tools_version" : "5.6"
}
{
"workspace" : {
"name" : "Wand",
"schemes" : [
"Any_",
"Wand"
]
}
}
2026-09-28 00:55:28.749 xcodebuild[851:5196] [MT] IDERunDestination: Supported platforms for the buildables in the current scheme is empty.
2026-09-28 00:55:28.860 xcodebuild[851:5196] [MT] IDERunDestination: Supported platforms for the buildables in the current scheme is empty.
{
"workspace" : {
"name" : "Wand",
"schemes" : [
"Any_",
"Wand"
]
}
}
2026-09-28 00:55:29.732 xcodebuild[853:5229] [MT] IDERunDestination: Supported platforms for the buildables in the current scheme is empty.
2026-09-28 00:55:29.843 xcodebuild[853:5229] [MT] IDERunDestination: Supported platforms for the buildables in the current scheme is empty.
Running build ...
env DEVELOPER_DIR=/Applications/Xcode-27.0.0-Release.Candidate.app xcrun xcodebuild -IDEClonedSourcePackagesDirPathOverride=$PWD/.dependencies -skipMacroValidation -skipPackagePluginValidation -derivedDataPath $PWD/.derivedData build -scheme Wand -destination generic/platform=tvOS
Command line invocation:
/Applications/Xcode-27.0.0-Release.Candidate.app/Contents/Developer/usr/bin/xcodebuild -IDEClonedSourcePackagesDirPathOverride=/Users/admin/builder/spi-builder-workspace/.dependencies -skipMacroValidation -skipPackagePluginValidation -derivedDataPath /Users/admin/builder/spi-builder-workspace/.derivedData build -scheme Wand -destination generic/platform=tvOS
Resolve Package Graph
Resolved source packages:
Any_: https://github.com/The-Wand/Any.git @ 1.0.3
Wand: /Users/admin/builder/spi-builder-workspace
ComputePackagePrebuildTargetDependencyGraph
Prepare packages
CreateBuildRequest
SendProjectDescription
CreateBuildOperation
ComputeTargetDependencyGraph
note: Building targets in dependency order
note: Target dependency graph (2 targets)
Target 'Wand-product' in project 'Wand'
➜ Explicit dependency on target 'Wand' in project 'Wand'
Target 'Wand' in project 'Wand' (no dependencies)
GatherProvisioningInputs
CreateBuildDescription
ClangStatCache /Applications/Xcode-27.0.0-Release.Candidate.app/Contents/Developer/Toolchains/XcodeDefault.xctoolchain/usr/bin/clang-stat-cache /Applications/Xcode-27.0.0-Release.Candidate.app/Contents/Developer/Platforms/AppleTVOS.platform/Developer/SDKs/AppleTVOS27.0.sdk /Users/admin/builder/spi-builder-workspace/.derivedData/SDKStatCaches.noindex/appletvos27.0-24J360-e829b21a6f8c9b70876ba0858053c044b32bfd8d43560033f8d89884cdb90028.sdkstatcache
cd /Users/admin/builder/spi-builder-workspace/.swiftpm/xcode
/Applications/Xcode-27.0.0-Release.Candidate.app/Contents/Developer/Toolchains/XcodeDefault.xctoolchain/usr/bin/clang-stat-cache /Applications/Xcode-27.0.0-Release.Candidate.app/Contents/Developer/Platforms/AppleTVOS.platform/Developer/SDKs/AppleTVOS27.0.sdk -o /Users/admin/builder/spi-builder-workspace/.derivedData/SDKStatCaches.noindex/appletvos27.0-24J360-e829b21a6f8c9b70876ba0858053c044b32bfd8d43560033f8d89884cdb90028.sdkstatcache
SwiftDriver Wand normal arm64 com.apple.xcode.tools.swift.compiler (in target 'Wand' from project 'Wand')
cd /Users/admin/builder/spi-builder-workspace/.swiftpm/xcode
builtin-SwiftDriver -- /Applications/Xcode-27.0.0-Release.Candidate.app/Contents/Developer/Toolchains/XcodeDefault.xctoolchain/usr/bin/swiftc -parse-as-library -module-name Wand -Onone @/Users/admin/builder/spi-builder-workspace/.derivedData/Build/Intermediates.noindex/Wand.build/Debug-appletvos/Wand-t.build/Objects-normal/arm64/Wand.SwiftFileList -DSWIFT_PACKAGE -DDEBUG -DSWIFT_MODULE_RESOURCE_BUNDLE_UNAVAILABLE -DXcode -plugin-path /Applications/Xcode-27.0.0-Release.Candidate.app/Contents/Developer/Toolchains/XcodeDefault.xctoolchain/usr/lib/swift/host/plugins/testing -enable-experimental-feature DebugDescriptionMacro -sdk /Applications/Xcode-27.0.0-Release.Candidate.app/Contents/Developer/Platforms/AppleTVOS.platform/Developer/SDKs/AppleTVOS27.0.sdk -target arm64-apple-tvos15.0 -g -module-cache-path /Users/admin/builder/spi-builder-workspace/.derivedData/ModuleCache.noindex -Xfrontend -serialize-debugging-options -profile-coverage-mapping -profile-generate -enable-testing -index-store-path /Users/admin/builder/spi-builder-workspace/.derivedData/Index.noindex/DataStore -Xcc -D_LIBCPP_HARDENING_MODE\=_LIBCPP_HARDENING_MODE_DEBUG -swift-version 5 -I /Users/admin/builder/spi-builder-workspace/.derivedData/Build/Products/Debug-appletvos -Isystem /Applications/Xcode-27.0.0-Release.Candidate.app/Contents/Developer/Platforms/AppleTVOS.platform/Developer/usr/lib -F /Users/admin/builder/spi-builder-workspace/.derivedData/Build/Products/Debug-appletvos -F /Applications/Xcode-27.0.0-Release.Candidate.app/Contents/Developer/Platforms/AppleTVOS.platform/Developer/Library/Frameworks -F /Applications/Xcode-27.0.0-Release.Candidate.app/Contents/Developer/Platforms/AppleTVOS.platform/Developer/SDKs/AppleTVOS27.0.sdk/Developer/Library/Frameworks -c -j10 -enable-batch-mode -incremental -Xcc -ivfsstatcache -Xcc /Users/admin/builder/spi-builder-workspace/.derivedData/SDKStatCaches.noindex/appletvos27.0-24J360-e829b21a6f8c9b70876ba0858053c044b32bfd8d43560033f8d89884cdb90028.sdkstatcache -output-file-map /Users/admin/builder/spi-builder-workspace/.derivedData/Build/Intermediates.noindex/Wand.build/Debug-appletvos/Wand-t.build/Objects-normal/arm64/Wand-OutputFileMap.json -save-temps -no-color-diagnostics -explicit-module-build -module-cache-path /Users/admin/builder/spi-builder-workspace/.derivedData/Build/Intermediates.noindex/SwiftExplicitPrecompiledModules -clang-scanner-module-cache-path /Users/admin/builder/spi-builder-workspace/.derivedData/ModuleCache.noindex -sdk-module-cache-path /Users/admin/builder/spi-builder-workspace/.derivedData/SDKExplicitPrecompiledModules -emit-dependencies -emit-module -emit-module-path /Users/admin/builder/spi-builder-workspace/.derivedData/Build/Intermediates.noindex/Wand.build/Debug-appletvos/Wand-t.build/Objects-normal/arm64/Wand.swiftmodule -serialize-diagnostics -dependency-scan-serialize-diagnostics-path /Users/admin/builder/spi-builder-workspace/.derivedData/Build/Intermediates.noindex/Wand.build/Debug-appletvos/Wand-t.build/Objects-normal/arm64/Wand-dependency-scan.dia -validate-clang-modules-once -clang-build-session-file /Users/admin/builder/spi-builder-workspace/.derivedData/ModuleCache.noindex/Session.modulevalidation -Xcc -fmodules-prune-interval\=86400 -Xcc -fmodules-prune-after\=345600 -emit-const-values -const-gather-protocols-list /Users/admin/builder/spi-builder-workspace/.derivedData/Build/Intermediates.noindex/Wand.build/Debug-appletvos/Wand-t.build/Objects-normal/arm64/Wand_const_extract_protocols.json -Xcc -I/Users/admin/builder/spi-builder-workspace/.derivedData/Build/Products/Debug-appletvos/include -Xcc -I/Users/admin/builder/spi-builder-workspace/.derivedData/Build/Intermediates.noindex/Wand.build/Debug-appletvos/Wand-t.build/DerivedSources-normal/arm64 -Xcc -I/Users/admin/builder/spi-builder-workspace/.derivedData/Build/Intermediates.noindex/Wand.build/Debug-appletvos/Wand-t.build/DerivedSources/arm64 -Xcc -I/Users/admin/builder/spi-builder-workspace/.derivedData/Build/Intermediates.noindex/Wand.build/Debug-appletvos/Wand-t.build/DerivedSources -Xcc -DSWIFT_PACKAGE -Xcc -DDEBUG\=1 -emit-objc-header -emit-objc-header-path /Users/admin/builder/spi-builder-workspace/.derivedData/Build/Intermediates.noindex/Wand.build/Debug-appletvos/Wand-t.build/Objects-normal/arm64/Wand-Swift.h -working-directory /Users/admin/builder/spi-builder-workspace/.swiftpm/xcode -experimental-emit-module-separately -disable-cmo
SwiftCompile normal arm64 Compiling\ +?.swift,\ +Ask.swift,\ -.swift,\ ?.swift,\ Error.swift,\ Error?.swift,\ Option.swift /Users/admin/builder/spi-builder-workspace/Sources/+/+?.swift /Users/admin/builder/spi-builder-workspace/Sources/+/+Ask.swift /Users/admin/builder/spi-builder-workspace/Sources/-.swift /Users/admin/builder/spi-builder-workspace/Sources/?/?.swift /Users/admin/builder/spi-builder-workspace/Sources/?/Error.swift /Users/admin/builder/spi-builder-workspace/Sources/?/Error?.swift /Users/admin/builder/spi-builder-workspace/Sources/?/Option.swift (in target 'Wand' from project 'Wand')
SwiftCompile normal arm64 /Users/admin/builder/spi-builder-workspace/Sources/+/+?.swift (in target 'Wand' from project 'Wand')
cd /Users/admin/builder/spi-builder-workspace/.swiftpm/xcode
builtin-SwiftPerFileCompile +\?.swift
SwiftCompile normal arm64 /Users/admin/builder/spi-builder-workspace/Sources/+/+Ask.swift (in target 'Wand' from project 'Wand')
cd /Users/admin/builder/spi-builder-workspace/.swiftpm/xcode
builtin-SwiftPerFileCompile +Ask.swift
SwiftCompile normal arm64 /Users/admin/builder/spi-builder-workspace/Sources/-.swift (in target 'Wand' from project 'Wand')
cd /Users/admin/builder/spi-builder-workspace/.swiftpm/xcode
builtin-SwiftPerFileCompile -.swift
SwiftCompile normal arm64 /Users/admin/builder/spi-builder-workspace/Sources/?/?.swift (in target 'Wand' from project 'Wand')
cd /Users/admin/builder/spi-builder-workspace/.swiftpm/xcode
builtin-SwiftPerFileCompile \?.swift
SwiftCompile normal arm64 /Users/admin/builder/spi-builder-workspace/Sources/?/Error.swift (in target 'Wand' from project 'Wand')
cd /Users/admin/builder/spi-builder-workspace/.swiftpm/xcode
builtin-SwiftPerFileCompile Error.swift
SwiftCompile normal arm64 /Users/admin/builder/spi-builder-workspace/Sources/?/Error?.swift (in target 'Wand' from project 'Wand')
cd /Users/admin/builder/spi-builder-workspace/.swiftpm/xcode
builtin-SwiftPerFileCompile Error\?.swift
SwiftCompile normal arm64 /Users/admin/builder/spi-builder-workspace/Sources/?/Option.swift (in target 'Wand' from project 'Wand')
cd /Users/admin/builder/spi-builder-workspace/.swiftpm/xcode
builtin-SwiftPerFileCompile Option.swift
SwiftCompile normal arm64 Compiling\ Ask.swift,\ Children.swift,\ Core.swift,\ Expressible.swift,\ ExpressibleByArray.swift,\ ExpressibleByDictionary.swift,\ Log.swift /Users/admin/builder/spi-builder-workspace/Sources/Ask.swift /Users/admin/builder/spi-builder-workspace/Sources/Children.swift /Users/admin/builder/spi-builder-workspace/Sources/Core/Core.swift /Users/admin/builder/spi-builder-workspace/Sources/Core/Expressible/Expressible.swift /Users/admin/builder/spi-builder-workspace/Sources/Core/Expressible/ExpressibleByArray.swift /Users/admin/builder/spi-builder-workspace/Sources/Core/Expressible/ExpressibleByDictionary.swift /Users/admin/builder/spi-builder-workspace/Sources/Core/Log.swift (in target 'Wand' from project 'Wand')
/Users/admin/builder/spi-builder-workspace/Sources/Core/Core.swift:272:10: warning: same-type requirement makes generic parameter 'T' non-generic; this is an error in the Swift 6 language mode
270 | @inlinable
271 | public
272 | func dynamicallyCall<T>(withKeywordArguments args: T) -> Self where T == KeyValuePairs<String, Any> {
| `- warning: same-type requirement makes generic parameter 'T' non-generic; this is an error in the Swift 6 language mode
273 | for (key, object) in args {
274 |
/Users/admin/builder/spi-builder-workspace/Sources/Core/Core.swift:256:10: warning: same-type requirement makes generic parameter 'T' non-generic; this is an error in the Swift 6 language mode
254 | @inlinable
255 | public
256 | func put<T>(sequence: T) -> Self where T == any Sequence {
| `- warning: same-type requirement makes generic parameter 'T' non-generic; this is an error in the Swift 6 language mode
257 | sequence.forEach { object in
258 |
/Users/admin/builder/spi-builder-workspace/Sources/+/+.swift:70:6: warning: same-type requirement makes generic parameter 'T' non-generic; this is an error in the Swift 6 language mode
68 | @inline(__always)
69 | public
70 | func +<T>(wand: Core, raw: (sequence: T, Core.Key)) where T == any Sequence {
| `- warning: same-type requirement makes generic parameter 'T' non-generic; this is an error in the Swift 6 language mode
71 | raw.sequence.forEach {
72 | wand + $0
/Users/admin/builder/spi-builder-workspace/Sources/Core/Expressible/Expressible.swift:134:33: error: 'Regex' is only available in tvOS 16.0 or newer
132 | @inline(__always)
133 | private
134 | func |<T>(value: String, regex: Regex<T>) -> [Regex<T>.Match] {
| | `- error: 'Regex' is only available in tvOS 16.0 or newer
| `- note: add '@available' attribute to enclosing operator function
135 | value.matches(of: regex)
136 | }
/Users/admin/builder/spi-builder-workspace/Sources/Core/Expressible/Expressible.swift:134:47: error: 'Regex' is only available in tvOS 16.0 or newer
132 | @inline(__always)
133 | private
134 | func |<T>(value: String, regex: Regex<T>) -> [Regex<T>.Match] {
| | `- error: 'Regex' is only available in tvOS 16.0 or newer
| `- note: add '@available' attribute to enclosing operator function
135 | value.matches(of: regex)
136 | }
SwiftCompile normal arm64 /Users/admin/builder/spi-builder-workspace/Sources/Ask.swift (in target 'Wand' from project 'Wand')
cd /Users/admin/builder/spi-builder-workspace/.swiftpm/xcode
builtin-SwiftPerFileCompile Ask.swift
SwiftCompile normal arm64 /Users/admin/builder/spi-builder-workspace/Sources/Children.swift (in target 'Wand' from project 'Wand')
cd /Users/admin/builder/spi-builder-workspace/.swiftpm/xcode
builtin-SwiftPerFileCompile Children.swift
SwiftCompile normal arm64 /Users/admin/builder/spi-builder-workspace/Sources/Core/Core.swift (in target 'Wand' from project 'Wand')
cd /Users/admin/builder/spi-builder-workspace/.swiftpm/xcode
builtin-SwiftPerFileCompile Core.swift
SwiftCompile normal arm64 /Users/admin/builder/spi-builder-workspace/Sources/Core/Expressible/Expressible.swift (in target 'Wand' from project 'Wand')
cd /Users/admin/builder/spi-builder-workspace/.swiftpm/xcode
builtin-SwiftPerFileCompile Expressible.swift
SwiftCompile normal arm64 /Users/admin/builder/spi-builder-workspace/Sources/Core/Expressible/ExpressibleByArray.swift (in target 'Wand' from project 'Wand')
cd /Users/admin/builder/spi-builder-workspace/.swiftpm/xcode
builtin-SwiftPerFileCompile ExpressibleByArray.swift
SwiftCompile normal arm64 /Users/admin/builder/spi-builder-workspace/Sources/Core/Expressible/ExpressibleByDictionary.swift (in target 'Wand' from project 'Wand')
cd /Users/admin/builder/spi-builder-workspace/.swiftpm/xcode
builtin-SwiftPerFileCompile ExpressibleByDictionary.swift
SwiftCompile normal arm64 /Users/admin/builder/spi-builder-workspace/Sources/Core/Log.swift (in target 'Wand' from project 'Wand')
cd /Users/admin/builder/spi-builder-workspace/.swiftpm/xcode
builtin-SwiftPerFileCompile Log.swift
SwiftCompile normal arm64 Compiling\ !~=.swift,\ &.swift,\ &Key.swift,\ AndT.swift,\ AndU.swift,\ Operation.swift,\ +.swift /Users/admin/builder/spi-builder-workspace/Sources/!~=.swift /Users/admin/builder/spi-builder-workspace/Sources/&/&.swift /Users/admin/builder/spi-builder-workspace/Sources/&/&Key.swift /Users/admin/builder/spi-builder-workspace/Sources/&/AndT.swift /Users/admin/builder/spi-builder-workspace/Sources/&/AndU.swift /Users/admin/builder/spi-builder-workspace/Sources/&/Operation.swift /Users/admin/builder/spi-builder-workspace/Sources/+/+.swift (in target 'Wand' from project 'Wand')
SwiftCompile normal arm64 /Users/admin/builder/spi-builder-workspace/Sources/!~=.swift (in target 'Wand' from project 'Wand')
cd /Users/admin/builder/spi-builder-workspace/.swiftpm/xcode
builtin-SwiftPerFileCompile \!\~\=.swift
SwiftCompile normal arm64 /Users/admin/builder/spi-builder-workspace/Sources/&/&.swift (in target 'Wand' from project 'Wand')
cd /Users/admin/builder/spi-builder-workspace/.swiftpm/xcode
builtin-SwiftPerFileCompile \&.swift
SwiftCompile normal arm64 /Users/admin/builder/spi-builder-workspace/Sources/&/&Key.swift (in target 'Wand' from project 'Wand')
cd /Users/admin/builder/spi-builder-workspace/.swiftpm/xcode
builtin-SwiftPerFileCompile \&Key.swift
SwiftCompile normal arm64 /Users/admin/builder/spi-builder-workspace/Sources/&/AndT.swift (in target 'Wand' from project 'Wand')
cd /Users/admin/builder/spi-builder-workspace/.swiftpm/xcode
builtin-SwiftPerFileCompile AndT.swift
SwiftCompile normal arm64 /Users/admin/builder/spi-builder-workspace/Sources/&/AndU.swift (in target 'Wand' from project 'Wand')
cd /Users/admin/builder/spi-builder-workspace/.swiftpm/xcode
builtin-SwiftPerFileCompile AndU.swift
SwiftCompile normal arm64 /Users/admin/builder/spi-builder-workspace/Sources/&/Operation.swift (in target 'Wand' from project 'Wand')
cd /Users/admin/builder/spi-builder-workspace/.swiftpm/xcode
builtin-SwiftPerFileCompile Operation.swift
SwiftCompile normal arm64 /Users/admin/builder/spi-builder-workspace/Sources/+/+.swift (in target 'Wand' from project 'Wand')
cd /Users/admin/builder/spi-builder-workspace/.swiftpm/xcode
builtin-SwiftPerFileCompile +.swift
SwiftCompile normal arm64 Compiling\ All.swift,\ Any.swift,\ Counting.swift,\ Key.swift,\ Sequence.swift,\ Time.swift /Users/admin/builder/spi-builder-workspace/Sources/|/Addons/All.swift /Users/admin/builder/spi-builder-workspace/Sources/|/Addons/Any.swift /Users/admin/builder/spi-builder-workspace/Sources/|/Addons/Counting.swift /Users/admin/builder/spi-builder-workspace/Sources/|/Addons/Key.swift /Users/admin/builder/spi-builder-workspace/Sources/|/Addons/Sequence.swift /Users/admin/builder/spi-builder-workspace/Sources/|/Addons/Time.swift (in target 'Wand' from project 'Wand')
SwiftCompile normal arm64 /Users/admin/builder/spi-builder-workspace/Sources/|/Addons/All.swift (in target 'Wand' from project 'Wand')
cd /Users/admin/builder/spi-builder-workspace/.swiftpm/xcode
builtin-SwiftPerFileCompile All.swift
SwiftCompile normal arm64 /Users/admin/builder/spi-builder-workspace/Sources/|/Addons/Any.swift (in target 'Wand' from project 'Wand')
cd /Users/admin/builder/spi-builder-workspace/.swiftpm/xcode
builtin-SwiftPerFileCompile Any.swift
SwiftCompile normal arm64 /Users/admin/builder/spi-builder-workspace/Sources/|/Addons/Counting.swift (in target 'Wand' from project 'Wand')
cd /Users/admin/builder/spi-builder-workspace/.swiftpm/xcode
builtin-SwiftPerFileCompile Counting.swift
SwiftCompile normal arm64 /Users/admin/builder/spi-builder-workspace/Sources/|/Addons/Key.swift (in target 'Wand' from project 'Wand')
cd /Users/admin/builder/spi-builder-workspace/.swiftpm/xcode
builtin-SwiftPerFileCompile Key.swift
SwiftCompile normal arm64 /Users/admin/builder/spi-builder-workspace/Sources/|/Addons/Sequence.swift (in target 'Wand' from project 'Wand')
cd /Users/admin/builder/spi-builder-workspace/.swiftpm/xcode
builtin-SwiftPerFileCompile Sequence.swift
SwiftCompile normal arm64 /Users/admin/builder/spi-builder-workspace/Sources/|/Addons/Time.swift (in target 'Wand' from project 'Wand')
cd /Users/admin/builder/spi-builder-workspace/.swiftpm/xcode
builtin-SwiftPerFileCompile Time.swift
SwiftCompile normal arm64 Compiling\ Memory.swift,\ Browsable.swift,\ MicroService.swift,\ NWBrowser.Result_Ask.swift,\ NWBrowser.State_Ask.swift,\ NWBrowser_Obtain.swift,\ NWConnection_Ask.swift /Users/admin/builder/spi-builder-workspace/Sources/Memory.swift /Users/admin/builder/spi-builder-workspace/Sources/MicroServices/Browsable.swift /Users/admin/builder/spi-builder-workspace/Sources/MicroServices/MicroService.swift /Users/admin/builder/spi-builder-workspace/Sources/MicroServices/NWBrowser.Result_Ask.swift /Users/admin/builder/spi-builder-workspace/Sources/MicroServices/NWBrowser.State_Ask.swift /Users/admin/builder/spi-builder-workspace/Sources/MicroServices/NWBrowser_Obtain.swift /Users/admin/builder/spi-builder-workspace/Sources/MicroServices/NWConnection_Ask.swift (in target 'Wand' from project 'Wand')
/Users/admin/builder/spi-builder-workspace/Sources/+/+.swift:70:6: warning: same-type requirement makes generic parameter 'T' non-generic; this is an error in the Swift 6 language mode
68 | @inline(__always)
69 | public
70 | func +<T>(wand: Core, raw: (sequence: T, Core.Key)) where T == any Sequence {
| `- warning: same-type requirement makes generic parameter 'T' non-generic; this is an error in the Swift 6 language mode
71 | raw.sequence.forEach {
72 | wand + $0
/Users/admin/builder/spi-builder-workspace/Sources/MicroServices/Browsable.swift:74:13: warning: immutable value 'pass' was never used; consider replacing with '_' or removing it [#NoUsage]
72 | }
73 |
74 | let pass: String = wand.get()!
| `- warning: immutable value 'pass' was never used; consider replacing with '_' or removing it [#NoUsage]
75 | connection = NWConnection(to: endpoint, //TODO:
76 | using: NWParameters())//passcode: pass))
/Users/admin/builder/spi-builder-workspace/Sources/MicroServices/NWBrowser.Result_Ask.swift:48:42: warning: result of operator '|' is unused [#NoUsage]
46 | // wand + source.browseResults...
47 |
48 | source.browseResults | {
| `- warning: result of operator '|' is unused [#NoUsage]
49 | wand + $0
50 | }
SwiftCompile normal arm64 /Users/admin/builder/spi-builder-workspace/Sources/Memory.swift (in target 'Wand' from project 'Wand')
cd /Users/admin/builder/spi-builder-workspace/.swiftpm/xcode
builtin-SwiftPerFileCompile Memory.swift
SwiftCompile normal arm64 /Users/admin/builder/spi-builder-workspace/Sources/MicroServices/Browsable.swift (in target 'Wand' from project 'Wand')
cd /Users/admin/builder/spi-builder-workspace/.swiftpm/xcode
builtin-SwiftPerFileCompile Browsable.swift
SwiftCompile normal arm64 /Users/admin/builder/spi-builder-workspace/Sources/MicroServices/MicroService.swift (in target 'Wand' from project 'Wand')
cd /Users/admin/builder/spi-builder-workspace/.swiftpm/xcode
builtin-SwiftPerFileCompile MicroService.swift
SwiftCompile normal arm64 /Users/admin/builder/spi-builder-workspace/Sources/MicroServices/NWBrowser.Result_Ask.swift (in target 'Wand' from project 'Wand')
cd /Users/admin/builder/spi-builder-workspace/.swiftpm/xcode
builtin-SwiftPerFileCompile NWBrowser.Result_Ask.swift
SwiftCompile normal arm64 /Users/admin/builder/spi-builder-workspace/Sources/MicroServices/NWBrowser.State_Ask.swift (in target 'Wand' from project 'Wand')
cd /Users/admin/builder/spi-builder-workspace/.swiftpm/xcode
builtin-SwiftPerFileCompile NWBrowser.State_Ask.swift
SwiftCompile normal arm64 /Users/admin/builder/spi-builder-workspace/Sources/MicroServices/NWBrowser_Obtain.swift (in target 'Wand' from project 'Wand')
cd /Users/admin/builder/spi-builder-workspace/.swiftpm/xcode
builtin-SwiftPerFileCompile NWBrowser_Obtain.swift
SwiftCompile normal arm64 /Users/admin/builder/spi-builder-workspace/Sources/MicroServices/NWConnection_Ask.swift (in target 'Wand' from project 'Wand')
cd /Users/admin/builder/spi-builder-workspace/.swiftpm/xcode
builtin-SwiftPerFileCompile NWConnection_Ask.swift
SwiftCompile normal arm64 Compiling\ Expecting.swift,\ Core+Wanded.swift,\ Proxy.swift,\ Wanded.swift,\ |!.swift,\ |.swift /Users/admin/builder/spi-builder-workspace/Sources/|/Expecting.swift /Users/admin/builder/spi-builder-workspace/Sources/|/Wanded/Core+Wanded.swift /Users/admin/builder/spi-builder-workspace/Sources/|/Wanded/Proxy.swift /Users/admin/builder/spi-builder-workspace/Sources/|/Wanded/Wanded.swift /Users/admin/builder/spi-builder-workspace/Sources/|/|!.swift /Users/admin/builder/spi-builder-workspace/Sources/|/|.swift (in target 'Wand' from project 'Wand')
SwiftCompile normal arm64 /Users/admin/builder/spi-builder-workspace/Sources/|/Expecting.swift (in target 'Wand' from project 'Wand')
cd /Users/admin/builder/spi-builder-workspace/.swiftpm/xcode
builtin-SwiftPerFileCompile Expecting.swift
SwiftCompile normal arm64 /Users/admin/builder/spi-builder-workspace/Sources/|/Wanded/Core+Wanded.swift (in target 'Wand' from project 'Wand')
cd /Users/admin/builder/spi-builder-workspace/.swiftpm/xcode
builtin-SwiftPerFileCompile Core+Wanded.swift
SwiftCompile normal arm64 /Users/admin/builder/spi-builder-workspace/Sources/|/Wanded/Proxy.swift (in target 'Wand' from project 'Wand')
cd /Users/admin/builder/spi-builder-workspace/.swiftpm/xcode
builtin-SwiftPerFileCompile Proxy.swift
SwiftCompile normal arm64 /Users/admin/builder/spi-builder-workspace/Sources/|/Wanded/Wanded.swift (in target 'Wand' from project 'Wand')
cd /Users/admin/builder/spi-builder-workspace/.swiftpm/xcode
builtin-SwiftPerFileCompile Wanded.swift
SwiftCompile normal arm64 /Users/admin/builder/spi-builder-workspace/Sources/|/|!.swift (in target 'Wand' from project 'Wand')
cd /Users/admin/builder/spi-builder-workspace/.swiftpm/xcode
builtin-SwiftPerFileCompile \|\!.swift
SwiftCompile normal arm64 /Users/admin/builder/spi-builder-workspace/Sources/|/|.swift (in target 'Wand' from project 'Wand')
cd /Users/admin/builder/spi-builder-workspace/.swiftpm/xcode
builtin-SwiftPerFileCompile \|.swift
SwiftCompile normal arm64 Compiling\ Ask.Nil.swift,\ Ask.T.swift,\ Bundle_Convert.swift,\ CoreGraphics_Convertable.swift,\ KeyPath.swift,\ Integer_Convertable.swift /Users/admin/builder/spi-builder-workspace/Sources/|/Ask.Nil.swift /Users/admin/builder/spi-builder-workspace/Sources/|/Ask.T.swift /Users/admin/builder/spi-builder-workspace/Sources/|/Convertable/Bundle_Convert.swift /Users/admin/builder/spi-builder-workspace/Sources/|/Convertable/CoreGraphics_Convertable.swift /Users/admin/builder/spi-builder-workspace/Sources/|/Convertable/KeyPath.swift /Users/admin/builder/spi-builder-workspace/Sources/|/Convertable/Numbers/Integer_Convertable.swift (in target 'Wand' from project 'Wand')
SwiftCompile normal arm64 /Users/admin/builder/spi-builder-workspace/Sources/|/Ask.Nil.swift (in target 'Wand' from project 'Wand')
cd /Users/admin/builder/spi-builder-workspace/.swiftpm/xcode
builtin-SwiftPerFileCompile Ask.Nil.swift
SwiftCompile normal arm64 /Users/admin/builder/spi-builder-workspace/Sources/|/Ask.T.swift (in target 'Wand' from project 'Wand')
cd /Users/admin/builder/spi-builder-workspace/.swiftpm/xcode
builtin-SwiftPerFileCompile Ask.T.swift
SwiftCompile normal arm64 /Users/admin/builder/spi-builder-workspace/Sources/|/Convertable/Bundle_Convert.swift (in target 'Wand' from project 'Wand')
cd /Users/admin/builder/spi-builder-workspace/.swiftpm/xcode
builtin-SwiftPerFileCompile Bundle_Convert.swift
SwiftCompile normal arm64 /Users/admin/builder/spi-builder-workspace/Sources/|/Convertable/CoreGraphics_Convertable.swift (in target 'Wand' from project 'Wand')
cd /Users/admin/builder/spi-builder-workspace/.swiftpm/xcode
builtin-SwiftPerFileCompile CoreGraphics_Convertable.swift
SwiftCompile normal arm64 /Users/admin/builder/spi-builder-workspace/Sources/|/Convertable/KeyPath.swift (in target 'Wand' from project 'Wand')
cd /Users/admin/builder/spi-builder-workspace/.swiftpm/xcode
builtin-SwiftPerFileCompile KeyPath.swift
SwiftCompile normal arm64 /Users/admin/builder/spi-builder-workspace/Sources/|/Convertable/Numbers/Integer_Convertable.swift (in target 'Wand' from project 'Wand')
cd /Users/admin/builder/spi-builder-workspace/.swiftpm/xcode
builtin-SwiftPerFileCompile Integer_Convertable.swift
SwiftCompile normal arm64 Compiling\ Math_Convertable.swift,\ Numeric_Convertable.swift,\ String_Convertable.swift,\ Describing.swift,\ Describing_Character.swift,\ Describing_Data.swift /Users/admin/builder/spi-builder-workspace/Sources/|/Convertable/Numbers/Math_Convertable.swift /Users/admin/builder/spi-builder-workspace/Sources/|/Convertable/Numbers/Numeric_Convertable.swift /Users/admin/builder/spi-builder-workspace/Sources/|/Convertable/String_Convertable.swift /Users/admin/builder/spi-builder-workspace/Sources/|/Describing/Describing.swift /Users/admin/builder/spi-builder-workspace/Sources/|/Describing/Describing_Character.swift /Users/admin/builder/spi-builder-workspace/Sources/|/Describing/Describing_Data.swift (in target 'Wand' from project 'Wand')
SwiftCompile normal arm64 /Users/admin/builder/spi-builder-workspace/Sources/|/Convertable/Numbers/Math_Convertable.swift (in target 'Wand' from project 'Wand')
cd /Users/admin/builder/spi-builder-workspace/.swiftpm/xcode
builtin-SwiftPerFileCompile Math_Convertable.swift
SwiftCompile normal arm64 /Users/admin/builder/spi-builder-workspace/Sources/|/Convertable/Numbers/Numeric_Convertable.swift (in target 'Wand' from project 'Wand')
cd /Users/admin/builder/spi-builder-workspace/.swiftpm/xcode
builtin-SwiftPerFileCompile Numeric_Convertable.swift
SwiftCompile normal arm64 /Users/admin/builder/spi-builder-workspace/Sources/|/Convertable/String_Convertable.swift (in target 'Wand' from project 'Wand')
cd /Users/admin/builder/spi-builder-workspace/.swiftpm/xcode
builtin-SwiftPerFileCompile String_Convertable.swift
SwiftCompile normal arm64 /Users/admin/builder/spi-builder-workspace/Sources/|/Describing/Describing.swift (in target 'Wand' from project 'Wand')
cd /Users/admin/builder/spi-builder-workspace/.swiftpm/xcode
builtin-SwiftPerFileCompile Describing.swift
SwiftCompile normal arm64 /Users/admin/builder/spi-builder-workspace/Sources/|/Describing/Describing_Character.swift (in target 'Wand' from project 'Wand')
cd /Users/admin/builder/spi-builder-workspace/.swiftpm/xcode
builtin-SwiftPerFileCompile Describing_Character.swift
SwiftCompile normal arm64 /Users/admin/builder/spi-builder-workspace/Sources/|/Describing/Describing_Data.swift (in target 'Wand' from project 'Wand')
cd /Users/admin/builder/spi-builder-workspace/.swiftpm/xcode
builtin-SwiftPerFileCompile Describing_Data.swift
SwiftEmitModule normal arm64 Emitting\ module\ for\ Wand (in target 'Wand' from project 'Wand')
/Users/admin/builder/spi-builder-workspace/Sources/+/+.swift:70:6: warning: same-type requirement makes generic parameter 'T' non-generic; this is an error in the Swift 6 language mode
68 | @inline(__always)
69 | public
70 | func +<T>(wand: Core, raw: (sequence: T, Core.Key)) where T == any Sequence {
| `- warning: same-type requirement makes generic parameter 'T' non-generic; this is an error in the Swift 6 language mode
71 | raw.sequence.forEach {
72 | wand + $0
/Users/admin/builder/spi-builder-workspace/Sources/Core/Core.swift:272:10: warning: same-type requirement makes generic parameter 'T' non-generic; this is an error in the Swift 6 language mode
270 | @inlinable
271 | public
272 | func dynamicallyCall<T>(withKeywordArguments args: T) -> Self where T == KeyValuePairs<String, Any> {
| `- warning: same-type requirement makes generic parameter 'T' non-generic; this is an error in the Swift 6 language mode
273 | for (key, object) in args {
274 |
/Users/admin/builder/spi-builder-workspace/Sources/Core/Core.swift:256:10: warning: same-type requirement makes generic parameter 'T' non-generic; this is an error in the Swift 6 language mode
254 | @inlinable
255 | public
256 | func put<T>(sequence: T) -> Self where T == any Sequence {
| `- warning: same-type requirement makes generic parameter 'T' non-generic; this is an error in the Swift 6 language mode
257 | sequence.forEach { object in
258 |
/Users/admin/builder/spi-builder-workspace/Sources/Core/Expressible/Expressible.swift:134:33: error: 'Regex' is only available in tvOS 16.0 or newer
132 | @inline(__always)
133 | private
134 | func |<T>(value: String, regex: Regex<T>) -> [Regex<T>.Match] {
| | `- error: 'Regex' is only available in tvOS 16.0 or newer
| `- note: add '@available' attribute to enclosing operator function
135 | value.matches(of: regex)
136 | }
/Users/admin/builder/spi-builder-workspace/Sources/Core/Expressible/Expressible.swift:134:47: error: 'Regex' is only available in tvOS 16.0 or newer
132 | @inline(__always)
133 | private
134 | func |<T>(value: String, regex: Regex<T>) -> [Regex<T>.Match] {
| | `- error: 'Regex' is only available in tvOS 16.0 or newer
| `- note: add '@available' attribute to enclosing operator function
135 | value.matches(of: regex)
136 | }
/Users/admin/builder/spi-builder-workspace/Sources/ML/NLTag_Ask.swift:42:14: warning: 'setCleaner(for:cleaner:)' is deprecated: renamed to '&' [#DeprecatedDeclaration]
40 |
41 | var stop = false
42 | wand.setCleaner(for: ask) {
| |- warning: 'setCleaner(for:cleaner:)' is deprecated: renamed to '&' [#DeprecatedDeclaration]
| `- note: use '&' instead
43 | stop = true
44 | }
/Users/admin/builder/spi-builder-workspace/Sources/MicroServices/NWBrowser.Result_Ask.swift:48:42: warning: result of operator '|' is unused [#NoUsage]
46 | // wand + source.browseResults...
47 |
48 | source.browseResults | {
| `- warning: result of operator '|' is unused [#NoUsage]
49 | wand + $0
50 | }
/Users/admin/builder/spi-builder-workspace/Sources/MicroServices/NWParameters_Obtain.swift:42:16: warning: immutable value 'code' was never used; consider replacing with '_' or removing it [#NoUsage]
40 | let wand = wand ?? Core.to(scope)
41 |
42 | if let code: String = wand.get() {
| `- warning: immutable value 'code' was never used; consider replacing with '_' or removing it [#NoUsage]
43 | let tcpOptions = NWProtocolTCP.Options()
44 | tcpOptions.enableKeepalive = true
/Users/admin/builder/spi-builder-workspace/Sources/MicroServices/NWParameters_Obtain.swift:50:17: warning: initialization of immutable value 'gameOptions' was never used; consider replacing with assignment to '_' or removing it [#NoUsage]
48 | options.includePeerToPeer = true
49 |
50 | let gameOptions = NWProtocolFramer.Options(definition: WandFramerProtocol.definition)
| `- warning: initialization of immutable value 'gameOptions' was never used; consider replacing with assignment to '_' or removing it [#NoUsage]
51 | //TODO
52 | //self.defaultProtocolStack.applicationProtocols.insert(gameOptions, at: 0)
[#DeprecatedDeclaration]: <https://docs.swift.org/compiler/documentation/diagnostics/deprecated-declaration>
[#NoUsage]: <https://docs.swift.org/compiler/documentation/diagnostics/no-usage>
Failed frontend command:
/Applications/Xcode-27.0.0-Release.Candidate.app/Contents/Developer/Toolchains/XcodeDefault.xctoolchain/usr/bin/swift-frontend -frontend -emit-module -experimental-skip-non-inlinable-function-bodies-without-types /Users/admin/builder/spi-builder-workspace/Sources/\!\~\=.swift /Users/admin/builder/spi-builder-workspace/Sources/\&/\&.swift /Users/admin/builder/spi-builder-workspace/Sources/\&/\&Key.swift /Users/admin/builder/spi-builder-workspace/Sources/\&/AndT.swift /Users/admin/builder/spi-builder-workspace/Sources/\&/AndU.swift /Users/admin/builder/spi-builder-workspace/Sources/\&/Operation.swift /Users/admin/builder/spi-builder-workspace/Sources/+/+.swift /Users/admin/builder/spi-builder-workspace/Sources/+/+\?.swift /Users/admin/builder/spi-builder-workspace/Sources/+/+Ask.swift /Users/admin/builder/spi-builder-workspace/Sources/-.swift /Users/admin/builder/spi-builder-workspace/Sources/\?/\?.swift /Users/admin/builder/spi-builder-workspace/Sources/\?/Error.swift /Users/admin/builder/spi-builder-workspace/Sources/\?/Error\?.swift /Users/admin/builder/spi-builder-workspace/Sources/\?/Option.swift /Users/admin/builder/spi-builder-workspace/Sources/Ask.swift /Users/admin/builder/spi-builder-workspace/Sources/Children.swift /Users/admin/builder/spi-builder-workspace/Sources/Core/Core.swift /Users/admin/builder/spi-builder-workspace/Sources/Core/Expressible/Expressible.swift /Users/admin/builder/spi-builder-workspace/Sources/Core/Expressible/ExpressibleByArray.swift /Users/admin/builder/spi-builder-workspace/Sources/Core/Expressible/ExpressibleByDictionary.swift /Users/admin/builder/spi-builder-workspace/Sources/Core/Log.swift /Users/admin/builder/spi-builder-workspace/Sources/Core/Platform/Platform.swift /Users/admin/builder/spi-builder-workspace/Sources/Core/Weak.swift /Users/admin/builder/spi-builder-workspace/Sources/DataBreach.swift /Users/admin/builder/spi-builder-workspace/Sources/Fix/Fix.swift /Users/admin/builder/spi-builder-workspace/Sources/Fix/Retry.swift /Users/admin/builder/spi-builder-workspace/Sources/ML/NLTag_Ask.swift /Users/admin/builder/spi-builder-workspace/Sources/ML/NLTagger_Obtain.swift /Users/admin/builder/spi-builder-workspace/Sources/Memory.swift /Users/admin/builder/spi-builder-workspace/Sources/MicroServices/Browsable.swift /Users/admin/builder/spi-builder-workspace/Sources/MicroServices/MicroService.swift /Users/admin/builder/spi-builder-workspace/Sources/MicroServices/NWBrowser.Result_Ask.swift /Users/admin/builder/spi-builder-workspace/Sources/MicroServices/NWBrowser.State_Ask.swift /Users/admin/builder/spi-builder-workspace/Sources/MicroServices/NWBrowser_Obtain.swift /Users/admin/builder/spi-builder-workspace/Sources/MicroServices/NWConnection_Ask.swift /Users/admin/builder/spi-builder-workspace/Sources/MicroServices/NWParameters_Obtain.swift /Users/admin/builder/spi-builder-workspace/Sources/MicroServices/NWProtocolTLS.Options_Obtain.swift /Users/admin/builder/spi-builder-workspace/Sources/MicroServices/WandFramerProtocol.swift /Users/admin/builder/spi-builder-workspace/Sources/Obtainable.swift /Users/admin/builder/spi-builder-workspace/Sources/Ubiquitous.swift /Users/admin/builder/spi-builder-workspace/Sources/\|/Addons/Addons.swift /Users/admin/builder/spi-builder-workspace/Sources/\|/Addons/All.swift /Users/admin/builder/spi-builder-workspace/Sources/\|/Addons/Any.swift /Users/admin/builder/spi-builder-workspace/Sources/\|/Addons/Counting.swift /Users/admin/builder/spi-builder-workspace/Sources/\|/Addons/Key.swift /Users/admin/builder/spi-builder-workspace/Sources/\|/Addons/Sequence.swift /Users/admin/builder/spi-builder-workspace/Sources/\|/Addons/Time.swift /Users/admin/builder/spi-builder-workspace/Sources/\|/Ask.Nil.swift /Users/admin/builder/spi-builder-workspace/Sources/\|/Ask.T.swift /Users/admin/builder/spi-builder-workspace/Sources/\|/Convertable/Bundle_Convert.swift /Users/admin/builder/spi-builder-workspace/Sources/\|/Convertable/CoreGraphics_Convertable.swift /Users/admin/builder/spi-builder-workspace/Sources/\|/Convertable/KeyPath.swift /Users/admin/builder/spi-builder-workspace/Sources/\|/Convertable/Numbers/Integer_Convertable.swift /Users/admin/builder/spi-builder-workspace/Sources/\|/Convertable/Numbers/Math_Convertable.swift /Users/admin/builder/spi-builder-workspace/Sources/\|/Convertable/Numbers/Numeric_Convertable.swift /Users/admin/builder/spi-builder-workspace/Sources/\|/Convertable/String_Convertable.swift /Users/admin/builder/spi-builder-workspace/Sources/\|/Describing/Describing.swift /Users/admin/builder/spi-builder-workspace/Sources/\|/Describing/Describing_Character.swift /Users/admin/builder/spi-builder-workspace/Sources/\|/Describing/Describing_Data.swift /Users/admin/builder/spi-builder-workspace/Sources/\|/Expecting.swift /Users/admin/builder/spi-builder-workspace/Sources/\|/Wanded/Core+Wanded.swift /Users/admin/builder/spi-builder-workspace/Sources/\|/Wanded/Proxy.swift /Users/admin/builder/spi-builder-workspace/Sources/\|/Wanded/Wanded.swift /Users/admin/builder/spi-builder-workspace/Sources/\|/\|\!.swift /Users/admin/builder/spi-builder-workspace/Sources/\|/\|.swift -target arm64-apple-tvos15.0 -module-can-import-version CoreGraphics 2049 2049.0.0 -module-can-import-version Foundation 5027.0.69 5027.0.69 -module-can-import-version Network 5000.0.33 6681.3.1 -module-can-import-version UIKit 9127.0.84.1 9127.0.84 -disable-cross-import-overlay-search -load-resolved-plugin /Applications/Xcode-27.0.0-Release.Candidate.app/Contents/Developer/Platforms/AppleTVOS.platform/Developer/usr/lib/swift/host/plugins/libFoundationMacros.dylib\#/Applications/Xcode-27.0.0-Release.Candidate.app/Contents/Developer/Platforms/AppleTVOS.platform/Developer/usr/bin/swift-plugin-server\#FoundationMacros -load-resolved-plugin /Applications/Xcode-27.0.0-Release.Candidate.app/Contents/Developer/Platforms/AppleTVOS.platform/Developer/usr/lib/swift/host/plugins/libObservationMacros.dylib\#/Applications/Xcode-27.0.0-Release.Candidate.app/Contents/Developer/Platforms/AppleTVOS.platform/Developer/usr/bin/swift-plugin-server\#ObservationMacros -load-resolved-plugin /Applications/Xcode-27.0.0-Release.Candidate.app/Contents/Developer/Platforms/AppleTVOS.platform/Developer/usr/lib/swift/host/plugins/libPreviewsMacros.dylib\#/Applications/Xcode-27.0.0-Release.Candidate.app/Contents/Developer/Platforms/AppleTVOS.platform/Developer/usr/bin/swift-plugin-server\#PreviewsMacros -load-resolved-plugin /Applications/Xcode-27.0.0-Release.Candidate.app/Contents/Developer/Platforms/AppleTVOS.platform/Developer/usr/lib/swift/host/plugins/libSwiftMacros.dylib\#/Applications/Xcode-27.0.0-Release.Candidate.app/Contents/Developer/Platforms/AppleTVOS.platform/Developer/usr/bin/swift-plugin-server\#SwiftMacros -load-resolved-plugin /Applications/Xcode-27.0.0-Release.Candidate.app/Contents/Developer/Platforms/AppleTVOS.platform/Developer/usr/lib/swift/host/plugins/libSwiftUIMacros.dylib\#/Applications/Xcode-27.0.0-Release.Candidate.app/Contents/Developer/Platforms/AppleTVOS.platform/Developer/usr/bin/swift-plugin-server\#SwiftUIMacros -disable-implicit-swift-modules -Xcc -fno-implicit-modules -Xcc -fno-implicit-module-maps -explicit-swift-module-map-file /Users/admin/builder/spi-builder-workspace/.derivedData/Build/Intermediates.noindex/Wand.build/Debug-appletvos/Wand-t.build/Objects-normal/arm64/Wand-dependencies-1.json -Xllvm -aarch64-use-tbi -enable-objc-interop -stack-check -sdk /Applications/Xcode-27.0.0-Release.Candidate.app/Contents/Developer/Platforms/AppleTVOS.platform/Developer/SDKs/AppleTVOS27.0.sdk -I /Users/admin/builder/spi-builder-workspace/.derivedData/Build/Products/Debug-appletvos -Isystem /Applications/Xcode-27.0.0-Release.Candidate.app/Contents/Developer/Platforms/AppleTVOS.platform/Developer/usr/lib -F /Users/admin/builder/spi-builder-workspace/.derivedData/Build/Products/Debug-appletvos -F /Applications/Xcode-27.0.0-Release.Candidate.app/Contents/Developer/Platforms/AppleTVOS.platform/Developer/Library/Frameworks -F /Applications/Xcode-27.0.0-Release.Candidate.app/Contents/Developer/Platforms/AppleTVOS.platform/Developer/SDKs/AppleTVOS27.0.sdk/Developer/Library/Frameworks -module-cache-path /Users/admin/builder/spi-builder-workspace/.derivedData/Build/Intermediates.noindex/SwiftExplicitPrecompiledModules -no-color-diagnostics -Xcc -fno-color-diagnostics -enable-testing -g -debug-info-format\=dwarf -dwarf-version\=4 -profile-generate -profile-coverage-mapping -swift-version 5 -Onone -D SWIFT_PACKAGE -D DEBUG -D SWIFT_MODULE_RESOURCE_BUNDLE_UNAVAILABLE -D Xcode -serialize-debugging-options -enable-experimental-feature DebugDescriptionMacro -empty-abi-descriptor -validate-clang-modules-once -clang-build-session-file /Users/admin/builder/spi-builder-workspace/.derivedData/ModuleCache.noindex/Session.modulevalidation -Xcc -working-directory -Xcc /Users/admin/builder/spi-builder-workspace/.swiftpm/xcode -enable-anonymous-context-mangled-names -file-compilation-dir /Users/admin/builder/spi-builder-workspace/.swiftpm/xcode -Xcc -D_LIBCPP_HARDENING_MODE\=_LIBCPP_HARDENING_MODE_DEBUG -Xcc -ivfsstatcache -Xcc /Users/admin/builder/spi-builder-workspace/.derivedData/SDKStatCaches.noindex/appletvos27.0-24J360-e829b21a6f8c9b70876ba0858053c044b32bfd8d43560033f8d89884cdb90028.sdkstatcache -Xcc -fmodules-prune-interval\=86400 -Xcc -fmodules-prune-after\=345600 -Xcc -I/Users/admin/builder/spi-builder-workspace/.derivedData/Build/Products/Debug-appletvos/include -Xcc -I/Users/admin/builder/spi-builder-workspace/.derivedData/Build/Intermediates.noindex/Wand.build/Debug-appletvos/Wand-t.build/DerivedSources-normal/arm64 -Xcc -I/Users/admin/builder/spi-builder-workspace/.derivedData/Build/Intermediates.noindex/Wand.build/Debug-appletvos/Wand-t.build/DerivedSources/arm64 -Xcc -I/Users/admin/builder/spi-builder-workspace/.derivedData/Build/Intermediates.noindex/Wand.build/Debug-appletvos/Wand-t.build/DerivedSources -Xcc -DSWIFT_PACKAGE -Xcc -DDEBUG\=1 -no-auto-bridging-header-chaining -module-name Wand -const-gather-protocols-file /Users/admin/builder/spi-builder-workspace/.derivedData/Build/Intermediates.noindex/Wand.build/Debug-appletvos/Wand-t.build/Objects-normal/arm64/Wand_const_extract_protocols.json -disable-clang-spi -clang-target arm64-apple-tvos27.0 -target-sdk-version 27.0 -target-sdk-name appletvos27.0 -in-process-plugin-server-path /Applications/Xcode-27.0.0-Release.Candidate.app/Contents/Developer/Toolchains/XcodeDefault.xctoolchain/usr/lib/swift/host/libSwiftInProcPluginServer.dylib -emit-module-doc-path /Users/admin/builder/spi-builder-workspace/.derivedData/Build/Intermediates.noindex/Wand.build/Debug-appletvos/Wand-t.build/Objects-normal/arm64/Wand.swiftdoc -emit-module-source-info-path /Users/admin/builder/spi-builder-workspace/.derivedData/Build/Intermediates.noindex/Wand.build/Debug-appletvos/Wand-t.build/Objects-normal/arm64/Wand.swiftsourceinfo -emit-objc-header-path /Users/admin/builder/spi-builder-workspace/.derivedData/Build/Intermediates.noindex/Wand.build/Debug-appletvos/Wand-t.build/Objects-normal/arm64/Wand-Swift.h -serialize-diagnostics-path /Users/admin/builder/spi-builder-workspace/.derivedData/Build/Intermediates.noindex/Wand.build/Debug-appletvos/Wand-t.build/Objects-normal/arm64/Wand-primary-emit-module.dia -emit-dependencies-path /Users/admin/builder/spi-builder-workspace/.derivedData/Build/Intermediates.noindex/Wand.build/Debug-appletvos/Wand-t.build/Objects-normal/arm64/Wand-primary-emit-module.d -parse-as-library -o /Users/admin/builder/spi-builder-workspace/.derivedData/Build/Intermediates.noindex/Wand.build/Debug-appletvos/Wand-t.build/Objects-normal/arm64/Wand.swiftmodule -emit-abi-descriptor-path /Users/admin/builder/spi-builder-workspace/.derivedData/Build/Intermediates.noindex/Wand.build/Debug-appletvos/Wand-t.build/Objects-normal/arm64/Wand.abi.json
SwiftCompile normal arm64 (in target 'Wand' from project 'Wand')
cd /Users/admin/builder/spi-builder-workspace/.swiftpm/xcode
SwiftCompile normal arm64 Compiling\ NWParameters_Obtain.swift,\ NWProtocolTLS.Options_Obtain.swift,\ WandFramerProtocol.swift,\ Obtainable.swift,\ Ubiquitous.swift,\ Addons.swift /Users/admin/builder/spi-builder-workspace/Sources/MicroServices/NWParameters_Obtain.swift /Users/admin/builder/spi-builder-workspace/Sources/MicroServices/NWProtocolTLS.Options_Obtain.swift /Users/admin/builder/spi-builder-workspace/Sources/MicroServices/WandFramerProtocol.swift /Users/admin/builder/spi-builder-workspace/Sources/Obtainable.swift /Users/admin/builder/spi-builder-workspace/Sources/Ubiquitous.swift /Users/admin/builder/spi-builder-workspace/Sources/|/Addons/Addons.swift (in target 'Wand' from project 'Wand')
/Users/admin/builder/spi-builder-workspace/Sources/MicroServices/NWParameters_Obtain.swift:42:16: warning: immutable value 'code' was never used; consider replacing with '_' or removing it [#NoUsage]
40 | let wand = wand ?? Core.to(scope)
41 |
42 | if let code: String = wand.get() {
| `- warning: immutable value 'code' was never used; consider replacing with '_' or removing it [#NoUsage]
43 | let tcpOptions = NWProtocolTCP.Options()
44 | tcpOptions.enableKeepalive = true
/Users/admin/builder/spi-builder-workspace/Sources/MicroServices/NWParameters_Obtain.swift:50:17: warning: initialization of immutable value 'gameOptions' was never used; consider replacing with assignment to '_' or removing it [#NoUsage]
48 | options.includePeerToPeer = true
49 |
50 | let gameOptions = NWProtocolFramer.Options(definition: WandFramerProtocol.definition)
| `- warning: initialization of immutable value 'gameOptions' was never used; consider replacing with assignment to '_' or removing it [#NoUsage]
51 | //TODO
52 | //self.defaultProtocolStack.applicationProtocols.insert(gameOptions, at: 0)
/Users/admin/builder/spi-builder-workspace/Sources/+/+.swift:70:6: warning: same-type requirement makes generic parameter 'T' non-generic; this is an error in the Swift 6 language mode
68 | @inline(__always)
69 | public
70 | func +<T>(wand: Core, raw: (sequence: T, Core.Key)) where T == any Sequence {
| `- warning: same-type requirement makes generic parameter 'T' non-generic; this is an error in the Swift 6 language mode
71 | raw.sequence.forEach {
72 | wand + $0
SwiftCompile normal arm64 /Users/admin/builder/spi-builder-workspace/Sources/MicroServices/NWParameters_Obtain.swift (in target 'Wand' from project 'Wand')
cd /Users/admin/builder/spi-builder-workspace/.swiftpm/xcode
builtin-SwiftPerFileCompile NWParameters_Obtain.swift
SwiftCompile normal arm64 /Users/admin/builder/spi-builder-workspace/Sources/MicroServices/NWProtocolTLS.Options_Obtain.swift (in target 'Wand' from project 'Wand')
cd /Users/admin/builder/spi-builder-workspace/.swiftpm/xcode
builtin-SwiftPerFileCompile NWProtocolTLS.Options_Obtain.swift
SwiftCompile normal arm64 /Users/admin/builder/spi-builder-workspace/Sources/MicroServices/WandFramerProtocol.swift (in target 'Wand' from project 'Wand')
cd /Users/admin/builder/spi-builder-workspace/.swiftpm/xcode
builtin-SwiftPerFileCompile WandFramerProtocol.swift
SwiftCompile normal arm64 /Users/admin/builder/spi-builder-workspace/Sources/Obtainable.swift (in target 'Wand' from project 'Wand')
cd /Users/admin/builder/spi-builder-workspace/.swiftpm/xcode
builtin-SwiftPerFileCompile Obtainable.swift
SwiftCompile normal arm64 /Users/admin/builder/spi-builder-workspace/Sources/Ubiquitous.swift (in target 'Wand' from project 'Wand')
cd /Users/admin/builder/spi-builder-workspace/.swiftpm/xcode
builtin-SwiftPerFileCompile Ubiquitous.swift
SwiftCompile normal arm64 /Users/admin/builder/spi-builder-workspace/Sources/|/Addons/Addons.swift (in target 'Wand' from project 'Wand')
cd /Users/admin/builder/spi-builder-workspace/.swiftpm/xcode
builtin-SwiftPerFileCompile Addons.swift
SwiftCompile normal arm64 Compiling\ Platform.swift,\ Weak.swift,\ DataBreach.swift,\ Fix.swift,\ Retry.swift,\ NLTag_Ask.swift,\ NLTagger_Obtain.swift /Users/admin/builder/spi-builder-workspace/Sources/Core/Platform/Platform.swift /Users/admin/builder/spi-builder-workspace/Sources/Core/Weak.swift /Users/admin/builder/spi-builder-workspace/Sources/DataBreach.swift /Users/admin/builder/spi-builder-workspace/Sources/Fix/Fix.swift /Users/admin/builder/spi-builder-workspace/Sources/Fix/Retry.swift /Users/admin/builder/spi-builder-workspace/Sources/ML/NLTag_Ask.swift /Users/admin/builder/spi-builder-workspace/Sources/ML/NLTagger_Obtain.swift (in target 'Wand' from project 'Wand')
SwiftCompile normal arm64 /Users/admin/builder/spi-builder-workspace/Sources/Core/Platform/Platform.swift (in target 'Wand' from project 'Wand')
cd /Users/admin/builder/spi-builder-workspace/.swiftpm/xcode
builtin-SwiftPerFileCompile Platform.swift
SwiftCompile normal arm64 /Users/admin/builder/spi-builder-workspace/Sources/Core/Weak.swift (in target 'Wand' from project 'Wand')
cd /Users/admin/builder/spi-builder-workspace/.swiftpm/xcode
builtin-SwiftPerFileCompile Weak.swift
SwiftCompile normal arm64 /Users/admin/builder/spi-builder-workspace/Sources/DataBreach.swift (in target 'Wand' from project 'Wand')
cd /Users/admin/builder/spi-builder-workspace/.swiftpm/xcode
builtin-SwiftPerFileCompile DataBreach.swift
SwiftCompile normal arm64 /Users/admin/builder/spi-builder-workspace/Sources/Fix/Fix.swift (in target 'Wand' from project 'Wand')
cd /Users/admin/builder/spi-builder-workspace/.swiftpm/xcode
builtin-SwiftPerFileCompile Fix.swift
SwiftCompile normal arm64 /Users/admin/builder/spi-builder-workspace/Sources/Fix/Retry.swift (in target 'Wand' from project 'Wand')
cd /Users/admin/builder/spi-builder-workspace/.swiftpm/xcode
builtin-SwiftPerFileCompile Retry.swift
SwiftCompile normal arm64 /Users/admin/builder/spi-builder-workspace/Sources/ML/NLTag_Ask.swift (in target 'Wand' from project 'Wand')
cd /Users/admin/builder/spi-builder-workspace/.swiftpm/xcode
builtin-SwiftPerFileCompile NLTag_Ask.swift
SwiftCompile normal arm64 /Users/admin/builder/spi-builder-workspace/Sources/ML/NLTagger_Obtain.swift (in target 'Wand' from project 'Wand')
cd /Users/admin/builder/spi-builder-workspace/.swiftpm/xcode
builtin-SwiftPerFileCompile NLTagger_Obtain.swift
PruneExplicitPrecompiledModules /Users/admin/builder/spi-builder-workspace/.derivedData/Build/Intermediates.noindex/ExplicitPrecompiledModules
PruneExplicitPrecompiledModules /Users/admin/builder/spi-builder-workspace/.derivedData/Build/Intermediates.noindex/SwiftExplicitPrecompiledModules
PruneExplicitPrecompiledModules /Users/admin/builder/spi-builder-workspace/.derivedData/SDKExplicitPrecompiledModules
2026-09-28 00:55:30.701 xcodebuild[854:5254] [MT] IDERunDestination: Supported platforms for the buildables in the current scheme is empty.
2026-09-28 00:55:30.814 xcodebuild[854:5254] [MT] IDERunDestination: Supported platforms for the buildables in the current scheme is empty.
** BUILD FAILED **
The following build commands failed:
SwiftEmitModule normal arm64 Emitting\ module\ for\ Wand (in target 'Wand' from project 'Wand')
SwiftCompile normal arm64 (in target 'Wand' from project 'Wand')
Building workspace Wand with scheme Wand
(3 failures)
BUILD FAILURE 6.4 tvOS