The Swift Package Index logo.Swift Package Index

Build Information

Failed to build MariaDB, reference main (5146cc), with Swift 6.4 for macOS (SPM) on 15 Oct 2026 20:15:07 UTC.

Build Command

env DEVELOPER_DIR=/Applications/Xcode-27.0.0.app xcrun swift build --arch arm64

Build Log

========================================
RunAll
========================================
Builder version: 5.1.3
Interrupt handler set up.
========================================
Checkout
========================================
Clone URL: https://github.com/perfectlysoft/perfect-mariadb.git
Reference: main
Initialized empty Git repository in /Users/admin/builder/spi-builder-workspace/.git/
From https://github.com/perfectlysoft/perfect-mariadb
 * branch            main       -> FETCH_HEAD
 * [new branch]      main       -> origin/main
HEAD is now at 5146ccd Merge pull request #26 from PerfectlySoft/release-prep
Cloned https://github.com/perfectlysoft/perfect-mariadb.git
Revision (git rev-parse @):
5146ccd5d84ada9e6fd5bf19cf4577c23bac3f36
SUCCESS checkout https://github.com/perfectlysoft/perfect-mariadb.git at main
Fetching https://github.com/PerfectlySoft/Perfect-CRUD.git
[1/1723] Fetching perfect-crud
Fetched https://github.com/PerfectlySoft/Perfect-CRUD.git (1.23s)
Computing version for https://github.com/PerfectlySoft/Perfect-CRUD.git
Computed https://github.com/PerfectlySoft/Perfect-CRUD.git at 3.1.0 (1.83s)
Creating working copy for https://github.com/PerfectlySoft/Perfect-CRUD.git
Working copy of https://github.com/PerfectlySoft/Perfect-CRUD.git resolved at 3.1.0
========================================
ResolveProductDependencies
========================================
Resolving dependencies ...
{
  "identity": ".resolve-product-dependencies",
  "name": "resolve-dependencies",
  "url": "/Users/admin/builder/spi-builder-workspace/.resolve-product-dependencies",
  "version": "unspecified",
  "path": "/Users/admin/builder/spi-builder-workspace/.resolve-product-dependencies",
  "traits": [
    "default"
  ],
  "dependencies": [
    {
      "identity": "perfect-mariadb",
      "name": "MariaDB",
      "url": "https://github.com/perfectlysoft/perfect-mariadb.git",
      "version": "unspecified",
      "path": "/Users/admin/builder/spi-builder-workspace/.resolve-product-dependencies/.build/checkouts/perfect-mariadb",
      "traits": [
        "default"
      ],
      "dependencies": [
        {
          "identity": "perfect-crud",
          "name": "PerfectCRUD",
          "url": "https://github.com/PerfectlySoft/Perfect-CRUD.git",
          "version": "3.1.0",
          "path": "/Users/admin/builder/spi-builder-workspace/.resolve-product-dependencies/.build/checkouts/Perfect-CRUD",
          "traits": [
            "default"
          ],
          "dependencies": [
          ]
        }
      ]
    }
  ]
}
Fetching https://github.com/perfectlysoft/perfect-mariadb.git
[1/594] Fetching perfect-mariadb
Fetched https://github.com/perfectlysoft/perfect-mariadb.git (1.00s)
Fetching https://github.com/PerfectlySoft/Perfect-CRUD.git from cache
Fetched https://github.com/PerfectlySoft/Perfect-CRUD.git from cache (0.56s)
Computing version for https://github.com/PerfectlySoft/Perfect-CRUD.git
Computed https://github.com/PerfectlySoft/Perfect-CRUD.git at 3.1.0 (0.64s)
Creating working copy for https://github.com/PerfectlySoft/Perfect-CRUD.git
Working copy of https://github.com/PerfectlySoft/Perfect-CRUD.git resolved at 3.1.0
Creating working copy for https://github.com/perfectlysoft/perfect-mariadb.git
Working copy of https://github.com/perfectlysoft/perfect-mariadb.git resolved at main (5146ccd)
warning: '.resolve-product-dependencies': dependency 'perfect-mariadb' is not used by any target
Found 1 product dependencies
  - PerfectCRUD
========================================
Build
========================================
Selected platform:         macosSpm
Swift version:             6.4
Building package at path:  $PWD
https://github.com/perfectlysoft/perfect-mariadb.git
Running build ...
env DEVELOPER_DIR=/Applications/Xcode-27.0.0.app xcrun swift build --arch arm64
Building for debugging...
[Pre-planning 1 / 97]
[Planning deferred tasks]
[25 / 42]
[26 / 43] PerfectCRUD
[36 / 88]
[41 / 88]
[44 / 88]
[45 / 88]
[49 / 88]
[51 / 88]
[54 / 88]
[57 / 88]
[59 / 88]
[60 / 88]
[71 / 88] PerfectCRUD
[72 / 88] PerfectCRUD
[80 / 89] MariaDB
warning: 'spi-builder-workspace': failed to retrieve search paths with pkg-config; maybe pkg-config is not installed
warning: 'spi-builder-workspace': you may be able to install libmariadb using your system-packager:
    brew install mariadb-connector-c
error: clang dependency scanning failure: While building module 'mariadbclient' imported from module-include.input:1:
In file included from <module-includes>:1:
/Users/admin/builder/spi-builder-workspace/Sources/mariadbclient/mariadb.h:3:10: fatal error: 'mysql.h' file not found
module-include.input:1:4: fatal error: could not build module 'mariadbclient'
error: clang dependency scanning failure:
error: /Users/admin/builder/spi-builder-workspace/Sources/MariaDB/MariaDB.swift:1:8 unable to resolve module dependency: 'mariadbclient'
error: clang dependency scanning failure: While building module 'mariadbclient' imported from module-include.input:1:
In file included from <module-includes>:1:
/Users/admin/builder/spi-builder-workspace/Sources/mariadbclient/mariadb.h:3:10: fatal error: 'mysql.h' file not found
module-include.input:1:4: fatal error: could not build module 'mariadbclient'
error: SwiftDriver MariaDB normal arm64 com.apple.xcode.tools.swift.compiler failed with a nonzero exit code. Command line:     cd /Users/admin/builder
    builtin-SwiftDriver -- /Applications/Xcode-27.0.0.app/Contents/Developer/Toolchains/XcodeDefault.xctoolchain/usr/bin/swiftc -parse-as-library -module-name MariaDB -Onone @/Users/admin/builder/spi-builder-workspace/.build/out/Intermediates.noindex/MariaDB.build/Debug/MariaDB-t.build/Objects-normal/arm64/MariaDB.SwiftFileList -DSWIFT_PACKAGE -DDEBUG -DSWIFT_MODULE_RESOURCE_BUNDLE_UNAVAILABLE -Xcc -fmodule-map-file\=/Users/admin/builder/spi-builder-workspace/Sources/mariadbclient/module.modulemap -DXcode -plugin-path /Applications/Xcode-27.0.0.app/Contents/Developer/Toolchains/XcodeDefault.xctoolchain/usr/lib/swift/host/plugins/testing -enable-experimental-feature DebugDescriptionMacro -sdk /Applications/Xcode-27.0.0.app/Contents/Developer/Platforms/MacOSX.platform/Developer/SDKs/MacOSX27.0.sdk -target arm64-apple-macos12.0 -g -module-cache-path /Users/admin/builder/spi-builder-workspace/.build/out/ModuleCache.noindex -Xfrontend -serialize-debugging-options -enable-testing -index-store-path /Users/admin/builder/spi-builder-workspace/.build/out -Xcc -D_LIBCPP_HARDENING_MODE\=_LIBCPP_HARDENING_MODE_DEBUG -swift-version 6 -I /Users/admin/builder/spi-builder-workspace/.build/out/Products/Debug -Isystem /Applications/Xcode-27.0.0.app/Contents/Developer/Platforms/MacOSX.platform/Developer/usr/lib -F /Users/admin/builder/spi-builder-workspace/.build/out/Products/Debug/PackageFrameworks -F /Users/admin/builder/spi-builder-workspace/.build/out/Products/Debug -F /Applications/Xcode-27.0.0.app/Contents/Developer/Platforms/MacOSX.platform/Developer/Library/Frameworks -c -j10 -enable-batch-mode -incremental -Xcc -ivfsstatcache -Xcc /Users/admin/builder/spi-builder-workspace/.build/out/SDKStatCaches.noindex/macosx27.0-26A425-80c5bbf1d171475443272936d42f90a389db99fe7804849a4777d653a8cfc1be.sdkstatcache -output-file-map /Users/admin/builder/spi-builder-workspace/.build/out/Intermediates.noindex/MariaDB.build/Debug/MariaDB-t.build/Objects-normal/arm64/MariaDB-OutputFileMap.json -save-temps -color-diagnostics -explicit-module-build -module-cache-path /Users/admin/builder/spi-builder-workspace/.build/out/Intermediates.noindex/SwiftExplicitPrecompiledModules -clang-scanner-module-cache-path /Users/admin/builder/spi-builder-workspace/.build/out/ModuleCache.noindex -sdk-module-cache-path /Users/admin/builder/spi-builder-workspace/.build/out/SDKExplicitPrecompiledModules -emit-dependencies -emit-module -emit-module-path /Users/admin/builder/spi-builder-workspace/.build/out/Intermediates.noindex/MariaDB.build/Debug/MariaDB-t.build/Objects-normal/arm64/MariaDB.swiftmodule -serialize-diagnostics -dependency-scan-serialize-diagnostics-path /Users/admin/builder/spi-builder-workspace/.build/out/Intermediates.noindex/MariaDB.build/Debug/MariaDB-t.build/Objects-normal/arm64/MariaDB-dependency-scan.dia -validate-clang-modules-once -clang-build-session-file /Users/admin/builder/spi-builder-workspace/.build/out/ModuleCache.noindex/Session.modulevalidation -Xcc -fmodules-prune-interval\=86400 -Xcc -fmodules-prune-after\=345600 -package-name spi_builder_workspace -emit-const-values -const-gather-protocols-list /Users/admin/builder/spi-builder-workspace/.build/out/Intermediates.noindex/MariaDB.build/Debug/MariaDB-t.build/Objects-normal/arm64/MariaDB_const_extract_protocols.json -Xcc -I/Users/admin/builder/spi-builder-workspace/.build/out/Products/Debug/include -Xcc -I/Users/admin/builder/spi-builder-workspace/.build/out/Intermediates.noindex/MariaDB.build/Debug/MariaDB-t.build/DerivedSources-normal/arm64 -Xcc -I/Users/admin/builder/spi-builder-workspace/.build/out/Intermediates.noindex/MariaDB.build/Debug/MariaDB-t.build/DerivedSources/arm64 -Xcc -I/Users/admin/builder/spi-builder-workspace/.build/out/Intermediates.noindex/MariaDB.build/Debug/MariaDB-t.build/DerivedSources -Xcc -DSWIFT_PACKAGE -Xcc -DDEBUG\=1 -emit-objc-header -emit-objc-header-path /Users/admin/builder/spi-builder-workspace/.build/out/Intermediates.noindex/MariaDB.build/Debug/MariaDB-t.build/Objects-normal/arm64/MariaDB-Swift.h -working-directory /Users/admin/builder -experimental-emit-module-separately -disable-cmo
error: Build failed
BUILD FAILURE 6.4 macosSpm