Build Information
Failed to build DuctTape, reference master (01b7c8), with Swift 6.4 for watchOS using Xcode 27.0 on 17 Sep 2026 15:09:17 UTC.
Build Command
env DEVELOPER_DIR=/Applications/Xcode-27.0.0-Release.Candidate.app xcrun xcodebuild -IDEClonedSourcePackagesDirPathOverride=$PWD/.dependencies -skipMacroValidation -skipPackagePluginValidation -derivedDataPath $PWD/.derivedData build -scheme DuctTape -destination generic/platform=watchOSBuild Log
========================================
RunAll
========================================
Builder version: 5.1.0
Interrupt handler set up.
========================================
Checkout
========================================
Clone URL: https://github.com/marty-suzuki/DuctTape.git
Reference: master
Initialized empty Git repository in /Users/admin/builder/spi-builder-workspace/.git/
From https://github.com/marty-suzuki/DuctTape
* branch master -> FETCH_HEAD
* [new branch] master -> origin/master
HEAD is now at 01b7c87 Update .travis.yml
Cloned https://github.com/marty-suzuki/DuctTape.git
Revision (git rev-parse @):
01b7c87f5a4012aa750f4811413f17d82dca0401
SUCCESS checkout https://github.com/marty-suzuki/DuctTape.git at master
========================================
Build
========================================
Selected platform: watchOS
Swift version: 6.4
Building package at path: $PWD
https://github.com/marty-suzuki/DuctTape.git
Command line invocation:
/Applications/Xcode-27.0.0-Release.Candidate.app/Contents/Developer/usr/bin/xcodebuild -IDEClonedSourcePackagesDirPathOverride=/Users/admin/builder/spi-builder-workspace/.dependencies -resolvePackageDependencies
resolved source packages:
{
"dependencies" : [
],
"manifest_display_name" : "DuctTape",
"name" : "DuctTape",
"path" : "/Users/admin/builder/spi-builder-workspace",
"platforms" : [
{
"name" : "macos",
"version" : "10.10"
},
{
"name" : "ios",
"version" : "9.0"
},
{
"name" : "tvos",
"version" : "10.0"
},
{
"name" : "watchos",
"version" : "3.0"
}
],
"products" : [
{
"name" : "DuctTape",
"targets" : [
"DuctTape"
],
"type" : {
"library" : [
"automatic"
]
}
}
],
"targets" : [
{
"c99name" : "DuctTapeTests",
"module_type" : "SwiftTarget",
"name" : "DuctTapeTests",
"path" : "Tests/DuctTapeTests",
"sources" : [
"DuctTapeTests.swift",
"XCTestManifests.swift"
],
"target_dependencies" : [
"DuctTape"
],
"type" : "test"
},
{
"c99name" : "DuctTape",
"module_type" : "SwiftTarget",
"name" : "DuctTape",
"path" : "Sources/DuctTape",
"product_memberships" : [
"DuctTape"
],
"sources" : [
"DuctTape.swift"
],
"type" : "library"
}
],
"tools_version" : "5.1"
}
{
"project" : {
"configurations" : [
"Debug",
"Release"
],
"name" : "DuctTape",
"schemes" : [
"DuctTape"
],
"targets" : [
"DuctTape",
"DuctTapePackageDescription",
"DuctTapePackageTests",
"DuctTapeTests"
]
}
}
Running build ...
env DEVELOPER_DIR=/Applications/Xcode-27.0.0-Release.Candidate.app xcrun xcodebuild -IDEClonedSourcePackagesDirPathOverride=$PWD/.dependencies -skipMacroValidation -skipPackagePluginValidation -derivedDataPath $PWD/.derivedData build -scheme DuctTape -destination generic/platform=watchOS
Command line invocation:
/Applications/Xcode-27.0.0-Release.Candidate.app/Contents/Developer/usr/bin/xcodebuild -IDEClonedSourcePackagesDirPathOverride=/Users/admin/builder/spi-builder-workspace/.dependencies -skipMacroValidation -skipPackagePluginValidation -derivedDataPath /Users/admin/builder/spi-builder-workspace/.derivedData build -scheme DuctTape -destination generic/platform=watchOS
ComputePackagePrebuildTargetDependencyGraph
Prepare packages
CreateBuildRequest
SendProjectDescription
CreateBuildOperation
ComputeTargetDependencyGraph
note: Building targets in dependency order
note: Target dependency graph (1 target)
Target 'DuctTape' in project 'DuctTape' (no dependencies)
GatherProvisioningInputs
CreateBuildDescription
ExecuteExternalTool /Applications/Xcode-27.0.0-Release.Candidate.app/Contents/Developer/Toolchains/XcodeDefault.xctoolchain/usr/bin/clang -v -E -dM -isysroot /Applications/Xcode-27.0.0-Release.Candidate.app/Contents/Developer/Platforms/WatchOS.platform/Developer/SDKs/WatchOS27.0.sdk -x c -c /dev/null
ExecuteExternalTool /Applications/Xcode-27.0.0-Release.Candidate.app/Contents/Developer/Toolchains/XcodeDefault.xctoolchain/usr/bin/swiftc --version
ExecuteExternalTool /Applications/Xcode-27.0.0-Release.Candidate.app/Contents/Developer/Toolchains/XcodeDefault.xctoolchain/usr/bin/ld -version_details
Build description signature: 96b755778c5efea2e40dc6ee6ef8515e
Build description path: /Users/admin/builder/spi-builder-workspace/.derivedData/Build/Intermediates.noindex/XCBuildData/96b755778c5efea2e40dc6ee6ef8515e.xcbuilddata
/Users/admin/builder/spi-builder-workspace/DuctTape.xcodeproj: error: The watchOS deployment target 'WATCHOS_DEPLOYMENT_TARGET' is set to 3.0, but the range of supported deployment target versions is 9.0 to 27.0.x. (in target 'DuctTape' from project 'DuctTape')
error: The armv7k architecture is deprecated. You should update your ARCHS build setting to remove the armv7k architecture. (in target 'DuctTape' from project 'DuctTape')
** BUILD FAILED **
The following build commands failed:
Building project DuctTape with scheme DuctTape
(1 failure)
Command line invocation:
/Applications/Xcode-27.0.0-Release.Candidate.app/Contents/Developer/usr/bin/xcodebuild -IDEClonedSourcePackagesDirPathOverride=/Users/admin/builder/spi-builder-workspace/.dependencies -resolvePackageDependencies
resolved source packages:
{
"dependencies" : [
],
"manifest_display_name" : "DuctTape",
"name" : "DuctTape",
"path" : "/Users/admin/builder/spi-builder-workspace",
"platforms" : [
{
"name" : "macos",
"version" : "10.10"
},
{
"name" : "ios",
"version" : "9.0"
},
{
"name" : "tvos",
"version" : "10.0"
},
{
"name" : "watchos",
"version" : "3.0"
}
],
"products" : [
{
"name" : "DuctTape",
"targets" : [
"DuctTape"
],
"type" : {
"library" : [
"automatic"
]
}
}
],
"targets" : [
{
"c99name" : "DuctTapeTests",
"module_type" : "SwiftTarget",
"name" : "DuctTapeTests",
"path" : "Tests/DuctTapeTests",
"sources" : [
"DuctTapeTests.swift",
"XCTestManifests.swift"
],
"target_dependencies" : [
"DuctTape"
],
"type" : "test"
},
{
"c99name" : "DuctTape",
"module_type" : "SwiftTarget",
"name" : "DuctTape",
"path" : "Sources/DuctTape",
"product_memberships" : [
"DuctTape"
],
"sources" : [
"DuctTape.swift"
],
"type" : "library"
}
],
"tools_version" : "5.1"
}
{
"project" : {
"configurations" : [
"Debug",
"Release"
],
"name" : "DuctTape",
"schemes" : [
"DuctTape"
],
"targets" : [
"DuctTape",
"DuctTapePackageDescription",
"DuctTapePackageTests",
"DuctTapeTests"
]
}
}
Running build ...
env DEVELOPER_DIR=/Applications/Xcode-27.0.0-Release.Candidate.app xcrun xcodebuild -IDEClonedSourcePackagesDirPathOverride=$PWD/.dependencies -skipMacroValidation -skipPackagePluginValidation -derivedDataPath $PWD/.derivedData build -scheme DuctTape -destination generic/platform=watchOS
Command line invocation:
/Applications/Xcode-27.0.0-Release.Candidate.app/Contents/Developer/usr/bin/xcodebuild -IDEClonedSourcePackagesDirPathOverride=/Users/admin/builder/spi-builder-workspace/.dependencies -skipMacroValidation -skipPackagePluginValidation -derivedDataPath /Users/admin/builder/spi-builder-workspace/.derivedData build -scheme DuctTape -destination generic/platform=watchOS
ComputePackagePrebuildTargetDependencyGraph
Prepare packages
CreateBuildRequest
SendProjectDescription
CreateBuildOperation
ComputeTargetDependencyGraph
note: Building targets in dependency order
note: Target dependency graph (1 target)
Target 'DuctTape' in project 'DuctTape' (no dependencies)
GatherProvisioningInputs
CreateBuildDescription
error: The armv7k architecture is deprecated. You should update your ARCHS build setting to remove the armv7k architecture. (in target 'DuctTape' from project 'DuctTape')
/Users/admin/builder/spi-builder-workspace/DuctTape.xcodeproj: error: The watchOS deployment target 'WATCHOS_DEPLOYMENT_TARGET' is set to 3.0, but the range of supported deployment target versions is 9.0 to 27.0.x. (in target 'DuctTape' from project 'DuctTape')
** BUILD FAILED **
The following build commands failed:
Building project DuctTape with scheme DuctTape
(1 failure)
BUILD FAILURE 6.4 watchOS