Build Information
Failed to build xcinfo, reference 1.0.3 (dd0752), with Swift 6.4 for macOS (Xcode) using Xcode 27.0 on 24 Sep 2026 00:46:16 UTC.
Build Command
No build command. This typically means the build failed at an early stage where we determine the build command.Build Log
========================================
RunAll
========================================
Builder version: 5.1.0
Interrupt handler set up.
========================================
Checkout
========================================
Clone URL: https://github.com/XcodeReleasesOrg/xcinfo.git
Reference: 1.0.3
Initialized empty Git repository in /Users/admin/builder/spi-builder-workspace/.git/
From https://github.com/XcodeReleasesOrg/xcinfo
* tag 1.0.3 -> FETCH_HEAD
HEAD is now at dd07520 Fixes Xcode version matching
Cloned https://github.com/XcodeReleasesOrg/xcinfo.git
Revision (git rev-parse @):
dd07520f1c7b929812d27f76e236d7d190b4e4c8
SUCCESS checkout https://github.com/XcodeReleasesOrg/xcinfo.git at 1.0.3
========================================
Build
========================================
Selected platform: macosXcodebuild
Swift version: 6.4
Building package at path: $PWD
https://github.com/XcodeReleasesOrg/xcinfo.git
Command line invocation:
/Applications/Xcode-27.0.0-Release.Candidate.app/Contents/Developer/usr/bin/xcodebuild -IDEClonedSourcePackagesDirPathOverride=/Users/admin/builder/spi-builder-workspace/.dependencies -resolvePackageDependencies
Resolve Package Graph
Fetching from https://github.com/xcodereleases/data.git
could not find a branch named ‘master’ in https://github.com/xcodereleases/data.git (did you mean ‘main’?)Resolve Package Graph
Updating from https://github.com/xcodereleases/data.git
could not find a branch named ‘master’ in https://github.com/xcodereleases/data.git (did you mean ‘main’?)Resolve Package Graph
Updating from https://github.com/xcodereleases/data.git
could not find a branch named ‘master’ in https://github.com/xcodereleases/data.git (did you mean ‘main’?)Resolve Package Graph
Updating from https://github.com/xcodereleases/data.git
could not find a branch named ‘master’ in https://github.com/xcodereleases/data.git (did you mean ‘main’?)
Resolved source packages:
spi-builder-workspace: (null)
2026-09-23 20:46:05.801 xcodebuild[526:3012] [MT] IDERunDestination: Supported platforms for the buildables in the current scheme is empty.
2026-09-23 20:46:05.951 xcodebuild[526:3012] [MT] IDERunDestination: Supported platforms for the buildables in the current scheme is empty.
2026-09-23 20:46:07.626 xcodebuild[526:3012] [MT] IDERunDestination: Supported platforms for the buildables in the current scheme is empty.
2026-09-23 20:46:14.550 xcodebuild[526:3012] Writing error result bundle to /var/folders/xq/y_g06wb113726d38xsyx71_h0000gn/T/ResultBundle_2026-23-09_20-46-0014.xcresult
xcodebuild: error: Could not resolve package dependencies:
could not find a branch named ‘master’ in https://github.com/xcodereleases/data.git (did you mean ‘main’?)
Command line invocation:
/Applications/Xcode-27.0.0-Release.Candidate.app/Contents/Developer/usr/bin/xcodebuild -IDEClonedSourcePackagesDirPathOverride=/Users/admin/builder/spi-builder-workspace/.dependencies -resolvePackageDependencies
Resolve Package Graph
Updating from https://github.com/xcodereleases/data.git
could not find a branch named ‘master’ in https://github.com/xcodereleases/data.git (did you mean ‘main’?)
Resolved source packages:
spi-builder-workspace: (null)
2026-09-23 20:46:15.488 xcodebuild[644:3787] [MT] IDERunDestination: Supported platforms for the buildables in the current scheme is empty.
2026-09-23 20:46:15.738 xcodebuild[644:3787] [MT] IDERunDestination: Supported platforms for the buildables in the current scheme is empty.
2026-09-23 20:46:16.243 xcodebuild[644:3787] Writing error result bundle to /var/folders/xq/y_g06wb113726d38xsyx71_h0000gn/T/ResultBundle_2026-23-09_20-46-0016.xcresult
xcodebuild: error: Could not resolve package dependencies:
could not find a branch named ‘master’ in https://github.com/xcodereleases/data.git (did you mean ‘main’?)
BUILD FAILURE 6.4 macosXcodebuild