The Swift Package Index logo.Swift Package Index

Build Information

Failed to build MattermostSwift, reference main (11d5a6), with Swift 6.3 for Wasm on 1 Nov 2026 01:23:03 UTC.

Build Command

bash -c docker run --pull=always --rm -v "checkouts-54344844-1":/host -w "$PWD" -e JAVA_HOME="/root/.sdkman/candidates/java/current" -e SPI_BUILD="1" -e SPI_PROCESSING="1" registry.gitlab.com/saguaro1/spi-images:wasm-6.3-latest swift build --swift-sdk swift-6.3.2-RELEASE_wasm 2>&1

Build Log

========================================
RunAll
========================================
Builder version: 5.1.4
Interrupt handler set up.
========================================
Checkout
========================================
Clone URL: https://github.com/randomsnowflake/MattermostSwift.git
Reference: main
Initialized empty Git repository in /host/spi-builder-workspace/.git/
hint: Using 'master' as the name for the initial branch. This default branch name
hint: is subject to change. To configure the initial branch name to use in all
hint: of your new repositories, which will suppress this warning, call:
hint:
hint: 	git config --global init.defaultBranch <name>
hint:
hint: Names commonly chosen instead of 'master' are 'main', 'trunk' and
hint: 'development'. The just-created branch can be renamed via this command:
hint:
hint: 	git branch -m <name>
From https://github.com/randomsnowflake/MattermostSwift
 * branch            main       -> FETCH_HEAD
 * [new branch]      main       -> origin/main
HEAD is now at 11d5a62 Rethrow TLS and certificate URLErrors instead of transportFailure
Cloned https://github.com/randomsnowflake/MattermostSwift.git
Revision (git rev-parse @):
11d5a6279ee3be40a897156426e3fdf2681697e5
SPI manifest file found: $PWD/.spi.yml
SUCCESS checkout https://github.com/randomsnowflake/MattermostSwift.git at main
========================================
Build
========================================
Selected platform:         wasm
Swift version:             6.3
Building package at path:  $PWD
https://github.com/randomsnowflake/MattermostSwift.git
Running build ...
bash -c docker run --pull=always --rm -v "checkouts-54344844-1":/host -w "$PWD" -e JAVA_HOME="/root/.sdkman/candidates/java/current" -e SPI_BUILD="1" -e SPI_PROCESSING="1" registry.gitlab.com/saguaro1/spi-images:wasm-6.3-latest swift build --swift-sdk swift-6.3.2-RELEASE_wasm 2>&1
wasm-6.3-latest: Pulling from saguaro1/spi-images
Digest: sha256:eea66feda95ad8894091082dbcb77ec1fc917891d37888fd1938b0b68455d992
Status: Image is up to date for registry.gitlab.com/saguaro1/spi-images:wasm-6.3-latest
Fetching https://github.com/apple/swift-argument-parser.git
[1/19320] Fetching swift-argument-parser
Fetched https://github.com/apple/swift-argument-parser.git from cache (0.78s)
Computing version for https://github.com/apple/swift-argument-parser.git
Computed https://github.com/apple/swift-argument-parser.git at 1.8.2 (0.96s)
Creating working copy for https://github.com/apple/swift-argument-parser.git
Working copy of https://github.com/apple/swift-argument-parser.git resolved at 1.8.2
[1/1] Compiling plugin GenerateManual
[2/2] Compiling plugin GenerateDoccReference
Building for debugging...
[2/13] Write sources
[6/13] Write swift-version-24593BA9C3E375BF.txt
error: emit-module command failed with exit code 1 (use -v to see invocation)
[8/61] Emitting module MattermostSwift
/host/spi-builder-workspace/Sourcecode/MattermostSwift/MattermostCacheSchema.swift:2:24: error: no such module 'SwiftData'
 1 | // SwiftData's PersistentModel conformances are not yet Sendable-audited on our minimum deployment targets; remove @preconcurrency once they are.
 2 | @preconcurrency import SwiftData
   |                        `- error: no such module 'SwiftData'
 3 |
 4 | /// The first released shape of the MattermostSwift cache.
[9/67] Compiling ArgumentParserToolInfo ToolInfo.swift
[10/67] Emitting module ArgumentParserToolInfo
[11/68] Wrapping AST for ArgumentParserToolInfo for debugging
[13/115] Compiling ArgumentParser ParentCommand.swift
[14/115] Compiling ArgumentParser AsyncParsableCommand.swift
[15/115] Compiling ArgumentParser CommandConfiguration.swift
[16/115] Compiling ArgumentParser CommandGroup.swift
[17/115] Compiling ArgumentParser EnumerableFlag.swift
[18/115] Compiling ArgumentParser ExpressibleByArgument.swift
[19/115] Compiling ArgumentParser ParsableArguments.swift
[20/121] Emitting module ArgumentParser
[21/121] Compiling ArgumentParser DumpHelpGenerator.swift
/host/spi-builder-workspace/Sourcecode/MattermostSwift/MattermostCacheSchema.swift:2:24: error: no such module 'SwiftData'
 1 | // SwiftData's PersistentModel conformances are not yet Sendable-audited on our minimum deployment targets; remove @preconcurrency once they are.
 2 | @preconcurrency import SwiftData
   |                        `- error: no such module 'SwiftData'
 3 |
 4 | /// The first released shape of the MattermostSwift cache.
[22/121] Compiling ArgumentParser AsyncCompletionsValidator.swift
/host/spi-builder-workspace/Sourcecode/MattermostSwift/MattermostCacheSchema.swift:2:24: error: no such module 'SwiftData'
 1 | // SwiftData's PersistentModel conformances are not yet Sendable-audited on our minimum deployment targets; remove @preconcurrency once they are.
 2 | @preconcurrency import SwiftData
   |                        `- error: no such module 'SwiftData'
 3 |
 4 | /// The first released shape of the MattermostSwift cache.
[23/121] Compiling ArgumentParser CodingKeyValidator.swift
/host/spi-builder-workspace/Sourcecode/MattermostSwift/MattermostCacheSchema.swift:2:24: error: no such module 'SwiftData'
 1 | // SwiftData's PersistentModel conformances are not yet Sendable-audited on our minimum deployment targets; remove @preconcurrency once they are.
 2 | @preconcurrency import SwiftData
   |                        `- error: no such module 'SwiftData'
 3 |
 4 | /// The first released shape of the MattermostSwift cache.
[24/121] Compiling ArgumentParser NonsenseFlagsValidator.swift
/host/spi-builder-workspace/Sourcecode/MattermostSwift/MattermostCacheSchema.swift:2:24: error: no such module 'SwiftData'
 1 | // SwiftData's PersistentModel conformances are not yet Sendable-audited on our minimum deployment targets; remove @preconcurrency once they are.
 2 | @preconcurrency import SwiftData
   |                        `- error: no such module 'SwiftData'
 3 |
 4 | /// The first released shape of the MattermostSwift cache.
[25/121] Compiling ArgumentParser ParsableArgumentsValidation.swift
/host/spi-builder-workspace/Sourcecode/MattermostSwift/MattermostCacheSchema.swift:2:24: error: no such module 'SwiftData'
 1 | // SwiftData's PersistentModel conformances are not yet Sendable-audited on our minimum deployment targets; remove @preconcurrency once they are.
 2 | @preconcurrency import SwiftData
   |                        `- error: no such module 'SwiftData'
 3 |
 4 | /// The first released shape of the MattermostSwift cache.
[26/121] Compiling ArgumentParser PositionalArgumentsValidator.swift
/host/spi-builder-workspace/Sourcecode/MattermostSwift/MattermostCacheSchema.swift:2:24: error: no such module 'SwiftData'
 1 | // SwiftData's PersistentModel conformances are not yet Sendable-audited on our minimum deployment targets; remove @preconcurrency once they are.
 2 | @preconcurrency import SwiftData
   |                        `- error: no such module 'SwiftData'
 3 |
 4 | /// The first released shape of the MattermostSwift cache.
[27/121] Compiling ArgumentParser Option.swift
/host/spi-builder-workspace/Sourcecode/MattermostSwift/MattermostCacheSchema.swift:2:24: error: no such module 'SwiftData'
 1 | // SwiftData's PersistentModel conformances are not yet Sendable-audited on our minimum deployment targets; remove @preconcurrency once they are.
 2 | @preconcurrency import SwiftData
   |                        `- error: no such module 'SwiftData'
 3 |
 4 | /// The first released shape of the MattermostSwift cache.
[28/121] Compiling ArgumentParser OptionGroup.swift
/host/spi-builder-workspace/Sourcecode/MattermostSwift/MattermostCacheSchema.swift:2:24: error: no such module 'SwiftData'
 1 | // SwiftData's PersistentModel conformances are not yet Sendable-audited on our minimum deployment targets; remove @preconcurrency once they are.
 2 | @preconcurrency import SwiftData
   |                        `- error: no such module 'SwiftData'
 3 |
 4 | /// The first released shape of the MattermostSwift cache.
[29/121] Compiling ArgumentParser Mutex.swift
/host/spi-builder-workspace/Sourcecode/MattermostSwift/MattermostCacheSchema.swift:2:24: error: no such module 'SwiftData'
 1 | // SwiftData's PersistentModel conformances are not yet Sendable-audited on our minimum deployment targets; remove @preconcurrency once they are.
 2 | @preconcurrency import SwiftData
   |                        `- error: no such module 'SwiftData'
 3 |
 4 | /// The first released shape of the MattermostSwift cache.
[30/121] Compiling ArgumentParser Platform.swift
/host/spi-builder-workspace/Sourcecode/MattermostSwift/MattermostCacheSchema.swift:2:24: error: no such module 'SwiftData'
 1 | // SwiftData's PersistentModel conformances are not yet Sendable-audited on our minimum deployment targets; remove @preconcurrency once they are.
 2 | @preconcurrency import SwiftData
   |                        `- error: no such module 'SwiftData'
 3 |
 4 | /// The first released shape of the MattermostSwift cache.
[31/121] Compiling ArgumentParser SequenceExtensions.swift
/host/spi-builder-workspace/Sourcecode/MattermostSwift/MattermostCacheSchema.swift:2:24: error: no such module 'SwiftData'
 1 | // SwiftData's PersistentModel conformances are not yet Sendable-audited on our minimum deployment targets; remove @preconcurrency once they are.
 2 | @preconcurrency import SwiftData
   |                        `- error: no such module 'SwiftData'
 3 |
 4 | /// The first released shape of the MattermostSwift cache.
[32/121] Compiling ArgumentParser StringExtensions.swift
/host/spi-builder-workspace/Sourcecode/MattermostSwift/MattermostCacheSchema.swift:2:24: error: no such module 'SwiftData'
 1 | // SwiftData's PersistentModel conformances are not yet Sendable-audited on our minimum deployment targets; remove @preconcurrency once they are.
 2 | @preconcurrency import SwiftData
   |                        `- error: no such module 'SwiftData'
 3 |
 4 | /// The first released shape of the MattermostSwift cache.
[33/121] Compiling ArgumentParser SwiftExtensions.swift
/host/spi-builder-workspace/Sourcecode/MattermostSwift/MattermostCacheSchema.swift:2:24: error: no such module 'SwiftData'
 1 | // SwiftData's PersistentModel conformances are not yet Sendable-audited on our minimum deployment targets; remove @preconcurrency once they are.
 2 | @preconcurrency import SwiftData
   |                        `- error: no such module 'SwiftData'
 3 |
 4 | /// The first released shape of the MattermostSwift cache.
/host/spi-builder-workspace/Sourcecode/MattermostSwift/MattermostCacheSchema.swift:2:24: error: no such module 'SwiftData'
 1 | // SwiftData's PersistentModel conformances are not yet Sendable-audited on our minimum deployment targets; remove @preconcurrency once they are.
 2 | @preconcurrency import SwiftData
   |                        `- error: no such module 'SwiftData'
 3 |
 4 | /// The first released shape of the MattermostSwift cache.
/host/spi-builder-workspace/Sourcecode/MattermostSwift/MattermostCacheSchema.swift:2:24: error: no such module 'SwiftData'
 1 | // SwiftData's PersistentModel conformances are not yet Sendable-audited on our minimum deployment targets; remove @preconcurrency once they are.
 2 | @preconcurrency import SwiftData
   |                        `- error: no such module 'SwiftData'
 3 |
 4 | /// The first released shape of the MattermostSwift cache.
/host/spi-builder-workspace/Sourcecode/MattermostSwift/MattermostCacheSchema.swift:2:24: error: no such module 'SwiftData'
 1 | // SwiftData's PersistentModel conformances are not yet Sendable-audited on our minimum deployment targets; remove @preconcurrency once they are.
 2 | @preconcurrency import SwiftData
   |                        `- error: no such module 'SwiftData'
 3 |
 4 | /// The first released shape of the MattermostSwift cache.
/host/spi-builder-workspace/Sourcecode/MattermostSwift/MattermostCacheSchema.swift:2:24: error: no such module 'SwiftData'
 1 | // SwiftData's PersistentModel conformances are not yet Sendable-audited on our minimum deployment targets; remove @preconcurrency once they are.
 2 | @preconcurrency import SwiftData
   |                        `- error: no such module 'SwiftData'
 3 |
 4 | /// The first released shape of the MattermostSwift cache.
/host/spi-builder-workspace/Sourcecode/MattermostSwift/MattermostCacheSchema.swift:2:24: error: no such module 'SwiftData'
 1 | // SwiftData's PersistentModel conformances are not yet Sendable-audited on our minimum deployment targets; remove @preconcurrency once they are.
 2 | @preconcurrency import SwiftData
   |                        `- error: no such module 'SwiftData'
 3 |
 4 | /// The first released shape of the MattermostSwift cache.
/host/spi-builder-workspace/Sourcecode/MattermostSwift/MattermostCacheSchema.swift:2:24: error: no such module 'SwiftData'
 1 | // SwiftData's PersistentModel conformances are not yet Sendable-audited on our minimum deployment targets; remove @preconcurrency once they are.
 2 | @preconcurrency import SwiftData
   |                        `- error: no such module 'SwiftData'
 3 |
 4 | /// The first released shape of the MattermostSwift cache.
[40/121] Compiling ArgumentParser BashCompletionsGenerator.swift
/host/spi-builder-workspace/Sourcecode/MattermostSwift/MattermostCacheSchema.swift:2:24: error: no such module 'SwiftData'
 1 | // SwiftData's PersistentModel conformances are not yet Sendable-audited on our minimum deployment targets; remove @preconcurrency once they are.
 2 | @preconcurrency import SwiftData
   |                        `- error: no such module 'SwiftData'
 3 |
 4 | /// The first released shape of the MattermostSwift cache.
[41/121] Compiling ArgumentParser CompletionsGenerator.swift
/host/spi-builder-workspace/Sourcecode/MattermostSwift/MattermostCacheSchema.swift:2:24: error: no such module 'SwiftData'
 1 | // SwiftData's PersistentModel conformances are not yet Sendable-audited on our minimum deployment targets; remove @preconcurrency once they are.
 2 | @preconcurrency import SwiftData
   |                        `- error: no such module 'SwiftData'
 3 |
 4 | /// The first released shape of the MattermostSwift cache.
[42/121] Compiling ArgumentParser FishCompletionsGenerator.swift
/host/spi-builder-workspace/Sourcecode/MattermostSwift/MattermostCacheSchema.swift:2:24: error: no such module 'SwiftData'
 1 | // SwiftData's PersistentModel conformances are not yet Sendable-audited on our minimum deployment targets; remove @preconcurrency once they are.
 2 | @preconcurrency import SwiftData
   |                        `- error: no such module 'SwiftData'
 3 |
 4 | /// The first released shape of the MattermostSwift cache.
[43/121] Compiling ArgumentParser ZshCompletionsGenerator.swift
/host/spi-builder-workspace/Sourcecode/MattermostSwift/MattermostCacheSchema.swift:2:24: error: no such module 'SwiftData'
 1 | // SwiftData's PersistentModel conformances are not yet Sendable-audited on our minimum deployment targets; remove @preconcurrency once they are.
 2 | @preconcurrency import SwiftData
   |                        `- error: no such module 'SwiftData'
 3 |
 4 | /// The first released shape of the MattermostSwift cache.
[44/121] Compiling ArgumentParser Argument.swift
/host/spi-builder-workspace/Sourcecode/MattermostSwift/MattermostCacheSchema.swift:2:24: error: no such module 'SwiftData'
 1 | // SwiftData's PersistentModel conformances are not yet Sendable-audited on our minimum deployment targets; remove @preconcurrency once they are.
 2 | @preconcurrency import SwiftData
   |                        `- error: no such module 'SwiftData'
 3 |
 4 | /// The first released shape of the MattermostSwift cache.
[45/121] Compiling ArgumentParser ArgumentDiscussion.swift
/host/spi-builder-workspace/Sourcecode/MattermostSwift/MattermostCacheSchema.swift:2:24: error: no such module 'SwiftData'
 1 | // SwiftData's PersistentModel conformances are not yet Sendable-audited on our minimum deployment targets; remove @preconcurrency once they are.
 2 | @preconcurrency import SwiftData
   |                        `- error: no such module 'SwiftData'
 3 |
 4 | /// The first released shape of the MattermostSwift cache.
[46/121] Compiling ArgumentParser ArgumentHelp.swift
/host/spi-builder-workspace/Sourcecode/MattermostSwift/MattermostCacheSchema.swift:2:24: error: no such module 'SwiftData'
 1 | // SwiftData's PersistentModel conformances are not yet Sendable-audited on our minimum deployment targets; remove @preconcurrency once they are.
 2 | @preconcurrency import SwiftData
   |                        `- error: no such module 'SwiftData'
 3 |
 4 | /// The first released shape of the MattermostSwift cache.
/host/spi-builder-workspace/Sourcecode/MattermostSwift/MattermostCacheSchema.swift:2:24: error: no such module 'SwiftData'
 1 | // SwiftData's PersistentModel conformances are not yet Sendable-audited on our minimum deployment targets; remove @preconcurrency once they are.
 2 | @preconcurrency import SwiftData
   |                        `- error: no such module 'SwiftData'
 3 |
 4 | /// The first released shape of the MattermostSwift cache.
[48/121] Compiling ArgumentParser ParsableCommand.swift
/host/spi-builder-workspace/Sourcecode/MattermostSwift/MattermostCacheSchema.swift:2:24: error: no such module 'SwiftData'
 1 | // SwiftData's PersistentModel conformances are not yet Sendable-audited on our minimum deployment targets; remove @preconcurrency once they are.
 2 | @preconcurrency import SwiftData
   |                        `- error: no such module 'SwiftData'
 3 |
 4 | /// The first released shape of the MattermostSwift cache.
[49/121] Compiling ArgumentParser ArgumentDecoder.swift
/host/spi-builder-workspace/Sourcecode/MattermostSwift/MattermostCacheSchema.swift:2:24: error: no such module 'SwiftData'
 1 | // SwiftData's PersistentModel conformances are not yet Sendable-audited on our minimum deployment targets; remove @preconcurrency once they are.
 2 | @preconcurrency import SwiftData
   |                        `- error: no such module 'SwiftData'
 3 |
 4 | /// The first released shape of the MattermostSwift cache.
[50/121] Compiling ArgumentParser ArgumentDefinition.swift
/host/spi-builder-workspace/Sourcecode/MattermostSwift/MattermostCacheSchema.swift:2:24: error: no such module 'SwiftData'
 1 | // SwiftData's PersistentModel conformances are not yet Sendable-audited on our minimum deployment targets; remove @preconcurrency once they are.
 2 | @preconcurrency import SwiftData
   |                        `- error: no such module 'SwiftData'
 3 |
 4 | /// The first released shape of the MattermostSwift cache.
[51/121] Compiling ArgumentParser ArgumentSet.swift
/host/spi-builder-workspace/Sourcecode/MattermostSwift/MattermostCacheSchema.swift:2:24: error: no such module 'SwiftData'
 1 | // SwiftData's PersistentModel conformances are not yet Sendable-audited on our minimum deployment targets; remove @preconcurrency once they are.
 2 | @preconcurrency import SwiftData
   |                        `- error: no such module 'SwiftData'
 3 |
 4 | /// The first released shape of the MattermostSwift cache.
[52/121] Compiling ArgumentParser CommandParser.swift
/host/spi-builder-workspace/Sourcecode/MattermostSwift/MattermostCacheSchema.swift:2:24: error: no such module 'SwiftData'
 1 | // SwiftData's PersistentModel conformances are not yet Sendable-audited on our minimum deployment targets; remove @preconcurrency once they are.
 2 | @preconcurrency import SwiftData
   |                        `- error: no such module 'SwiftData'
 3 |
 4 | /// The first released shape of the MattermostSwift cache.
[53/121] Compiling ArgumentParser InputKey.swift
/host/spi-builder-workspace/Sourcecode/MattermostSwift/MattermostCacheSchema.swift:2:24: error: no such module 'SwiftData'
 1 | // SwiftData's PersistentModel conformances are not yet Sendable-audited on our minimum deployment targets; remove @preconcurrency once they are.
 2 | @preconcurrency import SwiftData
   |                        `- error: no such module 'SwiftData'
 3 |
 4 | /// The first released shape of the MattermostSwift cache.
[54/121] Compiling ArgumentParser Foundation.swift
/host/spi-builder-workspace/Sourcecode/MattermostSwift/MattermostCacheSchema.swift:2:24: error: no such module 'SwiftData'
 1 | // SwiftData's PersistentModel conformances are not yet Sendable-audited on our minimum deployment targets; remove @preconcurrency once they are.
 2 | @preconcurrency import SwiftData
   |                        `- error: no such module 'SwiftData'
 3 |
 4 | /// The first released shape of the MattermostSwift cache.
[55/121] Compiling ArgumentParser ArgumentVisibility.swift
/host/spi-builder-workspace/Sourcecode/MattermostSwift/MattermostCacheSchema.swift:2:24: error: no such module 'SwiftData'
 1 | // SwiftData's PersistentModel conformances are not yet Sendable-audited on our minimum deployment targets; remove @preconcurrency once they are.
 2 | @preconcurrency import SwiftData
   |                        `- error: no such module 'SwiftData'
 3 |
 4 | /// The first released shape of the MattermostSwift cache.
[56/121] Compiling ArgumentParser CompletionKind.swift
/host/spi-builder-workspace/Sourcecode/MattermostSwift/MattermostCacheSchema.swift:2:24: error: no such module 'SwiftData'
 1 | // SwiftData's PersistentModel conformances are not yet Sendable-audited on our minimum deployment targets; remove @preconcurrency once they are.
 2 | @preconcurrency import SwiftData
   |                        `- error: no such module 'SwiftData'
 3 |
 4 | /// The first released shape of the MattermostSwift cache.
[57/121] Compiling ArgumentParser Errors.swift
/host/spi-builder-workspace/Sourcecode/MattermostSwift/MattermostCacheSchema.swift:2:24: error: no such module 'SwiftData'
 1 | // SwiftData's PersistentModel conformances are not yet Sendable-audited on our minimum deployment targets; remove @preconcurrency once they are.
 2 | @preconcurrency import SwiftData
   |                        `- error: no such module 'SwiftData'
 3 |
 4 | /// The first released shape of the MattermostSwift cache.
[58/121] Compiling ArgumentParser Flag.swift
/host/spi-builder-workspace/Sourcecode/MattermostSwift/MattermostCacheSchema.swift:2:24: error: no such module 'SwiftData'
 1 | // SwiftData's PersistentModel conformances are not yet Sendable-audited on our minimum deployment targets; remove @preconcurrency once they are.
 2 | @preconcurrency import SwiftData
   |                        `- error: no such module 'SwiftData'
 3 |
 4 | /// The first released shape of the MattermostSwift cache.
[59/121] Compiling ArgumentParser NameSpecification.swift
/host/spi-builder-workspace/Sourcecode/MattermostSwift/MattermostCacheSchema.swift:2:24: error: no such module 'SwiftData'
 1 | // SwiftData's PersistentModel conformances are not yet Sendable-audited on our minimum deployment targets; remove @preconcurrency once they are.
 2 | @preconcurrency import SwiftData
   |                        `- error: no such module 'SwiftData'
 3 |
 4 | /// The first released shape of the MattermostSwift cache.
[60/121] Compiling ArgumentParser InputOrigin.swift
/host/spi-builder-workspace/Sourcecode/MattermostSwift/MattermostCacheSchema.swift:2:24: error: no such module 'SwiftData'
 1 | // SwiftData's PersistentModel conformances are not yet Sendable-audited on our minimum deployment targets; remove @preconcurrency once they are.
 2 | @preconcurrency import SwiftData
   |                        `- error: no such module 'SwiftData'
 3 |
 4 | /// The first released shape of the MattermostSwift cache.
[61/121] Compiling ArgumentParser HelpCommand.swift
/host/spi-builder-workspace/Sourcecode/MattermostSwift/MattermostCacheSchema.swift:2:24: error: no such module 'SwiftData'
 1 | // SwiftData's PersistentModel conformances are not yet Sendable-audited on our minimum deployment targets; remove @preconcurrency once they are.
 2 | @preconcurrency import SwiftData
   |                        `- error: no such module 'SwiftData'
 3 |
 4 | /// The first released shape of the MattermostSwift cache.
[62/121] Compiling ArgumentParser HelpGenerator.swift
/host/spi-builder-workspace/Sourcecode/MattermostSwift/MattermostCacheSchema.swift:2:24: error: no such module 'SwiftData'
 1 | // SwiftData's PersistentModel conformances are not yet Sendable-audited on our minimum deployment targets; remove @preconcurrency once they are.
 2 | @preconcurrency import SwiftData
   |                        `- error: no such module 'SwiftData'
 3 |
 4 | /// The first released shape of the MattermostSwift cache.
[63/121] Compiling ArgumentParser MessageInfo.swift
/host/spi-builder-workspace/Sourcecode/MattermostSwift/MattermostCacheSchema.swift:2:24: error: no such module 'SwiftData'
 1 | // SwiftData's PersistentModel conformances are not yet Sendable-audited on our minimum deployment targets; remove @preconcurrency once they are.
 2 | @preconcurrency import SwiftData
   |                        `- error: no such module 'SwiftData'
 3 |
 4 | /// The first released shape of the MattermostSwift cache.
[64/121] Compiling ArgumentParser UsageGenerator.swift
/host/spi-builder-workspace/Sourcecode/MattermostSwift/MattermostCacheSchema.swift:2:24: error: no such module 'SwiftData'
 1 | // SwiftData's PersistentModel conformances are not yet Sendable-audited on our minimum deployment targets; remove @preconcurrency once they are.
 2 | @preconcurrency import SwiftData
   |                        `- error: no such module 'SwiftData'
 3 |
 4 | /// The first released shape of the MattermostSwift cache.
[65/121] Compiling ArgumentParser CollectionExtensions.swift
/host/spi-builder-workspace/Sourcecode/MattermostSwift/MattermostCacheSchema.swift:2:24: error: no such module 'SwiftData'
 1 | // SwiftData's PersistentModel conformances are not yet Sendable-audited on our minimum deployment targets; remove @preconcurrency once they are.
 2 | @preconcurrency import SwiftData
   |                        `- error: no such module 'SwiftData'
 3 |
 4 | /// The first released shape of the MattermostSwift cache.
[71/121] Compiling ArgumentParser UniqueNamesValidator.swift
[77/121] Compiling ArgumentParser Tree.swift
[78/121] Compiling ArgumentParser Name.swift
[79/121] Compiling ArgumentParser Parsed.swift
[80/121] Compiling ArgumentParser ParsedValues.swift
[81/121] Compiling ArgumentParser ParserError.swift
[82/121] Compiling ArgumentParser SplitArguments.swift
[111/122] Wrapping AST for ArgumentParser for debugging
/host/spi-builder-workspace/Sourcecode/MattermostSwift/MattermostCacheSchema.swift:2:24: error: no such module 'SwiftData'
 1 | // SwiftData's PersistentModel conformances are not yet Sendable-audited on our minimum deployment targets; remove @preconcurrency once they are.
 2 | @preconcurrency import SwiftData
   |                        `- error: no such module 'SwiftData'
 3 |
 4 | /// The first released shape of the MattermostSwift cache.
/host/spi-builder-workspace/Sourcecode/MattermostSwift/MattermostCacheSchema.swift:2:24: error: no such module 'SwiftData'
 1 | // SwiftData's PersistentModel conformances are not yet Sendable-audited on our minimum deployment targets; remove @preconcurrency once they are.
 2 | @preconcurrency import SwiftData
   |                        `- error: no such module 'SwiftData'
 3 |
 4 | /// The first released shape of the MattermostSwift cache.
/host/spi-builder-workspace/Sourcecode/MattermostSwift/MattermostCacheSchema.swift:2:24: error: no such module 'SwiftData'
 1 | // SwiftData's PersistentModel conformances are not yet Sendable-audited on our minimum deployment targets; remove @preconcurrency once they are.
 2 | @preconcurrency import SwiftData
   |                        `- error: no such module 'SwiftData'
 3 |
 4 | /// The first released shape of the MattermostSwift cache.
/host/spi-builder-workspace/Sourcecode/MattermostSwift/MattermostCacheSchema.swift:2:24: error: no such module 'SwiftData'
 1 | // SwiftData's PersistentModel conformances are not yet Sendable-audited on our minimum deployment targets; remove @preconcurrency once they are.
 2 | @preconcurrency import SwiftData
   |                        `- error: no such module 'SwiftData'
 3 |
 4 | /// The first released shape of the MattermostSwift cache.
/host/spi-builder-workspace/Sourcecode/MattermostSwift/MattermostCacheSchema.swift:2:24: error: no such module 'SwiftData'
 1 | // SwiftData's PersistentModel conformances are not yet Sendable-audited on our minimum deployment targets; remove @preconcurrency once they are.
 2 | @preconcurrency import SwiftData
   |                        `- error: no such module 'SwiftData'
 3 |
 4 | /// The first released shape of the MattermostSwift cache.
/host/spi-builder-workspace/Sourcecode/MattermostSwift/MattermostCacheSchema.swift:2:24: error: no such module 'SwiftData'
 1 | // SwiftData's PersistentModel conformances are not yet Sendable-audited on our minimum deployment targets; remove @preconcurrency once they are.
 2 | @preconcurrency import SwiftData
   |                        `- error: no such module 'SwiftData'
 3 |
 4 | /// The first released shape of the MattermostSwift cache.
BUILD FAILURE 6.3 wasm