The Swift Package Index logo.Swift Package Index

Build Information

Failed to build Swiftfall, reference master (6ba077), with Swift 6.4 for Wasm on 16 Sep 2026 07:30:28 UTC.

Build Command

bash -c docker run --pull=always --rm -v "checkouts-54344843-0":/host -w "$PWD" -e JAVA_HOME="/root/.sdkman/candidates/java/current" -e SPI_BUILD="1" -e SPI_PROCESSING="1" registry.gitlab.com/saguaro1/spi-images:wasm-6.4-latest swift build --swift-sdk swift-6.4.x-DEVELOPMENT-SNAPSHOT-2026-09-04-a_wasm 2>&1

Build Log

========================================
RunAll
========================================
Builder version: 5.1.0
Interrupt handler set up.
========================================
Checkout
========================================
Clone URL: https://github.com/bmbowdish/swiftfall.git
Reference: master
Initialized empty Git repository in /host/spi-builder-workspace/.git/
hint: Using 'master' as the name for the initial branch. This default branch name
hint: is subject to change. To configure the initial branch name to use in all
hint: of your new repositories, which will suppress this warning, call:
hint:
hint: 	git config --global init.defaultBranch <name>
hint:
hint: Names commonly chosen instead of 'master' are 'main', 'trunk' and
hint: 'development'. The just-created branch can be renamed via this command:
hint:
hint: 	git branch -m <name>
From https://github.com/bmbowdish/swiftfall
 * branch            master     -> FETCH_HEAD
 * [new branch]      master     -> origin/master
HEAD is now at 6ba0779 Update README for getCards function in Set
Cloned https://github.com/bmbowdish/swiftfall.git
Revision (git rev-parse @):
6ba0779a4c8562f4af84cca0c56ab6ecf8421c17
SUCCESS checkout https://github.com/bmbowdish/swiftfall.git at master
========================================
Build
========================================
Selected platform:         wasm
Swift version:             6.4
Building package at path:  $PWD
https://github.com/bmbowdish/swiftfall.git
Running build ...
bash -c docker run --pull=always --rm -v "checkouts-54344843-0":/host -w "$PWD" -e JAVA_HOME="/root/.sdkman/candidates/java/current" -e SPI_BUILD="1" -e SPI_PROCESSING="1" registry.gitlab.com/saguaro1/spi-images:wasm-6.4-latest swift build --swift-sdk swift-6.4.x-DEVELOPMENT-SNAPSHOT-2026-09-04-a_wasm 2>&1
wasm-6.4-latest: Pulling from saguaro1/spi-images
Digest: sha256:4328fdb43c680d205c1d6761b1e3267aa38277eefdda9ddfb17b6a0f1a77857a
Status: Image is up to date for registry.gitlab.com/saguaro1/spi-images:wasm-6.4-latest
Building for debugging...
[Planning deferred tasks]
[20 / 28] Swiftfall
error: SwiftCompile normal wasm32 /host/spi-builder-workspace/Sources/Swiftfall/Swiftfall.swift failed with a nonzero exit code. Command line:     cd /host
    builtin-SwiftPerFileCompile Swiftfall.swift
/host/spi-builder-workspace/Sources/Swiftfall/Swiftfall.swift:217:29: error: cannot find 'DispatchSemaphore' in scope
215 |             var cardlist: Result<CardList>?
216 |
217 |             let semaphore = DispatchSemaphore(value: 0)
    |                             `- error: cannot find 'DispatchSemaphore' in scope
218 |             parseResource(call: call) {
219 |                 (newcardlist: Result<CardList>) in
/host/spi-builder-workspace/Sources/Swiftfall/Swiftfall.swift:243:29: error: cannot find 'DispatchSemaphore' in scope
241 |             var cardlist: Result<CardList>?
242 |
243 |             let semaphore = DispatchSemaphore(value: 0)
    |                             `- error: cannot find 'DispatchSemaphore' in scope
244 |             parseResource(call: call) {
245 |                 (newcardlist: Result<CardList>) in
/host/spi-builder-workspace/Sources/Swiftfall/Swiftfall.swift:558:15: warning: expression implicitly coerced from 'URL?' to 'Any'
556 |
557 |         let url = URL(string: call)
558 |         print(url)
    |               |- warning: expression implicitly coerced from 'URL?' to 'Any'
    |               |- note: provide a default value to avoid this warning
    |               |- note: force-unwrap the value to avoid this warning
    |               `- note: explicitly cast to 'Any' with 'as Any' to silence this warning
559 |         let task = URLSession.shared.dataTask(with: url!) {(data, response, error) in
560 |
/host/spi-builder-workspace/Sources/Swiftfall/Swiftfall.swift:559:31: error: type 'URLSession' (aka 'AnyObject') has no member 'shared'
557 |         let url = URL(string: call)
558 |         print(url)
559 |         let task = URLSession.shared.dataTask(with: url!) {(data, response, error) in
    |                               `- error: type 'URLSession' (aka 'AnyObject') has no member 'shared'
560 |
561 |             guard let content = data else {
/host/spi-builder-workspace/Sources/Swiftfall/Swiftfall.swift:590:25: error: cannot find 'DispatchSemaphore' in scope
588 |         var card: Result<Card>?
589 |
590 |         let semaphore = DispatchSemaphore(value: 0)
    |                         `- error: cannot find 'DispatchSemaphore' in scope
591 |         parseResource(call: call){
592 |             (newcard: Result<Card>) in
/host/spi-builder-workspace/Sources/Swiftfall/Swiftfall.swift:607:25: error: cannot find 'DispatchSemaphore' in scope
605 |         var card: Result<Card>?
606 |
607 |         let semaphore = DispatchSemaphore(value: 0)
    |                         `- error: cannot find 'DispatchSemaphore' in scope
608 |         parseResource(call: call){
609 |             (newcard: Result<Card>) in
/host/spi-builder-workspace/Sources/Swiftfall/Swiftfall.swift:626:25: error: cannot find 'DispatchSemaphore' in scope
624 |
625 |         var card: Result<Card>?
626 |         let semaphore = DispatchSemaphore(value: 0)
    |                         `- error: cannot find 'DispatchSemaphore' in scope
627 |         parseResource(call: call) {
628 |             (newcard:Result<Card>) in
/host/spi-builder-workspace/Sources/Swiftfall/Swiftfall.swift:646:25: error: cannot find 'DispatchSemaphore' in scope
644 |         var card: Result<Card>?
645 |
646 |         let semaphore = DispatchSemaphore(value: 0)
    |                         `- error: cannot find 'DispatchSemaphore' in scope
647 |         parseResource(call: call) {
648 |             (newcard: Result<Card>) in
/host/spi-builder-workspace/Sources/Swiftfall/Swiftfall.swift:664:25: error: cannot find 'DispatchSemaphore' in scope
662 |         var card: Result<Card>?
663 |
664 |         let semaphore = DispatchSemaphore(value: 0)
    |                         `- error: cannot find 'DispatchSemaphore' in scope
665 |         parseResource(call: call) {
666 |             (newcard: Result<Card>) in
/host/spi-builder-workspace/Sources/Swiftfall/Swiftfall.swift:682:25: error: cannot find 'DispatchSemaphore' in scope
680 |         var cat: Result<Catalog>?
681 |
682 |         let semaphore = DispatchSemaphore(value: 0)
    |                         `- error: cannot find 'DispatchSemaphore' in scope
683 |         parseResource(call: call) {
684 |             (newcat: Result<Catalog>) in
/host/spi-builder-workspace/Sources/Swiftfall/Swiftfall.swift:701:25: error: cannot find 'DispatchSemaphore' in scope
699 |         var set: Result<ScryfallSet>?
700 |
701 |         let semaphore = DispatchSemaphore(value: 0)
    |                         `- error: cannot find 'DispatchSemaphore' in scope
702 |         parseResource(call: call) {
703 |             (newset: Result<ScryfallSet>) in
/host/spi-builder-workspace/Sources/Swiftfall/Swiftfall.swift:720:25: error: cannot find 'DispatchSemaphore' in scope
718 |         var setlist: Result<SetList>?
719 |
720 |         let semaphore = DispatchSemaphore(value: 0)
    |                         `- error: cannot find 'DispatchSemaphore' in scope
721 |         parseResource(call: call) {
722 |             (newsetlist: Result<SetList>) in
/host/spi-builder-workspace/Sources/Swiftfall/Swiftfall.swift:738:25: error: cannot find 'DispatchSemaphore' in scope
736 |         var cardlist: Result<CardList>?
737 |
738 |         let semaphore = DispatchSemaphore(value: 0)
    |                         `- error: cannot find 'DispatchSemaphore' in scope
739 |         parseResource(call: call) {
740 |             (newcardlist: Result<CardList>) in
/host/spi-builder-workspace/Sources/Swiftfall/Swiftfall.swift:756:25: error: cannot find 'DispatchSemaphore' in scope
754 |         var cardlist: Result<CardList>?
755 |
756 |         let semaphore = DispatchSemaphore(value: 0)
    |                         `- error: cannot find 'DispatchSemaphore' in scope
757 |         parseResource(call: call) {
758 |             (newcardlist: Result<CardList>) in
/host/spi-builder-workspace/Sources/Swiftfall/Swiftfall.swift:774:25: error: cannot find 'DispatchSemaphore' in scope
772 |         var rulelist: Result<RulingList>?
773 |
774 |         let semaphore = DispatchSemaphore(value: 0)
    |                         `- error: cannot find 'DispatchSemaphore' in scope
775 |         parseResource(call: call) {
776 |             (newrulelist: Result<RulingList>) in
/host/spi-builder-workspace/Sources/Swiftfall/Swiftfall.swift:791:25: error: cannot find 'DispatchSemaphore' in scope
789 |
790 |         var symbollist: Result<SymbolList>?
791 |         let semaphore = DispatchSemaphore(value: 0)
    |                         `- error: cannot find 'DispatchSemaphore' in scope
792 |         parseResource(call: call) {
793 |             (newsym: Result<SymbolList>) in
/host/spi-builder-workspace/Sources/Swiftfall/Swiftfall.swift:809:25: error: cannot find 'DispatchSemaphore' in scope
807 |         var cat: Result<Catalog>?
808 |
809 |         let semaphore = DispatchSemaphore(value: 0)
    |                         `- error: cannot find 'DispatchSemaphore' in scope
810 |         parseResource(call: call) {
811 |             (newcat: Result<Catalog>) in
Failed frontend command:
/usr/bin/swift-frontend -frontend -c -primary-file /host/spi-builder-workspace/Sources/Swiftfall/Swiftfall.swift -emit-dependencies-path /host/spi-builder-workspace/.build/out/Intermediates.noindex/Swiftfall.build/Debug-webassembly-wasm32/Swiftfall-t.build/Objects-normal/wasm32/Swiftfall.d -emit-const-values-path /host/spi-builder-workspace/.build/out/Intermediates.noindex/Swiftfall.build/Debug-webassembly-wasm32/Swiftfall-t.build/Objects-normal/wasm32/Swiftfall.swiftconstvalues -emit-reference-dependencies-path /host/spi-builder-workspace/.build/out/Intermediates.noindex/Swiftfall.build/Debug-webassembly-wasm32/Swiftfall-t.build/Objects-normal/wasm32/Swiftfall.swiftdeps -serialize-diagnostics-path /host/spi-builder-workspace/.build/out/Intermediates.noindex/Swiftfall.build/Debug-webassembly-wasm32/Swiftfall-t.build/Objects-normal/wasm32/Swiftfall.dia -target wasm32-unknown-wasip1 -disable-objc-interop -sdk /root/.swiftpm/swift-sdks/swift-6.4.x-DEVELOPMENT-SNAPSHOT-2026-09-04-a_wasm.artifactbundle/swift-6.4.x-DEVELOPMENT-SNAPSHOT-2026-09-04-a_wasm/wasm32-unknown-wasip1/WASI.sdk -sysroot /root/.swiftpm/swift-sdks/swift-6.4.x-DEVELOPMENT-SNAPSHOT-2026-09-04-a_wasm.artifactbundle/swift-6.4.x-DEVELOPMENT-SNAPSHOT-2026-09-04-a_wasm/wasm32-unknown-wasip1/WASI.sdk -I /host/spi-builder-workspace/.build/out/Products/Debug-webassembly-wasm32 -module-cache-path /host/spi-builder-workspace/.build/out/ModuleCache.noindex -color-diagnostics -Xcc -fcolor-diagnostics -enable-testing -g -debug-info-format\=dwarf -dwarf-version\=4 -swift-version 4 -Onone -D SWIFT_PACKAGE -D DEBUG -D SWIFT_MODULE_RESOURCE_BUNDLE_UNAVAILABLE -D Xcode -serialize-debugging-options -enable-experimental-feature DebugDescriptionMacro -empty-abi-descriptor -external-plugin-path /usr/lib/swift/host/plugins/testing\#/usr/bin/swift-plugin-server -validate-clang-modules-once -clang-build-session-file /host/spi-builder-workspace/.build/out/ModuleCache.noindex/Session.modulevalidation -Xcc -working-directory -Xcc /host -resource-dir /root/.swiftpm/swift-sdks/swift-6.4.x-DEVELOPMENT-SNAPSHOT-2026-09-04-a_wasm.artifactbundle/swift-6.4.x-DEVELOPMENT-SNAPSHOT-2026-09-04-a_wasm/wasm32-unknown-wasip1/swift.xctoolchain/usr/lib/swift_static -use-static-resource-dir -enable-anonymous-context-mangled-names -file-compilation-dir /host -Xcc -resource-dir -Xcc /root/.swiftpm/swift-sdks/swift-6.4.x-DEVELOPMENT-SNAPSHOT-2026-09-04-a_wasm.artifactbundle/swift-6.4.x-DEVELOPMENT-SNAPSHOT-2026-09-04-a_wasm/wasm32-unknown-wasip1/swift.xctoolchain/usr/lib/swift_static/clang -Xcc -D_LIBCPP_HARDENING_MODE\=_LIBCPP_HARDENING_MODE_DEBUG -Xcc -fmodules-prune-interval\=86400 -Xcc -fmodules-prune-after\=345600 -Xcc -I/host/spi-builder-workspace/.build/out/Products/Debug-webassembly-wasm32/include -Xcc -I/host/spi-builder-workspace/.build/out/Intermediates.noindex/Swiftfall.build/Debug-webassembly-wasm32/Swiftfall-t.build/DerivedSources-normal/wasm32 -Xcc -I/host/spi-builder-workspace/.build/out/Intermediates.noindex/Swiftfall.build/Debug-webassembly-wasm32/Swiftfall-t.build/DerivedSources/wasm32 -Xcc -I/host/spi-builder-workspace/.build/out/Intermediates.noindex/Swiftfall.build/Debug-webassembly-wasm32/Swiftfall-t.build/DerivedSources -Xcc -DSWIFT_PACKAGE -Xcc -DDEBUG\=1 -no-auto-bridging-header-chaining -module-name Swiftfall -const-gather-protocols-file /host/spi-builder-workspace/.build/out/Intermediates.noindex/Swiftfall.build/Debug-webassembly-wasm32/Swiftfall-t.build/Objects-normal/wasm32/Swiftfall_const_extract_protocols.json -in-process-plugin-server-path /usr/lib/swift/host/libSwiftInProcPluginServer.so -plugin-path /usr/lib/swift/host/plugins -plugin-path /usr/local/lib/swift/host/plugins -parse-as-library -o /host/spi-builder-workspace/.build/out/Intermediates.noindex/Swiftfall.build/Debug-webassembly-wasm32/Swiftfall-t.build/Objects-normal/wasm32/Swiftfall.o -index-unit-output-path /Swiftfall.build/Debug-webassembly-wasm32/Swiftfall-t.build/Objects-normal/wasm32/Swiftfall.o -index-store-path /host/spi-builder-workspace/.build/out -index-system-modules
error: Build failed
BUILD FAILURE 6.4 wasm