Build Information
Failed to build swift-mini-redux, reference 0.2.13 (442587), with Swift 6.3 for Android on 12 Aug 2026 02:10:16 UTC.
Build Command
bash -c docker run --pull=always --rm -v "checkouts-54344843-0":/host -w "$PWD" -e JAVA_HOME="/root/.sdkman/candidates/java/current" -e SPI_BUILD="1" -e SPI_PROCESSING="1" registry.gitlab.com/saguaro1/spi-images:android-6.3-latest swift build --swift-sdk aarch64-unknown-linux-android28 2>&1Build Log
========================================
RunAll
========================================
Builder version: 729ceb5fcd9493dc13ee340bc4f0908bd201f85d
Interrupt handler set up.
========================================
Checkout
========================================
Clone URL: https://github.com/ba01ei/swift-mini-redux.git
Reference: 0.2.13
Initialized empty Git repository in /host/spi-builder-workspace/.git/
hint: Using 'master' as the name for the initial branch. This default branch name
hint: is subject to change. To configure the initial branch name to use in all
hint: of your new repositories, which will suppress this warning, call:
hint:
hint: git config --global init.defaultBranch <name>
hint:
hint: Names commonly chosen instead of 'master' are 'main', 'trunk' and
hint: 'development'. The just-created branch can be renamed via this command:
hint:
hint: git branch -m <name>
From https://github.com/ba01ei/swift-mini-redux
* tag 0.2.13 -> FETCH_HEAD
HEAD is now at 442587c Follow-up: structural cancellation for .publisher effects (TCA-style synchronous delivery) (#2)
Cloned https://github.com/ba01ei/swift-mini-redux.git
Revision (git rev-parse @):
442587c241ab97e66ffcd705f5825686aee7ab60
SUCCESS checkout https://github.com/ba01ei/swift-mini-redux.git at 0.2.13
========================================
Build
========================================
Selected platform: android
Swift version: 6.3
Building package at path: $PWD
https://github.com/ba01ei/swift-mini-redux.git
Running build ...
bash -c docker run --pull=always --rm -v "checkouts-54344843-0":/host -w "$PWD" -e JAVA_HOME="/root/.sdkman/candidates/java/current" -e SPI_BUILD="1" -e SPI_PROCESSING="1" registry.gitlab.com/saguaro1/spi-images:android-6.3-latest swift build --swift-sdk aarch64-unknown-linux-android28 2>&1
android-6.3-latest: Pulling from saguaro1/spi-images
Digest: sha256:2b782c87e0bdf114eb0da12f6379a346f06569d6991407581da7dc03d1813adf
Status: Image is up to date for registry.gitlab.com/saguaro1/spi-images:android-6.3-latest
Building for debugging...
[0/2] Write sources
[1/2] Write swift-version-272D24FF697CF451.txt
[3/11] Compiling MiniRedux Store.swift
/host/spi-builder-workspace/Sources/MiniRedux/BaseStore.swift:9:8: error: no such module 'Combine'
7 |
8 | import Foundation
9 | import Combine
| `- error: no such module 'Combine'
10 | import Observation
11 |
[4/12] Compiling MiniRedux Store+Equatable.swift
/host/spi-builder-workspace/Sources/MiniRedux/BaseStore.swift:9:8: error: no such module 'Combine'
7 |
8 | import Foundation
9 | import Combine
| `- error: no such module 'Combine'
10 | import Observation
11 |
[5/12] Compiling MiniRedux Reducer.swift
/host/spi-builder-workspace/Sources/MiniRedux/BaseStore.swift:9:8: error: no such module 'Combine'
7 |
8 | import Foundation
9 | import Combine
| `- error: no such module 'Combine'
10 | import Observation
11 |
[6/12] Compiling MiniRedux Store+Delegate.swift
/host/spi-builder-workspace/Sources/MiniRedux/BaseStore.swift:9:8: error: no such module 'Combine'
7 |
8 | import Foundation
9 | import Combine
| `- error: no such module 'Combine'
10 | import Observation
11 |
[7/12] Compiling MiniRedux Reflectable.swift
/host/spi-builder-workspace/Sources/MiniRedux/BaseStore.swift:9:8: error: no such module 'Combine'
7 |
8 | import Foundation
9 | import Combine
| `- error: no such module 'Combine'
10 | import Observation
11 |
[8/12] Compiling MiniRedux Array+UpdateInPlace.swift
/host/spi-builder-workspace/Sources/MiniRedux/BaseStore.swift:9:8: error: no such module 'Combine'
7 |
8 | import Foundation
9 | import Combine
| `- error: no such module 'Combine'
10 | import Observation
11 |
error: emit-module command failed with exit code 1 (use -v to see invocation)
[9/12] Emitting module MiniRedux
/host/spi-builder-workspace/Sources/MiniRedux/BaseStore.swift:9:8: error: no such module 'Combine'
7 |
8 | import Foundation
9 | import Combine
| `- error: no such module 'Combine'
10 | import Observation
11 |
[10/12] Compiling MiniRedux Effect.swift
/host/spi-builder-workspace/Sources/MiniRedux/BaseStore.swift:9:8: error: no such module 'Combine'
7 |
8 | import Foundation
9 | import Combine
| `- error: no such module 'Combine'
10 | import Observation
11 |
[11/12] Compiling MiniRedux BaseStore.swift
/host/spi-builder-workspace/Sources/MiniRedux/BaseStore.swift:9:8: error: no such module 'Combine'
7 |
8 | import Foundation
9 | import Combine
| `- error: no such module 'Combine'
10 | import Observation
11 |
[12/12] Compiling MiniRedux ChangeObserver.swift
/host/spi-builder-workspace/Sources/MiniRedux/BaseStore.swift:9:8: error: no such module 'Combine'
7 |
8 | import Foundation
9 | import Combine
| `- error: no such module 'Combine'
10 | import Observation
11 |
BUILD FAILURE 6.3 android