The Swift Package Index logo.Swift Package Index

Build Information

Failed to build SinglePageScanner, reference master (acc3ae), with Swift 6.4 for watchOS using Xcode 27.0 on 17 Sep 2026 09:36:41 UTC.

Build Command

env DEVELOPER_DIR=/Applications/Xcode-27.0.0-Release.Candidate.app xcrun xcodebuild -IDEClonedSourcePackagesDirPathOverride=$PWD/.dependencies -skipMacroValidation -skipPackagePluginValidation -derivedDataPath $PWD/.derivedData build -scheme SinglePageScanner -destination generic/platform=watchOS

Build Log

========================================
RunAll
========================================
Builder version: 5.1.0
Interrupt handler set up.
========================================
Checkout
========================================
Clone URL: https://github.com/mhennemeyer/singlepagescanner.git
Reference: master
Initialized empty Git repository in /Users/admin/builder/spi-builder-workspace/.git/
From https://github.com/mhennemeyer/singlepagescanner
 * branch            master     -> FETCH_HEAD
 * [new branch]      master     -> origin/master
HEAD is now at acc3aeb rectDetectRequest
Cloned https://github.com/mhennemeyer/singlepagescanner.git
Revision (git rev-parse @):
acc3aebd3f2e590e17b74af639f85713c7bf6623
SUCCESS checkout https://github.com/mhennemeyer/singlepagescanner.git at master
========================================
Build
========================================
Selected platform:         watchOS
Swift version:             6.4
Building package at path:  $PWD
https://github.com/mhennemeyer/singlepagescanner.git
Command line invocation:
    /Applications/Xcode-27.0.0-Release.Candidate.app/Contents/Developer/usr/bin/xcodebuild -IDEClonedSourcePackagesDirPathOverride=/Users/admin/builder/spi-builder-workspace/.dependencies -resolvePackageDependencies
Resolve Package Graph
Resolve Package Graph
Resolved source packages:
  SinglePageScanner: /Users/admin/builder/spi-builder-workspace
resolved source packages: SinglePageScanner
2026-09-17 05:35:51.994 xcodebuild[529:3047] [MT] IDERunDestination: Supported platforms for the buildables in the current scheme is empty.
{
  "dependencies" : [
  ],
  "manifest_display_name" : "SinglePageScanner",
  "name" : "SinglePageScanner",
  "path" : "/Users/admin/builder/spi-builder-workspace",
  "platforms" : [
    {
      "name" : "ios",
      "version" : "13.0"
    }
  ],
  "products" : [
    {
      "name" : "SinglePageScanner",
      "targets" : [
        "SinglePageScanner"
      ],
      "type" : {
        "library" : [
          "automatic"
        ]
      }
    }
  ],
  "targets" : [
    {
      "c99name" : "SinglePageScannerTests",
      "module_type" : "SwiftTarget",
      "name" : "SinglePageScannerTests",
      "path" : "Tests/SinglePageScannerTests",
      "sources" : [
        "SinglePageScannerTests.swift",
        "XCTestManifests.swift"
      ],
      "target_dependencies" : [
        "SinglePageScanner"
      ],
      "type" : "test"
    },
    {
      "c99name" : "SinglePageScanner",
      "module_type" : "SwiftTarget",
      "name" : "SinglePageScanner",
      "path" : "Sources/SinglePageScanner",
      "product_memberships" : [
        "SinglePageScanner"
      ],
      "sources" : [
        "Common/CIRectangleDetector.swift",
        "Common/EditScanCornerView.swift",
        "Common/Error.swift",
        "Common/Quadrilateral.swift",
        "Common/QuadrilateralView.swift",
        "Common/VisionRectangleDetector.swift",
        "Edit/EditScanViewController.swift",
        "Edit/ZoomGestureController.swift",
        "Extensions/AVCaptureVideoOrientation+Utils.swift",
        "Extensions/Array+Utils.swift",
        "Extensions/CGAffineTransform+Utils.swift",
        "Extensions/CGImagePropertyOrientation.swift",
        "Extensions/CGPoint+Utils.swift",
        "Extensions/CGRect+Utils.swift",
        "Extensions/CGSize+Utils.swift",
        "Extensions/CIImage+Utils.swift",
        "Extensions/UIImage+Orientation.swift",
        "Extensions/UIImage+Utils.swift",
        "ImageScannerController.swift",
        "Protocols/CaptureDevice.swift",
        "Protocols/Transformable.swift",
        "Review/ReviewViewController.swift",
        "Scan/CaptureSessionManager.swift",
        "Scan/FocusRectangleView.swift",
        "Scan/RectangleFeaturesFunnel.swift",
        "Scan/ScannerViewController.swift",
        "Scan/ShutterButton.swift",
        "Session/CaptureSession+Flash.swift",
        "Session/CaptureSession+Focus.swift",
        "Session/CaptureSession+Orientation.swift",
        "Session/CaptureSession.swift",
        "SinglePageScanner.swift"
      ],
      "type" : "library"
    }
  ],
  "tools_version" : "5.2"
}
{
  "workspace" : {
    "name" : "SinglePageScanner",
    "schemes" : [
      "SinglePageScanner"
    ]
  }
}
2026-09-17 05:36:33.631 xcodebuild[659:4231] [MT] IDERunDestination: Supported platforms for the buildables in the current scheme is empty.
Running build ...
env DEVELOPER_DIR=/Applications/Xcode-27.0.0-Release.Candidate.app xcrun xcodebuild -IDEClonedSourcePackagesDirPathOverride=$PWD/.dependencies -skipMacroValidation -skipPackagePluginValidation -derivedDataPath $PWD/.derivedData build -scheme SinglePageScanner -destination generic/platform=watchOS
Command line invocation:
    /Applications/Xcode-27.0.0-Release.Candidate.app/Contents/Developer/usr/bin/xcodebuild -IDEClonedSourcePackagesDirPathOverride=/Users/admin/builder/spi-builder-workspace/.dependencies -skipMacroValidation -skipPackagePluginValidation -derivedDataPath /Users/admin/builder/spi-builder-workspace/.derivedData build -scheme SinglePageScanner -destination generic/platform=watchOS
Resolve Package Graph
Resolved source packages:
  SinglePageScanner: /Users/admin/builder/spi-builder-workspace
ComputePackagePrebuildTargetDependencyGraph
Prepare packages
CreateBuildRequest
SendProjectDescription
CreateBuildOperation
ComputeTargetDependencyGraph
note: Building targets in dependency order
note: Target dependency graph (2 targets)
    Target 'SinglePageScanner-product' in project 'SinglePageScanner'
        ➜ Explicit dependency on target 'SinglePageScanner' in project 'SinglePageScanner'
    Target 'SinglePageScanner' in project 'SinglePageScanner' (no dependencies)
GatherProvisioningInputs
CreateBuildDescription
ExecuteExternalTool /Applications/Xcode-27.0.0-Release.Candidate.app/Contents/Developer/Toolchains/XcodeDefault.xctoolchain/usr/bin/clang -v -E -dM -isysroot /Applications/Xcode-27.0.0-Release.Candidate.app/Contents/Developer/Platforms/WatchOS.platform/Developer/SDKs/WatchOS27.0.sdk -x c -c /dev/null
ExecuteExternalTool /Applications/Xcode-27.0.0-Release.Candidate.app/Contents/Developer/Toolchains/XcodeDefault.xctoolchain/usr/bin/swiftc --version
ExecuteExternalTool /Applications/Xcode-27.0.0-Release.Candidate.app/Contents/Developer/Toolchains/XcodeDefault.xctoolchain/usr/bin/ld -version_details
Build description signature: 831c4851d38acd07f86bbf05c3cb870f
Build description path: /Users/admin/builder/spi-builder-workspace/.derivedData/Build/Intermediates.noindex/XCBuildData/831c4851d38acd07f86bbf05c3cb870f.xcbuilddata
CreateBuildDirectory /Users/admin/builder/spi-builder-workspace/.derivedData/CompilationCache.noindex
    cd /Users/admin/builder/spi-builder-workspace/.swiftpm/xcode
    builtin-create-build-directory /Users/admin/builder/spi-builder-workspace/.derivedData/CompilationCache.noindex
CreateBuildDirectory /Users/admin/builder/spi-builder-workspace/.derivedData/ModuleCache.noindex
    cd /Users/admin/builder/spi-builder-workspace/.swiftpm/xcode
    builtin-create-build-directory /Users/admin/builder/spi-builder-workspace/.derivedData/ModuleCache.noindex
CreateBuildDirectory /Users/admin/builder/spi-builder-workspace/.derivedData/SDKExplicitPrecompiledModules
    cd /Users/admin/builder/spi-builder-workspace/.swiftpm/xcode
    builtin-create-build-directory /Users/admin/builder/spi-builder-workspace/.derivedData/SDKExplicitPrecompiledModules
ClangStatCache /Applications/Xcode-27.0.0-Release.Candidate.app/Contents/Developer/Toolchains/XcodeDefault.xctoolchain/usr/bin/clang-stat-cache /Applications/Xcode-27.0.0-Release.Candidate.app/Contents/Developer/Platforms/WatchOS.platform/Developer/SDKs/WatchOS27.0.sdk /Users/admin/builder/spi-builder-workspace/.derivedData/SDKStatCaches.noindex/watchos27.0-24R360-e829b21a6f8c9b70876ba0858053c04477534ef55a1706bf4c1112bbb242f0a2.sdkstatcache
    cd /Users/admin/builder/spi-builder-workspace/.swiftpm/xcode
    /Applications/Xcode-27.0.0-Release.Candidate.app/Contents/Developer/Toolchains/XcodeDefault.xctoolchain/usr/bin/clang-stat-cache /Applications/Xcode-27.0.0-Release.Candidate.app/Contents/Developer/Platforms/WatchOS.platform/Developer/SDKs/WatchOS27.0.sdk -o /Users/admin/builder/spi-builder-workspace/.derivedData/SDKStatCaches.noindex/watchos27.0-24R360-e829b21a6f8c9b70876ba0858053c04477534ef55a1706bf4c1112bbb242f0a2.sdkstatcache
CreateBuildDirectory /Users/admin/builder/spi-builder-workspace/.derivedData/Build/Products
    cd /Users/admin/builder/spi-builder-workspace/.swiftpm/xcode
    builtin-create-build-directory /Users/admin/builder/spi-builder-workspace/.derivedData/Build/Products
CreateBuildDirectory /Users/admin/builder/spi-builder-workspace/.derivedData/Build/Intermediates.noindex
    cd /Users/admin/builder/spi-builder-workspace/.swiftpm/xcode
    builtin-create-build-directory /Users/admin/builder/spi-builder-workspace/.derivedData/Build/Intermediates.noindex
CreateBuildDirectory /Users/admin/builder/spi-builder-workspace/.derivedData/Build/Intermediates.noindex/PrecompiledHeaders
    cd /Users/admin/builder/spi-builder-workspace/.swiftpm/xcode
    builtin-create-build-directory /Users/admin/builder/spi-builder-workspace/.derivedData/Build/Intermediates.noindex/PrecompiledHeaders
CreateBuildDirectory /Users/admin/builder/spi-builder-workspace/.derivedData/Build/Intermediates.noindex/SwiftExplicitPrecompiledModules
    cd /Users/admin/builder/spi-builder-workspace/.swiftpm/xcode
    builtin-create-build-directory /Users/admin/builder/spi-builder-workspace/.derivedData/Build/Intermediates.noindex/SwiftExplicitPrecompiledModules
CreateBuildDirectory /Users/admin/builder/spi-builder-workspace/.derivedData/Build/Products/Debug-watchos
    cd /Users/admin/builder/spi-builder-workspace/.swiftpm/xcode
    builtin-create-build-directory /Users/admin/builder/spi-builder-workspace/.derivedData/Build/Products/Debug-watchos
CreateBuildDirectory /Users/admin/builder/spi-builder-workspace/.derivedData/Build/Intermediates.noindex/ExplicitPrecompiledModules
    cd /Users/admin/builder/spi-builder-workspace/.swiftpm/xcode
    builtin-create-build-directory /Users/admin/builder/spi-builder-workspace/.derivedData/Build/Intermediates.noindex/ExplicitPrecompiledModules
CreateBuildDirectory /Users/admin/builder/spi-builder-workspace/.derivedData/Build/Intermediates.noindex/EagerLinkingTBDs/Debug-watchos
    cd /Users/admin/builder/spi-builder-workspace/.swiftpm/xcode
    builtin-create-build-directory /Users/admin/builder/spi-builder-workspace/.derivedData/Build/Intermediates.noindex/EagerLinkingTBDs/Debug-watchos
CreateBuildDirectory /Users/admin/builder/spi-builder-workspace/.derivedData/Build/Products/Debug-watchos/PackageFrameworks
    cd /Users/admin/builder/spi-builder-workspace/.swiftpm/xcode
    builtin-create-build-directory /Users/admin/builder/spi-builder-workspace/.derivedData/Build/Products/Debug-watchos/PackageFrameworks
WriteAuxiliaryFile /Users/admin/builder/spi-builder-workspace/.derivedData/Build/Intermediates.noindex/SinglePageScanner.build/Debug-watchos/SinglePageScanner-t.build/SinglePageScanner.modulemap (in target 'SinglePageScanner' from project 'SinglePageScanner')
    cd /Users/admin/builder/spi-builder-workspace
    write-file /Users/admin/builder/spi-builder-workspace/.derivedData/Build/Intermediates.noindex/SinglePageScanner.build/Debug-watchos/SinglePageScanner-t.build/SinglePageScanner.modulemap
WriteAuxiliaryFile /Users/admin/builder/spi-builder-workspace/.derivedData/Build/Intermediates.noindex/SinglePageScanner.build/Debug-watchos/SinglePageScanner-t.build/SinglePageScanner.DependencyMetadataFileList (in target 'SinglePageScanner' from project 'SinglePageScanner')
    cd /Users/admin/builder/spi-builder-workspace
    write-file /Users/admin/builder/spi-builder-workspace/.derivedData/Build/Intermediates.noindex/SinglePageScanner.build/Debug-watchos/SinglePageScanner-t.build/SinglePageScanner.DependencyMetadataFileList
WriteAuxiliaryFile /Users/admin/builder/spi-builder-workspace/.derivedData/Build/Intermediates.noindex/SinglePageScanner.build/Debug-watchos/SinglePageScanner-t.build/SinglePageScanner.DependencyStaticMetadataFileList (in target 'SinglePageScanner' from project 'SinglePageScanner')
    cd /Users/admin/builder/spi-builder-workspace
    write-file /Users/admin/builder/spi-builder-workspace/.derivedData/Build/Intermediates.noindex/SinglePageScanner.build/Debug-watchos/SinglePageScanner-t.build/SinglePageScanner.DependencyStaticMetadataFileList
WriteAuxiliaryFile /Users/admin/builder/spi-builder-workspace/.derivedData/Build/Intermediates.noindex/SinglePageScanner.build/Debug-watchos/SinglePageScanner-t.build/Objects-normal/arm64_32/SinglePageScanner.SwiftConstValuesFileList (in target 'SinglePageScanner' from project 'SinglePageScanner')
    cd /Users/admin/builder/spi-builder-workspace
    write-file /Users/admin/builder/spi-builder-workspace/.derivedData/Build/Intermediates.noindex/SinglePageScanner.build/Debug-watchos/SinglePageScanner-t.build/Objects-normal/arm64_32/SinglePageScanner.SwiftConstValuesFileList
WriteAuxiliaryFile /Users/admin/builder/spi-builder-workspace/.derivedData/Build/Intermediates.noindex/SinglePageScanner.build/Debug-watchos/SinglePageScanner-t.build/Objects-normal/arm64_32/SinglePageScanner_const_extract_protocols.json (in target 'SinglePageScanner' from project 'SinglePageScanner')
    cd /Users/admin/builder/spi-builder-workspace
    write-file /Users/admin/builder/spi-builder-workspace/.derivedData/Build/Intermediates.noindex/SinglePageScanner.build/Debug-watchos/SinglePageScanner-t.build/Objects-normal/arm64_32/SinglePageScanner_const_extract_protocols.json
WriteAuxiliaryFile /Users/admin/builder/spi-builder-workspace/.derivedData/Build/Intermediates.noindex/SinglePageScanner.build/Debug-watchos/SinglePageScanner-t.build/Objects-normal/arm64_32/SinglePageScanner-OutputFileMap.json (in target 'SinglePageScanner' from project 'SinglePageScanner')
    cd /Users/admin/builder/spi-builder-workspace
    write-file /Users/admin/builder/spi-builder-workspace/.derivedData/Build/Intermediates.noindex/SinglePageScanner.build/Debug-watchos/SinglePageScanner-t.build/Objects-normal/arm64_32/SinglePageScanner-OutputFileMap.json
WriteAuxiliaryFile /Users/admin/builder/spi-builder-workspace/.derivedData/Build/Intermediates.noindex/SinglePageScanner.build/Debug-watchos/SinglePageScanner-t.build/Objects-normal/arm64_32/SinglePageScanner.LinkFileList (in target 'SinglePageScanner' from project 'SinglePageScanner')
    cd /Users/admin/builder/spi-builder-workspace
    write-file /Users/admin/builder/spi-builder-workspace/.derivedData/Build/Intermediates.noindex/SinglePageScanner.build/Debug-watchos/SinglePageScanner-t.build/Objects-normal/arm64_32/SinglePageScanner.LinkFileList
WriteAuxiliaryFile /Users/admin/builder/spi-builder-workspace/.derivedData/Build/Intermediates.noindex/SinglePageScanner.build/Debug-watchos/SinglePageScanner-t.build/Objects-normal/arm64_32/SinglePageScanner.SwiftFileList (in target 'SinglePageScanner' from project 'SinglePageScanner')
    cd /Users/admin/builder/spi-builder-workspace
    write-file /Users/admin/builder/spi-builder-workspace/.derivedData/Build/Intermediates.noindex/SinglePageScanner.build/Debug-watchos/SinglePageScanner-t.build/Objects-normal/arm64_32/SinglePageScanner.SwiftFileList
WriteAuxiliaryFile /Users/admin/builder/spi-builder-workspace/.derivedData/Build/Intermediates.noindex/SinglePageScanner.build/Debug-watchos/SinglePageScanner-t.build/Objects-normal/arm64/SinglePageScanner_const_extract_protocols.json (in target 'SinglePageScanner' from project 'SinglePageScanner')
    cd /Users/admin/builder/spi-builder-workspace
    write-file /Users/admin/builder/spi-builder-workspace/.derivedData/Build/Intermediates.noindex/SinglePageScanner.build/Debug-watchos/SinglePageScanner-t.build/Objects-normal/arm64/SinglePageScanner_const_extract_protocols.json
WriteAuxiliaryFile /Users/admin/builder/spi-builder-workspace/.derivedData/Build/Intermediates.noindex/SinglePageScanner.build/Debug-watchos/SinglePageScanner-t.build/Objects-normal/arm64/SinglePageScanner.SwiftFileList (in target 'SinglePageScanner' from project 'SinglePageScanner')
    cd /Users/admin/builder/spi-builder-workspace
    write-file /Users/admin/builder/spi-builder-workspace/.derivedData/Build/Intermediates.noindex/SinglePageScanner.build/Debug-watchos/SinglePageScanner-t.build/Objects-normal/arm64/SinglePageScanner.SwiftFileList
WriteAuxiliaryFile /Users/admin/builder/spi-builder-workspace/.derivedData/Build/Intermediates.noindex/SinglePageScanner.build/Debug-watchos/SinglePageScanner-t.build/Objects-normal/arm64/SinglePageScanner.SwiftConstValuesFileList (in target 'SinglePageScanner' from project 'SinglePageScanner')
    cd /Users/admin/builder/spi-builder-workspace
    write-file /Users/admin/builder/spi-builder-workspace/.derivedData/Build/Intermediates.noindex/SinglePageScanner.build/Debug-watchos/SinglePageScanner-t.build/Objects-normal/arm64/SinglePageScanner.SwiftConstValuesFileList
WriteAuxiliaryFile /Users/admin/builder/spi-builder-workspace/.derivedData/Build/Intermediates.noindex/SinglePageScanner.build/Debug-watchos/SinglePageScanner-t.build/Objects-normal/arm64/SinglePageScanner.LinkFileList (in target 'SinglePageScanner' from project 'SinglePageScanner')
    cd /Users/admin/builder/spi-builder-workspace
    write-file /Users/admin/builder/spi-builder-workspace/.derivedData/Build/Intermediates.noindex/SinglePageScanner.build/Debug-watchos/SinglePageScanner-t.build/Objects-normal/arm64/SinglePageScanner.LinkFileList
WriteAuxiliaryFile /Users/admin/builder/spi-builder-workspace/.derivedData/Build/Intermediates.noindex/SinglePageScanner.build/Debug-watchos/SinglePageScanner-t.build/Objects-normal/arm64/SinglePageScanner-OutputFileMap.json (in target 'SinglePageScanner' from project 'SinglePageScanner')
    cd /Users/admin/builder/spi-builder-workspace
    write-file /Users/admin/builder/spi-builder-workspace/.derivedData/Build/Intermediates.noindex/SinglePageScanner.build/Debug-watchos/SinglePageScanner-t.build/Objects-normal/arm64/SinglePageScanner-OutputFileMap.json
Copy /Users/admin/builder/spi-builder-workspace/.derivedData/Build/Intermediates.noindex/GeneratedModuleMaps-watchos/SinglePageScanner.modulemap /Users/admin/builder/spi-builder-workspace/.derivedData/Build/Intermediates.noindex/SinglePageScanner.build/Debug-watchos/SinglePageScanner-t.build/SinglePageScanner.modulemap (in target 'SinglePageScanner' from project 'SinglePageScanner')
    cd /Users/admin/builder/spi-builder-workspace
    builtin-copy -exclude .DS_Store -exclude CVS -exclude .svn -exclude .git -exclude .hg -resolve-src-symlinks /Users/admin/builder/spi-builder-workspace/.derivedData/Build/Intermediates.noindex/SinglePageScanner.build/Debug-watchos/SinglePageScanner-t.build/SinglePageScanner.modulemap /Users/admin/builder/spi-builder-workspace/.derivedData/Build/Intermediates.noindex/GeneratedModuleMaps-watchos
SwiftDriver SinglePageScanner normal arm64_32 com.apple.xcode.tools.swift.compiler (in target 'SinglePageScanner' from project 'SinglePageScanner')
    cd /Users/admin/builder/spi-builder-workspace/.swiftpm/xcode
    builtin-SwiftDriver -- /Applications/Xcode-27.0.0-Release.Candidate.app/Contents/Developer/Toolchains/XcodeDefault.xctoolchain/usr/bin/swiftc -parse-as-library -module-name SinglePageScanner -Onone @/Users/admin/builder/spi-builder-workspace/.derivedData/Build/Intermediates.noindex/SinglePageScanner.build/Debug-watchos/SinglePageScanner-t.build/Objects-normal/arm64_32/SinglePageScanner.SwiftFileList -DSWIFT_PACKAGE -DDEBUG -DSWIFT_MODULE_RESOURCE_BUNDLE_UNAVAILABLE -DXcode -plugin-path /Applications/Xcode-27.0.0-Release.Candidate.app/Contents/Developer/Toolchains/XcodeDefault.xctoolchain/usr/lib/swift/host/plugins/testing -enable-experimental-feature DebugDescriptionMacro -sdk /Applications/Xcode-27.0.0-Release.Candidate.app/Contents/Developer/Platforms/WatchOS.platform/Developer/SDKs/WatchOS27.0.sdk -target arm64_32-apple-watchos9.0 -g -module-cache-path /Users/admin/builder/spi-builder-workspace/.derivedData/ModuleCache.noindex -Xfrontend -serialize-debugging-options -profile-coverage-mapping -profile-generate -enable-testing -index-store-path /Users/admin/builder/spi-builder-workspace/.derivedData/Index.noindex/DataStore -Xcc -D_LIBCPP_HARDENING_MODE\=_LIBCPP_HARDENING_MODE_DEBUG -swift-version 5 -I /Users/admin/builder/spi-builder-workspace/.derivedData/Build/Products/Debug-watchos -Isystem /Applications/Xcode-27.0.0-Release.Candidate.app/Contents/Developer/Platforms/WatchOS.platform/Developer/usr/lib -F /Users/admin/builder/spi-builder-workspace/.derivedData/Build/Products/Debug-watchos -F /Applications/Xcode-27.0.0-Release.Candidate.app/Contents/Developer/Platforms/WatchOS.platform/Developer/Library/Frameworks -F /Applications/Xcode-27.0.0-Release.Candidate.app/Contents/Developer/Platforms/WatchOS.platform/Developer/SDKs/WatchOS27.0.sdk/Developer/Library/Frameworks -c -j10 -enable-batch-mode -incremental -Xcc -ivfsstatcache -Xcc /Users/admin/builder/spi-builder-workspace/.derivedData/SDKStatCaches.noindex/watchos27.0-24R360-e829b21a6f8c9b70876ba0858053c04477534ef55a1706bf4c1112bbb242f0a2.sdkstatcache -output-file-map /Users/admin/builder/spi-builder-workspace/.derivedData/Build/Intermediates.noindex/SinglePageScanner.build/Debug-watchos/SinglePageScanner-t.build/Objects-normal/arm64_32/SinglePageScanner-OutputFileMap.json -save-temps -no-color-diagnostics -explicit-module-build -module-cache-path /Users/admin/builder/spi-builder-workspace/.derivedData/Build/Intermediates.noindex/SwiftExplicitPrecompiledModules -clang-scanner-module-cache-path /Users/admin/builder/spi-builder-workspace/.derivedData/ModuleCache.noindex -sdk-module-cache-path /Users/admin/builder/spi-builder-workspace/.derivedData/SDKExplicitPrecompiledModules -emit-dependencies -emit-module -emit-module-path /Users/admin/builder/spi-builder-workspace/.derivedData/Build/Intermediates.noindex/SinglePageScanner.build/Debug-watchos/SinglePageScanner-t.build/Objects-normal/arm64_32/SinglePageScanner.swiftmodule -serialize-diagnostics -dependency-scan-serialize-diagnostics-path /Users/admin/builder/spi-builder-workspace/.derivedData/Build/Intermediates.noindex/SinglePageScanner.build/Debug-watchos/SinglePageScanner-t.build/Objects-normal/arm64_32/SinglePageScanner-dependency-scan.dia -validate-clang-modules-once -clang-build-session-file /Users/admin/builder/spi-builder-workspace/.derivedData/ModuleCache.noindex/Session.modulevalidation -Xcc -fmodules-prune-interval\=86400 -Xcc -fmodules-prune-after\=345600 -emit-const-values -const-gather-protocols-list /Users/admin/builder/spi-builder-workspace/.derivedData/Build/Intermediates.noindex/SinglePageScanner.build/Debug-watchos/SinglePageScanner-t.build/Objects-normal/arm64_32/SinglePageScanner_const_extract_protocols.json -Xcc -I/Users/admin/builder/spi-builder-workspace/.derivedData/Build/Products/Debug-watchos/include -Xcc -I/Users/admin/builder/spi-builder-workspace/.derivedData/Build/Intermediates.noindex/SinglePageScanner.build/Debug-watchos/SinglePageScanner-t.build/DerivedSources-normal/arm64_32 -Xcc -I/Users/admin/builder/spi-builder-workspace/.derivedData/Build/Intermediates.noindex/SinglePageScanner.build/Debug-watchos/SinglePageScanner-t.build/DerivedSources/arm64_32 -Xcc -I/Users/admin/builder/spi-builder-workspace/.derivedData/Build/Intermediates.noindex/SinglePageScanner.build/Debug-watchos/SinglePageScanner-t.build/DerivedSources -Xcc -DSWIFT_PACKAGE -Xcc -DDEBUG\=1 -emit-objc-header -emit-objc-header-path /Users/admin/builder/spi-builder-workspace/.derivedData/Build/Intermediates.noindex/SinglePageScanner.build/Debug-watchos/SinglePageScanner-t.build/Objects-normal/arm64_32/SinglePageScanner-Swift.h -working-directory /Users/admin/builder/spi-builder-workspace/.swiftpm/xcode -experimental-emit-module-separately -disable-cmo
/Users/admin/builder/spi-builder-workspace/Sources/SinglePageScanner/Extensions/CIImage+Utils.swift:9:8: error: Unable to resolve module dependency: 'CoreImage' (in target 'SinglePageScanner' from project 'SinglePageScanner')
    note: A dependency of main module 'SinglePageScanner'
/Users/admin/builder/spi-builder-workspace/Sources/SinglePageScanner/Extensions/CIImage+Utils.swift:9:8: note: A dependency of main module 'SinglePageScanner'
import CoreImage
       ^ (in target 'SinglePageScanner' from project 'SinglePageScanner')
SwiftDriver SinglePageScanner normal arm64 com.apple.xcode.tools.swift.compiler (in target 'SinglePageScanner' from project 'SinglePageScanner')
    cd /Users/admin/builder/spi-builder-workspace/.swiftpm/xcode
    builtin-SwiftDriver -- /Applications/Xcode-27.0.0-Release.Candidate.app/Contents/Developer/Toolchains/XcodeDefault.xctoolchain/usr/bin/swiftc -parse-as-library -module-name SinglePageScanner -Onone @/Users/admin/builder/spi-builder-workspace/.derivedData/Build/Intermediates.noindex/SinglePageScanner.build/Debug-watchos/SinglePageScanner-t.build/Objects-normal/arm64/SinglePageScanner.SwiftFileList -DSWIFT_PACKAGE -DDEBUG -DSWIFT_MODULE_RESOURCE_BUNDLE_UNAVAILABLE -DXcode -plugin-path /Applications/Xcode-27.0.0-Release.Candidate.app/Contents/Developer/Toolchains/XcodeDefault.xctoolchain/usr/lib/swift/host/plugins/testing -enable-experimental-feature DebugDescriptionMacro -sdk /Applications/Xcode-27.0.0-Release.Candidate.app/Contents/Developer/Platforms/WatchOS.platform/Developer/SDKs/WatchOS27.0.sdk -target arm64-apple-watchos9.0 -g -module-cache-path /Users/admin/builder/spi-builder-workspace/.derivedData/ModuleCache.noindex -Xfrontend -serialize-debugging-options -profile-coverage-mapping -profile-generate -enable-testing -index-store-path /Users/admin/builder/spi-builder-workspace/.derivedData/Index.noindex/DataStore -Xcc -D_LIBCPP_HARDENING_MODE\=_LIBCPP_HARDENING_MODE_DEBUG -swift-version 5 -I /Users/admin/builder/spi-builder-workspace/.derivedData/Build/Products/Debug-watchos -Isystem /Applications/Xcode-27.0.0-Release.Candidate.app/Contents/Developer/Platforms/WatchOS.platform/Developer/usr/lib -F /Users/admin/builder/spi-builder-workspace/.derivedData/Build/Products/Debug-watchos -F /Applications/Xcode-27.0.0-Release.Candidate.app/Contents/Developer/Platforms/WatchOS.platform/Developer/Library/Frameworks -F /Applications/Xcode-27.0.0-Release.Candidate.app/Contents/Developer/Platforms/WatchOS.platform/Developer/SDKs/WatchOS27.0.sdk/Developer/Library/Frameworks -c -j10 -enable-batch-mode -incremental -Xcc -ivfsstatcache -Xcc /Users/admin/builder/spi-builder-workspace/.derivedData/SDKStatCaches.noindex/watchos27.0-24R360-e829b21a6f8c9b70876ba0858053c04477534ef55a1706bf4c1112bbb242f0a2.sdkstatcache -output-file-map /Users/admin/builder/spi-builder-workspace/.derivedData/Build/Intermediates.noindex/SinglePageScanner.build/Debug-watchos/SinglePageScanner-t.build/Objects-normal/arm64/SinglePageScanner-OutputFileMap.json -save-temps -no-color-diagnostics -explicit-module-build -module-cache-path /Users/admin/builder/spi-builder-workspace/.derivedData/Build/Intermediates.noindex/SwiftExplicitPrecompiledModules -clang-scanner-module-cache-path /Users/admin/builder/spi-builder-workspace/.derivedData/ModuleCache.noindex -sdk-module-cache-path /Users/admin/builder/spi-builder-workspace/.derivedData/SDKExplicitPrecompiledModules -emit-dependencies -emit-module -emit-module-path /Users/admin/builder/spi-builder-workspace/.derivedData/Build/Intermediates.noindex/SinglePageScanner.build/Debug-watchos/SinglePageScanner-t.build/Objects-normal/arm64/SinglePageScanner.swiftmodule -serialize-diagnostics -dependency-scan-serialize-diagnostics-path /Users/admin/builder/spi-builder-workspace/.derivedData/Build/Intermediates.noindex/SinglePageScanner.build/Debug-watchos/SinglePageScanner-t.build/Objects-normal/arm64/SinglePageScanner-dependency-scan.dia -validate-clang-modules-once -clang-build-session-file /Users/admin/builder/spi-builder-workspace/.derivedData/ModuleCache.noindex/Session.modulevalidation -Xcc -fmodules-prune-interval\=86400 -Xcc -fmodules-prune-after\=345600 -emit-const-values -const-gather-protocols-list /Users/admin/builder/spi-builder-workspace/.derivedData/Build/Intermediates.noindex/SinglePageScanner.build/Debug-watchos/SinglePageScanner-t.build/Objects-normal/arm64/SinglePageScanner_const_extract_protocols.json -Xcc -I/Users/admin/builder/spi-builder-workspace/.derivedData/Build/Products/Debug-watchos/include -Xcc -I/Users/admin/builder/spi-builder-workspace/.derivedData/Build/Intermediates.noindex/SinglePageScanner.build/Debug-watchos/SinglePageScanner-t.build/DerivedSources-normal/arm64 -Xcc -I/Users/admin/builder/spi-builder-workspace/.derivedData/Build/Intermediates.noindex/SinglePageScanner.build/Debug-watchos/SinglePageScanner-t.build/DerivedSources/arm64 -Xcc -I/Users/admin/builder/spi-builder-workspace/.derivedData/Build/Intermediates.noindex/SinglePageScanner.build/Debug-watchos/SinglePageScanner-t.build/DerivedSources -Xcc -DSWIFT_PACKAGE -Xcc -DDEBUG\=1 -emit-objc-header -emit-objc-header-path /Users/admin/builder/spi-builder-workspace/.derivedData/Build/Intermediates.noindex/SinglePageScanner.build/Debug-watchos/SinglePageScanner-t.build/Objects-normal/arm64/SinglePageScanner-Swift.h -working-directory /Users/admin/builder/spi-builder-workspace/.swiftpm/xcode -experimental-emit-module-separately -disable-cmo
/Users/admin/builder/spi-builder-workspace/Sources/SinglePageScanner/Extensions/CIImage+Utils.swift:9:8: error: Unable to resolve module dependency: 'CoreImage' (in target 'SinglePageScanner' from project 'SinglePageScanner')
    note: A dependency of main module 'SinglePageScanner'
/Users/admin/builder/spi-builder-workspace/Sources/SinglePageScanner/Extensions/CIImage+Utils.swift:9:8: note: A dependency of main module 'SinglePageScanner'
import CoreImage
       ^ (in target 'SinglePageScanner' from project 'SinglePageScanner')
PruneExplicitPrecompiledModules /Users/admin/builder/spi-builder-workspace/.derivedData/Build/Intermediates.noindex/SwiftExplicitPrecompiledModules
PruneExplicitPrecompiledModules /Users/admin/builder/spi-builder-workspace/.derivedData/Build/Intermediates.noindex/ExplicitPrecompiledModules
PruneExplicitPrecompiledModules /Users/admin/builder/spi-builder-workspace/.derivedData/SDKExplicitPrecompiledModules
2026-09-17 05:36:35.234 xcodebuild[660:4274] [MT] IDERunDestination: Supported platforms for the buildables in the current scheme is empty.
** BUILD FAILED **
The following build commands failed:
	SwiftDriver SinglePageScanner normal arm64_32 com.apple.xcode.tools.swift.compiler (in target 'SinglePageScanner' from project 'SinglePageScanner')
	SwiftDriver SinglePageScanner normal arm64 com.apple.xcode.tools.swift.compiler (in target 'SinglePageScanner' from project 'SinglePageScanner')
	Building workspace SinglePageScanner with scheme SinglePageScanner
(3 failures)
Command line invocation:
    /Applications/Xcode-27.0.0-Release.Candidate.app/Contents/Developer/usr/bin/xcodebuild -IDEClonedSourcePackagesDirPathOverride=/Users/admin/builder/spi-builder-workspace/.dependencies -resolvePackageDependencies
Resolve Package Graph
Resolved source packages:
  SinglePageScanner: /Users/admin/builder/spi-builder-workspace
resolved source packages: SinglePageScanner
2026-09-17 05:36:38.812 xcodebuild[675:4545] [MT] IDERunDestination: Supported platforms for the buildables in the current scheme is empty.
{
  "dependencies" : [
  ],
  "manifest_display_name" : "SinglePageScanner",
  "name" : "SinglePageScanner",
  "path" : "/Users/admin/builder/spi-builder-workspace",
  "platforms" : [
    {
      "name" : "ios",
      "version" : "13.0"
    }
  ],
  "products" : [
    {
      "name" : "SinglePageScanner",
      "targets" : [
        "SinglePageScanner"
      ],
      "type" : {
        "library" : [
          "automatic"
        ]
      }
    }
  ],
  "targets" : [
    {
      "c99name" : "SinglePageScannerTests",
      "module_type" : "SwiftTarget",
      "name" : "SinglePageScannerTests",
      "path" : "Tests/SinglePageScannerTests",
      "sources" : [
        "SinglePageScannerTests.swift",
        "XCTestManifests.swift"
      ],
      "target_dependencies" : [
        "SinglePageScanner"
      ],
      "type" : "test"
    },
    {
      "c99name" : "SinglePageScanner",
      "module_type" : "SwiftTarget",
      "name" : "SinglePageScanner",
      "path" : "Sources/SinglePageScanner",
      "product_memberships" : [
        "SinglePageScanner"
      ],
      "sources" : [
        "Common/CIRectangleDetector.swift",
        "Common/EditScanCornerView.swift",
        "Common/Error.swift",
        "Common/Quadrilateral.swift",
        "Common/QuadrilateralView.swift",
        "Common/VisionRectangleDetector.swift",
        "Edit/EditScanViewController.swift",
        "Edit/ZoomGestureController.swift",
        "Extensions/AVCaptureVideoOrientation+Utils.swift",
        "Extensions/Array+Utils.swift",
        "Extensions/CGAffineTransform+Utils.swift",
        "Extensions/CGImagePropertyOrientation.swift",
        "Extensions/CGPoint+Utils.swift",
        "Extensions/CGRect+Utils.swift",
        "Extensions/CGSize+Utils.swift",
        "Extensions/CIImage+Utils.swift",
        "Extensions/UIImage+Orientation.swift",
        "Extensions/UIImage+Utils.swift",
        "ImageScannerController.swift",
        "Protocols/CaptureDevice.swift",
        "Protocols/Transformable.swift",
        "Review/ReviewViewController.swift",
        "Scan/CaptureSessionManager.swift",
        "Scan/FocusRectangleView.swift",
        "Scan/RectangleFeaturesFunnel.swift",
        "Scan/ScannerViewController.swift",
        "Scan/ShutterButton.swift",
        "Session/CaptureSession+Flash.swift",
        "Session/CaptureSession+Focus.swift",
        "Session/CaptureSession+Orientation.swift",
        "Session/CaptureSession.swift",
        "SinglePageScanner.swift"
      ],
      "type" : "library"
    }
  ],
  "tools_version" : "5.2"
}
{
  "workspace" : {
    "name" : "SinglePageScanner",
    "schemes" : [
      "SinglePageScanner"
    ]
  }
}
2026-09-17 05:36:40.043 xcodebuild[683:4603] [MT] IDERunDestination: Supported platforms for the buildables in the current scheme is empty.
Running build ...
env DEVELOPER_DIR=/Applications/Xcode-27.0.0-Release.Candidate.app xcrun xcodebuild -IDEClonedSourcePackagesDirPathOverride=$PWD/.dependencies -skipMacroValidation -skipPackagePluginValidation -derivedDataPath $PWD/.derivedData build -scheme SinglePageScanner -destination generic/platform=watchOS
Command line invocation:
    /Applications/Xcode-27.0.0-Release.Candidate.app/Contents/Developer/usr/bin/xcodebuild -IDEClonedSourcePackagesDirPathOverride=/Users/admin/builder/spi-builder-workspace/.dependencies -skipMacroValidation -skipPackagePluginValidation -derivedDataPath /Users/admin/builder/spi-builder-workspace/.derivedData build -scheme SinglePageScanner -destination generic/platform=watchOS
Resolve Package Graph
Resolved source packages:
  SinglePageScanner: /Users/admin/builder/spi-builder-workspace
ComputePackagePrebuildTargetDependencyGraph
Prepare packages
CreateBuildRequest
SendProjectDescription
CreateBuildOperation
ComputeTargetDependencyGraph
note: Building targets in dependency order
note: Target dependency graph (2 targets)
    Target 'SinglePageScanner-product' in project 'SinglePageScanner'
        ➜ Explicit dependency on target 'SinglePageScanner' in project 'SinglePageScanner'
    Target 'SinglePageScanner' in project 'SinglePageScanner' (no dependencies)
GatherProvisioningInputs
CreateBuildDescription
ClangStatCache /Applications/Xcode-27.0.0-Release.Candidate.app/Contents/Developer/Toolchains/XcodeDefault.xctoolchain/usr/bin/clang-stat-cache /Applications/Xcode-27.0.0-Release.Candidate.app/Contents/Developer/Platforms/WatchOS.platform/Developer/SDKs/WatchOS27.0.sdk /Users/admin/builder/spi-builder-workspace/.derivedData/SDKStatCaches.noindex/watchos27.0-24R360-e829b21a6f8c9b70876ba0858053c04477534ef55a1706bf4c1112bbb242f0a2.sdkstatcache
    cd /Users/admin/builder/spi-builder-workspace/.swiftpm/xcode
    /Applications/Xcode-27.0.0-Release.Candidate.app/Contents/Developer/Toolchains/XcodeDefault.xctoolchain/usr/bin/clang-stat-cache /Applications/Xcode-27.0.0-Release.Candidate.app/Contents/Developer/Platforms/WatchOS.platform/Developer/SDKs/WatchOS27.0.sdk -o /Users/admin/builder/spi-builder-workspace/.derivedData/SDKStatCaches.noindex/watchos27.0-24R360-e829b21a6f8c9b70876ba0858053c04477534ef55a1706bf4c1112bbb242f0a2.sdkstatcache
SwiftDriver SinglePageScanner normal arm64_32 com.apple.xcode.tools.swift.compiler (in target 'SinglePageScanner' from project 'SinglePageScanner')
    cd /Users/admin/builder/spi-builder-workspace/.swiftpm/xcode
    builtin-SwiftDriver -- /Applications/Xcode-27.0.0-Release.Candidate.app/Contents/Developer/Toolchains/XcodeDefault.xctoolchain/usr/bin/swiftc -parse-as-library -module-name SinglePageScanner -Onone @/Users/admin/builder/spi-builder-workspace/.derivedData/Build/Intermediates.noindex/SinglePageScanner.build/Debug-watchos/SinglePageScanner-t.build/Objects-normal/arm64_32/SinglePageScanner.SwiftFileList -DSWIFT_PACKAGE -DDEBUG -DSWIFT_MODULE_RESOURCE_BUNDLE_UNAVAILABLE -DXcode -plugin-path /Applications/Xcode-27.0.0-Release.Candidate.app/Contents/Developer/Toolchains/XcodeDefault.xctoolchain/usr/lib/swift/host/plugins/testing -enable-experimental-feature DebugDescriptionMacro -sdk /Applications/Xcode-27.0.0-Release.Candidate.app/Contents/Developer/Platforms/WatchOS.platform/Developer/SDKs/WatchOS27.0.sdk -target arm64_32-apple-watchos9.0 -g -module-cache-path /Users/admin/builder/spi-builder-workspace/.derivedData/ModuleCache.noindex -Xfrontend -serialize-debugging-options -profile-coverage-mapping -profile-generate -enable-testing -index-store-path /Users/admin/builder/spi-builder-workspace/.derivedData/Index.noindex/DataStore -Xcc -D_LIBCPP_HARDENING_MODE\=_LIBCPP_HARDENING_MODE_DEBUG -swift-version 5 -I /Users/admin/builder/spi-builder-workspace/.derivedData/Build/Products/Debug-watchos -Isystem /Applications/Xcode-27.0.0-Release.Candidate.app/Contents/Developer/Platforms/WatchOS.platform/Developer/usr/lib -F /Users/admin/builder/spi-builder-workspace/.derivedData/Build/Products/Debug-watchos -F /Applications/Xcode-27.0.0-Release.Candidate.app/Contents/Developer/Platforms/WatchOS.platform/Developer/Library/Frameworks -F /Applications/Xcode-27.0.0-Release.Candidate.app/Contents/Developer/Platforms/WatchOS.platform/Developer/SDKs/WatchOS27.0.sdk/Developer/Library/Frameworks -c -j10 -enable-batch-mode -incremental -Xcc -ivfsstatcache -Xcc /Users/admin/builder/spi-builder-workspace/.derivedData/SDKStatCaches.noindex/watchos27.0-24R360-e829b21a6f8c9b70876ba0858053c04477534ef55a1706bf4c1112bbb242f0a2.sdkstatcache -output-file-map /Users/admin/builder/spi-builder-workspace/.derivedData/Build/Intermediates.noindex/SinglePageScanner.build/Debug-watchos/SinglePageScanner-t.build/Objects-normal/arm64_32/SinglePageScanner-OutputFileMap.json -save-temps -no-color-diagnostics -explicit-module-build -module-cache-path /Users/admin/builder/spi-builder-workspace/.derivedData/Build/Intermediates.noindex/SwiftExplicitPrecompiledModules -clang-scanner-module-cache-path /Users/admin/builder/spi-builder-workspace/.derivedData/ModuleCache.noindex -sdk-module-cache-path /Users/admin/builder/spi-builder-workspace/.derivedData/SDKExplicitPrecompiledModules -emit-dependencies -emit-module -emit-module-path /Users/admin/builder/spi-builder-workspace/.derivedData/Build/Intermediates.noindex/SinglePageScanner.build/Debug-watchos/SinglePageScanner-t.build/Objects-normal/arm64_32/SinglePageScanner.swiftmodule -serialize-diagnostics -dependency-scan-serialize-diagnostics-path /Users/admin/builder/spi-builder-workspace/.derivedData/Build/Intermediates.noindex/SinglePageScanner.build/Debug-watchos/SinglePageScanner-t.build/Objects-normal/arm64_32/SinglePageScanner-dependency-scan.dia -validate-clang-modules-once -clang-build-session-file /Users/admin/builder/spi-builder-workspace/.derivedData/ModuleCache.noindex/Session.modulevalidation -Xcc -fmodules-prune-interval\=86400 -Xcc -fmodules-prune-after\=345600 -emit-const-values -const-gather-protocols-list /Users/admin/builder/spi-builder-workspace/.derivedData/Build/Intermediates.noindex/SinglePageScanner.build/Debug-watchos/SinglePageScanner-t.build/Objects-normal/arm64_32/SinglePageScanner_const_extract_protocols.json -Xcc -I/Users/admin/builder/spi-builder-workspace/.derivedData/Build/Products/Debug-watchos/include -Xcc -I/Users/admin/builder/spi-builder-workspace/.derivedData/Build/Intermediates.noindex/SinglePageScanner.build/Debug-watchos/SinglePageScanner-t.build/DerivedSources-normal/arm64_32 -Xcc -I/Users/admin/builder/spi-builder-workspace/.derivedData/Build/Intermediates.noindex/SinglePageScanner.build/Debug-watchos/SinglePageScanner-t.build/DerivedSources/arm64_32 -Xcc -I/Users/admin/builder/spi-builder-workspace/.derivedData/Build/Intermediates.noindex/SinglePageScanner.build/Debug-watchos/SinglePageScanner-t.build/DerivedSources -Xcc -DSWIFT_PACKAGE -Xcc -DDEBUG\=1 -emit-objc-header -emit-objc-header-path /Users/admin/builder/spi-builder-workspace/.derivedData/Build/Intermediates.noindex/SinglePageScanner.build/Debug-watchos/SinglePageScanner-t.build/Objects-normal/arm64_32/SinglePageScanner-Swift.h -working-directory /Users/admin/builder/spi-builder-workspace/.swiftpm/xcode -experimental-emit-module-separately -disable-cmo
/Users/admin/builder/spi-builder-workspace/Sources/SinglePageScanner/Extensions/CIImage+Utils.swift:9:8: error: Unable to resolve module dependency: 'CoreImage' (in target 'SinglePageScanner' from project 'SinglePageScanner')
    note: A dependency of main module 'SinglePageScanner'
/Users/admin/builder/spi-builder-workspace/Sources/SinglePageScanner/Extensions/CIImage+Utils.swift:9:8: note: A dependency of main module 'SinglePageScanner'
import CoreImage
       ^ (in target 'SinglePageScanner' from project 'SinglePageScanner')
SwiftDriver SinglePageScanner normal arm64 com.apple.xcode.tools.swift.compiler (in target 'SinglePageScanner' from project 'SinglePageScanner')
    cd /Users/admin/builder/spi-builder-workspace/.swiftpm/xcode
    builtin-SwiftDriver -- /Applications/Xcode-27.0.0-Release.Candidate.app/Contents/Developer/Toolchains/XcodeDefault.xctoolchain/usr/bin/swiftc -parse-as-library -module-name SinglePageScanner -Onone @/Users/admin/builder/spi-builder-workspace/.derivedData/Build/Intermediates.noindex/SinglePageScanner.build/Debug-watchos/SinglePageScanner-t.build/Objects-normal/arm64/SinglePageScanner.SwiftFileList -DSWIFT_PACKAGE -DDEBUG -DSWIFT_MODULE_RESOURCE_BUNDLE_UNAVAILABLE -DXcode -plugin-path /Applications/Xcode-27.0.0-Release.Candidate.app/Contents/Developer/Toolchains/XcodeDefault.xctoolchain/usr/lib/swift/host/plugins/testing -enable-experimental-feature DebugDescriptionMacro -sdk /Applications/Xcode-27.0.0-Release.Candidate.app/Contents/Developer/Platforms/WatchOS.platform/Developer/SDKs/WatchOS27.0.sdk -target arm64-apple-watchos9.0 -g -module-cache-path /Users/admin/builder/spi-builder-workspace/.derivedData/ModuleCache.noindex -Xfrontend -serialize-debugging-options -profile-coverage-mapping -profile-generate -enable-testing -index-store-path /Users/admin/builder/spi-builder-workspace/.derivedData/Index.noindex/DataStore -Xcc -D_LIBCPP_HARDENING_MODE\=_LIBCPP_HARDENING_MODE_DEBUG -swift-version 5 -I /Users/admin/builder/spi-builder-workspace/.derivedData/Build/Products/Debug-watchos -Isystem /Applications/Xcode-27.0.0-Release.Candidate.app/Contents/Developer/Platforms/WatchOS.platform/Developer/usr/lib -F /Users/admin/builder/spi-builder-workspace/.derivedData/Build/Products/Debug-watchos -F /Applications/Xcode-27.0.0-Release.Candidate.app/Contents/Developer/Platforms/WatchOS.platform/Developer/Library/Frameworks -F /Applications/Xcode-27.0.0-Release.Candidate.app/Contents/Developer/Platforms/WatchOS.platform/Developer/SDKs/WatchOS27.0.sdk/Developer/Library/Frameworks -c -j10 -enable-batch-mode -incremental -Xcc -ivfsstatcache -Xcc /Users/admin/builder/spi-builder-workspace/.derivedData/SDKStatCaches.noindex/watchos27.0-24R360-e829b21a6f8c9b70876ba0858053c04477534ef55a1706bf4c1112bbb242f0a2.sdkstatcache -output-file-map /Users/admin/builder/spi-builder-workspace/.derivedData/Build/Intermediates.noindex/SinglePageScanner.build/Debug-watchos/SinglePageScanner-t.build/Objects-normal/arm64/SinglePageScanner-OutputFileMap.json -save-temps -no-color-diagnostics -explicit-module-build -module-cache-path /Users/admin/builder/spi-builder-workspace/.derivedData/Build/Intermediates.noindex/SwiftExplicitPrecompiledModules -clang-scanner-module-cache-path /Users/admin/builder/spi-builder-workspace/.derivedData/ModuleCache.noindex -sdk-module-cache-path /Users/admin/builder/spi-builder-workspace/.derivedData/SDKExplicitPrecompiledModules -emit-dependencies -emit-module -emit-module-path /Users/admin/builder/spi-builder-workspace/.derivedData/Build/Intermediates.noindex/SinglePageScanner.build/Debug-watchos/SinglePageScanner-t.build/Objects-normal/arm64/SinglePageScanner.swiftmodule -serialize-diagnostics -dependency-scan-serialize-diagnostics-path /Users/admin/builder/spi-builder-workspace/.derivedData/Build/Intermediates.noindex/SinglePageScanner.build/Debug-watchos/SinglePageScanner-t.build/Objects-normal/arm64/SinglePageScanner-dependency-scan.dia -validate-clang-modules-once -clang-build-session-file /Users/admin/builder/spi-builder-workspace/.derivedData/ModuleCache.noindex/Session.modulevalidation -Xcc -fmodules-prune-interval\=86400 -Xcc -fmodules-prune-after\=345600 -emit-const-values -const-gather-protocols-list /Users/admin/builder/spi-builder-workspace/.derivedData/Build/Intermediates.noindex/SinglePageScanner.build/Debug-watchos/SinglePageScanner-t.build/Objects-normal/arm64/SinglePageScanner_const_extract_protocols.json -Xcc -I/Users/admin/builder/spi-builder-workspace/.derivedData/Build/Products/Debug-watchos/include -Xcc -I/Users/admin/builder/spi-builder-workspace/.derivedData/Build/Intermediates.noindex/SinglePageScanner.build/Debug-watchos/SinglePageScanner-t.build/DerivedSources-normal/arm64 -Xcc -I/Users/admin/builder/spi-builder-workspace/.derivedData/Build/Intermediates.noindex/SinglePageScanner.build/Debug-watchos/SinglePageScanner-t.build/DerivedSources/arm64 -Xcc -I/Users/admin/builder/spi-builder-workspace/.derivedData/Build/Intermediates.noindex/SinglePageScanner.build/Debug-watchos/SinglePageScanner-t.build/DerivedSources -Xcc -DSWIFT_PACKAGE -Xcc -DDEBUG\=1 -emit-objc-header -emit-objc-header-path /Users/admin/builder/spi-builder-workspace/.derivedData/Build/Intermediates.noindex/SinglePageScanner.build/Debug-watchos/SinglePageScanner-t.build/Objects-normal/arm64/SinglePageScanner-Swift.h -working-directory /Users/admin/builder/spi-builder-workspace/.swiftpm/xcode -experimental-emit-module-separately -disable-cmo
/Users/admin/builder/spi-builder-workspace/Sources/SinglePageScanner/Extensions/CIImage+Utils.swift:9:8: error: Unable to resolve module dependency: 'CoreImage' (in target 'SinglePageScanner' from project 'SinglePageScanner')
    note: A dependency of main module 'SinglePageScanner'
/Users/admin/builder/spi-builder-workspace/Sources/SinglePageScanner/Extensions/CIImage+Utils.swift:9:8: note: A dependency of main module 'SinglePageScanner'
import CoreImage
       ^ (in target 'SinglePageScanner' from project 'SinglePageScanner')
PruneExplicitPrecompiledModules /Users/admin/builder/spi-builder-workspace/.derivedData/Build/Intermediates.noindex/ExplicitPrecompiledModules
PruneExplicitPrecompiledModules /Users/admin/builder/spi-builder-workspace/.derivedData/Build/Intermediates.noindex/SwiftExplicitPrecompiledModules
PruneExplicitPrecompiledModules /Users/admin/builder/spi-builder-workspace/.derivedData/SDKExplicitPrecompiledModules
2026-09-17 05:36:41.012 xcodebuild[684:4628] [MT] IDERunDestination: Supported platforms for the buildables in the current scheme is empty.
** BUILD FAILED **
The following build commands failed:
	SwiftDriver SinglePageScanner normal arm64_32 com.apple.xcode.tools.swift.compiler (in target 'SinglePageScanner' from project 'SinglePageScanner')
	SwiftDriver SinglePageScanner normal arm64 com.apple.xcode.tools.swift.compiler (in target 'SinglePageScanner' from project 'SinglePageScanner')
	Building workspace SinglePageScanner with scheme SinglePageScanner
(3 failures)
BUILD FAILURE 6.4 watchOS