The Swift Package Index logo.Swift Package Index

Build Information

Failed to build SwiftLLM, reference v0.1.0 (308156), with Swift 6.4 for Wasm on 25 Sep 2026 14:22:28 UTC.

Build Command

bash -c docker run --pull=always --rm -v "checkouts-54344847-1":/host -w "$PWD" -e JAVA_HOME="/root/.sdkman/candidates/java/current" -e SPI_BUILD="1" -e SPI_PROCESSING="1" registry.gitlab.com/saguaro1/spi-images:wasm-6.4-latest swift build --swift-sdk swift-6.4.x-DEVELOPMENT-SNAPSHOT-2026-09-04-a_wasm 2>&1

Build Log

========================================
RunAll
========================================
Builder version: 5.1.0
Interrupt handler set up.
========================================
Checkout
========================================
Clone URL: https://github.com/pintaste/swift-llm.git
Reference: v0.1.0
Initialized empty Git repository in /host/spi-builder-workspace/.git/
hint: Using 'master' as the name for the initial branch. This default branch name
hint: is subject to change. To configure the initial branch name to use in all
hint: of your new repositories, which will suppress this warning, call:
hint:
hint: 	git config --global init.defaultBranch <name>
hint:
hint: Names commonly chosen instead of 'master' are 'main', 'trunk' and
hint: 'development'. The just-created branch can be renamed via this command:
hint:
hint: 	git branch -m <name>
From https://github.com/pintaste/swift-llm
 * tag               v0.1.0     -> FETCH_HEAD
HEAD is now at 3081563 Add GitHub Actions CI workflow to run swift test on push and pull_request
Cloned https://github.com/pintaste/swift-llm.git
Revision (git rev-parse @):
3081563dc3295ce10ec3fa75b7fb60974720f81c
SUCCESS checkout https://github.com/pintaste/swift-llm.git at v0.1.0
========================================
Build
========================================
Selected platform:         wasm
Swift version:             6.4
Building package at path:  $PWD
https://github.com/pintaste/swift-llm.git
Running build ...
bash -c docker run --pull=always --rm -v "checkouts-54344847-1":/host -w "$PWD" -e JAVA_HOME="/root/.sdkman/candidates/java/current" -e SPI_BUILD="1" -e SPI_PROCESSING="1" registry.gitlab.com/saguaro1/spi-images:wasm-6.4-latest swift build --swift-sdk swift-6.4.x-DEVELOPMENT-SNAPSHOT-2026-09-04-a_wasm 2>&1
wasm-6.4-latest: Pulling from saguaro1/spi-images
Digest: sha256:4328fdb43c680d205c1d6761b1e3267aa38277eefdda9ddfb17b6a0f1a77857a
Status: Image is up to date for registry.gitlab.com/saguaro1/spi-images:wasm-6.4-latest
Building for debugging...
[Planning deferred tasks]
[27 / 35] SwiftLLM
error: SwiftCompile normal wasm32 /host/spi-builder-workspace/Sources/SwiftLLM/Shared/HTTPClient.swift failed with a nonzero exit code. Command line:     cd /host
    builtin-SwiftPerFileCompile HTTPClient.swift
/host/spi-builder-workspace/Sources/SwiftLLM/Shared/HTTPClient.swift:5:23: error: cannot find 'URLRequest' in scope
 3 | struct HTTPClient {
 4 |     func post(url: URL, headers: [String: String], body: Data) async throws -> Data {
 5 |         var request = URLRequest(url: url)
   |                       `- error: cannot find 'URLRequest' in scope
 6 |         request.httpMethod = "POST"
 7 |         request.httpBody = body
/host/spi-builder-workspace/Sources/SwiftLLM/Shared/HTTPClient.swift:12:38: error: 'URLResponse' is unavailable: This type has moved to the FoundationNetworking module. Import that module to use it.
10 |         }
11 |
12 |         let (data, response): (Data, URLResponse)
   |                                      `- error: 'URLResponse' is unavailable: This type has moved to the FoundationNetworking module. Import that module to use it.
13 |         do {
14 |             (data, response) = try await URLSession.shared.data(for: request)
Foundation.URLResponse:2:18: note: 'URLResponse' has been explicitly marked unavailable here
1 | @available(*, unavailable, message: "This type has moved to the FoundationNetworking module. Import that module to use it.")
2 | public typealias URLResponse = AnyObject
  |                  `- note: 'URLResponse' has been explicitly marked unavailable here
/host/spi-builder-workspace/Sources/SwiftLLM/Shared/HTTPClient.swift:14:53: error: type 'URLSession' (aka 'AnyObject') has no member 'shared'
12 |         let (data, response): (Data, URLResponse)
13 |         do {
14 |             (data, response) = try await URLSession.shared.data(for: request)
   |                                                     `- error: type 'URLSession' (aka 'AnyObject') has no member 'shared'
15 |         } catch {
16 |             throw LLMError.networkError(error)
/host/spi-builder-workspace/Sources/SwiftLLM/Shared/HTTPClient.swift:19:35: warning: conditional cast from 'URLResponse' (aka 'AnyObject') to 'HTTPURLResponse' (aka 'AnyObject') always succeeds
17 |         }
18 |
19 |         guard let http = response as? HTTPURLResponse else {
   |                                   `- warning: conditional cast from 'URLResponse' (aka 'AnyObject') to 'HTTPURLResponse' (aka 'AnyObject') always succeeds
20 |             throw LLMError.invalidResponse
21 |         }
/host/spi-builder-workspace/Sources/SwiftLLM/Shared/HTTPClient.swift:19:39: error: 'HTTPURLResponse' is unavailable: This type has moved to the FoundationNetworking module. Import that module to use it.
17 |         }
18 |
19 |         guard let http = response as? HTTPURLResponse else {
   |                                       `- error: 'HTTPURLResponse' is unavailable: This type has moved to the FoundationNetworking module. Import that module to use it.
20 |             throw LLMError.invalidResponse
21 |         }
Foundation.HTTPURLResponse:2:18: note: 'HTTPURLResponse' has been explicitly marked unavailable here
1 | @available(*, unavailable, message: "This type has moved to the FoundationNetworking module. Import that module to use it.")
2 | public typealias HTTPURLResponse = AnyObject
  |                  `- note: 'HTTPURLResponse' has been explicitly marked unavailable here
/host/spi-builder-workspace/Sources/SwiftLLM/Shared/HTTPClient.swift:23:21: error: value of type 'HTTPURLResponse' (aka 'AnyObject') has no member 'statusCode'
21 |         }
22 |
23 |         switch http.statusCode {
   |                     `- error: value of type 'HTTPURLResponse' (aka 'AnyObject') has no member 'statusCode'
24 |         case 200...299:
25 |             return data
/host/spi-builder-workspace/Sources/SwiftLLM/Shared/HTTPClient.swift:38:31: error: cannot find 'URLRequest' in scope
36 |         AsyncThrowingStream { continuation in
37 |             Task {
38 |                 var request = URLRequest(url: url)
   |                               `- error: cannot find 'URLRequest' in scope
39 |                 request.httpMethod = "POST"
40 |                 request.httpBody = body
Failed frontend command:
/usr/bin/swift-frontend -frontend -c /host/spi-builder-workspace/Sources/SwiftLLM/Claude/ClaudeClient.swift /host/spi-builder-workspace/Sources/SwiftLLM/Claude/ClaudeModels.swift /host/spi-builder-workspace/Sources/SwiftLLM/OpenAI/OpenAIClient.swift /host/spi-builder-workspace/Sources/SwiftLLM/OpenAI/OpenAIModels.swift -primary-file /host/spi-builder-workspace/Sources/SwiftLLM/Shared/HTTPClient.swift /host/spi-builder-workspace/Sources/SwiftLLM/Shared/HTTPClientProtocol.swift /host/spi-builder-workspace/Sources/SwiftLLM/Shared/LLMError.swift /host/spi-builder-workspace/Sources/SwiftLLM/SwiftLLM.swift -emit-dependencies-path /host/spi-builder-workspace/.build/out/Intermediates.noindex/SwiftLLM.build/Debug-webassembly-wasm32/SwiftLLM-t.build/Objects-normal/wasm32/HTTPClient.d -emit-const-values-path /host/spi-builder-workspace/.build/out/Intermediates.noindex/SwiftLLM.build/Debug-webassembly-wasm32/SwiftLLM-t.build/Objects-normal/wasm32/HTTPClient.swiftconstvalues -emit-reference-dependencies-path /host/spi-builder-workspace/.build/out/Intermediates.noindex/SwiftLLM.build/Debug-webassembly-wasm32/SwiftLLM-t.build/Objects-normal/wasm32/HTTPClient.swiftdeps -serialize-diagnostics-path /host/spi-builder-workspace/.build/out/Intermediates.noindex/SwiftLLM.build/Debug-webassembly-wasm32/SwiftLLM-t.build/Objects-normal/wasm32/HTTPClient.dia -target wasm32-unknown-wasip1 -disable-objc-interop -sdk /root/.swiftpm/swift-sdks/swift-6.4.x-DEVELOPMENT-SNAPSHOT-2026-09-04-a_wasm.artifactbundle/swift-6.4.x-DEVELOPMENT-SNAPSHOT-2026-09-04-a_wasm/wasm32-unknown-wasip1/WASI.sdk -sysroot /root/.swiftpm/swift-sdks/swift-6.4.x-DEVELOPMENT-SNAPSHOT-2026-09-04-a_wasm.artifactbundle/swift-6.4.x-DEVELOPMENT-SNAPSHOT-2026-09-04-a_wasm/wasm32-unknown-wasip1/WASI.sdk -I /host/spi-builder-workspace/.build/out/Products/Debug-webassembly-wasm32 -module-cache-path /host/spi-builder-workspace/.build/out/ModuleCache.noindex -color-diagnostics -Xcc -fcolor-diagnostics -enable-testing -g -debug-info-format\=dwarf -dwarf-version\=4 -swift-version 5 -Onone -D SWIFT_PACKAGE -D DEBUG -D SWIFT_MODULE_RESOURCE_BUNDLE_UNAVAILABLE -D Xcode -serialize-debugging-options -enable-experimental-feature DebugDescriptionMacro -empty-abi-descriptor -external-plugin-path /usr/lib/swift/host/plugins/testing\#/usr/bin/swift-plugin-server -validate-clang-modules-once -clang-build-session-file /host/spi-builder-workspace/.build/out/ModuleCache.noindex/Session.modulevalidation -Xcc -working-directory -Xcc /host -resource-dir /root/.swiftpm/swift-sdks/swift-6.4.x-DEVELOPMENT-SNAPSHOT-2026-09-04-a_wasm.artifactbundle/swift-6.4.x-DEVELOPMENT-SNAPSHOT-2026-09-04-a_wasm/wasm32-unknown-wasip1/swift.xctoolchain/usr/lib/swift_static -use-static-resource-dir -enable-anonymous-context-mangled-names -file-compilation-dir /host -Xcc -resource-dir -Xcc /root/.swiftpm/swift-sdks/swift-6.4.x-DEVELOPMENT-SNAPSHOT-2026-09-04-a_wasm.artifactbundle/swift-6.4.x-DEVELOPMENT-SNAPSHOT-2026-09-04-a_wasm/wasm32-unknown-wasip1/swift.xctoolchain/usr/lib/swift_static/clang -Xcc -D_LIBCPP_HARDENING_MODE\=_LIBCPP_HARDENING_MODE_DEBUG -Xcc -fmodules-prune-interval\=86400 -Xcc -fmodules-prune-after\=345600 -Xcc -I/host/spi-builder-workspace/.build/out/Products/Debug-webassembly-wasm32/include -Xcc -I/host/spi-builder-workspace/.build/out/Intermediates.noindex/SwiftLLM.build/Debug-webassembly-wasm32/SwiftLLM-t.build/DerivedSources-normal/wasm32 -Xcc -I/host/spi-builder-workspace/.build/out/Intermediates.noindex/SwiftLLM.build/Debug-webassembly-wasm32/SwiftLLM-t.build/DerivedSources/wasm32 -Xcc -I/host/spi-builder-workspace/.build/out/Intermediates.noindex/SwiftLLM.build/Debug-webassembly-wasm32/SwiftLLM-t.build/DerivedSources -Xcc -DSWIFT_PACKAGE -Xcc -DDEBUG\=1 -no-auto-bridging-header-chaining -module-name SwiftLLM -package-name spi_builder_workspace -const-gather-protocols-file /host/spi-builder-workspace/.build/out/Intermediates.noindex/SwiftLLM.build/Debug-webassembly-wasm32/SwiftLLM-t.build/Objects-normal/wasm32/SwiftLLM_const_extract_protocols.json -in-process-plugin-server-path /usr/lib/swift/host/libSwiftInProcPluginServer.so -plugin-path /usr/lib/swift/host/plugins -plugin-path /usr/local/lib/swift/host/plugins -parse-as-library -o /host/spi-builder-workspace/.build/out/Intermediates.noindex/SwiftLLM.build/Debug-webassembly-wasm32/SwiftLLM-t.build/Objects-normal/wasm32/HTTPClient.o -index-unit-output-path /SwiftLLM.build/Debug-webassembly-wasm32/SwiftLLM-t.build/Objects-normal/wasm32/HTTPClient.o -index-store-path /host/spi-builder-workspace/.build/out -index-system-modules
error: Build failed
BUILD FAILURE 6.4 wasm