Build Information
Failed to build Customer.io, reference 4.13.0 (cd068e), with Swift 6.3 for Wasm on 24 Oct 2026 03:51:37 UTC.
Build Command
bash -c docker run --pull=always --rm -v "checkouts-54344847-0":/host -w "$PWD" -e JAVA_HOME="/root/.sdkman/candidates/java/current" -e SPI_BUILD="1" -e SPI_PROCESSING="1" registry.gitlab.com/saguaro1/spi-images:wasm-6.3-latest swift build --swift-sdk swift-6.3.2-RELEASE_wasm 2>&1Build Log
========================================
RunAll
========================================
Builder version: 5.1.3
Interrupt handler set up.
========================================
Checkout
========================================
Clone URL: https://github.com/customerio/customerio-ios.git
Reference: 4.13.0
Initialized empty Git repository in /host/spi-builder-workspace/.git/
hint: Using 'master' as the name for the initial branch. This default branch name
hint: is subject to change. To configure the initial branch name to use in all
hint: of your new repositories, which will suppress this warning, call:
hint:
hint: git config --global init.defaultBranch <name>
hint:
hint: Names commonly chosen instead of 'master' are 'main', 'trunk' and
hint: 'development'. The just-created branch can be renamed via this command:
hint:
hint: git branch -m <name>
From https://github.com/customerio/customerio-ios
* tag 4.13.0 -> FETCH_HEAD
HEAD is now at cd068e3 chore: prepare for 4.13.0 [skip ci]
Cloned https://github.com/customerio/customerio-ios.git
Revision (git rev-parse @):
cd068e3c187900c2cb36077c2c2b4ad3eb29e48f
SUCCESS checkout https://github.com/customerio/customerio-ios.git at 4.13.0
========================================
Build
========================================
Selected platform: wasm
Swift version: 6.3
Building package at path: $PWD
https://github.com/customerio/customerio-ios.git
Running build ...
bash -c docker run --pull=always --rm -v "checkouts-54344847-0":/host -w "$PWD" -e JAVA_HOME="/root/.sdkman/candidates/java/current" -e SPI_BUILD="1" -e SPI_PROCESSING="1" registry.gitlab.com/saguaro1/spi-images:wasm-6.3-latest swift build --swift-sdk swift-6.3.2-RELEASE_wasm 2>&1
wasm-6.3-latest: Pulling from saguaro1/spi-images
Digest: sha256:eea66feda95ad8894091082dbcb77ec1fc917891d37888fd1938b0b68455d992
Status: Image is up to date for registry.gitlab.com/saguaro1/spi-images:wasm-6.3-latest
Fetching https://github.com/LaunchDarkly/swift-eventsource.git
Fetching https://github.com/customerio/cdp-analytics-swift.git
Fetching https://github.com/customerio/jist.git
[1/2355] Fetching jist
[355/4432] Fetching jist, swift-eventsource
[3256/7900] Fetching jist, swift-eventsource, cdp-analytics-swift
Fetched https://github.com/LaunchDarkly/swift-eventsource.git from cache (0.47s)
[2476/5823] Fetching jist, cdp-analytics-swift
Fetched https://github.com/customerio/cdp-analytics-swift.git from cache (0.63s)
Fetched https://github.com/customerio/jist.git from cache (0.63s)
Computing version for https://github.com/customerio/jist.git
Computed https://github.com/customerio/jist.git at 0.1.0 (0.80s)
Computing version for https://github.com/LaunchDarkly/swift-eventsource.git
Computed https://github.com/LaunchDarkly/swift-eventsource.git at 3.3.0 (0.17s)
Computing version for https://github.com/customerio/cdp-analytics-swift.git
Computed https://github.com/customerio/cdp-analytics-swift.git at 1.7.3+cio.1 (0.14s)
Fetching https://github.com/segmentio/jsonsafeencoding-swift.git
Fetching https://github.com/segmentio/sovran-swift.git
[1/93] Fetching jsonsafeencoding-swift
[77/481] Fetching jsonsafeencoding-swift, sovran-swift
Fetched https://github.com/segmentio/jsonsafeencoding-swift.git from cache (0.39s)
Fetched https://github.com/segmentio/sovran-swift.git from cache (0.39s)
Computing version for https://github.com/segmentio/jsonsafeencoding-swift.git
Computed https://github.com/segmentio/jsonsafeencoding-swift.git at 2.0.0 (0.56s)
Computing version for https://github.com/segmentio/sovran-swift.git
Computed https://github.com/segmentio/sovran-swift.git at 1.1.2 (0.16s)
Creating working copy for https://github.com/segmentio/jsonsafeencoding-swift.git
Working copy of https://github.com/segmentio/jsonsafeencoding-swift.git resolved at 2.0.0
Creating working copy for https://github.com/customerio/cdp-analytics-swift.git
Working copy of https://github.com/customerio/cdp-analytics-swift.git resolved at 1.7.3+cio.1
Creating working copy for https://github.com/customerio/jist.git
Working copy of https://github.com/customerio/jist.git resolved at 0.1.0
Creating working copy for https://github.com/LaunchDarkly/swift-eventsource.git
Working copy of https://github.com/LaunchDarkly/swift-eventsource.git resolved at 3.3.0
Creating working copy for https://github.com/segmentio/sovran-swift.git
Working copy of https://github.com/segmentio/sovran-swift.git resolved at 1.1.2
warning: 'spi-builder-workspace': found 1 file(s) which are unhandled; explicitly declare them as resources or exclude from the target
/host/spi-builder-workspace/Sources/MessagingInbox/Vendor/SVGPath/LICENSE.md
warning: 'spi-builder-workspace': found 1 file(s) which are unhandled; explicitly declare them as resources or exclude from the target
/host/spi-builder-workspace/Sources/MessagingPush/UserNotificationsFramework/README.md
warning: 'cdp-analytics-swift': found 1 file(s) which are unhandled; explicitly declare them as resources or exclude from the target
/host/spi-builder-workspace/.build/checkouts/cdp-analytics-swift/Sources/Segment/Resources/PrivacyInfo.xcprivacy
Building for debugging...
[0/37] Write sources
[3/37] Copying PrivacyInfo.xcprivacy
[6/37] Copying SampleDataFiles
[7/37] Copying PrivacyInfo.xcprivacy
[8/37] Copying CioInboxAssets.xcassets
[9/37] Write sources
[9/37] Copying PrivacyInfo.xcprivacy
[15/37] Write sources
[36/37] Write swift-version-24593BA9C3E375BF.txt
error: emit-module command failed with exit code 1 (use -v to see invocation)
[38/167] Emitting module Sovran
/host/spi-builder-workspace/.build/checkouts/sovran-swift/Sources/Sovran/Store.swift:14:32: error: cannot find 'DispatchQueue' in scope
12 | public class Store {
13 | // handles synchronizing state changes thru the system
14 | internal let updateQueue = DispatchQueue(label: "state.update.segment.com")
| `- error: cannot find 'DispatchQueue' in scope
15 | // handles synchronizing subscription adds/removes
16 | internal let syncQueue = DispatchQueue(label: "state.sync.segment.com")
/host/spi-builder-workspace/.build/checkouts/sovran-swift/Sources/Sovran/Store.swift:16:30: error: cannot find 'DispatchQueue' in scope
14 | internal let updateQueue = DispatchQueue(label: "state.update.segment.com")
15 | // handles synchronizing subscription adds/removes
16 | internal let syncQueue = DispatchQueue(label: "state.sync.segment.com")
| `- error: cannot find 'DispatchQueue' in scope
17 | internal var states = [Container]()
18 | internal var subscribers = [Subscription]()
/host/spi-builder-workspace/.build/checkouts/sovran-swift/Sources/Sovran/Store.swift:54:98: error: cannot find type 'DispatchQueue' in scope
52 | */
53 | @discardableResult
54 | public func subscribe<T: State>(_ subscriber: Subscriber, initialState: Bool = false, queue: DispatchQueue = .main, handler: @escaping Handler<T>) -> SubscriptionID {
| `- error: cannot find type 'DispatchQueue' in scope
55 | let subscription = Subscription(owner: subscriber, queue: queue, handler: handler)
56 | syncQueue.sync {
/host/spi-builder-workspace/.build/checkouts/sovran-swift/Sources/Sovran/Store.swift:202:16: error: cannot find type 'DispatchQueue' in scope
200 | internal struct Subscription {
201 | weak var owner: Subscriber? = nil
202 | let queue: DispatchQueue
| `- error: cannot find type 'DispatchQueue' in scope
203 | let handler: Any
204 | let subscriptionID = createNextSubscriptionID()
/host/spi-builder-workspace/.build/checkouts/sovran-swift/Sources/Sovran/Testing.swift:19:19: error: cannot find 'Thread' in scope
17 | // this will work on linux and apple platforms, but not in anything with a UI
18 | // because XCTest doesn't come into the call stack till much later.
19 | let matches = Thread.callStackSymbols.filter { line in
| `- error: cannot find 'Thread' in scope
20 | return line.contains("XCTest") || line.contains("xctest")
21 | }
error: emit-module command failed with exit code 1 (use -v to see invocation)
[39/167] Emitting module Jist
/host/spi-builder-workspace/.build/checkouts/jist/ios/Sources/Jist/JistView.swift:1:8: error: no such module 'SwiftUI'
1 | import SwiftUI
| `- error: no such module 'SwiftUI'
2 |
3 | /// Renders a Jist template tree into native SwiftUI views.
[40/167] Compiling CioLiveActivities_Attributes CIOActivityTemplate.swift
[41/167] Compiling Sovran Version.swift
[42/167] Emitting module CioLiveActivities_Attributes
[43/167] Compiling CioLiveActivities_Attributes CIOActivityAttribute.swift
[44/167] Compiling Jist ThemeResolver.swift
/host/spi-builder-workspace/.build/checkouts/jist/ios/Sources/Jist/JistView.swift:1:8: error: no such module 'SwiftUI'
1 | import SwiftUI
| `- error: no such module 'SwiftUI'
2 |
3 | /// Renders a Jist template tree into native SwiftUI views.
[45/167] Compiling Jist ThemeResolver+FontResolver.swift
/host/spi-builder-workspace/.build/checkouts/jist/ios/Sources/Jist/JistView.swift:1:8: error: no such module 'SwiftUI'
1 | import SwiftUI
| `- error: no such module 'SwiftUI'
2 |
3 | /// Renders a Jist template tree into native SwiftUI views.
[46/167] Compiling Jist JistView.swift
/host/spi-builder-workspace/.build/checkouts/jist/ios/Sources/Jist/JistView.swift:1:8: error: no such module 'SwiftUI'
1 | import SwiftUI
| `- error: no such module 'SwiftUI'
2 |
3 | /// Renders a Jist template tree into native SwiftUI views.
[47/167] Compiling JSONSafeEncoding Version.swift
[48/167] Compiling Sovran Testing.swift
/host/spi-builder-workspace/.build/checkouts/sovran-swift/Sources/Sovran/Testing.swift:19:19: error: cannot find 'Thread' in scope
17 | // this will work on linux and apple platforms, but not in anything with a UI
18 | // because XCTest doesn't come into the call stack till much later.
19 | let matches = Thread.callStackSymbols.filter { line in
| `- error: cannot find 'Thread' in scope
20 | return line.contains("XCTest") || line.contains("xctest")
21 | }
/host/spi-builder-workspace/.build/checkouts/sovran-swift/Sources/Sovran/Store.swift:16:30: error: cannot find 'DispatchQueue' in scope
14 | internal let updateQueue = DispatchQueue(label: "state.update.segment.com")
15 | // handles synchronizing subscription adds/removes
16 | internal let syncQueue = DispatchQueue(label: "state.sync.segment.com")
| `- error: cannot find 'DispatchQueue' in scope
17 | internal var states = [Container]()
18 | internal var subscribers = [Subscription]()
/host/spi-builder-workspace/.build/checkouts/sovran-swift/Sources/Sovran/Store.swift:14:32: error: cannot find 'DispatchQueue' in scope
12 | public class Store {
13 | // handles synchronizing state changes thru the system
14 | internal let updateQueue = DispatchQueue(label: "state.update.segment.com")
| `- error: cannot find 'DispatchQueue' in scope
15 | // handles synchronizing subscription adds/removes
16 | internal let syncQueue = DispatchQueue(label: "state.sync.segment.com")
[49/167] Compiling CioInternalCommon Queue.swift
/host/spi-builder-workspace/Sources/Common/Synchronized/Synchronized.swift:1:8: error: no such module 'Dispatch'
1 | import Dispatch
| `- error: no such module 'Dispatch'
2 | import Foundation
3 |
[50/167] Compiling CioInternalCommon QueueStorage.swift
/host/spi-builder-workspace/Sources/Common/Synchronized/Synchronized.swift:1:8: error: no such module 'Dispatch'
1 | import Dispatch
| `- error: no such module 'Dispatch'
2 | import Foundation
3 |
[51/167] Compiling CioInternalCommon DeletePushNotificationQueueTaskData.swift
/host/spi-builder-workspace/Sources/Common/Synchronized/Synchronized.swift:1:8: error: no such module 'Dispatch'
1 | import Dispatch
| `- error: no such module 'Dispatch'
2 | import Foundation
3 |
[52/167] Compiling CioInternalCommon IdentifyProfileQueueTaskData.swift
/host/spi-builder-workspace/Sources/Common/Synchronized/Synchronized.swift:1:8: error: no such module 'Dispatch'
1 | import Dispatch
| `- error: no such module 'Dispatch'
2 | import Foundation
3 |
[53/167] Compiling CioInternalCommon RegisterPushNotificationQueueTaskData.swift
/host/spi-builder-workspace/Sources/Common/Synchronized/Synchronized.swift:1:8: error: no such module 'Dispatch'
1 | import Dispatch
| `- error: no such module 'Dispatch'
2 | import Foundation
3 |
[54/167] Compiling CioInternalCommon TrackEventQueueTaskData.swift
/host/spi-builder-workspace/Sources/Common/Synchronized/Synchronized.swift:1:8: error: no such module 'Dispatch'
1 | import Dispatch
| `- error: no such module 'Dispatch'
2 | import Foundation
3 |
[55/167] Compiling CioInternalCommon QueueStatus.swift
/host/spi-builder-workspace/Sources/Common/Synchronized/Synchronized.swift:1:8: error: no such module 'Dispatch'
1 | import Dispatch
| `- error: no such module 'Dispatch'
2 | import Foundation
3 |
[56/167] Compiling CioInternalCommon QueueTask.swift
/host/spi-builder-workspace/Sources/Common/Synchronized/Synchronized.swift:1:8: error: no such module 'Dispatch'
1 | import Dispatch
| `- error: no such module 'Dispatch'
2 | import Foundation
3 |
[57/167] Compiling CioInternalCommon QueueTaskMetadata.swift
/host/spi-builder-workspace/Sources/Common/Synchronized/Synchronized.swift:1:8: error: no such module 'Dispatch'
1 | import Dispatch
| `- error: no such module 'Dispatch'
2 | import Foundation
3 |
[58/167] Compiling CioInternalCommon QueueTaskRunResults.swift
/host/spi-builder-workspace/Sources/Common/Synchronized/Synchronized.swift:1:8: error: no such module 'Dispatch'
1 | import Dispatch
| `- error: no such module 'Dispatch'
2 | import Foundation
3 |
[59/167] Compiling CioInternalCommon QueueTaskType.swift
/host/spi-builder-workspace/Sources/Common/Synchronized/Synchronized.swift:1:8: error: no such module 'Dispatch'
1 | import Dispatch
| `- error: no such module 'Dispatch'
2 | import Foundation
3 |
[60/167] Compiling CioInternalCommon CioEventBus.swift
/host/spi-builder-workspace/Sources/Common/Synchronized/Synchronized.swift:1:8: error: no such module 'Dispatch'
1 | import Dispatch
| `- error: no such module 'Dispatch'
2 | import Foundation
3 |
[61/167] Compiling CioInternalCommon CombinedCacheEventBusHandler.swift
/host/spi-builder-workspace/Sources/Common/Synchronized/Synchronized.swift:1:8: error: no such module 'Dispatch'
1 | import Dispatch
| `- error: no such module 'Dispatch'
2 | import Foundation
3 |
[62/167] Compiling CioInternalCommon Event.swift
/host/spi-builder-workspace/Sources/Common/Synchronized/Synchronized.swift:1:8: error: no such module 'Dispatch'
1 | import Dispatch
| `- error: no such module 'Dispatch'
2 | import Foundation
3 |
[63/167] Compiling JSONSafeEncoding JSONValue.swift
[64/167] Compiling CioInternalCommon TrackDeliveryEventRequestBody.swift
/host/spi-builder-workspace/Sources/Common/Synchronized/Synchronized.swift:1:8: error: no such module 'Dispatch'
1 | import Dispatch
| `- error: no such module 'Dispatch'
2 | import Foundation
3 |
[65/167] Compiling CioInternalCommon ErrorMessageResponse.swift
/host/spi-builder-workspace/Sources/Common/Synchronized/Synchronized.swift:1:8: error: no such module 'Dispatch'
1 | import Dispatch
| `- error: no such module 'Dispatch'
2 | import Foundation
3 |
[66/167] Compiling CioInternalCommon UserAgentUtil.swift
/host/spi-builder-workspace/Sources/Common/Synchronized/Synchronized.swift:1:8: error: no such module 'Dispatch'
1 | import Dispatch
| `- error: no such module 'Dispatch'
2 | import Foundation
3 |
[67/167] Compiling CioInternalCommon BackgroundDeliveryContextStore.swift
/host/spi-builder-workspace/Sources/Common/Synchronized/Synchronized.swift:1:8: error: no such module 'Dispatch'
1 | import Dispatch
| `- error: no such module 'Dispatch'
2 | import Foundation
3 |
[68/167] Compiling CioInternalCommon GlobalDataStore.swift
/host/spi-builder-workspace/Sources/Common/Synchronized/Synchronized.swift:1:8: error: no such module 'Dispatch'
1 | import Dispatch
| `- error: no such module 'Dispatch'
2 | import Foundation
3 |
[69/167] Compiling CioInternalCommon ProfileStore.swift
/host/spi-builder-workspace/Sources/Common/Synchronized/Synchronized.swift:1:8: error: no such module 'Dispatch'
1 | import Dispatch
| `- error: no such module 'Dispatch'
2 | import Foundation
3 |
[70/167] Compiling CioInternalCommon QueueInventoryMemoryStore.swift
/host/spi-builder-workspace/Sources/Common/Synchronized/Synchronized.swift:1:8: error: no such module 'Dispatch'
1 | import Dispatch
| `- error: no such module 'Dispatch'
2 | import Foundation
3 |
[71/167] Compiling CioInternalCommon SdkConfig.swift
/host/spi-builder-workspace/Sources/Common/Synchronized/Synchronized.swift:1:8: error: no such module 'Dispatch'
1 | import Dispatch
| `- error: no such module 'Dispatch'
2 | import Foundation
3 |
[72/167] Compiling CioInternalCommon Synchronized+Arithmetic.swift
/host/spi-builder-workspace/Sources/Common/Synchronized/Synchronized.swift:1:8: error: no such module 'Dispatch'
1 | import Dispatch
| `- error: no such module 'Dispatch'
2 | import Foundation
3 |
[73/167] Compiling CioInternalCommon Synchronized+Bool.swift
/host/spi-builder-workspace/Sources/Common/Synchronized/Synchronized.swift:1:8: error: no such module 'Dispatch'
1 | import Dispatch
| `- error: no such module 'Dispatch'
2 | import Foundation
3 |
[74/167] Compiling CioInternalCommon Synchronized+Collections.swift
/host/spi-builder-workspace/Sources/Common/Synchronized/Synchronized.swift:1:8: error: no such module 'Dispatch'
1 | import Dispatch
| `- error: no such module 'Dispatch'
2 | import Foundation
3 |
[75/167] Compiling CioInternalCommon Synchronized+Comparable.swift
/host/spi-builder-workspace/Sources/Common/Synchronized/Synchronized.swift:1:8: error: no such module 'Dispatch'
1 | import Dispatch
| `- error: no such module 'Dispatch'
2 | import Foundation
3 |
[76/167] Compiling CioInternalCommon Synchronized+Dictionaries.swift
/host/spi-builder-workspace/Sources/Common/Synchronized/Synchronized.swift:1:8: error: no such module 'Dispatch'
1 | import Dispatch
| `- error: no such module 'Dispatch'
2 | import Foundation
3 |
[77/167] Compiling CioInternalCommon Synchronized+Equatable.swift
/host/spi-builder-workspace/Sources/Common/Synchronized/Synchronized.swift:1:8: error: no such module 'Dispatch'
1 | import Dispatch
| `- error: no such module 'Dispatch'
2 | import Foundation
3 |
[78/171] Compiling Sovran Subscriber.swift
[79/173] Compiling JSONSafeEncoding Extensions.swift
error: emit-module command failed with exit code 1 (use -v to see invocation)
[80/178] Emitting module JSONSafeEncoding
[81/180] Compiling CioInternalCommon EventBusHandler.swift
/host/spi-builder-workspace/Sources/Common/Synchronized/Synchronized.swift:1:8: error: no such module 'Dispatch'
1 | import Dispatch
| `- error: no such module 'Dispatch'
2 | import Foundation
3 |
[82/180] Compiling CioInternalCommon EventMemoryStorage.swift
/host/spi-builder-workspace/Sources/Common/Synchronized/Synchronized.swift:1:8: error: no such module 'Dispatch'
1 | import Dispatch
| `- error: no such module 'Dispatch'
2 | import Foundation
3 |
[83/180] Compiling CioInternalCommon EventStorage.swift
/host/spi-builder-workspace/Sources/Common/Synchronized/Synchronized.swift:1:8: error: no such module 'Dispatch'
1 | import Dispatch
| `- error: no such module 'Dispatch'
2 | import Foundation
3 |
[84/180] Compiling CioInternalCommon RegistrationToken.swift
/host/spi-builder-workspace/Sources/Common/Synchronized/Synchronized.swift:1:8: error: no such module 'Dispatch'
1 | import Dispatch
| `- error: no such module 'Dispatch'
2 | import Foundation
3 |
[85/180] Compiling CioInternalCommon CustomerIOInstance.swift
/host/spi-builder-workspace/Sources/Common/Synchronized/Synchronized.swift:1:8: error: no such module 'Dispatch'
1 | import Dispatch
| `- error: no such module 'Dispatch'
2 | import Foundation
3 |
[86/180] Compiling CioInternalCommon DIGraphShared+PendingPushDeliveryStore.swift
/host/spi-builder-workspace/Sources/Common/Synchronized/Synchronized.swift:1:8: error: no such module 'Dispatch'
1 | import Dispatch
| `- error: no such module 'Dispatch'
2 | import Foundation
3 |
[87/180] Compiling CioInternalCommon DIGraphShared.swift
/host/spi-builder-workspace/Sources/Common/Synchronized/Synchronized.swift:1:8: error: no such module 'Dispatch'
1 | import Dispatch
| `- error: no such module 'Dispatch'
2 | import Foundation
3 |
[88/180] Compiling CioInternalCommon CustomerIO+Tracking.swift
/host/spi-builder-workspace/Sources/Common/Synchronized/Synchronized.swift:1:8: error: no such module 'Dispatch'
1 | import Dispatch
| `- error: no such module 'Dispatch'
2 | import Foundation
3 |
[89/180] Compiling CioInternalCommon ArrayExtensions.swift
/host/spi-builder-workspace/Sources/Common/Synchronized/Synchronized.swift:1:8: error: no such module 'Dispatch'
1 | import Dispatch
| `- error: no such module 'Dispatch'
2 | import Foundation
3 |
[90/180] Compiling CioInternalCommon DataExtensions.swift
/host/spi-builder-workspace/Sources/Common/Synchronized/Synchronized.swift:1:8: error: no such module 'Dispatch'
1 | import Dispatch
| `- error: no such module 'Dispatch'
2 | import Foundation
3 |
[91/180] Compiling CioInternalCommon DateExtensions.swift
/host/spi-builder-workspace/Sources/Common/Synchronized/Synchronized.swift:1:8: error: no such module 'Dispatch'
1 | import Dispatch
| `- error: no such module 'Dispatch'
2 | import Foundation
3 |
[92/180] Compiling CioInternalCommon DeviceExtension.swift
/host/spi-builder-workspace/Sources/Common/Synchronized/Synchronized.swift:1:8: error: no such module 'Dispatch'
1 | import Dispatch
| `- error: no such module 'Dispatch'
2 | import Foundation
3 |
[93/180] Compiling CioInternalCommon DictionaryExtension.swift
/host/spi-builder-workspace/Sources/Common/Synchronized/Synchronized.swift:1:8: error: no such module 'Dispatch'
1 | import Dispatch
| `- error: no such module 'Dispatch'
2 | import Foundation
3 |
[94/180] Compiling CioInternalCommon ErrorExtension.swift
/host/spi-builder-workspace/Sources/Common/Synchronized/Synchronized.swift:1:8: error: no such module 'Dispatch'
1 | import Dispatch
| `- error: no such module 'Dispatch'
2 | import Foundation
3 |
[95/180] Emitting module CioInternalCommon
/host/spi-builder-workspace/Sources/Common/Synchronized/Synchronized.swift:1:8: error: no such module 'Dispatch'
1 | import Dispatch
| `- error: no such module 'Dispatch'
2 | import Foundation
3 |
[96/180] Compiling Sovran Store.swift
/host/spi-builder-workspace/.build/checkouts/sovran-swift/Sources/Sovran/Store.swift:14:32: error: cannot find 'DispatchQueue' in scope
12 | public class Store {
13 | // handles synchronizing state changes thru the system
14 | internal let updateQueue = DispatchQueue(label: "state.update.segment.com")
| `- error: cannot find 'DispatchQueue' in scope
15 | // handles synchronizing subscription adds/removes
16 | internal let syncQueue = DispatchQueue(label: "state.sync.segment.com")
/host/spi-builder-workspace/.build/checkouts/sovran-swift/Sources/Sovran/Store.swift:16:30: error: cannot find 'DispatchQueue' in scope
14 | internal let updateQueue = DispatchQueue(label: "state.update.segment.com")
15 | // handles synchronizing subscription adds/removes
16 | internal let syncQueue = DispatchQueue(label: "state.sync.segment.com")
| `- error: cannot find 'DispatchQueue' in scope
17 | internal var states = [Container]()
18 | internal var subscribers = [Subscription]()
/host/spi-builder-workspace/.build/checkouts/sovran-swift/Sources/Sovran/Store.swift:54:98: error: cannot find type 'DispatchQueue' in scope
52 | */
53 | @discardableResult
54 | public func subscribe<T: State>(_ subscriber: Subscriber, initialState: Bool = false, queue: DispatchQueue = .main, handler: @escaping Handler<T>) -> SubscriptionID {
| `- error: cannot find type 'DispatchQueue' in scope
55 | let subscription = Subscription(owner: subscriber, queue: queue, handler: handler)
56 | syncQueue.sync {
/host/spi-builder-workspace/.build/checkouts/sovran-swift/Sources/Sovran/Store.swift:202:16: error: cannot find type 'DispatchQueue' in scope
200 | internal struct Subscription {
201 | weak var owner: Subscriber? = nil
202 | let queue: DispatchQueue
| `- error: cannot find type 'DispatchQueue' in scope
203 | let handler: Any
204 | let subscriptionID = createNextSubscriptionID()
[97/180] Compiling CioInternalCommon Synchronized+Hashable.swift
/host/spi-builder-workspace/Sources/Common/Synchronized/Synchronized.swift:1:8: error: no such module 'Dispatch'
1 | import Dispatch
| `- error: no such module 'Dispatch'
2 | import Foundation
3 |
[98/180] Compiling CioInternalCommon Synchronized.swift
/host/spi-builder-workspace/Sources/Common/Synchronized/Synchronized.swift:1:8: error: no such module 'Dispatch'
1 | import Dispatch
| `- error: no such module 'Dispatch'
2 | import Foundation
3 |
[99/180] Compiling CioInternalCommon ApiKey.swift
/host/spi-builder-workspace/Sources/Common/Synchronized/Synchronized.swift:1:8: error: no such module 'Dispatch'
1 | import Dispatch
| `- error: no such module 'Dispatch'
2 | import Foundation
3 |
[100/180] Compiling CioInternalCommon DeviceTokenType.swift
/host/spi-builder-workspace/Sources/Common/Synchronized/Synchronized.swift:1:8: error: no such module 'Dispatch'
1 | import Dispatch
| `- error: no such module 'Dispatch'
2 | import Foundation
3 |
[101/180] Compiling CioInternalCommon DoNotTrackAutomaticScreenViewEvent.swift
/host/spi-builder-workspace/Sources/Common/Synchronized/Synchronized.swift:1:8: error: no such module 'Dispatch'
1 | import Dispatch
| `- error: no such module 'Dispatch'
2 | import Foundation
3 |
[102/180] Compiling CioInternalCommon GeofenceMetadataValue.swift
/host/spi-builder-workspace/Sources/Common/Synchronized/Synchronized.swift:1:8: error: no such module 'Dispatch'
1 | import Dispatch
| `- error: no such module 'Dispatch'
2 | import Foundation
3 |
[103/180] Compiling CioInternalCommon GeofenceMetric.swift
/host/spi-builder-workspace/Sources/Common/Synchronized/Synchronized.swift:1:8: error: no such module 'Dispatch'
1 | import Dispatch
| `- error: no such module 'Dispatch'
2 | import Foundation
3 |
[104/180] Compiling CioInternalCommon GeofenceTransition.swift
/host/spi-builder-workspace/Sources/Common/Synchronized/Synchronized.swift:1:8: error: no such module 'Dispatch'
1 | import Dispatch
| `- error: no such module 'Dispatch'
2 | import Foundation
3 |
[105/180] Compiling CioInternalCommon LocationData.swift
/host/spi-builder-workspace/Sources/Common/Synchronized/Synchronized.swift:1:8: error: no such module 'Dispatch'
1 | import Dispatch
| `- error: no such module 'Dispatch'
2 | import Foundation
3 |
[106/180] Compiling CioInternalCommon Region.swift
/host/spi-builder-workspace/Sources/Common/Synchronized/Synchronized.swift:1:8: error: no such module 'Dispatch'
1 | import Dispatch
| `- error: no such module 'Dispatch'
2 | import Foundation
3 |
[107/180] Compiling CioInternalCommon ScreenView.swift
/host/spi-builder-workspace/Sources/Common/Synchronized/Synchronized.swift:1:8: error: no such module 'Dispatch'
1 | import Dispatch
| `- error: no such module 'Dispatch'
2 | import Foundation
3 |
[108/180] Compiling CioInternalCommon AnyEncodable.swift
/host/spi-builder-workspace/Sources/Common/Synchronized/Synchronized.swift:1:8: error: no such module 'Dispatch'
1 | import Dispatch
| `- error: no such module 'Dispatch'
2 | import Foundation
3 |
[109/180] Compiling CioInternalCommon AsyncOperation.swift
/host/spi-builder-workspace/Sources/Common/Synchronized/Synchronized.swift:1:8: error: no such module 'Dispatch'
1 | import Dispatch
| `- error: no such module 'Dispatch'
2 | import Foundation
3 |
[110/180] Compiling CioLiveActivities_Attributes CIOCustomAttributes.swift
[111/180] Compiling CioLiveActivities_Attributes EpochSecondsDate.swift
error: emit-module command failed with exit code 1 (use -v to see invocation)
[112/180] Compiling CioInternalCommon JsonExtensions.swift
/host/spi-builder-workspace/Sources/Common/Synchronized/Synchronized.swift:1:8: error: no such module 'Dispatch'
1 | import Dispatch
| `- error: no such module 'Dispatch'
2 | import Foundation
3 |
[113/180] Compiling CioInternalCommon ResultExtensions.swift
/host/spi-builder-workspace/Sources/Common/Synchronized/Synchronized.swift:1:8: error: no such module 'Dispatch'
1 | import Dispatch
| `- error: no such module 'Dispatch'
2 | import Foundation
3 |
[114/180] Compiling CioInternalCommon StringExtensions.swift
/host/spi-builder-workspace/Sources/Common/Synchronized/Synchronized.swift:1:8: error: no such module 'Dispatch'
1 | import Dispatch
| `- error: no such module 'Dispatch'
2 | import Foundation
3 |
[115/180] Compiling CioInternalCommon UIKitExtensions.swift
/host/spi-builder-workspace/Sources/Common/Synchronized/Synchronized.swift:1:8: error: no such module 'Dispatch'
1 | import Dispatch
| `- error: no such module 'Dispatch'
2 | import Foundation
3 |
[116/180] Compiling CioInternalCommon UserDefaultExtensions.swift
/host/spi-builder-workspace/Sources/Common/Synchronized/Synchronized.swift:1:8: error: no such module 'Dispatch'
1 | import Dispatch
| `- error: no such module 'Dispatch'
2 | import Foundation
3 |
[117/180] Compiling CioInternalCommon CustomerIOModule.swift
/host/spi-builder-workspace/Sources/Common/Synchronized/Synchronized.swift:1:8: error: no such module 'Dispatch'
1 | import Dispatch
| `- error: no such module 'Dispatch'
2 | import Foundation
3 |
[118/180] Compiling CioInternalCommon ModuleTopLevelObject.swift
/host/spi-builder-workspace/Sources/Common/Synchronized/Synchronized.swift:1:8: error: no such module 'Dispatch'
1 | import Dispatch
| `- error: no such module 'Dispatch'
2 | import Foundation
3 |
[119/180] Compiling CioInternalCommon DataPipelineTracking.swift
/host/spi-builder-workspace/Sources/Common/Synchronized/Synchronized.swift:1:8: error: no such module 'Dispatch'
1 | import Dispatch
| `- error: no such module 'Dispatch'
2 | import Foundation
3 |
[120/180] Compiling CioInternalCommon ProfileEnrichmentProvider.swift
/host/spi-builder-workspace/Sources/Common/Synchronized/Synchronized.swift:1:8: error: no such module 'Dispatch'
1 | import Dispatch
| `- error: no such module 'Dispatch'
2 | import Foundation
3 |
[121/180] Compiling CioInternalCommon ProfileEnrichmentRegistry.swift
/host/spi-builder-workspace/Sources/Common/Synchronized/Synchronized.swift:1:8: error: no such module 'Dispatch'
1 | import Dispatch
| `- error: no such module 'Dispatch'
2 | import Foundation
3 |
[122/180] Compiling CioInternalCommon ProfileEnrichmentRegistryImpl.swift
/host/spi-builder-workspace/Sources/Common/Synchronized/Synchronized.swift:1:8: error: no such module 'Dispatch'
1 | import Dispatch
| `- error: no such module 'Dispatch'
2 | import Foundation
3 |
[123/180] Compiling CioInternalCommon BackgroundDeliveryHttpClient.swift
/host/spi-builder-workspace/Sources/Common/Synchronized/Synchronized.swift:1:8: error: no such module 'Dispatch'
1 | import Dispatch
| `- error: no such module 'Dispatch'
2 | import Foundation
3 |
[124/180] Compiling CioInternalCommon BackgroundDeliveryHttpHelpers.swift
/host/spi-builder-workspace/Sources/Common/Synchronized/Synchronized.swift:1:8: error: no such module 'Dispatch'
1 | import Dispatch
| `- error: no such module 'Dispatch'
2 | import Foundation
3 |
[125/180] Compiling CioInternalCommon BackgroundTaskRunner.swift
/host/spi-builder-workspace/Sources/Common/Synchronized/Synchronized.swift:1:8: error: no such module 'Dispatch'
1 | import Dispatch
| `- error: no such module 'Dispatch'
2 | import Foundation
3 |
[126/180] Emitting module LDSwiftEventSource
/host/spi-builder-workspace/.build/checkouts/swift-eventsource/Source/LDSwiftEventSource.swift:82:47: error: 'URLSessionConfiguration' is unavailable: This type has moved to the FoundationNetworking module. Import that module to use it.
80 | public var idleTimeout: TimeInterval = 300.0
81 |
82 | private var _urlSessionConfiguration: URLSessionConfiguration = URLSessionConfiguration.default
| `- error: 'URLSessionConfiguration' is unavailable: This type has moved to the FoundationNetworking module. Import that module to use it.
83 | /**
84 | The `URLSessionConfiguration` used to create the `URLSession`.
Foundation.URLSessionConfiguration:2:18: note: 'URLSessionConfiguration' has been explicitly marked unavailable here
1 | @available(*, unavailable, message: "This type has moved to the FoundationNetworking module. Import that module to use it.")
2 | public typealias URLSessionConfiguration = AnyObject
| `- note: 'URLSessionConfiguration' has been explicitly marked unavailable here
/host/spi-builder-workspace/.build/checkouts/swift-eventsource/Source/LDSwiftEventSource.swift:82:97: error: type 'URLSessionConfiguration' (aka 'AnyObject') has no member 'default'
80 | public var idleTimeout: TimeInterval = 300.0
81 |
82 | private var _urlSessionConfiguration: URLSessionConfiguration = URLSessionConfiguration.default
| `- error: type 'URLSessionConfiguration' (aka 'AnyObject') has no member 'default'
83 | /**
84 | The `URLSessionConfiguration` used to create the `URLSession`.
/host/spi-builder-workspace/.build/checkouts/swift-eventsource/Source/LDSwiftEventSource.swift:82:97: error: value of type '_' expected to be instance of class or class-constrained type
80 | public var idleTimeout: TimeInterval = 300.0
81 |
82 | private var _urlSessionConfiguration: URLSessionConfiguration = URLSessionConfiguration.default
| `- error: value of type '_' expected to be instance of class or class-constrained type
83 | /**
84 | The `URLSessionConfiguration` used to create the `URLSession`.
/host/spi-builder-workspace/.build/checkouts/swift-eventsource/Source/LDSwiftEventSource.swift:94:45: error: 'URLSessionConfiguration' is unavailable: This type has moved to the FoundationNetworking module. Import that module to use it.
92 | - Since: 1.3.0
93 | */
94 | public var urlSessionConfiguration: URLSessionConfiguration {
| `- error: 'URLSessionConfiguration' is unavailable: This type has moved to the FoundationNetworking module. Import that module to use it.
95 | get {
96 | // swiftlint:disable:next force_cast
Foundation.URLSessionConfiguration:2:18: note: 'URLSessionConfiguration' has been explicitly marked unavailable here
1 | @available(*, unavailable, message: "This type has moved to the FoundationNetworking module. Import that module to use it.")
2 | public typealias URLSessionConfiguration = AnyObject
| `- note: 'URLSessionConfiguration' has been explicitly marked unavailable here
/host/spi-builder-workspace/.build/checkouts/swift-eventsource/Source/LDSwiftEventSource.swift:165:38: error: cannot find type 'URLSessionDataDelegate' in scope
163 |
164 | // MARK: EventSourceDelegate
165 | class EventSourceDelegate: NSObject, URLSessionDataDelegate {
| `- error: cannot find type 'URLSessionDataDelegate' in scope
166 | private let delegateQueue: DispatchQueue = DispatchQueue(label: "ESDelegateQueue")
167 |
/host/spi-builder-workspace/.build/checkouts/swift-eventsource/Source/LDSwiftEventSource.swift:166:32: error: cannot find type 'DispatchQueue' in scope
164 | // MARK: EventSourceDelegate
165 | class EventSourceDelegate: NSObject, URLSessionDataDelegate {
166 | private let delegateQueue: DispatchQueue = DispatchQueue(label: "ESDelegateQueue")
| `- error: cannot find type 'DispatchQueue' in scope
167 |
168 | public var logger: InternalLogging
/host/spi-builder-workspace/.build/checkouts/swift-eventsource/Source/LDSwiftEventSource.swift:166:48: error: cannot find 'DispatchQueue' in scope
164 | // MARK: EventSourceDelegate
165 | class EventSourceDelegate: NSObject, URLSessionDataDelegate {
166 | private let delegateQueue: DispatchQueue = DispatchQueue(label: "ESDelegateQueue")
| `- error: cannot find 'DispatchQueue' in scope
167 |
168 | public var logger: InternalLogging
/host/spi-builder-workspace/.build/checkouts/swift-eventsource/Source/LDSwiftEventSource.swift:181:29: error: 'URLSession' is unavailable: This type has moved to the FoundationNetworking module. Import that module to use it.
179 | private let eventParser: EventParser
180 | private let reconnectionTimer: ReconnectionTimer
181 | private var urlSession: URLSession?
| `- error: 'URLSession' is unavailable: This type has moved to the FoundationNetworking module. Import that module to use it.
182 | private var sessionTask: URLSessionDataTask?
183 |
Foundation.URLSession:2:18: note: 'URLSession' has been explicitly marked unavailable here
1 | @available(*, unavailable, message: "This type has moved to the FoundationNetworking module. Import that module to use it.")
2 | public typealias URLSession = AnyObject
| `- note: 'URLSession' has been explicitly marked unavailable here
/host/spi-builder-workspace/.build/checkouts/swift-eventsource/Source/LDSwiftEventSource.swift:182:30: error: 'URLSessionDataTask' is unavailable: This type has moved to the FoundationNetworking module. Import that module to use it.
180 | private let reconnectionTimer: ReconnectionTimer
181 | private var urlSession: URLSession?
182 | private var sessionTask: URLSessionDataTask?
| `- error: 'URLSessionDataTask' is unavailable: This type has moved to the FoundationNetworking module. Import that module to use it.
183 |
184 | init(config: EventSource.Config) {
Foundation.URLSessionDataTask:2:18: note: 'URLSessionDataTask' has been explicitly marked unavailable here
1 | @available(*, unavailable, message: "This type has moved to the FoundationNetworking module. Import that module to use it.")
2 | public typealias URLSessionDataTask = AnyObject
| `- note: 'URLSessionDataTask' has been explicitly marked unavailable here
/host/spi-builder-workspace/.build/checkouts/swift-eventsource/Source/LDSwiftEventSource.swift:231:29: error: 'URLSession' is unavailable: This type has moved to the FoundationNetworking module. Import that module to use it.
229 | func getLastEventId() -> String { eventParser.getLastEventId() }
230 |
231 | func createSession() -> URLSession {
| `- error: 'URLSession' is unavailable: This type has moved to the FoundationNetworking module. Import that module to use it.
232 | let opQueue = OperationQueue()
233 | opQueue.underlyingQueue = self.delegateQueue
Foundation.URLSession:2:18: note: 'URLSession' has been explicitly marked unavailable here
1 | @available(*, unavailable, message: "This type has moved to the FoundationNetworking module. Import that module to use it.")
2 | public typealias URLSession = AnyObject
| `- note: 'URLSession' has been explicitly marked unavailable here
/host/spi-builder-workspace/.build/checkouts/swift-eventsource/Source/LDSwiftEventSource.swift:237:29: error: cannot find type 'URLRequest' in scope
235 | }
236 |
237 | func createRequest() -> URLRequest {
| `- error: cannot find type 'URLRequest' in scope
238 | var urlRequest = URLRequest(url: self.config.url,
239 | cachePolicy: URLRequest.CachePolicy.reloadIgnoringLocalAndRemoteCacheData,
/host/spi-builder-workspace/.build/checkouts/swift-eventsource/Source/LDSwiftEventSource.swift:270:39: error: 'URLSession' is unavailable: This type has moved to the FoundationNetworking module. Import that module to use it.
268 |
269 | // Tells the delegate that the task finished transferring data.
270 | public func urlSession(_ session: URLSession,
| `- error: 'URLSession' is unavailable: This type has moved to the FoundationNetworking module. Import that module to use it.
271 | task: URLSessionTask,
272 | didCompleteWithError error: Error?) {
Foundation.URLSession:2:18: note: 'URLSession' has been explicitly marked unavailable here
1 | @available(*, unavailable, message: "This type has moved to the FoundationNetworking module. Import that module to use it.")
2 | public typealias URLSession = AnyObject
| `- note: 'URLSession' has been explicitly marked unavailable here
/host/spi-builder-workspace/.build/checkouts/swift-eventsource/Source/LDSwiftEventSource.swift:271:34: error: 'URLSessionTask' is unavailable: This type has moved to the FoundationNetworking module. Import that module to use it.
269 | // Tells the delegate that the task finished transferring data.
270 | public func urlSession(_ session: URLSession,
271 | task: URLSessionTask,
| `- error: 'URLSessionTask' is unavailable: This type has moved to the FoundationNetworking module. Import that module to use it.
272 | didCompleteWithError error: Error?) {
273 | utf8LineParser.closeAndReset()
Foundation.URLSessionTask:2:18: note: 'URLSessionTask' has been explicitly marked unavailable here
1 | @available(*, unavailable, message: "This type has moved to the FoundationNetworking module. Import that module to use it.")
2 | public typealias URLSessionTask = AnyObject
| `- note: 'URLSessionTask' has been explicitly marked unavailable here
/host/spi-builder-workspace/.build/checkouts/swift-eventsource/Source/LDSwiftEventSource.swift:312:69: error: 'ResponseDisposition' is not a member type of type 'Foundation.URLSession' (aka 'AnyObject')
310 | dataTask: URLSessionDataTask,
311 | didReceive response: URLResponse,
312 | completionHandler: @escaping (URLSession.ResponseDisposition) -> Void) {
| `- error: 'ResponseDisposition' is not a member type of type 'Foundation.URLSession' (aka 'AnyObject')
313 | logger.log(.debug, "Initial reply received")
314 |
/host/spi-builder-workspace/.build/checkouts/swift-eventsource/Source/LDSwiftEventSource.swift:309:39: error: 'URLSession' is unavailable: This type has moved to the FoundationNetworking module. Import that module to use it.
307 |
308 | // Tells the delegate that the data task received the initial reply (headers) from the server.
309 | public func urlSession(_ session: URLSession,
| `- error: 'URLSession' is unavailable: This type has moved to the FoundationNetworking module. Import that module to use it.
310 | dataTask: URLSessionDataTask,
311 | didReceive response: URLResponse,
Foundation.URLSession:2:18: note: 'URLSession' has been explicitly marked unavailable here
1 | @available(*, unavailable, message: "This type has moved to the FoundationNetworking module. Import that module to use it.")
2 | public typealias URLSession = AnyObject
| `- note: 'URLSession' has been explicitly marked unavailable here
/host/spi-builder-workspace/.build/checkouts/swift-eventsource/Source/LDSwiftEventSource.swift:310:38: error: 'URLSessionDataTask' is unavailable: This type has moved to the FoundationNetworking module. Import that module to use it.
308 | // Tells the delegate that the data task received the initial reply (headers) from the server.
309 | public func urlSession(_ session: URLSession,
310 | dataTask: URLSessionDataTask,
| `- error: 'URLSessionDataTask' is unavailable: This type has moved to the FoundationNetworking module. Import that module to use it.
311 | didReceive response: URLResponse,
312 | completionHandler: @escaping (URLSession.ResponseDisposition) -> Void) {
Foundation.URLSessionDataTask:2:18: note: 'URLSessionDataTask' has been explicitly marked unavailable here
1 | @available(*, unavailable, message: "This type has moved to the FoundationNetworking module. Import that module to use it.")
2 | public typealias URLSessionDataTask = AnyObject
| `- note: 'URLSessionDataTask' has been explicitly marked unavailable here
/host/spi-builder-workspace/.build/checkouts/swift-eventsource/Source/LDSwiftEventSource.swift:311:49: error: 'URLResponse' is unavailable: This type has moved to the FoundationNetworking module. Import that module to use it.
309 | public func urlSession(_ session: URLSession,
310 | dataTask: URLSessionDataTask,
311 | didReceive response: URLResponse,
| `- error: 'URLResponse' is unavailable: This type has moved to the FoundationNetworking module. Import that module to use it.
312 | completionHandler: @escaping (URLSession.ResponseDisposition) -> Void) {
313 | logger.log(.debug, "Initial reply received")
Foundation.URLResponse:2:18: note: 'URLResponse' has been explicitly marked unavailable here
1 | @available(*, unavailable, message: "This type has moved to the FoundationNetworking module. Import that module to use it.")
2 | public typealias URLResponse = AnyObject
| `- note: 'URLResponse' has been explicitly marked unavailable here
/host/spi-builder-workspace/.build/checkouts/swift-eventsource/Source/LDSwiftEventSource.swift:340:39: error: 'URLSession' is unavailable: This type has moved to the FoundationNetworking module. Import that module to use it.
338 | }
339 |
340 | public func urlSession(_ session: URLSession, dataTask: URLSessionDataTask, didReceive data: Data) {
| `- error: 'URLSession' is unavailable: This type has moved to the FoundationNetworking module. Import that module to use it.
341 | utf8LineParser.append(data).forEach(eventParser.parse)
342 | }
Foundation.URLSession:2:18: note: 'URLSession' has been explicitly marked unavailable here
1 | @available(*, unavailable, message: "This type has moved to the FoundationNetworking module. Import that module to use it.")
2 | public typealias URLSession = AnyObject
| `- note: 'URLSession' has been explicitly marked unavailable here
/host/spi-builder-workspace/.build/checkouts/swift-eventsource/Source/LDSwiftEventSource.swift:340:61: error: 'URLSessionDataTask' is unavailable: This type has moved to the FoundationNetworking module. Import that module to use it.
338 | }
339 |
340 | public func urlSession(_ session: URLSession, dataTask: URLSessionDataTask, didReceive data: Data) {
| `- error: 'URLSessionDataTask' is unavailable: This type has moved to the FoundationNetworking module. Import that module to use it.
341 | utf8LineParser.append(data).forEach(eventParser.parse)
342 | }
Foundation.URLSessionDataTask:2:18: note: 'URLSessionDataTask' has been explicitly marked unavailable here
1 | @available(*, unavailable, message: "This type has moved to the FoundationNetworking module. Import that module to use it.")
2 | public typealias URLSessionDataTask = AnyObject
| `- note: 'URLSessionDataTask' has been explicitly marked unavailable here
[127/180] Compiling CioInternalCommon CIOApiEndpoint.swift
/host/spi-builder-workspace/Sources/Common/Synchronized/Synchronized.swift:1:8: error: no such module 'Dispatch'
1 | import Dispatch
| `- error: no such module 'Dispatch'
2 | import Foundation
3 |
[128/180] Compiling CioInternalCommon DownloadFileType.swift
/host/spi-builder-workspace/Sources/Common/Synchronized/Synchronized.swift:1:8: error: no such module 'Dispatch'
1 | import Dispatch
| `- error: no such module 'Dispatch'
2 | import Foundation
3 |
[129/180] Compiling CioInternalCommon HttpClient.swift
/host/spi-builder-workspace/Sources/Common/Synchronized/Synchronized.swift:1:8: error: no such module 'Dispatch'
1 | import Dispatch
| `- error: no such module 'Dispatch'
2 | import Foundation
3 |
[130/180] Compiling CioInternalCommon HttpRequestError.swift
/host/spi-builder-workspace/Sources/Common/Synchronized/Synchronized.swift:1:8: error: no such module 'Dispatch'
1 | import Dispatch
| `- error: no such module 'Dispatch'
2 | import Foundation
3 |
[131/180] Compiling CioInternalCommon HttpRequestParams.swift
/host/spi-builder-workspace/Sources/Common/Synchronized/Synchronized.swift:1:8: error: no such module 'Dispatch'
1 | import Dispatch
| `- error: no such module 'Dispatch'
2 | import Foundation
3 |
[132/180] Compiling CioInternalCommon HttpRequestRunner.swift
/host/spi-builder-workspace/Sources/Common/Synchronized/Synchronized.swift:1:8: error: no such module 'Dispatch'
1 | import Dispatch
| `- error: no such module 'Dispatch'
2 | import Foundation
3 |
[133/180] Compiling CioInternalCommon AppGroupIdentifier.swift
/host/spi-builder-workspace/Sources/Common/Synchronized/Synchronized.swift:1:8: error: no such module 'Dispatch'
1 | import Dispatch
| `- error: no such module 'Dispatch'
2 | import Foundation
3 |
[134/180] Compiling CioInternalCommon PendingPushDeliveryMetric.swift
/host/spi-builder-workspace/Sources/Common/Synchronized/Synchronized.swift:1:8: error: no such module 'Dispatch'
1 | import Dispatch
| `- error: no such module 'Dispatch'
2 | import Foundation
3 |
[135/180] Compiling CioInternalCommon PendingPushDeliveryMetricsConstants.swift
/host/spi-builder-workspace/Sources/Common/Synchronized/Synchronized.swift:1:8: error: no such module 'Dispatch'
1 | import Dispatch
| `- error: no such module 'Dispatch'
2 | import Foundation
3 |
[136/180] Compiling CioInternalCommon PendingPushDeliveryStore.swift
/host/spi-builder-workspace/Sources/Common/Synchronized/Synchronized.swift:1:8: error: no such module 'Dispatch'
1 | import Dispatch
| `- error: no such module 'Dispatch'
2 | import Foundation
3 |
[137/180] Compiling CioInternalCommon EmptyRequestBody.swift
/host/spi-builder-workspace/Sources/Common/Synchronized/Synchronized.swift:1:8: error: no such module 'Dispatch'
1 | import Dispatch
| `- error: no such module 'Dispatch'
2 | import Foundation
3 |
[138/180] Compiling CioInternalCommon InAppMetric.swift
/host/spi-builder-workspace/Sources/Common/Synchronized/Synchronized.swift:1:8: error: no such module 'Dispatch'
1 | import Dispatch
| `- error: no such module 'Dispatch'
2 | import Foundation
3 |
[139/180] Compiling CioInternalCommon MetricRequest.swift
/host/spi-builder-workspace/Sources/Common/Synchronized/Synchronized.swift:1:8: error: no such module 'Dispatch'
1 | import Dispatch
| `- error: no such module 'Dispatch'
2 | import Foundation
3 |
[140/180] Compiling CioInternalCommon PushMetric.swift
/host/spi-builder-workspace/Sources/Common/Synchronized/Synchronized.swift:1:8: error: no such module 'Dispatch'
1 | import Dispatch
| `- error: no such module 'Dispatch'
2 | import Foundation
3 |
[141/180] Compiling CioInternalCommon Atomic.swift
/host/spi-builder-workspace/Sources/Common/Synchronized/Synchronized.swift:1:8: error: no such module 'Dispatch'
1 | import Dispatch
| `- error: no such module 'Dispatch'
2 | import Foundation
3 |
[142/180] Compiling CioInternalCommon DateUtil.swift
/host/spi-builder-workspace/Sources/Common/Synchronized/Synchronized.swift:1:8: error: no such module 'Dispatch'
1 | import Dispatch
| `- error: no such module 'Dispatch'
2 | import Foundation
3 |
[143/180] Compiling CioInternalCommon DeepLinkUtil.swift
/host/spi-builder-workspace/Sources/Common/Synchronized/Synchronized.swift:1:8: error: no such module 'Dispatch'
1 | import Dispatch
| `- error: no such module 'Dispatch'
2 | import Foundation
3 |
[144/180] Compiling CioInternalCommon DeviceInfo.swift
/host/spi-builder-workspace/Sources/Common/Synchronized/Synchronized.swift:1:8: error: no such module 'Dispatch'
1 | import Dispatch
| `- error: no such module 'Dispatch'
2 | import Foundation
3 |
[145/180] Compiling CioInternalCommon DeviceMetricsGrabber.swift
/host/spi-builder-workspace/Sources/Common/Synchronized/Synchronized.swift:1:8: error: no such module 'Dispatch'
1 | import Dispatch
| `- error: no such module 'Dispatch'
2 | import Foundation
3 |
[146/180] Compiling CioInternalCommon FileStorage.swift
/host/spi-builder-workspace/Sources/Common/Synchronized/Synchronized.swift:1:8: error: no such module 'Dispatch'
1 | import Dispatch
| `- error: no such module 'Dispatch'
2 | import Foundation
3 |
[147/180] Compiling CioInternalCommon JsonAdapter.swift
/host/spi-builder-workspace/Sources/Common/Synchronized/Synchronized.swift:1:8: error: no such module 'Dispatch'
1 | import Dispatch
| `- error: no such module 'Dispatch'
2 | import Foundation
3 |
[148/180] Compiling CioInternalCommon KeyValueStorage.swift
/host/spi-builder-workspace/Sources/Common/Synchronized/Synchronized.swift:1:8: error: no such module 'Dispatch'
1 | import Dispatch
| `- error: no such module 'Dispatch'
2 | import Foundation
3 |
[149/180] Compiling CioInternalCommon KeyValueStorageKey.swift
/host/spi-builder-workspace/Sources/Common/Synchronized/Synchronized.swift:1:8: error: no such module 'Dispatch'
1 | import Dispatch
| `- error: no such module 'Dispatch'
2 | import Foundation
3 |
[150/180] Compiling CioInternalCommon Lock.swift
/host/spi-builder-workspace/Sources/Common/Synchronized/Synchronized.swift:1:8: error: no such module 'Dispatch'
1 | import Dispatch
| `- error: no such module 'Dispatch'
2 | import Foundation
3 |
[151/180] Compiling CioInternalCommon LockManager.swift
/host/spi-builder-workspace/Sources/Common/Synchronized/Synchronized.swift:1:8: error: no such module 'Dispatch'
1 | import Dispatch
| `- error: no such module 'Dispatch'
2 | import Foundation
3 |
[152/180] Compiling CioInternalCommon Log.swift
/host/spi-builder-workspace/Sources/Common/Synchronized/Synchronized.swift:1:8: error: no such module 'Dispatch'
1 | import Dispatch
| `- error: no such module 'Dispatch'
2 | import Foundation
3 |
[153/180] Compiling CioInternalCommon MockCollection.swift
/host/spi-builder-workspace/Sources/Common/Synchronized/Synchronized.swift:1:8: error: no such module 'Dispatch'
1 | import Dispatch
| `- error: no such module 'Dispatch'
2 | import Foundation
3 |
[154/180] Compiling LDSwiftEventSource Logs.swift
[155/180] Compiling LDSwiftEventSource Types.swift
[156/180] Compiling LDSwiftEventSource UTF8LineParser.swift
[157/180] Compiling LDSwiftEventSource EventParser.swift
[158/180] Compiling LDSwiftEventSource LDSwiftEventSource.swift
/host/spi-builder-workspace/.build/checkouts/swift-eventsource/Source/LDSwiftEventSource.swift:82:47: error: 'URLSessionConfiguration' is unavailable: This type has moved to the FoundationNetworking module. Import that module to use it.
80 | public var idleTimeout: TimeInterval = 300.0
81 |
82 | private var _urlSessionConfiguration: URLSessionConfiguration = URLSessionConfiguration.default
| `- error: 'URLSessionConfiguration' is unavailable: This type has moved to the FoundationNetworking module. Import that module to use it.
83 | /**
84 | The `URLSessionConfiguration` used to create the `URLSession`.
Foundation.URLSessionConfiguration:2:18: note: 'URLSessionConfiguration' has been explicitly marked unavailable here
1 | @available(*, unavailable, message: "This type has moved to the FoundationNetworking module. Import that module to use it.")
2 | public typealias URLSessionConfiguration = AnyObject
| `- note: 'URLSessionConfiguration' has been explicitly marked unavailable here
/host/spi-builder-workspace/.build/checkouts/swift-eventsource/Source/LDSwiftEventSource.swift:82:97: error: type 'URLSessionConfiguration' (aka 'AnyObject') has no member 'default'
80 | public var idleTimeout: TimeInterval = 300.0
81 |
82 | private var _urlSessionConfiguration: URLSessionConfiguration = URLSessionConfiguration.default
| `- error: type 'URLSessionConfiguration' (aka 'AnyObject') has no member 'default'
83 | /**
84 | The `URLSessionConfiguration` used to create the `URLSession`.
/host/spi-builder-workspace/.build/checkouts/swift-eventsource/Source/LDSwiftEventSource.swift:82:97: error: value of type '_' expected to be instance of class or class-constrained type
80 | public var idleTimeout: TimeInterval = 300.0
81 |
82 | private var _urlSessionConfiguration: URLSessionConfiguration = URLSessionConfiguration.default
| `- error: value of type '_' expected to be instance of class or class-constrained type
83 | /**
84 | The `URLSessionConfiguration` used to create the `URLSession`.
/host/spi-builder-workspace/.build/checkouts/swift-eventsource/Source/LDSwiftEventSource.swift:94:45: error: 'URLSessionConfiguration' is unavailable: This type has moved to the FoundationNetworking module. Import that module to use it.
92 | - Since: 1.3.0
93 | */
94 | public var urlSessionConfiguration: URLSessionConfiguration {
| `- error: 'URLSessionConfiguration' is unavailable: This type has moved to the FoundationNetworking module. Import that module to use it.
95 | get {
96 | // swiftlint:disable:next force_cast
Foundation.URLSessionConfiguration:2:18: note: 'URLSessionConfiguration' has been explicitly marked unavailable here
1 | @available(*, unavailable, message: "This type has moved to the FoundationNetworking module. Import that module to use it.")
2 | public typealias URLSessionConfiguration = AnyObject
| `- note: 'URLSessionConfiguration' has been explicitly marked unavailable here
/host/spi-builder-workspace/.build/checkouts/swift-eventsource/Source/LDSwiftEventSource.swift:165:38: error: cannot find type 'URLSessionDataDelegate' in scope
163 |
164 | // MARK: EventSourceDelegate
165 | class EventSourceDelegate: NSObject, URLSessionDataDelegate {
| `- error: cannot find type 'URLSessionDataDelegate' in scope
166 | private let delegateQueue: DispatchQueue = DispatchQueue(label: "ESDelegateQueue")
167 |
/host/spi-builder-workspace/.build/checkouts/swift-eventsource/Source/LDSwiftEventSource.swift:166:32: error: cannot find type 'DispatchQueue' in scope
164 | // MARK: EventSourceDelegate
165 | class EventSourceDelegate: NSObject, URLSessionDataDelegate {
166 | private let delegateQueue: DispatchQueue = DispatchQueue(label: "ESDelegateQueue")
| `- error: cannot find type 'DispatchQueue' in scope
167 |
168 | public var logger: InternalLogging
/host/spi-builder-workspace/.build/checkouts/swift-eventsource/Source/LDSwiftEventSource.swift:166:48: error: cannot find 'DispatchQueue' in scope
164 | // MARK: EventSourceDelegate
165 | class EventSourceDelegate: NSObject, URLSessionDataDelegate {
166 | private let delegateQueue: DispatchQueue = DispatchQueue(label: "ESDelegateQueue")
| `- error: cannot find 'DispatchQueue' in scope
167 |
168 | public var logger: InternalLogging
/host/spi-builder-workspace/.build/checkouts/swift-eventsource/Source/LDSwiftEventSource.swift:181:29: error: 'URLSession' is unavailable: This type has moved to the FoundationNetworking module. Import that module to use it.
179 | private let eventParser: EventParser
180 | private let reconnectionTimer: ReconnectionTimer
181 | private var urlSession: URLSession?
| `- error: 'URLSession' is unavailable: This type has moved to the FoundationNetworking module. Import that module to use it.
182 | private var sessionTask: URLSessionDataTask?
183 |
Foundation.URLSession:2:18: note: 'URLSession' has been explicitly marked unavailable here
1 | @available(*, unavailable, message: "This type has moved to the FoundationNetworking module. Import that module to use it.")
2 | public typealias URLSession = AnyObject
| `- note: 'URLSession' has been explicitly marked unavailable here
/host/spi-builder-workspace/.build/checkouts/swift-eventsource/Source/LDSwiftEventSource.swift:182:30: error: 'URLSessionDataTask' is unavailable: This type has moved to the FoundationNetworking module. Import that module to use it.
180 | private let reconnectionTimer: ReconnectionTimer
181 | private var urlSession: URLSession?
182 | private var sessionTask: URLSessionDataTask?
| `- error: 'URLSessionDataTask' is unavailable: This type has moved to the FoundationNetworking module. Import that module to use it.
183 |
184 | init(config: EventSource.Config) {
Foundation.URLSessionDataTask:2:18: note: 'URLSessionDataTask' has been explicitly marked unavailable here
1 | @available(*, unavailable, message: "This type has moved to the FoundationNetworking module. Import that module to use it.")
2 | public typealias URLSessionDataTask = AnyObject
| `- note: 'URLSessionDataTask' has been explicitly marked unavailable here
/host/spi-builder-workspace/.build/checkouts/swift-eventsource/Source/LDSwiftEventSource.swift:231:29: error: 'URLSession' is unavailable: This type has moved to the FoundationNetworking module. Import that module to use it.
229 | func getLastEventId() -> String { eventParser.getLastEventId() }
230 |
231 | func createSession() -> URLSession {
| `- error: 'URLSession' is unavailable: This type has moved to the FoundationNetworking module. Import that module to use it.
232 | let opQueue = OperationQueue()
233 | opQueue.underlyingQueue = self.delegateQueue
Foundation.URLSession:2:18: note: 'URLSession' has been explicitly marked unavailable here
1 | @available(*, unavailable, message: "This type has moved to the FoundationNetworking module. Import that module to use it.")
2 | public typealias URLSession = AnyObject
| `- note: 'URLSession' has been explicitly marked unavailable here
/host/spi-builder-workspace/.build/checkouts/swift-eventsource/Source/LDSwiftEventSource.swift:237:29: error: cannot find type 'URLRequest' in scope
235 | }
236 |
237 | func createRequest() -> URLRequest {
| `- error: cannot find type 'URLRequest' in scope
238 | var urlRequest = URLRequest(url: self.config.url,
239 | cachePolicy: URLRequest.CachePolicy.reloadIgnoringLocalAndRemoteCacheData,
/host/spi-builder-workspace/.build/checkouts/swift-eventsource/Source/LDSwiftEventSource.swift:270:39: error: 'URLSession' is unavailable: This type has moved to the FoundationNetworking module. Import that module to use it.
268 |
269 | // Tells the delegate that the task finished transferring data.
270 | public func urlSession(_ session: URLSession,
| `- error: 'URLSession' is unavailable: This type has moved to the FoundationNetworking module. Import that module to use it.
271 | task: URLSessionTask,
272 | didCompleteWithError error: Error?) {
Foundation.URLSession:2:18: note: 'URLSession' has been explicitly marked unavailable here
1 | @available(*, unavailable, message: "This type has moved to the FoundationNetworking module. Import that module to use it.")
2 | public typealias URLSession = AnyObject
| `- note: 'URLSession' has been explicitly marked unavailable here
/host/spi-builder-workspace/.build/checkouts/swift-eventsource/Source/LDSwiftEventSource.swift:271:34: error: 'URLSessionTask' is unavailable: This type has moved to the FoundationNetworking module. Import that module to use it.
269 | // Tells the delegate that the task finished transferring data.
270 | public func urlSession(_ session: URLSession,
271 | task: URLSessionTask,
| `- error: 'URLSessionTask' is unavailable: This type has moved to the FoundationNetworking module. Import that module to use it.
272 | didCompleteWithError error: Error?) {
273 | utf8LineParser.closeAndReset()
Foundation.URLSessionTask:2:18: note: 'URLSessionTask' has been explicitly marked unavailable here
1 | @available(*, unavailable, message: "This type has moved to the FoundationNetworking module. Import that module to use it.")
2 | public typealias URLSessionTask = AnyObject
| `- note: 'URLSessionTask' has been explicitly marked unavailable here
/host/spi-builder-workspace/.build/checkouts/swift-eventsource/Source/LDSwiftEventSource.swift:312:69: error: 'ResponseDisposition' is not a member type of type 'Foundation.URLSession' (aka 'AnyObject')
310 | dataTask: URLSessionDataTask,
311 | didReceive response: URLResponse,
312 | completionHandler: @escaping (URLSession.ResponseDisposition) -> Void) {
| `- error: 'ResponseDisposition' is not a member type of type 'Foundation.URLSession' (aka 'AnyObject')
313 | logger.log(.debug, "Initial reply received")
314 |
/host/spi-builder-workspace/.build/checkouts/swift-eventsource/Source/LDSwiftEventSource.swift:309:39: error: 'URLSession' is unavailable: This type has moved to the FoundationNetworking module. Import that module to use it.
307 |
308 | // Tells the delegate that the data task received the initial reply (headers) from the server.
309 | public func urlSession(_ session: URLSession,
| `- error: 'URLSession' is unavailable: This type has moved to the FoundationNetworking module. Import that module to use it.
310 | dataTask: URLSessionDataTask,
311 | didReceive response: URLResponse,
Foundation.URLSession:2:18: note: 'URLSession' has been explicitly marked unavailable here
1 | @available(*, unavailable, message: "This type has moved to the FoundationNetworking module. Import that module to use it.")
2 | public typealias URLSession = AnyObject
| `- note: 'URLSession' has been explicitly marked unavailable here
/host/spi-builder-workspace/.build/checkouts/swift-eventsource/Source/LDSwiftEventSource.swift:310:38: error: 'URLSessionDataTask' is unavailable: This type has moved to the FoundationNetworking module. Import that module to use it.
308 | // Tells the delegate that the data task received the initial reply (headers) from the server.
309 | public func urlSession(_ session: URLSession,
310 | dataTask: URLSessionDataTask,
| `- error: 'URLSessionDataTask' is unavailable: This type has moved to the FoundationNetworking module. Import that module to use it.
311 | didReceive response: URLResponse,
312 | completionHandler: @escaping (URLSession.ResponseDisposition) -> Void) {
Foundation.URLSessionDataTask:2:18: note: 'URLSessionDataTask' has been explicitly marked unavailable here
1 | @available(*, unavailable, message: "This type has moved to the FoundationNetworking module. Import that module to use it.")
2 | public typealias URLSessionDataTask = AnyObject
| `- note: 'URLSessionDataTask' has been explicitly marked unavailable here
/host/spi-builder-workspace/.build/checkouts/swift-eventsource/Source/LDSwiftEventSource.swift:311:49: error: 'URLResponse' is unavailable: This type has moved to the FoundationNetworking module. Import that module to use it.
309 | public func urlSession(_ session: URLSession,
310 | dataTask: URLSessionDataTask,
311 | didReceive response: URLResponse,
| `- error: 'URLResponse' is unavailable: This type has moved to the FoundationNetworking module. Import that module to use it.
312 | completionHandler: @escaping (URLSession.ResponseDisposition) -> Void) {
313 | logger.log(.debug, "Initial reply received")
Foundation.URLResponse:2:18: note: 'URLResponse' has been explicitly marked unavailable here
1 | @available(*, unavailable, message: "This type has moved to the FoundationNetworking module. Import that module to use it.")
2 | public typealias URLResponse = AnyObject
| `- note: 'URLResponse' has been explicitly marked unavailable here
/host/spi-builder-workspace/.build/checkouts/swift-eventsource/Source/LDSwiftEventSource.swift:340:39: error: 'URLSession' is unavailable: This type has moved to the FoundationNetworking module. Import that module to use it.
338 | }
339 |
340 | public func urlSession(_ session: URLSession, dataTask: URLSessionDataTask, didReceive data: Data) {
| `- error: 'URLSession' is unavailable: This type has moved to the FoundationNetworking module. Import that module to use it.
341 | utf8LineParser.append(data).forEach(eventParser.parse)
342 | }
Foundation.URLSession:2:18: note: 'URLSession' has been explicitly marked unavailable here
1 | @available(*, unavailable, message: "This type has moved to the FoundationNetworking module. Import that module to use it.")
2 | public typealias URLSession = AnyObject
| `- note: 'URLSession' has been explicitly marked unavailable here
/host/spi-builder-workspace/.build/checkouts/swift-eventsource/Source/LDSwiftEventSource.swift:340:61: error: 'URLSessionDataTask' is unavailable: This type has moved to the FoundationNetworking module. Import that module to use it.
338 | }
339 |
340 | public func urlSession(_ session: URLSession, dataTask: URLSessionDataTask, didReceive data: Data) {
| `- error: 'URLSessionDataTask' is unavailable: This type has moved to the FoundationNetworking module. Import that module to use it.
341 | utf8LineParser.append(data).forEach(eventParser.parse)
342 | }
Foundation.URLSessionDataTask:2:18: note: 'URLSessionDataTask' has been explicitly marked unavailable here
1 | @available(*, unavailable, message: "This type has moved to the FoundationNetworking module. Import that module to use it.")
2 | public typealias URLSessionDataTask = AnyObject
| `- note: 'URLSessionDataTask' has been explicitly marked unavailable here
/host/spi-builder-workspace/.build/checkouts/swift-eventsource/Source/LDSwiftEventSource.swift:97:62: error: value of type 'URLSessionConfiguration' (aka 'AnyObject') has no member 'copy'
95 | get {
96 | // swiftlint:disable:next force_cast
97 | let sessionConfig = _urlSessionConfiguration.copy() as! URLSessionConfiguration
| `- error: value of type 'URLSessionConfiguration' (aka 'AnyObject') has no member 'copy'
98 | sessionConfig.httpAdditionalHeaders = ["Accept": "text/event-stream", "Cache-Control": "no-cache"]
99 | sessionConfig.timeoutIntervalForRequest = idleTimeout
/host/spi-builder-workspace/.build/checkouts/swift-eventsource/Source/LDSwiftEventSource.swift:103:73: error: cannot infer contextual base in reference to member 'TLSv12'
101 | #if !os(Linux) && !os(Windows)
102 | if #available(iOS 13, macOS 10.15, tvOS 13, watchOS 6, *) {
103 | sessionConfig.tlsMinimumSupportedProtocolVersion = .TLSv12
| `- error: cannot infer contextual base in reference to member 'TLSv12'
104 | } else {
105 | sessionConfig.tlsMinimumSupportedProtocol = .tlsProtocol12
/host/spi-builder-workspace/.build/checkouts/swift-eventsource/Source/LDSwiftEventSource.swift:105:66: error: cannot infer contextual base in reference to member 'tlsProtocol12'
103 | sessionConfig.tlsMinimumSupportedProtocolVersion = .TLSv12
104 | } else {
105 | sessionConfig.tlsMinimumSupportedProtocol = .tlsProtocol12
| `- error: cannot infer contextual base in reference to member 'tlsProtocol12'
106 | }
107 | #endif
/host/spi-builder-workspace/.build/checkouts/swift-eventsource/Source/LDSwiftEventSource.swift:112:53: error: value of type 'URLSessionConfiguration' (aka 'AnyObject') has no member 'copy'
110 | set {
111 | // swiftlint:disable:next force_cast
112 | _urlSessionConfiguration = newValue.copy() as! URLSessionConfiguration
| `- error: value of type 'URLSessionConfiguration' (aka 'AnyObject') has no member 'copy'
113 | }
114 | }
/host/spi-builder-workspace/.build/checkouts/swift-eventsource/Source/LDSwiftEventSource.swift:220:31: error: value of type 'URLSessionDataTask' (aka 'AnyObject') has no member 'cancel'
218 | let previousState = self.readyState
219 | self.readyState = .shutdown
220 | self.sessionTask?.cancel()
| `- error: value of type 'URLSessionDataTask' (aka 'AnyObject') has no member 'cancel'
221 | if previousState == .open {
222 | self.config.handler.onClosed()
/host/spi-builder-workspace/.build/checkouts/swift-eventsource/Source/LDSwiftEventSource.swift:232:23: error: cannot find 'OperationQueue' in scope
230 |
231 | func createSession() -> URLSession {
232 | let opQueue = OperationQueue()
| `- error: cannot find 'OperationQueue' in scope
233 | opQueue.underlyingQueue = self.delegateQueue
234 | return URLSession(configuration: config.urlSessionConfiguration, delegate: self, delegateQueue: opQueue)
/host/spi-builder-workspace/.build/checkouts/swift-eventsource/Source/LDSwiftEventSource.swift:234:16: error: 'URLSession' (aka 'AnyObject') cannot be constructed because it has no accessible initializers
232 | let opQueue = OperationQueue()
233 | opQueue.underlyingQueue = self.delegateQueue
234 | return URLSession(configuration: config.urlSessionConfiguration, delegate: self, delegateQueue: opQueue)
| `- error: 'URLSession' (aka 'AnyObject') cannot be constructed because it has no accessible initializers
235 | }
236 |
/host/spi-builder-workspace/.build/checkouts/swift-eventsource/Source/LDSwiftEventSource.swift:238:26: error: cannot find 'URLRequest' in scope
236 |
237 | func createRequest() -> URLRequest {
238 | var urlRequest = URLRequest(url: self.config.url,
| `- error: cannot find 'URLRequest' in scope
239 | cachePolicy: URLRequest.CachePolicy.reloadIgnoringLocalAndRemoteCacheData,
240 | timeoutInterval: self.config.idleTimeout)
/host/spi-builder-workspace/.build/checkouts/swift-eventsource/Source/LDSwiftEventSource.swift:239:50: error: cannot find 'URLRequest' in scope
237 | func createRequest() -> URLRequest {
238 | var urlRequest = URLRequest(url: self.config.url,
239 | cachePolicy: URLRequest.CachePolicy.reloadIgnoringLocalAndRemoteCacheData,
| `- error: cannot find 'URLRequest' in scope
240 | timeoutInterval: self.config.idleTimeout)
241 | urlRequest.httpMethod = self.config.method
/host/spi-builder-workspace/.build/checkouts/swift-eventsource/Source/LDSwiftEventSource.swift:254:32: error: value of type 'URLSession' (aka 'AnyObject') has no member 'dataTask'
252 | private func connect() {
253 | logger.log(.info, "Starting EventSource client")
254 | let task = urlSession?.dataTask(with: createRequest())
| `- error: value of type 'URLSession' (aka 'AnyObject') has no member 'dataTask'
255 | task?.resume()
256 | sessionTask = task
/host/spi-builder-workspace/.build/checkouts/swift-eventsource/Source/LDSwiftEventSource.swift:303:45: error: cannot call value of non-function type 'Date'
301 | // this formatting shenanigans is to workaround String not implementing CVarArg on Swift<5.4 on Linux
302 | logger.log(.info, "Waiting %@ seconds before reconnecting...", String(format: "%.3f", sleep))
303 | delegateQueue.asyncAfter(deadline: .now() + sleep) { [weak self] in
| `- error: cannot call value of non-function type 'Date'
304 | self?.connect()
305 | }
/host/spi-builder-workspace/.build/checkouts/swift-eventsource/Source/LDSwiftEventSource.swift:317:32: error: cannot infer contextual base in reference to member 'cancel'
315 | guard readyState != .shutdown
316 | else {
317 | completionHandler(.cancel)
| `- error: cannot infer contextual base in reference to member 'cancel'
318 | return
319 | }
/host/spi-builder-workspace/.build/checkouts/swift-eventsource/Source/LDSwiftEventSource.swift:322:41: error: 'HTTPURLResponse' is unavailable: This type has moved to the FoundationNetworking module. Import that module to use it.
320 |
321 | // swiftlint:disable:next force_cast
322 | let httpResponse = response as! HTTPURLResponse
| `- error: 'HTTPURLResponse' is unavailable: This type has moved to the FoundationNetworking module. Import that module to use it.
323 | let statusCode = httpResponse.statusCode
324 | if (200..<300).contains(statusCode) && statusCode != 204 {
Foundation.HTTPURLResponse:2:18: note: 'HTTPURLResponse' has been explicitly marked unavailable here
1 | @available(*, unavailable, message: "This type has moved to the FoundationNetworking module. Import that module to use it.")
2 | public typealias HTTPURLResponse = AnyObject
| `- note: 'HTTPURLResponse' has been explicitly marked unavailable here
/host/spi-builder-workspace/.build/checkouts/swift-eventsource/Source/LDSwiftEventSource.swift:323:39: error: value of type 'HTTPURLResponse' (aka 'AnyObject') has no member 'statusCode'
321 | // swiftlint:disable:next force_cast
322 | let httpResponse = response as! HTTPURLResponse
323 | let statusCode = httpResponse.statusCode
| `- error: value of type 'HTTPURLResponse' (aka 'AnyObject') has no member 'statusCode'
324 | if (200..<300).contains(statusCode) && statusCode != 204 {
325 | reconnectionTimer.connectedTime = Date()
/host/spi-builder-workspace/.build/checkouts/swift-eventsource/Source/LDSwiftEventSource.swift:328:32: error: cannot infer contextual base in reference to member 'allow'
326 | readyState = .open
327 | config.handler.onOpened()
328 | completionHandler(.allow)
| `- error: cannot infer contextual base in reference to member 'allow'
329 | } else {
330 | // this formatting shenanigans is to workaround String not implementing CVarArg on Swift<5.4 on Linux
/host/spi-builder-workspace/.build/checkouts/swift-eventsource/Source/LDSwiftEventSource.swift:336:32: error: cannot infer contextual base in reference to member 'cancel'
334 | readyState = .shutdown
335 | }
336 | completionHandler(.cancel)
| `- error: cannot infer contextual base in reference to member 'cancel'
337 | }
338 | }
[159/180] Compiling Jist JistValue.swift
/host/spi-builder-workspace/.build/checkouts/jist/ios/Sources/Jist/JistView.swift:1:8: error: no such module 'SwiftUI'
1 | import SwiftUI
| `- error: no such module 'SwiftUI'
2 |
3 | /// Renders a Jist template tree into native SwiftUI views.
[160/180] Compiling Jist Models.swift
/host/spi-builder-workspace/.build/checkouts/jist/ios/Sources/Jist/JistView.swift:1:8: error: no such module 'SwiftUI'
1 | import SwiftUI
| `- error: no such module 'SwiftUI'
2 |
3 | /// Renders a Jist template tree into native SwiftUI views.
[161/180] Compiling Sovran Action.swift
[162/180] Compiling Sovran State.swift
[163/180] Compiling JSONSafeEncoding JSONError.swift
[164/180] Compiling CioLiveActivities_Attributes CIOLiveActivityMetadata.swift
BUILD FAILURE 6.3 wasm