The Swift Package Index logo.Swift Package Index

Build Information

Failed to build SwiftIO, reference 0.1.0 (92d5cc), with Swift 6.4 for Wasm on 21 Sep 2026 13:45:40 UTC.

Build Command

bash -c docker run --pull=always --rm -v "checkouts-53886770-1":/host -w "$PWD" -e JAVA_HOME="/root/.sdkman/candidates/java/current" -e SPI_BUILD="1" -e SPI_PROCESSING="1" registry.gitlab.com/saguaro1/spi-images:wasm-6.4-latest swift build --swift-sdk swift-6.4.x-DEVELOPMENT-SNAPSHOT-2026-09-04-a_wasm 2>&1

Build Log

========================================
RunAll
========================================
Builder version: 5.1.0
Interrupt handler set up.
========================================
Checkout
========================================
Clone URL: https://github.com/madmachineio/SwiftIO.git
Reference: 0.1.0
Initialized empty Git repository in /host/spi-builder-workspace/.git/
hint: Using 'master' as the name for the initial branch. This default branch name
hint: is subject to change. To configure the initial branch name to use in all
hint: of your new repositories, which will suppress this warning, call:
hint:
hint: 	git config --global init.defaultBranch <name>
hint:
hint: Names commonly chosen instead of 'master' are 'main', 'trunk' and
hint: 'development'. The just-created branch can be renamed via this command:
hint:
hint: 	git branch -m <name>
From https://github.com/madmachineio/SwiftIO
 * tag               0.1.0      -> FETCH_HEAD
HEAD is now at 92d5ccc Update action logic
Cloned https://github.com/madmachineio/SwiftIO.git
Revision (git rev-parse @):
92d5cccfdc19cef8e0e7dbb01237d5457d5b209f
SUCCESS checkout https://github.com/madmachineio/SwiftIO.git at 0.1.0
========================================
Build
========================================
Selected platform:         wasm
Swift version:             6.4
Building package at path:  $PWD
https://github.com/madmachineio/SwiftIO.git
Running build ...
bash -c docker run --pull=always --rm -v "checkouts-53886770-1":/host -w "$PWD" -e JAVA_HOME="/root/.sdkman/candidates/java/current" -e SPI_BUILD="1" -e SPI_PROCESSING="1" registry.gitlab.com/saguaro1/spi-images:wasm-6.4-latest swift build --swift-sdk swift-6.4.x-DEVELOPMENT-SNAPSHOT-2026-09-04-a_wasm 2>&1
wasm-6.4-latest: Pulling from saguaro1/spi-images
Digest: sha256:4328fdb43c680d205c1d6761b1e3267aa38277eefdda9ddfb17b6a0f1a77857a
Status: Image is up to date for registry.gitlab.com/saguaro1/spi-images:wasm-6.4-latest
Building for debugging...
[Pre-planning 1 / 125]
error: SwiftCompile normal wasm32 failed with a nonzero exit code. Command line:     cd /host

/host/spi-builder-workspace/Sources/SwiftIO/Errno.swift:460:63: error: cannot find 'EPFNOSUPPORT' in scope
458 |   /// The corresponding C error is `EPFNOSUPPORT`.
459 |   @_alwaysEmitIntoClient
460 |   public static var protocolFamilyNotSupported: Errno { Errno(EPFNOSUPPORT) }
    |                                                               `- error: cannot find 'EPFNOSUPPORT' in scope
461 |
462 |   /// The address family isn't supported by the protocol family.
/host/spi-builder-workspace/Sources/SwiftIO/Errno.swift:608:47: error: cannot find 'EHOSTDOWN' in scope
606 |   /// The corresponding C error is `EHOSTDOWN`.
607 |   @_alwaysEmitIntoClient
608 |   public static var hostIsDown: Errno { Errno(EHOSTDOWN) }
    |                                               `- error: cannot find 'EHOSTDOWN' in scope
609 |
610 |   /// No route to host.
/host/spi-builder-workspace/Sources/SwiftIO/Errno.swift:709:43: error: cannot find 'ENODATA' in scope
707 |   /// The corresponding C error is `ENODATA`.
708 |   @_alwaysEmitIntoClient
709 |   public static var noData: Errno { Errno(ENODATA) }
    |                                           `- error: cannot find 'ENODATA' in scope
710 |
711 |   /// Reserved.
/host/spi-builder-workspace/Sources/SwiftIO/Errno.swift:725:54: error: cannot find 'ENOSR' in scope
723 |   /// The corresponding C error is `ENOSR`.
724 |   @_alwaysEmitIntoClient
725 |   public static var noStreamResources: Errno { Errno(ENOSR) }
    |                                                      `- error: cannot find 'ENOSR' in scope
726 |
727 |   /// Reserved.
/host/spi-builder-workspace/Sources/SwiftIO/Errno.swift:733:46: error: cannot find 'ENOSTR' in scope
731 |   /// The corresponding C error is `ENOSTR`.
732 |   @_alwaysEmitIntoClient
733 |   public static var notStream: Errno { Errno(ENOSTR) }
    |                                              `- error: cannot find 'ENOSTR' in scope
734 |
735 |   /// Protocol error.
/host/spi-builder-workspace/Sources/SwiftIO/Errno.swift:751:44: error: cannot find 'ETIME' in scope
749 |   /// The corresponding C error is `ETIME`.
750 |   @_alwaysEmitIntoClient
751 |   public static var timeout: Errno { Errno(ETIME) }
    |                                            `- error: cannot find 'ETIME' in scope
752 |
753 |   /// Operation not supported on socket.
Failed frontend command:
/usr/bin/swift-frontend -frontend -emit-module -experimental-skip-non-inlinable-function-bodies-without-types /host/spi-builder-workspace/Sources/SwiftIO/AnalogIn.swift /host/spi-builder-workspace/Sources/SwiftIO/BoardId.swift /host/spi-builder-workspace/Sources/SwiftIO/Counter.swift /host/spi-builder-workspace/Sources/SwiftIO/DigitalIn.swift /host/spi-builder-workspace/Sources/SwiftIO/DigitalInOut.swift /host/spi-builder-workspace/Sources/SwiftIO/DigitalOut.swift /host/spi-builder-workspace/Sources/SwiftIO/Errno.swift /host/spi-builder-workspace/Sources/SwiftIO/Ethernet.swift /host/spi-builder-workspace/Sources/SwiftIO/FileDescriptor.swift /host/spi-builder-workspace/Sources/SwiftIO/I2C.swift /host/spi-builder-workspace/Sources/SwiftIO/I2S.swift /host/spi-builder-workspace/Sources/SwiftIO/KernelTiming.swift /host/spi-builder-workspace/Sources/SwiftIO/PWMOut.swift /host/spi-builder-workspace/Sources/SwiftIO/SPI.swift /host/spi-builder-workspace/Sources/SwiftIO/Thread.swift /host/spi-builder-workspace/Sources/SwiftIO/Timer.swift /host/spi-builder-workspace/Sources/SwiftIO/UART.swift /host/spi-builder-workspace/Sources/SwiftIO/Utils.swift -target wasm32-unknown-wasip1 -disable-objc-interop -sdk /root/.swiftpm/swift-sdks/swift-6.4.x-DEVELOPMENT-SNAPSHOT-2026-09-04-a_wasm.artifactbundle/swift-6.4.x-DEVELOPMENT-SNAPSHOT-2026-09-04-a_wasm/wasm32-unknown-wasip1/WASI.sdk -sysroot /root/.swiftpm/swift-sdks/swift-6.4.x-DEVELOPMENT-SNAPSHOT-2026-09-04-a_wasm.artifactbundle/swift-6.4.x-DEVELOPMENT-SNAPSHOT-2026-09-04-a_wasm/wasm32-unknown-wasip1/WASI.sdk -I /host/spi-builder-workspace/.build/out/Products/Debug-webassembly-wasm32 -module-cache-path /host/spi-builder-workspace/.build/out/ModuleCache.noindex -color-diagnostics -Xcc -fcolor-diagnostics -enable-testing -g -debug-info-format\=dwarf -dwarf-version\=4 -swift-version 5 -Onone -D SWIFT_PACKAGE -D DEBUG -D SWIFT_MODULE_RESOURCE_BUNDLE_UNAVAILABLE -D Xcode -serialize-debugging-options -enable-experimental-feature DebugDescriptionMacro -empty-abi-descriptor -external-plugin-path /usr/lib/swift/host/plugins/testing\#/usr/bin/swift-plugin-server -validate-clang-modules-once -clang-build-session-file /host/spi-builder-workspace/.build/out/ModuleCache.noindex/Session.modulevalidation -Xcc -working-directory -Xcc /host -resource-dir /root/.swiftpm/swift-sdks/swift-6.4.x-DEVELOPMENT-SNAPSHOT-2026-09-04-a_wasm.artifactbundle/swift-6.4.x-DEVELOPMENT-SNAPSHOT-2026-09-04-a_wasm/wasm32-unknown-wasip1/swift.xctoolchain/usr/lib/swift_static -use-static-resource-dir -enable-anonymous-context-mangled-names -file-compilation-dir /host -Xcc -resource-dir -Xcc /root/.swiftpm/swift-sdks/swift-6.4.x-DEVELOPMENT-SNAPSHOT-2026-09-04-a_wasm.artifactbundle/swift-6.4.x-DEVELOPMENT-SNAPSHOT-2026-09-04-a_wasm/wasm32-unknown-wasip1/swift.xctoolchain/usr/lib/swift_static/clang -Xcc -fmodule-map-file\=/host/spi-builder-workspace/.build/out/Intermediates.noindex/GeneratedModuleMaps-webassembly-wasm32/CSwiftIO.modulemap -Xcc -D_LIBCPP_HARDENING_MODE\=_LIBCPP_HARDENING_MODE_DEBUG -Xcc -fmodules-prune-interval\=86400 -Xcc -fmodules-prune-after\=345600 -Xcc -I/host/spi-builder-workspace/Sources/CSwiftIO/include -Xcc -I/host/spi-builder-workspace/.build/out/Products/Debug-webassembly-wasm32/include -Xcc -I/host/spi-builder-workspace/.build/out/Intermediates.noindex/SwiftIO.build/Debug-webassembly-wasm32/SwiftIO-t.build/DerivedSources-normal/wasm32 -Xcc -I/host/spi-builder-workspace/.build/out/Intermediates.noindex/SwiftIO.build/Debug-webassembly-wasm32/SwiftIO-t.build/DerivedSources/wasm32 -Xcc -I/host/spi-builder-workspace/.build/out/Intermediates.noindex/SwiftIO.build/Debug-webassembly-wasm32/SwiftIO-t.build/DerivedSources -Xcc -DSWIFT_PACKAGE -Xcc -DDEBUG\=1 -no-auto-bridging-header-chaining -module-name SwiftIO -package-name spi_builder_workspace -const-gather-protocols-file /host/spi-builder-workspace/.build/out/Intermediates.noindex/SwiftIO.build/Debug-webassembly-wasm32/SwiftIO-t.build/Objects-normal/wasm32/SwiftIO_const_extract_protocols.json -in-process-plugin-server-path /usr/lib/swift/host/libSwiftInProcPluginServer.so -plugin-path /usr/lib/swift/host/plugins -plugin-path /usr/local/lib/swift/host/plugins -emit-module-doc-path /host/spi-builder-workspace/.build/out/Intermediates.noindex/SwiftIO.build/Debug-webassembly-wasm32/SwiftIO-t.build/Objects-normal/wasm32/Modules/SwiftIO.swiftdoc -emit-module-source-info-path /host/spi-builder-workspace/.build/out/Intermediates.noindex/SwiftIO.build/Debug-webassembly-wasm32/SwiftIO-t.build/Objects-normal/wasm32/Modules/SwiftIO.swiftsourceinfo -emit-objc-header-path /host/spi-builder-workspace/.build/out/Intermediates.noindex/SwiftIO.build/Debug-webassembly-wasm32/SwiftIO-t.build/Objects-normal/wasm32/SwiftIO-Swift.h -serialize-diagnostics-path /host/spi-builder-workspace/.build/out/Intermediates.noindex/SwiftIO.build/Debug-webassembly-wasm32/SwiftIO-t.build/Objects-normal/wasm32/SwiftIO-primary-emit-module.dia -emit-dependencies-path /host/spi-builder-workspace/.build/out/Intermediates.noindex/SwiftIO.build/Debug-webassembly-wasm32/SwiftIO-t.build/Objects-normal/wasm32/SwiftIO-primary-emit-module.d -parse-as-library -o /host/spi-builder-workspace/.build/out/Intermediates.noindex/SwiftIO.build/Debug-webassembly-wasm32/SwiftIO-t.build/Objects-normal/wasm32/Modules/SwiftIO.swiftmodule
[34 / 42] SwiftIO
error: Build failed
BUILD FAILURE 6.4 wasm