The Swift Package Index logo.Swift Package Index

Build Information

Failed to build WWJavaScriptContext_Thumbnail, reference main (99254e), with Swift 6.4 for watchOS using Xcode 27.0 on 22 Sep 2026 01:17:55 UTC.

Build Command

env DEVELOPER_DIR=/Applications/Xcode-27.0.0-Release.Candidate.app xcrun xcodebuild -IDEClonedSourcePackagesDirPathOverride=$PWD/.dependencies -skipMacroValidation -skipPackagePluginValidation -derivedDataPath $PWD/.derivedData build -scheme WWJavaScriptContext_Thumbnail -destination generic/platform=watchOS

Build Log

========================================
RunAll
========================================
Builder version: 5.1.0
Interrupt handler set up.
========================================
Checkout
========================================
Clone URL: https://github.com/William-Weng/WWJavaScriptContext_Thumbnail.git
Reference: main
Initialized empty Git repository in /Users/admin/builder/spi-builder-workspace/.git/
From https://github.com/William-Weng/WWJavaScriptContext_Thumbnail
 * branch            main       -> FETCH_HEAD
 * [new branch]      main       -> origin/main
HEAD is now at 99254e9 - iOS 15 / Swift 5.7
Cloned https://github.com/William-Weng/WWJavaScriptContext_Thumbnail.git
Revision (git rev-parse @):
99254e969997a016819713c8ac1fb2a03d7c3899
SUCCESS checkout https://github.com/William-Weng/WWJavaScriptContext_Thumbnail.git at main
========================================
Build
========================================
Selected platform:         watchOS
Swift version:             6.4
Building package at path:  $PWD
https://github.com/William-Weng/WWJavaScriptContext_Thumbnail.git
Command line invocation:
    /Applications/Xcode-27.0.0-Release.Candidate.app/Contents/Developer/usr/bin/xcodebuild -IDEClonedSourcePackagesDirPathOverride=/Users/admin/builder/spi-builder-workspace/.dependencies -resolvePackageDependencies
Resolve Package Graph
Fetching from https://github.com/William-Weng/WWJavaScriptContext
Fetching from https://github.com/William-Weng/WWNetworking
Creating working copy of package ‘WWNetworking’
Checking out 1.9.1 of package ‘WWNetworking’
Creating working copy of package ‘WWJavaScriptContext’
Checking out 1.1.0 of package ‘WWJavaScriptContext’
Resolve Package Graph
Resolved source packages:
  WWNetworking: https://github.com/William-Weng/WWNetworking @ 1.9.1
  WWJavaScriptContext_Thumbnail: /Users/admin/builder/spi-builder-workspace
  WWJavaScriptContext: https://github.com/William-Weng/WWJavaScriptContext @ 1.1.0
resolved source packages: WWNetworking, WWJavaScriptContext_Thumbnail, WWJavaScriptContext
2026-09-21 21:17:04.815 xcodebuild[529:3055] [MT] IDERunDestination: Supported platforms for the buildables in the current scheme is empty.
{
  "dependencies" : [
    {
      "identity" : "wwjavascriptcontext",
      "requirement" : {
        "range" : [
          {
            "lower_bound" : "1.1.0",
            "upper_bound" : "2.0.0"
          }
        ]
      },
      "type" : "sourceControl",
      "url" : "https://github.com/William-Weng/WWJavaScriptContext"
    },
    {
      "identity" : "wwnetworking",
      "requirement" : {
        "range" : [
          {
            "lower_bound" : "1.7.5",
            "upper_bound" : "2.0.0"
          }
        ]
      },
      "type" : "sourceControl",
      "url" : "https://github.com/William-Weng/WWNetworking"
    }
  ],
  "manifest_display_name" : "WWJavaScriptContext_Thumbnail",
  "name" : "WWJavaScriptContext_Thumbnail",
  "path" : "/Users/admin/builder/spi-builder-workspace",
  "platforms" : [
    {
      "name" : "ios",
      "version" : "15.0"
    }
  ],
  "products" : [
    {
      "name" : "WWJavaScriptContext_Thumbnail",
      "targets" : [
        "WWJavaScriptContext_Thumbnail"
      ],
      "type" : {
        "library" : [
          "automatic"
        ]
      }
    }
  ],
  "swift_languages_versions" : [
    "5"
  ],
  "targets" : [
    {
      "c99name" : "WWJavaScriptContext_Thumbnail",
      "module_type" : "SwiftTarget",
      "name" : "WWJavaScriptContext_Thumbnail",
      "path" : "Sources/WWJavaScriptContext_Thumbnail",
      "product_dependencies" : [
        "WWJavaScriptContext",
        "WWNetworking"
      ],
      "product_memberships" : [
        "WWJavaScriptContext_Thumbnail"
      ],
      "resources" : [
        {
          "path" : "/Users/admin/builder/spi-builder-workspace/Sources/WWJavaScriptContext_Thumbnail/Privacy",
          "rule" : {
            "copy" : {
            }
          }
        },
        {
          "path" : "/Users/admin/builder/spi-builder-workspace/Sources/WWJavaScriptContext_Thumbnail/Script/jsSource.js",
          "rule" : {
            "process" : {
            }
          }
        }
      ],
      "sources" : [
        "Utility/Constant.swift",
        "Utility/Extension.swift",
        "WWJavaScriptContext_Thumbnail.swift"
      ],
      "type" : "library"
    }
  ],
  "tools_version" : "5.7"
}
{
  "workspace" : {
    "name" : "WWJavaScriptContext_Thumbnail",
    "schemes" : [
      "WWJavaScriptContext_Thumbnail"
    ]
  }
}
2026-09-21 21:17:46.102 xcodebuild[726:4507] [MT] IDERunDestination: Supported platforms for the buildables in the current scheme is empty.
Running build ...
env DEVELOPER_DIR=/Applications/Xcode-27.0.0-Release.Candidate.app xcrun xcodebuild -IDEClonedSourcePackagesDirPathOverride=$PWD/.dependencies -skipMacroValidation -skipPackagePluginValidation -derivedDataPath $PWD/.derivedData build -scheme WWJavaScriptContext_Thumbnail -destination generic/platform=watchOS
Command line invocation:
    /Applications/Xcode-27.0.0-Release.Candidate.app/Contents/Developer/usr/bin/xcodebuild -IDEClonedSourcePackagesDirPathOverride=/Users/admin/builder/spi-builder-workspace/.dependencies -skipMacroValidation -skipPackagePluginValidation -derivedDataPath /Users/admin/builder/spi-builder-workspace/.derivedData build -scheme WWJavaScriptContext_Thumbnail -destination generic/platform=watchOS
Resolve Package Graph
Resolve Package Graph
Resolved source packages:
  WWJavaScriptContext_Thumbnail: /Users/admin/builder/spi-builder-workspace
  WWJavaScriptContext: https://github.com/William-Weng/WWJavaScriptContext @ 1.1.0
  WWNetworking: https://github.com/William-Weng/WWNetworking @ 1.9.1
ComputePackagePrebuildTargetDependencyGraph
Prepare packages
CreateBuildRequest
SendProjectDescription
CreateBuildOperation
ComputeTargetDependencyGraph
note: Building targets in dependency order
note: Target dependency graph (9 targets)
    Target 'WWJavaScriptContext_Thumbnail-product' in project 'WWJavaScriptContext_Thumbnail'
        ➜ Explicit dependency on target 'WWJavaScriptContext_Thumbnail' in project 'WWJavaScriptContext_Thumbnail'
        ➜ Explicit dependency on target 'WWJavaScriptContext_Thumbnail_WWJavaScriptContext_Thumbnail' in project 'WWJavaScriptContext_Thumbnail'
        ➜ Explicit dependency on target 'WWJavaScriptContext-product' in project 'WWJavaScriptContext'
        ➜ Explicit dependency on target 'WWNetworking-product' in project 'WWNetworking'
    Target 'WWJavaScriptContext_Thumbnail' in project 'WWJavaScriptContext_Thumbnail'
        ➜ Explicit dependency on target 'WWJavaScriptContext_Thumbnail_WWJavaScriptContext_Thumbnail' in project 'WWJavaScriptContext_Thumbnail'
        ➜ Explicit dependency on target 'WWJavaScriptContext-product' in project 'WWJavaScriptContext'
        ➜ Explicit dependency on target 'WWNetworking-product' in project 'WWNetworking'
    Target 'WWNetworking-product' in project 'WWNetworking'
        ➜ Explicit dependency on target 'WWNetworking' in project 'WWNetworking'
        ➜ Explicit dependency on target 'WWNetworking_WWNetworking' in project 'WWNetworking'
    Target 'WWNetworking' in project 'WWNetworking'
        ➜ Explicit dependency on target 'WWNetworking_WWNetworking' in project 'WWNetworking'
    Target 'WWNetworking_WWNetworking' in project 'WWNetworking' (no dependencies)
    Target 'WWJavaScriptContext-product' in project 'WWJavaScriptContext'
        ➜ Explicit dependency on target 'WWJavaScriptContext' in project 'WWJavaScriptContext'
        ➜ Explicit dependency on target 'WWJavaScriptContext_WWJavaScriptContext' in project 'WWJavaScriptContext'
    Target 'WWJavaScriptContext' in project 'WWJavaScriptContext'
        ➜ Explicit dependency on target 'WWJavaScriptContext_WWJavaScriptContext' in project 'WWJavaScriptContext'
    Target 'WWJavaScriptContext_WWJavaScriptContext' in project 'WWJavaScriptContext' (no dependencies)
    Target 'WWJavaScriptContext_Thumbnail_WWJavaScriptContext_Thumbnail' in project 'WWJavaScriptContext_Thumbnail' (no dependencies)
GatherProvisioningInputs
CreateBuildDescription
ExecuteExternalTool /Applications/Xcode-27.0.0-Release.Candidate.app/Contents/Developer/Toolchains/XcodeDefault.xctoolchain/usr/bin/swiftc --version
ExecuteExternalTool /Applications/Xcode-27.0.0-Release.Candidate.app/Contents/Developer/Toolchains/XcodeDefault.xctoolchain/usr/bin/clang -v -E -dM -isysroot /Applications/Xcode-27.0.0-Release.Candidate.app/Contents/Developer/Platforms/WatchOS.platform/Developer/SDKs/WatchOS27.0.sdk -x c -c /dev/null
ExecuteExternalTool /Applications/Xcode-27.0.0-Release.Candidate.app/Contents/Developer/Toolchains/XcodeDefault.xctoolchain/usr/bin/ld -version_details
Build description signature: 06f4d01f6ca64fe7bb3810eea5f285d1
Build description path: /Users/admin/builder/spi-builder-workspace/.derivedData/Build/Intermediates.noindex/XCBuildData/06f4d01f6ca64fe7bb3810eea5f285d1.xcbuilddata
CreateBuildDirectory /Users/admin/builder/spi-builder-workspace/.derivedData/CompilationCache.noindex
    cd /Users/admin/builder/spi-builder-workspace/.swiftpm/xcode
    builtin-create-build-directory /Users/admin/builder/spi-builder-workspace/.derivedData/CompilationCache.noindex
CreateBuildDirectory /Users/admin/builder/spi-builder-workspace/.derivedData/ModuleCache.noindex
    cd /Users/admin/builder/spi-builder-workspace/.swiftpm/xcode
    builtin-create-build-directory /Users/admin/builder/spi-builder-workspace/.derivedData/ModuleCache.noindex
CreateBuildDirectory /Users/admin/builder/spi-builder-workspace/.derivedData/SDKExplicitPrecompiledModules
    cd /Users/admin/builder/spi-builder-workspace/.swiftpm/xcode
    builtin-create-build-directory /Users/admin/builder/spi-builder-workspace/.derivedData/SDKExplicitPrecompiledModules
CreateBuildDirectory /Users/admin/builder/spi-builder-workspace/.derivedData/Build/Intermediates.noindex
    cd /Users/admin/builder/spi-builder-workspace/.swiftpm/xcode
    builtin-create-build-directory /Users/admin/builder/spi-builder-workspace/.derivedData/Build/Intermediates.noindex
CreateBuildDirectory /Users/admin/builder/spi-builder-workspace/.derivedData/Build/Products
    cd /Users/admin/builder/spi-builder-workspace/.swiftpm/xcode
    builtin-create-build-directory /Users/admin/builder/spi-builder-workspace/.derivedData/Build/Products
ClangStatCache /Applications/Xcode-27.0.0-Release.Candidate.app/Contents/Developer/Toolchains/XcodeDefault.xctoolchain/usr/bin/clang-stat-cache /Applications/Xcode-27.0.0-Release.Candidate.app/Contents/Developer/Platforms/WatchOS.platform/Developer/SDKs/WatchOS27.0.sdk /Users/admin/builder/spi-builder-workspace/.derivedData/SDKStatCaches.noindex/watchos27.0-24R360-e829b21a6f8c9b70876ba0858053c04477534ef55a1706bf4c1112bbb242f0a2.sdkstatcache
    cd /Users/admin/builder/spi-builder-workspace/.swiftpm/xcode
    /Applications/Xcode-27.0.0-Release.Candidate.app/Contents/Developer/Toolchains/XcodeDefault.xctoolchain/usr/bin/clang-stat-cache /Applications/Xcode-27.0.0-Release.Candidate.app/Contents/Developer/Platforms/WatchOS.platform/Developer/SDKs/WatchOS27.0.sdk -o /Users/admin/builder/spi-builder-workspace/.derivedData/SDKStatCaches.noindex/watchos27.0-24R360-e829b21a6f8c9b70876ba0858053c04477534ef55a1706bf4c1112bbb242f0a2.sdkstatcache
CreateBuildDirectory /Users/admin/builder/spi-builder-workspace/.derivedData/Build/Intermediates.noindex/SwiftExplicitPrecompiledModules
    cd /Users/admin/builder/spi-builder-workspace/.swiftpm/xcode
    builtin-create-build-directory /Users/admin/builder/spi-builder-workspace/.derivedData/Build/Intermediates.noindex/SwiftExplicitPrecompiledModules
CreateBuildDirectory /Users/admin/builder/spi-builder-workspace/.derivedData/Build/Intermediates.noindex/PrecompiledHeaders
    cd /Users/admin/builder/spi-builder-workspace/.swiftpm/xcode
    builtin-create-build-directory /Users/admin/builder/spi-builder-workspace/.derivedData/Build/Intermediates.noindex/PrecompiledHeaders
CreateBuildDirectory /Users/admin/builder/spi-builder-workspace/.derivedData/Build/Intermediates.noindex/ExplicitPrecompiledModules
    cd /Users/admin/builder/spi-builder-workspace/.swiftpm/xcode
    builtin-create-build-directory /Users/admin/builder/spi-builder-workspace/.derivedData/Build/Intermediates.noindex/ExplicitPrecompiledModules
CreateBuildDirectory /Users/admin/builder/spi-builder-workspace/.derivedData/Build/Intermediates.noindex/EagerLinkingTBDs/Debug-watchos
    cd /Users/admin/builder/spi-builder-workspace/.swiftpm/xcode
    builtin-create-build-directory /Users/admin/builder/spi-builder-workspace/.derivedData/Build/Intermediates.noindex/EagerLinkingTBDs/Debug-watchos
CreateBuildDirectory /Users/admin/builder/spi-builder-workspace/.derivedData/Build/Products/Debug-watchos
    cd /Users/admin/builder/spi-builder-workspace/.swiftpm/xcode
    builtin-create-build-directory /Users/admin/builder/spi-builder-workspace/.derivedData/Build/Products/Debug-watchos
CreateBuildDirectory /Users/admin/builder/spi-builder-workspace/.derivedData/Build/Products/Debug-watchos/PackageFrameworks
    cd /Users/admin/builder/spi-builder-workspace/.swiftpm/xcode
    builtin-create-build-directory /Users/admin/builder/spi-builder-workspace/.derivedData/Build/Products/Debug-watchos/PackageFrameworks
WriteAuxiliaryFile /Users/admin/builder/spi-builder-workspace/.derivedData/Build/Intermediates.noindex/WWNetworking.build/Debug-watchos/WWNetworking-t.build/WWNetworking.DependencyMetadataFileList (in target 'WWNetworking' from project 'WWNetworking')
    cd /Users/admin/builder/spi-builder-workspace/.dependencies/checkouts/WWNetworking
    write-file /Users/admin/builder/spi-builder-workspace/.derivedData/Build/Intermediates.noindex/WWNetworking.build/Debug-watchos/WWNetworking-t.build/WWNetworking.DependencyMetadataFileList
WriteAuxiliaryFile /Users/admin/builder/spi-builder-workspace/.derivedData/Build/Intermediates.noindex/WWNetworking.build/Debug-watchos/WWNetworking-t.build/WWNetworking.modulemap (in target 'WWNetworking' from project 'WWNetworking')
    cd /Users/admin/builder/spi-builder-workspace/.dependencies/checkouts/WWNetworking
    write-file /Users/admin/builder/spi-builder-workspace/.derivedData/Build/Intermediates.noindex/WWNetworking.build/Debug-watchos/WWNetworking-t.build/WWNetworking.modulemap
WriteAuxiliaryFile /Users/admin/builder/spi-builder-workspace/.derivedData/Build/Intermediates.noindex/WWNetworking.build/Debug-watchos/WWNetworking_WWNetworking-b.build/WWNetworking_WWNetworking.DependencyStaticMetadataFileList (in target 'WWNetworking_WWNetworking' from project 'WWNetworking')
    cd /Users/admin/builder/spi-builder-workspace/.dependencies/checkouts/WWNetworking
    write-file /Users/admin/builder/spi-builder-workspace/.derivedData/Build/Intermediates.noindex/WWNetworking.build/Debug-watchos/WWNetworking_WWNetworking-b.build/WWNetworking_WWNetworking.DependencyStaticMetadataFileList
WriteAuxiliaryFile /Users/admin/builder/spi-builder-workspace/.derivedData/Build/Intermediates.noindex/WWNetworking.build/Debug-watchos/WWNetworking_WWNetworking-b.build/empty-WWNetworking_WWNetworking.plist (in target 'WWNetworking_WWNetworking' from project 'WWNetworking')
    cd /Users/admin/builder/spi-builder-workspace/.dependencies/checkouts/WWNetworking
    write-file /Users/admin/builder/spi-builder-workspace/.derivedData/Build/Intermediates.noindex/WWNetworking.build/Debug-watchos/WWNetworking_WWNetworking-b.build/empty-WWNetworking_WWNetworking.plist
WriteAuxiliaryFile /Users/admin/builder/spi-builder-workspace/.derivedData/Build/Intermediates.noindex/WWNetworking.build/Debug-watchos/WWNetworking-t.build/WWNetworking.DependencyStaticMetadataFileList (in target 'WWNetworking' from project 'WWNetworking')
    cd /Users/admin/builder/spi-builder-workspace/.dependencies/checkouts/WWNetworking
    write-file /Users/admin/builder/spi-builder-workspace/.derivedData/Build/Intermediates.noindex/WWNetworking.build/Debug-watchos/WWNetworking-t.build/WWNetworking.DependencyStaticMetadataFileList
WriteAuxiliaryFile /Users/admin/builder/spi-builder-workspace/.derivedData/Build/Intermediates.noindex/WWNetworking.build/Debug-watchos/WWNetworking_WWNetworking-b.build/WWNetworking_WWNetworking.DependencyMetadataFileList (in target 'WWNetworking_WWNetworking' from project 'WWNetworking')
    cd /Users/admin/builder/spi-builder-workspace/.dependencies/checkouts/WWNetworking
    write-file /Users/admin/builder/spi-builder-workspace/.derivedData/Build/Intermediates.noindex/WWNetworking.build/Debug-watchos/WWNetworking_WWNetworking-b.build/WWNetworking_WWNetworking.DependencyMetadataFileList
WriteAuxiliaryFile /Users/admin/builder/spi-builder-workspace/.derivedData/Build/Intermediates.noindex/WWNetworking.build/Debug-watchos/WWNetworking-t.build/Objects-normal/arm64_32/WWNetworking_const_extract_protocols.json (in target 'WWNetworking' from project 'WWNetworking')
    cd /Users/admin/builder/spi-builder-workspace/.dependencies/checkouts/WWNetworking
    write-file /Users/admin/builder/spi-builder-workspace/.derivedData/Build/Intermediates.noindex/WWNetworking.build/Debug-watchos/WWNetworking-t.build/Objects-normal/arm64_32/WWNetworking_const_extract_protocols.json
WriteAuxiliaryFile /Users/admin/builder/spi-builder-workspace/.derivedData/Build/Intermediates.noindex/WWNetworking.build/Debug-watchos/WWNetworking-t.build/Objects-normal/arm64_32/WWNetworking.SwiftFileList (in target 'WWNetworking' from project 'WWNetworking')
    cd /Users/admin/builder/spi-builder-workspace/.dependencies/checkouts/WWNetworking
    write-file /Users/admin/builder/spi-builder-workspace/.derivedData/Build/Intermediates.noindex/WWNetworking.build/Debug-watchos/WWNetworking-t.build/Objects-normal/arm64_32/WWNetworking.SwiftFileList
WriteAuxiliaryFile /Users/admin/builder/spi-builder-workspace/.derivedData/Build/Intermediates.noindex/WWNetworking.build/Debug-watchos/WWNetworking-t.build/Objects-normal/arm64_32/WWNetworking.SwiftConstValuesFileList (in target 'WWNetworking' from project 'WWNetworking')
    cd /Users/admin/builder/spi-builder-workspace/.dependencies/checkouts/WWNetworking
    write-file /Users/admin/builder/spi-builder-workspace/.derivedData/Build/Intermediates.noindex/WWNetworking.build/Debug-watchos/WWNetworking-t.build/Objects-normal/arm64_32/WWNetworking.SwiftConstValuesFileList
WriteAuxiliaryFile /Users/admin/builder/spi-builder-workspace/.derivedData/Build/Intermediates.noindex/WWNetworking.build/Debug-watchos/WWNetworking-t.build/Objects-normal/arm64_32/WWNetworking.LinkFileList (in target 'WWNetworking' from project 'WWNetworking')
    cd /Users/admin/builder/spi-builder-workspace/.dependencies/checkouts/WWNetworking
    write-file /Users/admin/builder/spi-builder-workspace/.derivedData/Build/Intermediates.noindex/WWNetworking.build/Debug-watchos/WWNetworking-t.build/Objects-normal/arm64_32/WWNetworking.LinkFileList
WriteAuxiliaryFile /Users/admin/builder/spi-builder-workspace/.derivedData/Build/Intermediates.noindex/WWNetworking.build/Debug-watchos/WWNetworking-t.build/Objects-normal/arm64_32/WWNetworking-OutputFileMap.json (in target 'WWNetworking' from project 'WWNetworking')
    cd /Users/admin/builder/spi-builder-workspace/.dependencies/checkouts/WWNetworking
    write-file /Users/admin/builder/spi-builder-workspace/.derivedData/Build/Intermediates.noindex/WWNetworking.build/Debug-watchos/WWNetworking-t.build/Objects-normal/arm64_32/WWNetworking-OutputFileMap.json
WriteAuxiliaryFile /Users/admin/builder/spi-builder-workspace/.derivedData/Build/Intermediates.noindex/WWNetworking.build/Debug-watchos/WWNetworking-t.build/Objects-normal/arm64/WWNetworking.SwiftConstValuesFileList (in target 'WWNetworking' from project 'WWNetworking')
    cd /Users/admin/builder/spi-builder-workspace/.dependencies/checkouts/WWNetworking
    write-file /Users/admin/builder/spi-builder-workspace/.derivedData/Build/Intermediates.noindex/WWNetworking.build/Debug-watchos/WWNetworking-t.build/Objects-normal/arm64/WWNetworking.SwiftConstValuesFileList
WriteAuxiliaryFile /Users/admin/builder/spi-builder-workspace/.derivedData/Build/Intermediates.noindex/WWNetworking.build/Debug-watchos/WWNetworking-t.build/Objects-normal/arm64/WWNetworking.SwiftFileList (in target 'WWNetworking' from project 'WWNetworking')
    cd /Users/admin/builder/spi-builder-workspace/.dependencies/checkouts/WWNetworking
    write-file /Users/admin/builder/spi-builder-workspace/.derivedData/Build/Intermediates.noindex/WWNetworking.build/Debug-watchos/WWNetworking-t.build/Objects-normal/arm64/WWNetworking.SwiftFileList
WriteAuxiliaryFile /Users/admin/builder/spi-builder-workspace/.derivedData/Build/Intermediates.noindex/WWNetworking.build/Debug-watchos/WWNetworking-t.build/Objects-normal/arm64/WWNetworking_const_extract_protocols.json (in target 'WWNetworking' from project 'WWNetworking')
    cd /Users/admin/builder/spi-builder-workspace/.dependencies/checkouts/WWNetworking
    write-file /Users/admin/builder/spi-builder-workspace/.derivedData/Build/Intermediates.noindex/WWNetworking.build/Debug-watchos/WWNetworking-t.build/Objects-normal/arm64/WWNetworking_const_extract_protocols.json
WriteAuxiliaryFile /Users/admin/builder/spi-builder-workspace/.derivedData/Build/Intermediates.noindex/WWNetworking.build/Debug-watchos/WWNetworking-t.build/Objects-normal/arm64/WWNetworking.LinkFileList (in target 'WWNetworking' from project 'WWNetworking')
    cd /Users/admin/builder/spi-builder-workspace/.dependencies/checkouts/WWNetworking
    write-file /Users/admin/builder/spi-builder-workspace/.derivedData/Build/Intermediates.noindex/WWNetworking.build/Debug-watchos/WWNetworking-t.build/Objects-normal/arm64/WWNetworking.LinkFileList
WriteAuxiliaryFile /Users/admin/builder/spi-builder-workspace/.derivedData/Build/Intermediates.noindex/WWNetworking.build/Debug-watchos/WWNetworking-t.build/Objects-normal/arm64/WWNetworking-OutputFileMap.json (in target 'WWNetworking' from project 'WWNetworking')
    cd /Users/admin/builder/spi-builder-workspace/.dependencies/checkouts/WWNetworking
    write-file /Users/admin/builder/spi-builder-workspace/.derivedData/Build/Intermediates.noindex/WWNetworking.build/Debug-watchos/WWNetworking-t.build/Objects-normal/arm64/WWNetworking-OutputFileMap.json
WriteAuxiliaryFile /Users/admin/builder/spi-builder-workspace/.derivedData/Build/Intermediates.noindex/WWNetworking.build/Debug-watchos/WWNetworking-t.build/DerivedSources/resource_bundle_accessor.swift (in target 'WWNetworking' from project 'WWNetworking')
    cd /Users/admin/builder/spi-builder-workspace/.dependencies/checkouts/WWNetworking
    write-file /Users/admin/builder/spi-builder-workspace/.derivedData/Build/Intermediates.noindex/WWNetworking.build/Debug-watchos/WWNetworking-t.build/DerivedSources/resource_bundle_accessor.swift
Copy /Users/admin/builder/spi-builder-workspace/.derivedData/Build/Intermediates.noindex/GeneratedModuleMaps-watchos/WWNetworking.modulemap /Users/admin/builder/spi-builder-workspace/.derivedData/Build/Intermediates.noindex/WWNetworking.build/Debug-watchos/WWNetworking-t.build/WWNetworking.modulemap (in target 'WWNetworking' from project 'WWNetworking')
    cd /Users/admin/builder/spi-builder-workspace/.dependencies/checkouts/WWNetworking
    builtin-copy -exclude .DS_Store -exclude CVS -exclude .svn -exclude .git -exclude .hg -resolve-src-symlinks /Users/admin/builder/spi-builder-workspace/.derivedData/Build/Intermediates.noindex/WWNetworking.build/Debug-watchos/WWNetworking-t.build/WWNetworking.modulemap /Users/admin/builder/spi-builder-workspace/.derivedData/Build/Intermediates.noindex/GeneratedModuleMaps-watchos
WriteAuxiliaryFile /Users/admin/builder/spi-builder-workspace/.derivedData/Build/Intermediates.noindex/WWJavaScriptContext.build/Debug-watchos/WWJavaScriptContext_WWJavaScriptContext-b.build/empty-WWJavaScriptContext_WWJavaScriptContext.plist (in target 'WWJavaScriptContext_WWJavaScriptContext' from project 'WWJavaScriptContext')
    cd /Users/admin/builder/spi-builder-workspace/.dependencies/checkouts/WWJavaScriptContext
    write-file /Users/admin/builder/spi-builder-workspace/.derivedData/Build/Intermediates.noindex/WWJavaScriptContext.build/Debug-watchos/WWJavaScriptContext_WWJavaScriptContext-b.build/empty-WWJavaScriptContext_WWJavaScriptContext.plist
WriteAuxiliaryFile /Users/admin/builder/spi-builder-workspace/.derivedData/Build/Intermediates.noindex/WWJavaScriptContext.build/Debug-watchos/WWJavaScriptContext_WWJavaScriptContext-b.build/WWJavaScriptContext_WWJavaScriptContext.DependencyStaticMetadataFileList (in target 'WWJavaScriptContext_WWJavaScriptContext' from project 'WWJavaScriptContext')
    cd /Users/admin/builder/spi-builder-workspace/.dependencies/checkouts/WWJavaScriptContext
    write-file /Users/admin/builder/spi-builder-workspace/.derivedData/Build/Intermediates.noindex/WWJavaScriptContext.build/Debug-watchos/WWJavaScriptContext_WWJavaScriptContext-b.build/WWJavaScriptContext_WWJavaScriptContext.DependencyStaticMetadataFileList
WriteAuxiliaryFile /Users/admin/builder/spi-builder-workspace/.derivedData/Build/Intermediates.noindex/WWJavaScriptContext.build/Debug-watchos/WWJavaScriptContext_WWJavaScriptContext-b.build/WWJavaScriptContext_WWJavaScriptContext.DependencyMetadataFileList (in target 'WWJavaScriptContext_WWJavaScriptContext' from project 'WWJavaScriptContext')
    cd /Users/admin/builder/spi-builder-workspace/.dependencies/checkouts/WWJavaScriptContext
    write-file /Users/admin/builder/spi-builder-workspace/.derivedData/Build/Intermediates.noindex/WWJavaScriptContext.build/Debug-watchos/WWJavaScriptContext_WWJavaScriptContext-b.build/WWJavaScriptContext_WWJavaScriptContext.DependencyMetadataFileList
WriteAuxiliaryFile /Users/admin/builder/spi-builder-workspace/.derivedData/Build/Intermediates.noindex/WWJavaScriptContext_Thumbnail.build/Debug-watchos/WWJavaScriptContext_Thumbnail_WWJavaScriptContext_Thumbnail-b.build/WWJavaScriptContext_Thumbnail_WWJavaScriptContext_Thumbnail.DependencyMetadataFileList (in target 'WWJavaScriptContext_Thumbnail_WWJavaScriptContext_Thumbnail' from project 'WWJavaScriptContext_Thumbnail')
    cd /Users/admin/builder/spi-builder-workspace
    write-file /Users/admin/builder/spi-builder-workspace/.derivedData/Build/Intermediates.noindex/WWJavaScriptContext_Thumbnail.build/Debug-watchos/WWJavaScriptContext_Thumbnail_WWJavaScriptContext_Thumbnail-b.build/WWJavaScriptContext_Thumbnail_WWJavaScriptContext_Thumbnail.DependencyMetadataFileList
WriteAuxiliaryFile /Users/admin/builder/spi-builder-workspace/.derivedData/Build/Intermediates.noindex/WWJavaScriptContext_Thumbnail.build/Debug-watchos/WWJavaScriptContext_Thumbnail_WWJavaScriptContext_Thumbnail-b.build/empty-WWJavaScriptContext_Thumbnail_WWJavaScriptContext_Thumbnail.plist (in target 'WWJavaScriptContext_Thumbnail_WWJavaScriptContext_Thumbnail' from project 'WWJavaScriptContext_Thumbnail')
    cd /Users/admin/builder/spi-builder-workspace
    write-file /Users/admin/builder/spi-builder-workspace/.derivedData/Build/Intermediates.noindex/WWJavaScriptContext_Thumbnail.build/Debug-watchos/WWJavaScriptContext_Thumbnail_WWJavaScriptContext_Thumbnail-b.build/empty-WWJavaScriptContext_Thumbnail_WWJavaScriptContext_Thumbnail.plist
WriteAuxiliaryFile /Users/admin/builder/spi-builder-workspace/.derivedData/Build/Intermediates.noindex/WWJavaScriptContext_Thumbnail.build/Debug-watchos/WWJavaScriptContext_Thumbnail_WWJavaScriptContext_Thumbnail-b.build/WWJavaScriptContext_Thumbnail_WWJavaScriptContext_Thumbnail.DependencyStaticMetadataFileList (in target 'WWJavaScriptContext_Thumbnail_WWJavaScriptContext_Thumbnail' from project 'WWJavaScriptContext_Thumbnail')
    cd /Users/admin/builder/spi-builder-workspace
    write-file /Users/admin/builder/spi-builder-workspace/.derivedData/Build/Intermediates.noindex/WWJavaScriptContext_Thumbnail.build/Debug-watchos/WWJavaScriptContext_Thumbnail_WWJavaScriptContext_Thumbnail-b.build/WWJavaScriptContext_Thumbnail_WWJavaScriptContext_Thumbnail.DependencyStaticMetadataFileList
WriteAuxiliaryFile /Users/admin/builder/spi-builder-workspace/.derivedData/Build/Intermediates.noindex/WWJavaScriptContext_Thumbnail.build/Debug-watchos/WWJavaScriptContext_Thumbnail-t.build/WWJavaScriptContext_Thumbnail.DependencyStaticMetadataFileList (in target 'WWJavaScriptContext_Thumbnail' from project 'WWJavaScriptContext_Thumbnail')
    cd /Users/admin/builder/spi-builder-workspace
    write-file /Users/admin/builder/spi-builder-workspace/.derivedData/Build/Intermediates.noindex/WWJavaScriptContext_Thumbnail.build/Debug-watchos/WWJavaScriptContext_Thumbnail-t.build/WWJavaScriptContext_Thumbnail.DependencyStaticMetadataFileList
WriteAuxiliaryFile /Users/admin/builder/spi-builder-workspace/.derivedData/Build/Intermediates.noindex/WWJavaScriptContext_Thumbnail.build/Debug-watchos/WWJavaScriptContext_Thumbnail-t.build/WWJavaScriptContext_Thumbnail.modulemap (in target 'WWJavaScriptContext_Thumbnail' from project 'WWJavaScriptContext_Thumbnail')
    cd /Users/admin/builder/spi-builder-workspace
    write-file /Users/admin/builder/spi-builder-workspace/.derivedData/Build/Intermediates.noindex/WWJavaScriptContext_Thumbnail.build/Debug-watchos/WWJavaScriptContext_Thumbnail-t.build/WWJavaScriptContext_Thumbnail.modulemap
WriteAuxiliaryFile /Users/admin/builder/spi-builder-workspace/.derivedData/Build/Intermediates.noindex/WWJavaScriptContext_Thumbnail.build/Debug-watchos/WWJavaScriptContext_Thumbnail-t.build/WWJavaScriptContext_Thumbnail.DependencyMetadataFileList (in target 'WWJavaScriptContext_Thumbnail' from project 'WWJavaScriptContext_Thumbnail')
    cd /Users/admin/builder/spi-builder-workspace
    write-file /Users/admin/builder/spi-builder-workspace/.derivedData/Build/Intermediates.noindex/WWJavaScriptContext_Thumbnail.build/Debug-watchos/WWJavaScriptContext_Thumbnail-t.build/WWJavaScriptContext_Thumbnail.DependencyMetadataFileList
WriteAuxiliaryFile /Users/admin/builder/spi-builder-workspace/.derivedData/Build/Intermediates.noindex/WWJavaScriptContext_Thumbnail.build/Debug-watchos/WWJavaScriptContext_Thumbnail-t.build/Objects-normal/arm64_32/WWJavaScriptContext_Thumbnail_const_extract_protocols.json (in target 'WWJavaScriptContext_Thumbnail' from project 'WWJavaScriptContext_Thumbnail')
    cd /Users/admin/builder/spi-builder-workspace
    write-file /Users/admin/builder/spi-builder-workspace/.derivedData/Build/Intermediates.noindex/WWJavaScriptContext_Thumbnail.build/Debug-watchos/WWJavaScriptContext_Thumbnail-t.build/Objects-normal/arm64_32/WWJavaScriptContext_Thumbnail_const_extract_protocols.json
WriteAuxiliaryFile /Users/admin/builder/spi-builder-workspace/.derivedData/Build/Intermediates.noindex/WWJavaScriptContext_Thumbnail.build/Debug-watchos/WWJavaScriptContext_Thumbnail-t.build/Objects-normal/arm64_32/WWJavaScriptContext_Thumbnail.SwiftFileList (in target 'WWJavaScriptContext_Thumbnail' from project 'WWJavaScriptContext_Thumbnail')
    cd /Users/admin/builder/spi-builder-workspace
    write-file /Users/admin/builder/spi-builder-workspace/.derivedData/Build/Intermediates.noindex/WWJavaScriptContext_Thumbnail.build/Debug-watchos/WWJavaScriptContext_Thumbnail-t.build/Objects-normal/arm64_32/WWJavaScriptContext_Thumbnail.SwiftFileList
WriteAuxiliaryFile /Users/admin/builder/spi-builder-workspace/.derivedData/Build/Intermediates.noindex/WWJavaScriptContext_Thumbnail.build/Debug-watchos/WWJavaScriptContext_Thumbnail-t.build/Objects-normal/arm64_32/WWJavaScriptContext_Thumbnail.SwiftConstValuesFileList (in target 'WWJavaScriptContext_Thumbnail' from project 'WWJavaScriptContext_Thumbnail')
    cd /Users/admin/builder/spi-builder-workspace
    write-file /Users/admin/builder/spi-builder-workspace/.derivedData/Build/Intermediates.noindex/WWJavaScriptContext_Thumbnail.build/Debug-watchos/WWJavaScriptContext_Thumbnail-t.build/Objects-normal/arm64_32/WWJavaScriptContext_Thumbnail.SwiftConstValuesFileList
WriteAuxiliaryFile /Users/admin/builder/spi-builder-workspace/.derivedData/Build/Intermediates.noindex/WWJavaScriptContext_Thumbnail.build/Debug-watchos/WWJavaScriptContext_Thumbnail-t.build/Objects-normal/arm64_32/WWJavaScriptContext_Thumbnail.LinkFileList (in target 'WWJavaScriptContext_Thumbnail' from project 'WWJavaScriptContext_Thumbnail')
    cd /Users/admin/builder/spi-builder-workspace
    write-file /Users/admin/builder/spi-builder-workspace/.derivedData/Build/Intermediates.noindex/WWJavaScriptContext_Thumbnail.build/Debug-watchos/WWJavaScriptContext_Thumbnail-t.build/Objects-normal/arm64_32/WWJavaScriptContext_Thumbnail.LinkFileList
WriteAuxiliaryFile /Users/admin/builder/spi-builder-workspace/.derivedData/Build/Intermediates.noindex/WWJavaScriptContext_Thumbnail.build/Debug-watchos/WWJavaScriptContext_Thumbnail-t.build/Objects-normal/arm64_32/WWJavaScriptContext_Thumbnail-OutputFileMap.json (in target 'WWJavaScriptContext_Thumbnail' from project 'WWJavaScriptContext_Thumbnail')
    cd /Users/admin/builder/spi-builder-workspace
    write-file /Users/admin/builder/spi-builder-workspace/.derivedData/Build/Intermediates.noindex/WWJavaScriptContext_Thumbnail.build/Debug-watchos/WWJavaScriptContext_Thumbnail-t.build/Objects-normal/arm64_32/WWJavaScriptContext_Thumbnail-OutputFileMap.json
WriteAuxiliaryFile /Users/admin/builder/spi-builder-workspace/.derivedData/Build/Intermediates.noindex/WWJavaScriptContext_Thumbnail.build/Debug-watchos/WWJavaScriptContext_Thumbnail-t.build/Objects-normal/arm64/WWJavaScriptContext_Thumbnail_const_extract_protocols.json (in target 'WWJavaScriptContext_Thumbnail' from project 'WWJavaScriptContext_Thumbnail')
    cd /Users/admin/builder/spi-builder-workspace
    write-file /Users/admin/builder/spi-builder-workspace/.derivedData/Build/Intermediates.noindex/WWJavaScriptContext_Thumbnail.build/Debug-watchos/WWJavaScriptContext_Thumbnail-t.build/Objects-normal/arm64/WWJavaScriptContext_Thumbnail_const_extract_protocols.json
WriteAuxiliaryFile /Users/admin/builder/spi-builder-workspace/.derivedData/Build/Intermediates.noindex/WWJavaScriptContext_Thumbnail.build/Debug-watchos/WWJavaScriptContext_Thumbnail-t.build/Objects-normal/arm64/WWJavaScriptContext_Thumbnail.SwiftFileList (in target 'WWJavaScriptContext_Thumbnail' from project 'WWJavaScriptContext_Thumbnail')
    cd /Users/admin/builder/spi-builder-workspace
    write-file /Users/admin/builder/spi-builder-workspace/.derivedData/Build/Intermediates.noindex/WWJavaScriptContext_Thumbnail.build/Debug-watchos/WWJavaScriptContext_Thumbnail-t.build/Objects-normal/arm64/WWJavaScriptContext_Thumbnail.SwiftFileList
WriteAuxiliaryFile /Users/admin/builder/spi-builder-workspace/.derivedData/Build/Intermediates.noindex/WWJavaScriptContext_Thumbnail.build/Debug-watchos/WWJavaScriptContext_Thumbnail-t.build/Objects-normal/arm64/WWJavaScriptContext_Thumbnail.SwiftConstValuesFileList (in target 'WWJavaScriptContext_Thumbnail' from project 'WWJavaScriptContext_Thumbnail')
    cd /Users/admin/builder/spi-builder-workspace
    write-file /Users/admin/builder/spi-builder-workspace/.derivedData/Build/Intermediates.noindex/WWJavaScriptContext_Thumbnail.build/Debug-watchos/WWJavaScriptContext_Thumbnail-t.build/Objects-normal/arm64/WWJavaScriptContext_Thumbnail.SwiftConstValuesFileList
WriteAuxiliaryFile /Users/admin/builder/spi-builder-workspace/.derivedData/Build/Intermediates.noindex/WWJavaScriptContext_Thumbnail.build/Debug-watchos/WWJavaScriptContext_Thumbnail-t.build/Objects-normal/arm64/WWJavaScriptContext_Thumbnail.LinkFileList (in target 'WWJavaScriptContext_Thumbnail' from project 'WWJavaScriptContext_Thumbnail')
    cd /Users/admin/builder/spi-builder-workspace
    write-file /Users/admin/builder/spi-builder-workspace/.derivedData/Build/Intermediates.noindex/WWJavaScriptContext_Thumbnail.build/Debug-watchos/WWJavaScriptContext_Thumbnail-t.build/Objects-normal/arm64/WWJavaScriptContext_Thumbnail.LinkFileList
WriteAuxiliaryFile /Users/admin/builder/spi-builder-workspace/.derivedData/Build/Intermediates.noindex/WWJavaScriptContext_Thumbnail.build/Debug-watchos/WWJavaScriptContext_Thumbnail-t.build/Objects-normal/arm64/WWJavaScriptContext_Thumbnail-OutputFileMap.json (in target 'WWJavaScriptContext_Thumbnail' from project 'WWJavaScriptContext_Thumbnail')
    cd /Users/admin/builder/spi-builder-workspace
    write-file /Users/admin/builder/spi-builder-workspace/.derivedData/Build/Intermediates.noindex/WWJavaScriptContext_Thumbnail.build/Debug-watchos/WWJavaScriptContext_Thumbnail-t.build/Objects-normal/arm64/WWJavaScriptContext_Thumbnail-OutputFileMap.json
WriteAuxiliaryFile /Users/admin/builder/spi-builder-workspace/.derivedData/Build/Intermediates.noindex/WWJavaScriptContext_Thumbnail.build/Debug-watchos/WWJavaScriptContext_Thumbnail-t.build/DerivedSources/resource_bundle_accessor.swift (in target 'WWJavaScriptContext_Thumbnail' from project 'WWJavaScriptContext_Thumbnail')
    cd /Users/admin/builder/spi-builder-workspace
    write-file /Users/admin/builder/spi-builder-workspace/.derivedData/Build/Intermediates.noindex/WWJavaScriptContext_Thumbnail.build/Debug-watchos/WWJavaScriptContext_Thumbnail-t.build/DerivedSources/resource_bundle_accessor.swift
Copy /Users/admin/builder/spi-builder-workspace/.derivedData/Build/Intermediates.noindex/GeneratedModuleMaps-watchos/WWJavaScriptContext_Thumbnail.modulemap /Users/admin/builder/spi-builder-workspace/.derivedData/Build/Intermediates.noindex/WWJavaScriptContext_Thumbnail.build/Debug-watchos/WWJavaScriptContext_Thumbnail-t.build/WWJavaScriptContext_Thumbnail.modulemap (in target 'WWJavaScriptContext_Thumbnail' from project 'WWJavaScriptContext_Thumbnail')
    cd /Users/admin/builder/spi-builder-workspace
    builtin-copy -exclude .DS_Store -exclude CVS -exclude .svn -exclude .git -exclude .hg -resolve-src-symlinks /Users/admin/builder/spi-builder-workspace/.derivedData/Build/Intermediates.noindex/WWJavaScriptContext_Thumbnail.build/Debug-watchos/WWJavaScriptContext_Thumbnail-t.build/WWJavaScriptContext_Thumbnail.modulemap /Users/admin/builder/spi-builder-workspace/.derivedData/Build/Intermediates.noindex/GeneratedModuleMaps-watchos
WriteAuxiliaryFile /Users/admin/builder/spi-builder-workspace/.derivedData/Build/Intermediates.noindex/WWJavaScriptContext.build/Debug-watchos/WWJavaScriptContext-t.build/WWJavaScriptContext.modulemap (in target 'WWJavaScriptContext' from project 'WWJavaScriptContext')
    cd /Users/admin/builder/spi-builder-workspace/.dependencies/checkouts/WWJavaScriptContext
    write-file /Users/admin/builder/spi-builder-workspace/.derivedData/Build/Intermediates.noindex/WWJavaScriptContext.build/Debug-watchos/WWJavaScriptContext-t.build/WWJavaScriptContext.modulemap
WriteAuxiliaryFile /Users/admin/builder/spi-builder-workspace/.derivedData/Build/Intermediates.noindex/WWJavaScriptContext.build/Debug-watchos/WWJavaScriptContext-t.build/WWJavaScriptContext.DependencyStaticMetadataFileList (in target 'WWJavaScriptContext' from project 'WWJavaScriptContext')
    cd /Users/admin/builder/spi-builder-workspace/.dependencies/checkouts/WWJavaScriptContext
    write-file /Users/admin/builder/spi-builder-workspace/.derivedData/Build/Intermediates.noindex/WWJavaScriptContext.build/Debug-watchos/WWJavaScriptContext-t.build/WWJavaScriptContext.DependencyStaticMetadataFileList
WriteAuxiliaryFile /Users/admin/builder/spi-builder-workspace/.derivedData/Build/Intermediates.noindex/WWJavaScriptContext.build/Debug-watchos/WWJavaScriptContext-t.build/WWJavaScriptContext.DependencyMetadataFileList (in target 'WWJavaScriptContext' from project 'WWJavaScriptContext')
    cd /Users/admin/builder/spi-builder-workspace/.dependencies/checkouts/WWJavaScriptContext
    write-file /Users/admin/builder/spi-builder-workspace/.derivedData/Build/Intermediates.noindex/WWJavaScriptContext.build/Debug-watchos/WWJavaScriptContext-t.build/WWJavaScriptContext.DependencyMetadataFileList
WriteAuxiliaryFile /Users/admin/builder/spi-builder-workspace/.derivedData/Build/Intermediates.noindex/WWJavaScriptContext.build/Debug-watchos/WWJavaScriptContext-t.build/Objects-normal/arm64_32/WWJavaScriptContext.SwiftFileList (in target 'WWJavaScriptContext' from project 'WWJavaScriptContext')
    cd /Users/admin/builder/spi-builder-workspace/.dependencies/checkouts/WWJavaScriptContext
    write-file /Users/admin/builder/spi-builder-workspace/.derivedData/Build/Intermediates.noindex/WWJavaScriptContext.build/Debug-watchos/WWJavaScriptContext-t.build/Objects-normal/arm64_32/WWJavaScriptContext.SwiftFileList
WriteAuxiliaryFile /Users/admin/builder/spi-builder-workspace/.derivedData/Build/Intermediates.noindex/WWJavaScriptContext.build/Debug-watchos/WWJavaScriptContext-t.build/Objects-normal/arm64_32/WWJavaScriptContext_const_extract_protocols.json (in target 'WWJavaScriptContext' from project 'WWJavaScriptContext')
    cd /Users/admin/builder/spi-builder-workspace/.dependencies/checkouts/WWJavaScriptContext
    write-file /Users/admin/builder/spi-builder-workspace/.derivedData/Build/Intermediates.noindex/WWJavaScriptContext.build/Debug-watchos/WWJavaScriptContext-t.build/Objects-normal/arm64_32/WWJavaScriptContext_const_extract_protocols.json
WriteAuxiliaryFile /Users/admin/builder/spi-builder-workspace/.derivedData/Build/Intermediates.noindex/WWJavaScriptContext.build/Debug-watchos/WWJavaScriptContext-t.build/Objects-normal/arm64_32/WWJavaScriptContext.SwiftConstValuesFileList (in target 'WWJavaScriptContext' from project 'WWJavaScriptContext')
    cd /Users/admin/builder/spi-builder-workspace/.dependencies/checkouts/WWJavaScriptContext
    write-file /Users/admin/builder/spi-builder-workspace/.derivedData/Build/Intermediates.noindex/WWJavaScriptContext.build/Debug-watchos/WWJavaScriptContext-t.build/Objects-normal/arm64_32/WWJavaScriptContext.SwiftConstValuesFileList
WriteAuxiliaryFile /Users/admin/builder/spi-builder-workspace/.derivedData/Build/Intermediates.noindex/WWJavaScriptContext.build/Debug-watchos/WWJavaScriptContext-t.build/Objects-normal/arm64_32/WWJavaScriptContext.LinkFileList (in target 'WWJavaScriptContext' from project 'WWJavaScriptContext')
    cd /Users/admin/builder/spi-builder-workspace/.dependencies/checkouts/WWJavaScriptContext
    write-file /Users/admin/builder/spi-builder-workspace/.derivedData/Build/Intermediates.noindex/WWJavaScriptContext.build/Debug-watchos/WWJavaScriptContext-t.build/Objects-normal/arm64_32/WWJavaScriptContext.LinkFileList
WriteAuxiliaryFile /Users/admin/builder/spi-builder-workspace/.derivedData/Build/Intermediates.noindex/WWJavaScriptContext.build/Debug-watchos/WWJavaScriptContext-t.build/Objects-normal/arm64_32/WWJavaScriptContext-OutputFileMap.json (in target 'WWJavaScriptContext' from project 'WWJavaScriptContext')
    cd /Users/admin/builder/spi-builder-workspace/.dependencies/checkouts/WWJavaScriptContext
    write-file /Users/admin/builder/spi-builder-workspace/.derivedData/Build/Intermediates.noindex/WWJavaScriptContext.build/Debug-watchos/WWJavaScriptContext-t.build/Objects-normal/arm64_32/WWJavaScriptContext-OutputFileMap.json
WriteAuxiliaryFile /Users/admin/builder/spi-builder-workspace/.derivedData/Build/Intermediates.noindex/WWJavaScriptContext.build/Debug-watchos/WWJavaScriptContext-t.build/Objects-normal/arm64/WWJavaScriptContext_const_extract_protocols.json (in target 'WWJavaScriptContext' from project 'WWJavaScriptContext')
    cd /Users/admin/builder/spi-builder-workspace/.dependencies/checkouts/WWJavaScriptContext
    write-file /Users/admin/builder/spi-builder-workspace/.derivedData/Build/Intermediates.noindex/WWJavaScriptContext.build/Debug-watchos/WWJavaScriptContext-t.build/Objects-normal/arm64/WWJavaScriptContext_const_extract_protocols.json
WriteAuxiliaryFile /Users/admin/builder/spi-builder-workspace/.derivedData/Build/Intermediates.noindex/WWJavaScriptContext.build/Debug-watchos/WWJavaScriptContext-t.build/Objects-normal/arm64/WWJavaScriptContext.SwiftFileList (in target 'WWJavaScriptContext' from project 'WWJavaScriptContext')
    cd /Users/admin/builder/spi-builder-workspace/.dependencies/checkouts/WWJavaScriptContext
    write-file /Users/admin/builder/spi-builder-workspace/.derivedData/Build/Intermediates.noindex/WWJavaScriptContext.build/Debug-watchos/WWJavaScriptContext-t.build/Objects-normal/arm64/WWJavaScriptContext.SwiftFileList
WriteAuxiliaryFile /Users/admin/builder/spi-builder-workspace/.derivedData/Build/Intermediates.noindex/WWJavaScriptContext.build/Debug-watchos/WWJavaScriptContext-t.build/Objects-normal/arm64/WWJavaScriptContext.SwiftConstValuesFileList (in target 'WWJavaScriptContext' from project 'WWJavaScriptContext')
    cd /Users/admin/builder/spi-builder-workspace/.dependencies/checkouts/WWJavaScriptContext
    write-file /Users/admin/builder/spi-builder-workspace/.derivedData/Build/Intermediates.noindex/WWJavaScriptContext.build/Debug-watchos/WWJavaScriptContext-t.build/Objects-normal/arm64/WWJavaScriptContext.SwiftConstValuesFileList
WriteAuxiliaryFile /Users/admin/builder/spi-builder-workspace/.derivedData/Build/Intermediates.noindex/WWJavaScriptContext.build/Debug-watchos/WWJavaScriptContext-t.build/Objects-normal/arm64/WWJavaScriptContext.LinkFileList (in target 'WWJavaScriptContext' from project 'WWJavaScriptContext')
    cd /Users/admin/builder/spi-builder-workspace/.dependencies/checkouts/WWJavaScriptContext
    write-file /Users/admin/builder/spi-builder-workspace/.derivedData/Build/Intermediates.noindex/WWJavaScriptContext.build/Debug-watchos/WWJavaScriptContext-t.build/Objects-normal/arm64/WWJavaScriptContext.LinkFileList
WriteAuxiliaryFile /Users/admin/builder/spi-builder-workspace/.derivedData/Build/Intermediates.noindex/WWJavaScriptContext.build/Debug-watchos/WWJavaScriptContext-t.build/Objects-normal/arm64/WWJavaScriptContext-OutputFileMap.json (in target 'WWJavaScriptContext' from project 'WWJavaScriptContext')
    cd /Users/admin/builder/spi-builder-workspace/.dependencies/checkouts/WWJavaScriptContext
    write-file /Users/admin/builder/spi-builder-workspace/.derivedData/Build/Intermediates.noindex/WWJavaScriptContext.build/Debug-watchos/WWJavaScriptContext-t.build/Objects-normal/arm64/WWJavaScriptContext-OutputFileMap.json
WriteAuxiliaryFile /Users/admin/builder/spi-builder-workspace/.derivedData/Build/Intermediates.noindex/WWJavaScriptContext.build/Debug-watchos/WWJavaScriptContext-t.build/DerivedSources/resource_bundle_accessor.swift (in target 'WWJavaScriptContext' from project 'WWJavaScriptContext')
    cd /Users/admin/builder/spi-builder-workspace/.dependencies/checkouts/WWJavaScriptContext
    write-file /Users/admin/builder/spi-builder-workspace/.derivedData/Build/Intermediates.noindex/WWJavaScriptContext.build/Debug-watchos/WWJavaScriptContext-t.build/DerivedSources/resource_bundle_accessor.swift
Copy /Users/admin/builder/spi-builder-workspace/.derivedData/Build/Intermediates.noindex/GeneratedModuleMaps-watchos/WWJavaScriptContext.modulemap /Users/admin/builder/spi-builder-workspace/.derivedData/Build/Intermediates.noindex/WWJavaScriptContext.build/Debug-watchos/WWJavaScriptContext-t.build/WWJavaScriptContext.modulemap (in target 'WWJavaScriptContext' from project 'WWJavaScriptContext')
    cd /Users/admin/builder/spi-builder-workspace/.dependencies/checkouts/WWJavaScriptContext
    builtin-copy -exclude .DS_Store -exclude CVS -exclude .svn -exclude .git -exclude .hg -resolve-src-symlinks /Users/admin/builder/spi-builder-workspace/.derivedData/Build/Intermediates.noindex/WWJavaScriptContext.build/Debug-watchos/WWJavaScriptContext-t.build/WWJavaScriptContext.modulemap /Users/admin/builder/spi-builder-workspace/.derivedData/Build/Intermediates.noindex/GeneratedModuleMaps-watchos
MkDir /Users/admin/builder/spi-builder-workspace/.derivedData/Build/Products/Debug-watchos/WWNetworking_WWNetworking.bundle (in target 'WWNetworking_WWNetworking' from project 'WWNetworking')
    cd /Users/admin/builder/spi-builder-workspace/.dependencies/checkouts/WWNetworking
    /bin/mkdir -p /Users/admin/builder/spi-builder-workspace/.derivedData/Build/Products/Debug-watchos/WWNetworking_WWNetworking.bundle
MkDir /Users/admin/builder/spi-builder-workspace/.derivedData/Build/Products/Debug-watchos/WWJavaScriptContext_WWJavaScriptContext.bundle (in target 'WWJavaScriptContext_WWJavaScriptContext' from project 'WWJavaScriptContext')
    cd /Users/admin/builder/spi-builder-workspace/.dependencies/checkouts/WWJavaScriptContext
    /bin/mkdir -p /Users/admin/builder/spi-builder-workspace/.derivedData/Build/Products/Debug-watchos/WWJavaScriptContext_WWJavaScriptContext.bundle
MkDir /Users/admin/builder/spi-builder-workspace/.derivedData/Build/Products/Debug-watchos/WWJavaScriptContext_Thumbnail_WWJavaScriptContext_Thumbnail.bundle (in target 'WWJavaScriptContext_Thumbnail_WWJavaScriptContext_Thumbnail' from project 'WWJavaScriptContext_Thumbnail')
    cd /Users/admin/builder/spi-builder-workspace
    /bin/mkdir -p /Users/admin/builder/spi-builder-workspace/.derivedData/Build/Products/Debug-watchos/WWJavaScriptContext_Thumbnail_WWJavaScriptContext_Thumbnail.bundle
ProcessInfoPlistFile /Users/admin/builder/spi-builder-workspace/.derivedData/Build/Products/Debug-watchos/WWNetworking_WWNetworking.bundle/Info.plist /Users/admin/builder/spi-builder-workspace/.derivedData/Build/Intermediates.noindex/WWNetworking.build/Debug-watchos/WWNetworking_WWNetworking-b.build/empty-WWNetworking_WWNetworking.plist (in target 'WWNetworking_WWNetworking' from project 'WWNetworking')
    cd /Users/admin/builder/spi-builder-workspace/.dependencies/checkouts/WWNetworking
    builtin-infoPlistUtility /Users/admin/builder/spi-builder-workspace/.derivedData/Build/Intermediates.noindex/WWNetworking.build/Debug-watchos/WWNetworking_WWNetworking-b.build/empty-WWNetworking_WWNetworking.plist -producttype com.apple.product-type.bundle -expandbuildsettings -format binary -platform watchos -o /Users/admin/builder/spi-builder-workspace/.derivedData/Build/Products/Debug-watchos/WWNetworking_WWNetworking.bundle/Info.plist
CpResource /Users/admin/builder/spi-builder-workspace/.derivedData/Build/Products/Debug-watchos/WWNetworking_WWNetworking.bundle/Privacy /Users/admin/builder/spi-builder-workspace/.dependencies/checkouts/WWNetworking/Sources/WWNetworking/Privacy (in target 'WWNetworking_WWNetworking' from project 'WWNetworking')
    cd /Users/admin/builder/spi-builder-workspace/.dependencies/checkouts/WWNetworking
    builtin-copy -exclude .DS_Store -exclude CVS -exclude .svn -exclude .git -exclude .hg -resolve-src-symlinks /Users/admin/builder/spi-builder-workspace/.dependencies/checkouts/WWNetworking/Sources/WWNetworking/Privacy /Users/admin/builder/spi-builder-workspace/.derivedData/Build/Products/Debug-watchos/WWNetworking_WWNetworking.bundle
ProcessInfoPlistFile /Users/admin/builder/spi-builder-workspace/.derivedData/Build/Products/Debug-watchos/WWJavaScriptContext_WWJavaScriptContext.bundle/Info.plist /Users/admin/builder/spi-builder-workspace/.derivedData/Build/Intermediates.noindex/WWJavaScriptContext.build/Debug-watchos/WWJavaScriptContext_WWJavaScriptContext-b.build/empty-WWJavaScriptContext_WWJavaScriptContext.plist (in target 'WWJavaScriptContext_WWJavaScriptContext' from project 'WWJavaScriptContext')
    cd /Users/admin/builder/spi-builder-workspace/.dependencies/checkouts/WWJavaScriptContext
    builtin-infoPlistUtility /Users/admin/builder/spi-builder-workspace/.derivedData/Build/Intermediates.noindex/WWJavaScriptContext.build/Debug-watchos/WWJavaScriptContext_WWJavaScriptContext-b.build/empty-WWJavaScriptContext_WWJavaScriptContext.plist -producttype com.apple.product-type.bundle -expandbuildsettings -format binary -platform watchos -o /Users/admin/builder/spi-builder-workspace/.derivedData/Build/Products/Debug-watchos/WWJavaScriptContext_WWJavaScriptContext.bundle/Info.plist
CpResource /Users/admin/builder/spi-builder-workspace/.derivedData/Build/Products/Debug-watchos/WWJavaScriptContext_WWJavaScriptContext.bundle/Privacy /Users/admin/builder/spi-builder-workspace/.dependencies/checkouts/WWJavaScriptContext/Sources/WWJavaScriptContext/Privacy (in target 'WWJavaScriptContext_WWJavaScriptContext' from project 'WWJavaScriptContext')
    cd /Users/admin/builder/spi-builder-workspace/.dependencies/checkouts/WWJavaScriptContext
    builtin-copy -exclude .DS_Store -exclude CVS -exclude .svn -exclude .git -exclude .hg -resolve-src-symlinks /Users/admin/builder/spi-builder-workspace/.dependencies/checkouts/WWJavaScriptContext/Sources/WWJavaScriptContext/Privacy /Users/admin/builder/spi-builder-workspace/.derivedData/Build/Products/Debug-watchos/WWJavaScriptContext_WWJavaScriptContext.bundle
ProcessInfoPlistFile /Users/admin/builder/spi-builder-workspace/.derivedData/Build/Products/Debug-watchos/WWJavaScriptContext_Thumbnail_WWJavaScriptContext_Thumbnail.bundle/Info.plist /Users/admin/builder/spi-builder-workspace/.derivedData/Build/Intermediates.noindex/WWJavaScriptContext_Thumbnail.build/Debug-watchos/WWJavaScriptContext_Thumbnail_WWJavaScriptContext_Thumbnail-b.build/empty-WWJavaScriptContext_Thumbnail_WWJavaScriptContext_Thumbnail.plist (in target 'WWJavaScriptContext_Thumbnail_WWJavaScriptContext_Thumbnail' from project 'WWJavaScriptContext_Thumbnail')
    cd /Users/admin/builder/spi-builder-workspace
    builtin-infoPlistUtility /Users/admin/builder/spi-builder-workspace/.derivedData/Build/Intermediates.noindex/WWJavaScriptContext_Thumbnail.build/Debug-watchos/WWJavaScriptContext_Thumbnail_WWJavaScriptContext_Thumbnail-b.build/empty-WWJavaScriptContext_Thumbnail_WWJavaScriptContext_Thumbnail.plist -producttype com.apple.product-type.bundle -expandbuildsettings -format binary -platform watchos -o /Users/admin/builder/spi-builder-workspace/.derivedData/Build/Products/Debug-watchos/WWJavaScriptContext_Thumbnail_WWJavaScriptContext_Thumbnail.bundle/Info.plist
CpResource /Users/admin/builder/spi-builder-workspace/.derivedData/Build/Products/Debug-watchos/WWJavaScriptContext_Thumbnail_WWJavaScriptContext_Thumbnail.bundle/jsSource.js /Users/admin/builder/spi-builder-workspace/Sources/WWJavaScriptContext_Thumbnail/Script/jsSource.js (in target 'WWJavaScriptContext_Thumbnail_WWJavaScriptContext_Thumbnail' from project 'WWJavaScriptContext_Thumbnail')
    cd /Users/admin/builder/spi-builder-workspace
    builtin-copy -exclude .DS_Store -exclude CVS -exclude .svn -exclude .git -exclude .hg -resolve-src-symlinks /Users/admin/builder/spi-builder-workspace/Sources/WWJavaScriptContext_Thumbnail/Script/jsSource.js /Users/admin/builder/spi-builder-workspace/.derivedData/Build/Products/Debug-watchos/WWJavaScriptContext_Thumbnail_WWJavaScriptContext_Thumbnail.bundle
CpResource /Users/admin/builder/spi-builder-workspace/.derivedData/Build/Products/Debug-watchos/WWJavaScriptContext_Thumbnail_WWJavaScriptContext_Thumbnail.bundle/Privacy /Users/admin/builder/spi-builder-workspace/Sources/WWJavaScriptContext_Thumbnail/Privacy (in target 'WWJavaScriptContext_Thumbnail_WWJavaScriptContext_Thumbnail' from project 'WWJavaScriptContext_Thumbnail')
    cd /Users/admin/builder/spi-builder-workspace
    builtin-copy -exclude .DS_Store -exclude CVS -exclude .svn -exclude .git -exclude .hg -resolve-src-symlinks /Users/admin/builder/spi-builder-workspace/Sources/WWJavaScriptContext_Thumbnail/Privacy /Users/admin/builder/spi-builder-workspace/.derivedData/Build/Products/Debug-watchos/WWJavaScriptContext_Thumbnail_WWJavaScriptContext_Thumbnail.bundle
RegisterExecutionPolicyException /Users/admin/builder/spi-builder-workspace/.derivedData/Build/Products/Debug-watchos/WWNetworking_WWNetworking.bundle (in target 'WWNetworking_WWNetworking' from project 'WWNetworking')
    cd /Users/admin/builder/spi-builder-workspace/.dependencies/checkouts/WWNetworking
    builtin-RegisterExecutionPolicyException /Users/admin/builder/spi-builder-workspace/.derivedData/Build/Products/Debug-watchos/WWNetworking_WWNetworking.bundle
RegisterExecutionPolicyException /Users/admin/builder/spi-builder-workspace/.derivedData/Build/Products/Debug-watchos/WWJavaScriptContext_Thumbnail_WWJavaScriptContext_Thumbnail.bundle (in target 'WWJavaScriptContext_Thumbnail_WWJavaScriptContext_Thumbnail' from project 'WWJavaScriptContext_Thumbnail')
    cd /Users/admin/builder/spi-builder-workspace
    builtin-RegisterExecutionPolicyException /Users/admin/builder/spi-builder-workspace/.derivedData/Build/Products/Debug-watchos/WWJavaScriptContext_Thumbnail_WWJavaScriptContext_Thumbnail.bundle
RegisterExecutionPolicyException /Users/admin/builder/spi-builder-workspace/.derivedData/Build/Products/Debug-watchos/WWJavaScriptContext_WWJavaScriptContext.bundle (in target 'WWJavaScriptContext_WWJavaScriptContext' from project 'WWJavaScriptContext')
    cd /Users/admin/builder/spi-builder-workspace/.dependencies/checkouts/WWJavaScriptContext
    builtin-RegisterExecutionPolicyException /Users/admin/builder/spi-builder-workspace/.derivedData/Build/Products/Debug-watchos/WWJavaScriptContext_WWJavaScriptContext.bundle
Touch /Users/admin/builder/spi-builder-workspace/.derivedData/Build/Products/Debug-watchos/WWNetworking_WWNetworking.bundle (in target 'WWNetworking_WWNetworking' from project 'WWNetworking')
    cd /Users/admin/builder/spi-builder-workspace/.dependencies/checkouts/WWNetworking
    /usr/bin/touch -c /Users/admin/builder/spi-builder-workspace/.derivedData/Build/Products/Debug-watchos/WWNetworking_WWNetworking.bundle
Touch /Users/admin/builder/spi-builder-workspace/.derivedData/Build/Products/Debug-watchos/WWJavaScriptContext_Thumbnail_WWJavaScriptContext_Thumbnail.bundle (in target 'WWJavaScriptContext_Thumbnail_WWJavaScriptContext_Thumbnail' from project 'WWJavaScriptContext_Thumbnail')
    cd /Users/admin/builder/spi-builder-workspace
    /usr/bin/touch -c /Users/admin/builder/spi-builder-workspace/.derivedData/Build/Products/Debug-watchos/WWJavaScriptContext_Thumbnail_WWJavaScriptContext_Thumbnail.bundle
Touch /Users/admin/builder/spi-builder-workspace/.derivedData/Build/Products/Debug-watchos/WWJavaScriptContext_WWJavaScriptContext.bundle (in target 'WWJavaScriptContext_WWJavaScriptContext' from project 'WWJavaScriptContext')
    cd /Users/admin/builder/spi-builder-workspace/.dependencies/checkouts/WWJavaScriptContext
    /usr/bin/touch -c /Users/admin/builder/spi-builder-workspace/.derivedData/Build/Products/Debug-watchos/WWJavaScriptContext_WWJavaScriptContext.bundle
SwiftDriver WWNetworking normal arm64_32 com.apple.xcode.tools.swift.compiler (in target 'WWNetworking' from project 'WWNetworking')
    cd /Users/admin/builder/spi-builder-workspace/.swiftpm/xcode
    builtin-SwiftDriver -- /Applications/Xcode-27.0.0-Release.Candidate.app/Contents/Developer/Toolchains/XcodeDefault.xctoolchain/usr/bin/swiftc -parse-as-library -module-name WWNetworking -Onone @/Users/admin/builder/spi-builder-workspace/.derivedData/Build/Intermediates.noindex/WWNetworking.build/Debug-watchos/WWNetworking-t.build/Objects-normal/arm64_32/WWNetworking.SwiftFileList -DSWIFT_PACKAGE -DDEBUG -DSWIFT_MODULE_RESOURCE_BUNDLE_AVAILABLE -DXcode -plugin-path /Applications/Xcode-27.0.0-Release.Candidate.app/Contents/Developer/Toolchains/XcodeDefault.xctoolchain/usr/lib/swift/host/plugins/testing -enable-experimental-feature DebugDescriptionMacro -sdk /Applications/Xcode-27.0.0-Release.Candidate.app/Contents/Developer/Platforms/WatchOS.platform/Developer/SDKs/WatchOS27.0.sdk -target arm64_32-apple-watchos9.0 -g -module-cache-path /Users/admin/builder/spi-builder-workspace/.derivedData/ModuleCache.noindex -Xfrontend -serialize-debugging-options -enable-testing -suppress-warnings -index-store-path /Users/admin/builder/spi-builder-workspace/.derivedData/Index.noindex/DataStore -Xcc -D_LIBCPP_HARDENING_MODE\=_LIBCPP_HARDENING_MODE_DEBUG -swift-version 5 -I /Users/admin/builder/spi-builder-workspace/.derivedData/Build/Products/Debug-watchos -Isystem /Applications/Xcode-27.0.0-Release.Candidate.app/Contents/Developer/Platforms/WatchOS.platform/Developer/usr/lib -F /Users/admin/builder/spi-builder-workspace/.derivedData/Build/Products/Debug-watchos -F /Applications/Xcode-27.0.0-Release.Candidate.app/Contents/Developer/Platforms/WatchOS.platform/Developer/Library/Frameworks -F /Applications/Xcode-27.0.0-Release.Candidate.app/Contents/Developer/Platforms/WatchOS.platform/Developer/SDKs/WatchOS27.0.sdk/Developer/Library/Frameworks -c -j10 -enable-batch-mode -incremental -Xcc -ivfsstatcache -Xcc /Users/admin/builder/spi-builder-workspace/.derivedData/SDKStatCaches.noindex/watchos27.0-24R360-e829b21a6f8c9b70876ba0858053c04477534ef55a1706bf4c1112bbb242f0a2.sdkstatcache -output-file-map /Users/admin/builder/spi-builder-workspace/.derivedData/Build/Intermediates.noindex/WWNetworking.build/Debug-watchos/WWNetworking-t.build/Objects-normal/arm64_32/WWNetworking-OutputFileMap.json -save-temps -no-color-diagnostics -explicit-module-build -module-cache-path /Users/admin/builder/spi-builder-workspace/.derivedData/Build/Intermediates.noindex/SwiftExplicitPrecompiledModules -clang-scanner-module-cache-path /Users/admin/builder/spi-builder-workspace/.derivedData/ModuleCache.noindex -sdk-module-cache-path /Users/admin/builder/spi-builder-workspace/.derivedData/SDKExplicitPrecompiledModules -emit-dependencies -emit-module -emit-module-path /Users/admin/builder/spi-builder-workspace/.derivedData/Build/Intermediates.noindex/WWNetworking.build/Debug-watchos/WWNetworking-t.build/Objects-normal/arm64_32/WWNetworking.swiftmodule -serialize-diagnostics -dependency-scan-serialize-diagnostics-path /Users/admin/builder/spi-builder-workspace/.derivedData/Build/Intermediates.noindex/WWNetworking.build/Debug-watchos/WWNetworking-t.build/Objects-normal/arm64_32/WWNetworking-dependency-scan.dia -validate-clang-modules-once -clang-build-session-file /Users/admin/builder/spi-builder-workspace/.derivedData/ModuleCache.noindex/Session.modulevalidation -Xcc -fmodules-prune-interval\=86400 -Xcc -fmodules-prune-after\=345600 -emit-const-values -const-gather-protocols-list /Users/admin/builder/spi-builder-workspace/.derivedData/Build/Intermediates.noindex/WWNetworking.build/Debug-watchos/WWNetworking-t.build/Objects-normal/arm64_32/WWNetworking_const_extract_protocols.json -Xcc -I/Users/admin/builder/spi-builder-workspace/.derivedData/Build/Products/Debug-watchos/include -Xcc -I/Users/admin/builder/spi-builder-workspace/.derivedData/Build/Intermediates.noindex/WWNetworking.build/Debug-watchos/WWNetworking-t.build/DerivedSources-normal/arm64_32 -Xcc -I/Users/admin/builder/spi-builder-workspace/.derivedData/Build/Intermediates.noindex/WWNetworking.build/Debug-watchos/WWNetworking-t.build/DerivedSources/arm64_32 -Xcc -I/Users/admin/builder/spi-builder-workspace/.derivedData/Build/Intermediates.noindex/WWNetworking.build/Debug-watchos/WWNetworking-t.build/DerivedSources -Xcc -DSWIFT_PACKAGE -Xcc -DDEBUG\=1 -emit-objc-header -emit-objc-header-path /Users/admin/builder/spi-builder-workspace/.derivedData/Build/Intermediates.noindex/WWNetworking.build/Debug-watchos/WWNetworking-t.build/Objects-normal/arm64_32/WWNetworking-Swift.h -working-directory /Users/admin/builder/spi-builder-workspace/.swiftpm/xcode -experimental-emit-module-separately -disable-cmo
SwiftDriver WWJavaScriptContext normal arm64_32 com.apple.xcode.tools.swift.compiler (in target 'WWJavaScriptContext' from project 'WWJavaScriptContext')
    cd /Users/admin/builder/spi-builder-workspace/.swiftpm/xcode
    builtin-SwiftDriver -- /Applications/Xcode-27.0.0-Release.Candidate.app/Contents/Developer/Toolchains/XcodeDefault.xctoolchain/usr/bin/swiftc -parse-as-library -module-name WWJavaScriptContext -Onone @/Users/admin/builder/spi-builder-workspace/.derivedData/Build/Intermediates.noindex/WWJavaScriptContext.build/Debug-watchos/WWJavaScriptContext-t.build/Objects-normal/arm64_32/WWJavaScriptContext.SwiftFileList -DSWIFT_PACKAGE -DDEBUG -DSWIFT_MODULE_RESOURCE_BUNDLE_AVAILABLE -DXcode -plugin-path /Applications/Xcode-27.0.0-Release.Candidate.app/Contents/Developer/Toolchains/XcodeDefault.xctoolchain/usr/lib/swift/host/plugins/testing -enable-experimental-feature DebugDescriptionMacro -sdk /Applications/Xcode-27.0.0-Release.Candidate.app/Contents/Developer/Platforms/WatchOS.platform/Developer/SDKs/WatchOS27.0.sdk -target arm64_32-apple-watchos9.0 -g -module-cache-path /Users/admin/builder/spi-builder-workspace/.derivedData/ModuleCache.noindex -Xfrontend -serialize-debugging-options -enable-testing -suppress-warnings -index-store-path /Users/admin/builder/spi-builder-workspace/.derivedData/Index.noindex/DataStore -Xcc -D_LIBCPP_HARDENING_MODE\=_LIBCPP_HARDENING_MODE_DEBUG -swift-version 5 -I /Users/admin/builder/spi-builder-workspace/.derivedData/Build/Products/Debug-watchos -Isystem /Applications/Xcode-27.0.0-Release.Candidate.app/Contents/Developer/Platforms/WatchOS.platform/Developer/usr/lib -F /Users/admin/builder/spi-builder-workspace/.derivedData/Build/Products/Debug-watchos -F /Applications/Xcode-27.0.0-Release.Candidate.app/Contents/Developer/Platforms/WatchOS.platform/Developer/Library/Frameworks -F /Applications/Xcode-27.0.0-Release.Candidate.app/Contents/Developer/Platforms/WatchOS.platform/Developer/SDKs/WatchOS27.0.sdk/Developer/Library/Frameworks -c -j10 -enable-batch-mode -incremental -Xcc -ivfsstatcache -Xcc /Users/admin/builder/spi-builder-workspace/.derivedData/SDKStatCaches.noindex/watchos27.0-24R360-e829b21a6f8c9b70876ba0858053c04477534ef55a1706bf4c1112bbb242f0a2.sdkstatcache -output-file-map /Users/admin/builder/spi-builder-workspace/.derivedData/Build/Intermediates.noindex/WWJavaScriptContext.build/Debug-watchos/WWJavaScriptContext-t.build/Objects-normal/arm64_32/WWJavaScriptContext-OutputFileMap.json -save-temps -no-color-diagnostics -explicit-module-build -module-cache-path /Users/admin/builder/spi-builder-workspace/.derivedData/Build/Intermediates.noindex/SwiftExplicitPrecompiledModules -clang-scanner-module-cache-path /Users/admin/builder/spi-builder-workspace/.derivedData/ModuleCache.noindex -sdk-module-cache-path /Users/admin/builder/spi-builder-workspace/.derivedData/SDKExplicitPrecompiledModules -emit-dependencies -emit-module -emit-module-path /Users/admin/builder/spi-builder-workspace/.derivedData/Build/Intermediates.noindex/WWJavaScriptContext.build/Debug-watchos/WWJavaScriptContext-t.build/Objects-normal/arm64_32/WWJavaScriptContext.swiftmodule -serialize-diagnostics -dependency-scan-serialize-diagnostics-path /Users/admin/builder/spi-builder-workspace/.derivedData/Build/Intermediates.noindex/WWJavaScriptContext.build/Debug-watchos/WWJavaScriptContext-t.build/Objects-normal/arm64_32/WWJavaScriptContext-dependency-scan.dia -validate-clang-modules-once -clang-build-session-file /Users/admin/builder/spi-builder-workspace/.derivedData/ModuleCache.noindex/Session.modulevalidation -Xcc -fmodules-prune-interval\=86400 -Xcc -fmodules-prune-after\=345600 -emit-const-values -const-gather-protocols-list /Users/admin/builder/spi-builder-workspace/.derivedData/Build/Intermediates.noindex/WWJavaScriptContext.build/Debug-watchos/WWJavaScriptContext-t.build/Objects-normal/arm64_32/WWJavaScriptContext_const_extract_protocols.json -Xcc -I/Users/admin/builder/spi-builder-workspace/.derivedData/Build/Products/Debug-watchos/include -Xcc -I/Users/admin/builder/spi-builder-workspace/.derivedData/Build/Intermediates.noindex/WWJavaScriptContext.build/Debug-watchos/WWJavaScriptContext-t.build/DerivedSources-normal/arm64_32 -Xcc -I/Users/admin/builder/spi-builder-workspace/.derivedData/Build/Intermediates.noindex/WWJavaScriptContext.build/Debug-watchos/WWJavaScriptContext-t.build/DerivedSources/arm64_32 -Xcc -I/Users/admin/builder/spi-builder-workspace/.derivedData/Build/Intermediates.noindex/WWJavaScriptContext.build/Debug-watchos/WWJavaScriptContext-t.build/DerivedSources -Xcc -DSWIFT_PACKAGE -Xcc -DDEBUG\=1 -emit-objc-header -emit-objc-header-path /Users/admin/builder/spi-builder-workspace/.derivedData/Build/Intermediates.noindex/WWJavaScriptContext.build/Debug-watchos/WWJavaScriptContext-t.build/Objects-normal/arm64_32/WWJavaScriptContext-Swift.h -working-directory /Users/admin/builder/spi-builder-workspace/.swiftpm/xcode -experimental-emit-module-separately -disable-cmo
/Users/admin/builder/spi-builder-workspace/.dependencies/checkouts/WWJavaScriptContext/Sources/WWJavaScriptContext/JavaScriptContext.swift:9:8: error: Unable to resolve module dependency: 'JavaScriptCore' (in target 'WWJavaScriptContext' from project 'WWJavaScriptContext')
    note: A dependency of main module 'WWJavaScriptContext'
/Users/admin/builder/spi-builder-workspace/.dependencies/checkouts/WWJavaScriptContext/Sources/WWJavaScriptContext/JavaScriptContext.swift:9:8: note: A dependency of main module 'WWJavaScriptContext'
import JavaScriptCore
       ^ (in target 'WWJavaScriptContext' from project 'WWJavaScriptContext')
SwiftDriver WWNetworking normal arm64 com.apple.xcode.tools.swift.compiler (in target 'WWNetworking' from project 'WWNetworking')
    cd /Users/admin/builder/spi-builder-workspace/.swiftpm/xcode
    builtin-SwiftDriver -- /Applications/Xcode-27.0.0-Release.Candidate.app/Contents/Developer/Toolchains/XcodeDefault.xctoolchain/usr/bin/swiftc -parse-as-library -module-name WWNetworking -Onone @/Users/admin/builder/spi-builder-workspace/.derivedData/Build/Intermediates.noindex/WWNetworking.build/Debug-watchos/WWNetworking-t.build/Objects-normal/arm64/WWNetworking.SwiftFileList -DSWIFT_PACKAGE -DDEBUG -DSWIFT_MODULE_RESOURCE_BUNDLE_AVAILABLE -DXcode -plugin-path /Applications/Xcode-27.0.0-Release.Candidate.app/Contents/Developer/Toolchains/XcodeDefault.xctoolchain/usr/lib/swift/host/plugins/testing -enable-experimental-feature DebugDescriptionMacro -sdk /Applications/Xcode-27.0.0-Release.Candidate.app/Contents/Developer/Platforms/WatchOS.platform/Developer/SDKs/WatchOS27.0.sdk -target arm64-apple-watchos9.0 -g -module-cache-path /Users/admin/builder/spi-builder-workspace/.derivedData/ModuleCache.noindex -Xfrontend -serialize-debugging-options -enable-testing -suppress-warnings -index-store-path /Users/admin/builder/spi-builder-workspace/.derivedData/Index.noindex/DataStore -Xcc -D_LIBCPP_HARDENING_MODE\=_LIBCPP_HARDENING_MODE_DEBUG -swift-version 5 -I /Users/admin/builder/spi-builder-workspace/.derivedData/Build/Products/Debug-watchos -Isystem /Applications/Xcode-27.0.0-Release.Candidate.app/Contents/Developer/Platforms/WatchOS.platform/Developer/usr/lib -F /Users/admin/builder/spi-builder-workspace/.derivedData/Build/Products/Debug-watchos -F /Applications/Xcode-27.0.0-Release.Candidate.app/Contents/Developer/Platforms/WatchOS.platform/Developer/Library/Frameworks -F /Applications/Xcode-27.0.0-Release.Candidate.app/Contents/Developer/Platforms/WatchOS.platform/Developer/SDKs/WatchOS27.0.sdk/Developer/Library/Frameworks -c -j10 -enable-batch-mode -incremental -Xcc -ivfsstatcache -Xcc /Users/admin/builder/spi-builder-workspace/.derivedData/SDKStatCaches.noindex/watchos27.0-24R360-e829b21a6f8c9b70876ba0858053c04477534ef55a1706bf4c1112bbb242f0a2.sdkstatcache -output-file-map /Users/admin/builder/spi-builder-workspace/.derivedData/Build/Intermediates.noindex/WWNetworking.build/Debug-watchos/WWNetworking-t.build/Objects-normal/arm64/WWNetworking-OutputFileMap.json -save-temps -no-color-diagnostics -explicit-module-build -module-cache-path /Users/admin/builder/spi-builder-workspace/.derivedData/Build/Intermediates.noindex/SwiftExplicitPrecompiledModules -clang-scanner-module-cache-path /Users/admin/builder/spi-builder-workspace/.derivedData/ModuleCache.noindex -sdk-module-cache-path /Users/admin/builder/spi-builder-workspace/.derivedData/SDKExplicitPrecompiledModules -emit-dependencies -emit-module -emit-module-path /Users/admin/builder/spi-builder-workspace/.derivedData/Build/Intermediates.noindex/WWNetworking.build/Debug-watchos/WWNetworking-t.build/Objects-normal/arm64/WWNetworking.swiftmodule -serialize-diagnostics -dependency-scan-serialize-diagnostics-path /Users/admin/builder/spi-builder-workspace/.derivedData/Build/Intermediates.noindex/WWNetworking.build/Debug-watchos/WWNetworking-t.build/Objects-normal/arm64/WWNetworking-dependency-scan.dia -validate-clang-modules-once -clang-build-session-file /Users/admin/builder/spi-builder-workspace/.derivedData/ModuleCache.noindex/Session.modulevalidation -Xcc -fmodules-prune-interval\=86400 -Xcc -fmodules-prune-after\=345600 -emit-const-values -const-gather-protocols-list /Users/admin/builder/spi-builder-workspace/.derivedData/Build/Intermediates.noindex/WWNetworking.build/Debug-watchos/WWNetworking-t.build/Objects-normal/arm64/WWNetworking_const_extract_protocols.json -Xcc -I/Users/admin/builder/spi-builder-workspace/.derivedData/Build/Products/Debug-watchos/include -Xcc -I/Users/admin/builder/spi-builder-workspace/.derivedData/Build/Intermediates.noindex/WWNetworking.build/Debug-watchos/WWNetworking-t.build/DerivedSources-normal/arm64 -Xcc -I/Users/admin/builder/spi-builder-workspace/.derivedData/Build/Intermediates.noindex/WWNetworking.build/Debug-watchos/WWNetworking-t.build/DerivedSources/arm64 -Xcc -I/Users/admin/builder/spi-builder-workspace/.derivedData/Build/Intermediates.noindex/WWNetworking.build/Debug-watchos/WWNetworking-t.build/DerivedSources -Xcc -DSWIFT_PACKAGE -Xcc -DDEBUG\=1 -emit-objc-header -emit-objc-header-path /Users/admin/builder/spi-builder-workspace/.derivedData/Build/Intermediates.noindex/WWNetworking.build/Debug-watchos/WWNetworking-t.build/Objects-normal/arm64/WWNetworking-Swift.h -working-directory /Users/admin/builder/spi-builder-workspace/.swiftpm/xcode -experimental-emit-module-separately -disable-cmo
SwiftDriver WWJavaScriptContext normal arm64 com.apple.xcode.tools.swift.compiler (in target 'WWJavaScriptContext' from project 'WWJavaScriptContext')
    cd /Users/admin/builder/spi-builder-workspace/.swiftpm/xcode
    builtin-SwiftDriver -- /Applications/Xcode-27.0.0-Release.Candidate.app/Contents/Developer/Toolchains/XcodeDefault.xctoolchain/usr/bin/swiftc -parse-as-library -module-name WWJavaScriptContext -Onone @/Users/admin/builder/spi-builder-workspace/.derivedData/Build/Intermediates.noindex/WWJavaScriptContext.build/Debug-watchos/WWJavaScriptContext-t.build/Objects-normal/arm64/WWJavaScriptContext.SwiftFileList -DSWIFT_PACKAGE -DDEBUG -DSWIFT_MODULE_RESOURCE_BUNDLE_AVAILABLE -DXcode -plugin-path /Applications/Xcode-27.0.0-Release.Candidate.app/Contents/Developer/Toolchains/XcodeDefault.xctoolchain/usr/lib/swift/host/plugins/testing -enable-experimental-feature DebugDescriptionMacro -sdk /Applications/Xcode-27.0.0-Release.Candidate.app/Contents/Developer/Platforms/WatchOS.platform/Developer/SDKs/WatchOS27.0.sdk -target arm64-apple-watchos9.0 -g -module-cache-path /Users/admin/builder/spi-builder-workspace/.derivedData/ModuleCache.noindex -Xfrontend -serialize-debugging-options -enable-testing -suppress-warnings -index-store-path /Users/admin/builder/spi-builder-workspace/.derivedData/Index.noindex/DataStore -Xcc -D_LIBCPP_HARDENING_MODE\=_LIBCPP_HARDENING_MODE_DEBUG -swift-version 5 -I /Users/admin/builder/spi-builder-workspace/.derivedData/Build/Products/Debug-watchos -Isystem /Applications/Xcode-27.0.0-Release.Candidate.app/Contents/Developer/Platforms/WatchOS.platform/Developer/usr/lib -F /Users/admin/builder/spi-builder-workspace/.derivedData/Build/Products/Debug-watchos -F /Applications/Xcode-27.0.0-Release.Candidate.app/Contents/Developer/Platforms/WatchOS.platform/Developer/Library/Frameworks -F /Applications/Xcode-27.0.0-Release.Candidate.app/Contents/Developer/Platforms/WatchOS.platform/Developer/SDKs/WatchOS27.0.sdk/Developer/Library/Frameworks -c -j10 -enable-batch-mode -incremental -Xcc -ivfsstatcache -Xcc /Users/admin/builder/spi-builder-workspace/.derivedData/SDKStatCaches.noindex/watchos27.0-24R360-e829b21a6f8c9b70876ba0858053c04477534ef55a1706bf4c1112bbb242f0a2.sdkstatcache -output-file-map /Users/admin/builder/spi-builder-workspace/.derivedData/Build/Intermediates.noindex/WWJavaScriptContext.build/Debug-watchos/WWJavaScriptContext-t.build/Objects-normal/arm64/WWJavaScriptContext-OutputFileMap.json -save-temps -no-color-diagnostics -explicit-module-build -module-cache-path /Users/admin/builder/spi-builder-workspace/.derivedData/Build/Intermediates.noindex/SwiftExplicitPrecompiledModules -clang-scanner-module-cache-path /Users/admin/builder/spi-builder-workspace/.derivedData/ModuleCache.noindex -sdk-module-cache-path /Users/admin/builder/spi-builder-workspace/.derivedData/SDKExplicitPrecompiledModules -emit-dependencies -emit-module -emit-module-path /Users/admin/builder/spi-builder-workspace/.derivedData/Build/Intermediates.noindex/WWJavaScriptContext.build/Debug-watchos/WWJavaScriptContext-t.build/Objects-normal/arm64/WWJavaScriptContext.swiftmodule -serialize-diagnostics -dependency-scan-serialize-diagnostics-path /Users/admin/builder/spi-builder-workspace/.derivedData/Build/Intermediates.noindex/WWJavaScriptContext.build/Debug-watchos/WWJavaScriptContext-t.build/Objects-normal/arm64/WWJavaScriptContext-dependency-scan.dia -validate-clang-modules-once -clang-build-session-file /Users/admin/builder/spi-builder-workspace/.derivedData/ModuleCache.noindex/Session.modulevalidation -Xcc -fmodules-prune-interval\=86400 -Xcc -fmodules-prune-after\=345600 -emit-const-values -const-gather-protocols-list /Users/admin/builder/spi-builder-workspace/.derivedData/Build/Intermediates.noindex/WWJavaScriptContext.build/Debug-watchos/WWJavaScriptContext-t.build/Objects-normal/arm64/WWJavaScriptContext_const_extract_protocols.json -Xcc -I/Users/admin/builder/spi-builder-workspace/.derivedData/Build/Products/Debug-watchos/include -Xcc -I/Users/admin/builder/spi-builder-workspace/.derivedData/Build/Intermediates.noindex/WWJavaScriptContext.build/Debug-watchos/WWJavaScriptContext-t.build/DerivedSources-normal/arm64 -Xcc -I/Users/admin/builder/spi-builder-workspace/.derivedData/Build/Intermediates.noindex/WWJavaScriptContext.build/Debug-watchos/WWJavaScriptContext-t.build/DerivedSources/arm64 -Xcc -I/Users/admin/builder/spi-builder-workspace/.derivedData/Build/Intermediates.noindex/WWJavaScriptContext.build/Debug-watchos/WWJavaScriptContext-t.build/DerivedSources -Xcc -DSWIFT_PACKAGE -Xcc -DDEBUG\=1 -emit-objc-header -emit-objc-header-path /Users/admin/builder/spi-builder-workspace/.derivedData/Build/Intermediates.noindex/WWJavaScriptContext.build/Debug-watchos/WWJavaScriptContext-t.build/Objects-normal/arm64/WWJavaScriptContext-Swift.h -working-directory /Users/admin/builder/spi-builder-workspace/.swiftpm/xcode -experimental-emit-module-separately -disable-cmo
/Users/admin/builder/spi-builder-workspace/.dependencies/checkouts/WWJavaScriptContext/Sources/WWJavaScriptContext/JavaScriptContext.swift:9:8: error: Unable to resolve module dependency: 'JavaScriptCore' (in target 'WWJavaScriptContext' from project 'WWJavaScriptContext')
    note: A dependency of main module 'WWJavaScriptContext'
/Users/admin/builder/spi-builder-workspace/.dependencies/checkouts/WWJavaScriptContext/Sources/WWJavaScriptContext/JavaScriptContext.swift:9:8: note: A dependency of main module 'WWJavaScriptContext'
import JavaScriptCore
       ^ (in target 'WWJavaScriptContext' from project 'WWJavaScriptContext')
PruneExplicitPrecompiledModules /Users/admin/builder/spi-builder-workspace/.derivedData/Build/Intermediates.noindex/ExplicitPrecompiledModules
PruneExplicitPrecompiledModules /Users/admin/builder/spi-builder-workspace/.derivedData/SDKExplicitPrecompiledModules
PruneExplicitPrecompiledModules /Users/admin/builder/spi-builder-workspace/.derivedData/Build/Intermediates.noindex/SwiftExplicitPrecompiledModules
2026-09-21 21:17:48.603 xcodebuild[727:4553] [MT] IDERunDestination: Supported platforms for the buildables in the current scheme is empty.
** BUILD FAILED **
The following build commands failed:
	SwiftDriver WWJavaScriptContext normal arm64_32 com.apple.xcode.tools.swift.compiler (in target 'WWJavaScriptContext' from project 'WWJavaScriptContext')
	SwiftDriver WWJavaScriptContext normal arm64 com.apple.xcode.tools.swift.compiler (in target 'WWJavaScriptContext' from project 'WWJavaScriptContext')
	Building workspace WWJavaScriptContext_Thumbnail with scheme WWJavaScriptContext_Thumbnail
(3 failures)
Command line invocation:
    /Applications/Xcode-27.0.0-Release.Candidate.app/Contents/Developer/usr/bin/xcodebuild -IDEClonedSourcePackagesDirPathOverride=/Users/admin/builder/spi-builder-workspace/.dependencies -resolvePackageDependencies
Resolve Package Graph
Resolved source packages:
  WWJavaScriptContext: https://github.com/William-Weng/WWJavaScriptContext @ 1.1.0
  WWNetworking: https://github.com/William-Weng/WWNetworking @ 1.9.1
  WWJavaScriptContext_Thumbnail: /Users/admin/builder/spi-builder-workspace
resolved source packages: WWJavaScriptContext, WWNetworking, WWJavaScriptContext_Thumbnail
2026-09-21 21:17:52.190 xcodebuild[761:4959] [MT] IDERunDestination: Supported platforms for the buildables in the current scheme is empty.
{
  "dependencies" : [
    {
      "identity" : "wwjavascriptcontext",
      "requirement" : {
        "range" : [
          {
            "lower_bound" : "1.1.0",
            "upper_bound" : "2.0.0"
          }
        ]
      },
      "type" : "sourceControl",
      "url" : "https://github.com/William-Weng/WWJavaScriptContext"
    },
    {
      "identity" : "wwnetworking",
      "requirement" : {
        "range" : [
          {
            "lower_bound" : "1.7.5",
            "upper_bound" : "2.0.0"
          }
        ]
      },
      "type" : "sourceControl",
      "url" : "https://github.com/William-Weng/WWNetworking"
    }
  ],
  "manifest_display_name" : "WWJavaScriptContext_Thumbnail",
  "name" : "WWJavaScriptContext_Thumbnail",
  "path" : "/Users/admin/builder/spi-builder-workspace",
  "platforms" : [
    {
      "name" : "ios",
      "version" : "15.0"
    }
  ],
  "products" : [
    {
      "name" : "WWJavaScriptContext_Thumbnail",
      "targets" : [
        "WWJavaScriptContext_Thumbnail"
      ],
      "type" : {
        "library" : [
          "automatic"
        ]
      }
    }
  ],
  "swift_languages_versions" : [
    "5"
  ],
  "targets" : [
    {
      "c99name" : "WWJavaScriptContext_Thumbnail",
      "module_type" : "SwiftTarget",
      "name" : "WWJavaScriptContext_Thumbnail",
      "path" : "Sources/WWJavaScriptContext_Thumbnail",
      "product_dependencies" : [
        "WWJavaScriptContext",
        "WWNetworking"
      ],
      "product_memberships" : [
        "WWJavaScriptContext_Thumbnail"
      ],
      "resources" : [
        {
          "path" : "/Users/admin/builder/spi-builder-workspace/Sources/WWJavaScriptContext_Thumbnail/Privacy",
          "rule" : {
            "copy" : {
            }
          }
        },
        {
          "path" : "/Users/admin/builder/spi-builder-workspace/Sources/WWJavaScriptContext_Thumbnail/Script/jsSource.js",
          "rule" : {
            "process" : {
            }
          }
        }
      ],
      "sources" : [
        "Utility/Constant.swift",
        "Utility/Extension.swift",
        "WWJavaScriptContext_Thumbnail.swift"
      ],
      "type" : "library"
    }
  ],
  "tools_version" : "5.7"
}
{
  "workspace" : {
    "name" : "WWJavaScriptContext_Thumbnail",
    "schemes" : [
      "WWJavaScriptContext_Thumbnail"
    ]
  }
}
2026-09-21 21:17:53.393 xcodebuild[769:5027] [MT] IDERunDestination: Supported platforms for the buildables in the current scheme is empty.
Running build ...
env DEVELOPER_DIR=/Applications/Xcode-27.0.0-Release.Candidate.app xcrun xcodebuild -IDEClonedSourcePackagesDirPathOverride=$PWD/.dependencies -skipMacroValidation -skipPackagePluginValidation -derivedDataPath $PWD/.derivedData build -scheme WWJavaScriptContext_Thumbnail -destination generic/platform=watchOS
Command line invocation:
    /Applications/Xcode-27.0.0-Release.Candidate.app/Contents/Developer/usr/bin/xcodebuild -IDEClonedSourcePackagesDirPathOverride=/Users/admin/builder/spi-builder-workspace/.dependencies -skipMacroValidation -skipPackagePluginValidation -derivedDataPath /Users/admin/builder/spi-builder-workspace/.derivedData build -scheme WWJavaScriptContext_Thumbnail -destination generic/platform=watchOS
Resolve Package Graph
Resolved source packages:
  WWJavaScriptContext_Thumbnail: /Users/admin/builder/spi-builder-workspace
  WWJavaScriptContext: https://github.com/William-Weng/WWJavaScriptContext @ 1.1.0
  WWNetworking: https://github.com/William-Weng/WWNetworking @ 1.9.1
ComputePackagePrebuildTargetDependencyGraph
Prepare packages
CreateBuildRequest
SendProjectDescription
CreateBuildOperation
ComputeTargetDependencyGraph
note: Building targets in dependency order
note: Target dependency graph (9 targets)
    Target 'WWJavaScriptContext_Thumbnail-product' in project 'WWJavaScriptContext_Thumbnail'
        ➜ Explicit dependency on target 'WWJavaScriptContext_Thumbnail' in project 'WWJavaScriptContext_Thumbnail'
        ➜ Explicit dependency on target 'WWJavaScriptContext_Thumbnail_WWJavaScriptContext_Thumbnail' in project 'WWJavaScriptContext_Thumbnail'
        ➜ Explicit dependency on target 'WWJavaScriptContext-product' in project 'WWJavaScriptContext'
        ➜ Explicit dependency on target 'WWNetworking-product' in project 'WWNetworking'
    Target 'WWJavaScriptContext_Thumbnail' in project 'WWJavaScriptContext_Thumbnail'
        ➜ Explicit dependency on target 'WWJavaScriptContext_Thumbnail_WWJavaScriptContext_Thumbnail' in project 'WWJavaScriptContext_Thumbnail'
        ➜ Explicit dependency on target 'WWJavaScriptContext-product' in project 'WWJavaScriptContext'
        ➜ Explicit dependency on target 'WWNetworking-product' in project 'WWNetworking'
    Target 'WWNetworking-product' in project 'WWNetworking'
        ➜ Explicit dependency on target 'WWNetworking' in project 'WWNetworking'
        ➜ Explicit dependency on target 'WWNetworking_WWNetworking' in project 'WWNetworking'
    Target 'WWNetworking' in project 'WWNetworking'
        ➜ Explicit dependency on target 'WWNetworking_WWNetworking' in project 'WWNetworking'
    Target 'WWNetworking_WWNetworking' in project 'WWNetworking' (no dependencies)
    Target 'WWJavaScriptContext-product' in project 'WWJavaScriptContext'
        ➜ Explicit dependency on target 'WWJavaScriptContext' in project 'WWJavaScriptContext'
        ➜ Explicit dependency on target 'WWJavaScriptContext_WWJavaScriptContext' in project 'WWJavaScriptContext'
    Target 'WWJavaScriptContext' in project 'WWJavaScriptContext'
        ➜ Explicit dependency on target 'WWJavaScriptContext_WWJavaScriptContext' in project 'WWJavaScriptContext'
    Target 'WWJavaScriptContext_WWJavaScriptContext' in project 'WWJavaScriptContext' (no dependencies)
    Target 'WWJavaScriptContext_Thumbnail_WWJavaScriptContext_Thumbnail' in project 'WWJavaScriptContext_Thumbnail' (no dependencies)
GatherProvisioningInputs
CreateBuildDescription
ClangStatCache /Applications/Xcode-27.0.0-Release.Candidate.app/Contents/Developer/Toolchains/XcodeDefault.xctoolchain/usr/bin/clang-stat-cache /Applications/Xcode-27.0.0-Release.Candidate.app/Contents/Developer/Platforms/WatchOS.platform/Developer/SDKs/WatchOS27.0.sdk /Users/admin/builder/spi-builder-workspace/.derivedData/SDKStatCaches.noindex/watchos27.0-24R360-e829b21a6f8c9b70876ba0858053c04477534ef55a1706bf4c1112bbb242f0a2.sdkstatcache
    cd /Users/admin/builder/spi-builder-workspace/.swiftpm/xcode
    /Applications/Xcode-27.0.0-Release.Candidate.app/Contents/Developer/Toolchains/XcodeDefault.xctoolchain/usr/bin/clang-stat-cache /Applications/Xcode-27.0.0-Release.Candidate.app/Contents/Developer/Platforms/WatchOS.platform/Developer/SDKs/WatchOS27.0.sdk -o /Users/admin/builder/spi-builder-workspace/.derivedData/SDKStatCaches.noindex/watchos27.0-24R360-e829b21a6f8c9b70876ba0858053c04477534ef55a1706bf4c1112bbb242f0a2.sdkstatcache
SwiftDriver WWNetworking normal arm64_32 com.apple.xcode.tools.swift.compiler (in target 'WWNetworking' from project 'WWNetworking')
    cd /Users/admin/builder/spi-builder-workspace/.swiftpm/xcode
    builtin-SwiftDriver -- /Applications/Xcode-27.0.0-Release.Candidate.app/Contents/Developer/Toolchains/XcodeDefault.xctoolchain/usr/bin/swiftc -parse-as-library -module-name WWNetworking -Onone @/Users/admin/builder/spi-builder-workspace/.derivedData/Build/Intermediates.noindex/WWNetworking.build/Debug-watchos/WWNetworking-t.build/Objects-normal/arm64_32/WWNetworking.SwiftFileList -DSWIFT_PACKAGE -DDEBUG -DSWIFT_MODULE_RESOURCE_BUNDLE_AVAILABLE -DXcode -plugin-path /Applications/Xcode-27.0.0-Release.Candidate.app/Contents/Developer/Toolchains/XcodeDefault.xctoolchain/usr/lib/swift/host/plugins/testing -enable-experimental-feature DebugDescriptionMacro -sdk /Applications/Xcode-27.0.0-Release.Candidate.app/Contents/Developer/Platforms/WatchOS.platform/Developer/SDKs/WatchOS27.0.sdk -target arm64_32-apple-watchos9.0 -g -module-cache-path /Users/admin/builder/spi-builder-workspace/.derivedData/ModuleCache.noindex -Xfrontend -serialize-debugging-options -enable-testing -suppress-warnings -index-store-path /Users/admin/builder/spi-builder-workspace/.derivedData/Index.noindex/DataStore -Xcc -D_LIBCPP_HARDENING_MODE\=_LIBCPP_HARDENING_MODE_DEBUG -swift-version 5 -I /Users/admin/builder/spi-builder-workspace/.derivedData/Build/Products/Debug-watchos -Isystem /Applications/Xcode-27.0.0-Release.Candidate.app/Contents/Developer/Platforms/WatchOS.platform/Developer/usr/lib -F /Users/admin/builder/spi-builder-workspace/.derivedData/Build/Products/Debug-watchos -F /Applications/Xcode-27.0.0-Release.Candidate.app/Contents/Developer/Platforms/WatchOS.platform/Developer/Library/Frameworks -F /Applications/Xcode-27.0.0-Release.Candidate.app/Contents/Developer/Platforms/WatchOS.platform/Developer/SDKs/WatchOS27.0.sdk/Developer/Library/Frameworks -c -j10 -enable-batch-mode -incremental -Xcc -ivfsstatcache -Xcc /Users/admin/builder/spi-builder-workspace/.derivedData/SDKStatCaches.noindex/watchos27.0-24R360-e829b21a6f8c9b70876ba0858053c04477534ef55a1706bf4c1112bbb242f0a2.sdkstatcache -output-file-map /Users/admin/builder/spi-builder-workspace/.derivedData/Build/Intermediates.noindex/WWNetworking.build/Debug-watchos/WWNetworking-t.build/Objects-normal/arm64_32/WWNetworking-OutputFileMap.json -save-temps -no-color-diagnostics -explicit-module-build -module-cache-path /Users/admin/builder/spi-builder-workspace/.derivedData/Build/Intermediates.noindex/SwiftExplicitPrecompiledModules -clang-scanner-module-cache-path /Users/admin/builder/spi-builder-workspace/.derivedData/ModuleCache.noindex -sdk-module-cache-path /Users/admin/builder/spi-builder-workspace/.derivedData/SDKExplicitPrecompiledModules -emit-dependencies -emit-module -emit-module-path /Users/admin/builder/spi-builder-workspace/.derivedData/Build/Intermediates.noindex/WWNetworking.build/Debug-watchos/WWNetworking-t.build/Objects-normal/arm64_32/WWNetworking.swiftmodule -serialize-diagnostics -dependency-scan-serialize-diagnostics-path /Users/admin/builder/spi-builder-workspace/.derivedData/Build/Intermediates.noindex/WWNetworking.build/Debug-watchos/WWNetworking-t.build/Objects-normal/arm64_32/WWNetworking-dependency-scan.dia -validate-clang-modules-once -clang-build-session-file /Users/admin/builder/spi-builder-workspace/.derivedData/ModuleCache.noindex/Session.modulevalidation -Xcc -fmodules-prune-interval\=86400 -Xcc -fmodules-prune-after\=345600 -emit-const-values -const-gather-protocols-list /Users/admin/builder/spi-builder-workspace/.derivedData/Build/Intermediates.noindex/WWNetworking.build/Debug-watchos/WWNetworking-t.build/Objects-normal/arm64_32/WWNetworking_const_extract_protocols.json -Xcc -I/Users/admin/builder/spi-builder-workspace/.derivedData/Build/Products/Debug-watchos/include -Xcc -I/Users/admin/builder/spi-builder-workspace/.derivedData/Build/Intermediates.noindex/WWNetworking.build/Debug-watchos/WWNetworking-t.build/DerivedSources-normal/arm64_32 -Xcc -I/Users/admin/builder/spi-builder-workspace/.derivedData/Build/Intermediates.noindex/WWNetworking.build/Debug-watchos/WWNetworking-t.build/DerivedSources/arm64_32 -Xcc -I/Users/admin/builder/spi-builder-workspace/.derivedData/Build/Intermediates.noindex/WWNetworking.build/Debug-watchos/WWNetworking-t.build/DerivedSources -Xcc -DSWIFT_PACKAGE -Xcc -DDEBUG\=1 -emit-objc-header -emit-objc-header-path /Users/admin/builder/spi-builder-workspace/.derivedData/Build/Intermediates.noindex/WWNetworking.build/Debug-watchos/WWNetworking-t.build/Objects-normal/arm64_32/WWNetworking-Swift.h -working-directory /Users/admin/builder/spi-builder-workspace/.swiftpm/xcode -experimental-emit-module-separately -disable-cmo
SwiftDriver WWNetworking normal arm64 com.apple.xcode.tools.swift.compiler (in target 'WWNetworking' from project 'WWNetworking')
    cd /Users/admin/builder/spi-builder-workspace/.swiftpm/xcode
    builtin-SwiftDriver -- /Applications/Xcode-27.0.0-Release.Candidate.app/Contents/Developer/Toolchains/XcodeDefault.xctoolchain/usr/bin/swiftc -parse-as-library -module-name WWNetworking -Onone @/Users/admin/builder/spi-builder-workspace/.derivedData/Build/Intermediates.noindex/WWNetworking.build/Debug-watchos/WWNetworking-t.build/Objects-normal/arm64/WWNetworking.SwiftFileList -DSWIFT_PACKAGE -DDEBUG -DSWIFT_MODULE_RESOURCE_BUNDLE_AVAILABLE -DXcode -plugin-path /Applications/Xcode-27.0.0-Release.Candidate.app/Contents/Developer/Toolchains/XcodeDefault.xctoolchain/usr/lib/swift/host/plugins/testing -enable-experimental-feature DebugDescriptionMacro -sdk /Applications/Xcode-27.0.0-Release.Candidate.app/Contents/Developer/Platforms/WatchOS.platform/Developer/SDKs/WatchOS27.0.sdk -target arm64-apple-watchos9.0 -g -module-cache-path /Users/admin/builder/spi-builder-workspace/.derivedData/ModuleCache.noindex -Xfrontend -serialize-debugging-options -enable-testing -suppress-warnings -index-store-path /Users/admin/builder/spi-builder-workspace/.derivedData/Index.noindex/DataStore -Xcc -D_LIBCPP_HARDENING_MODE\=_LIBCPP_HARDENING_MODE_DEBUG -swift-version 5 -I /Users/admin/builder/spi-builder-workspace/.derivedData/Build/Products/Debug-watchos -Isystem /Applications/Xcode-27.0.0-Release.Candidate.app/Contents/Developer/Platforms/WatchOS.platform/Developer/usr/lib -F /Users/admin/builder/spi-builder-workspace/.derivedData/Build/Products/Debug-watchos -F /Applications/Xcode-27.0.0-Release.Candidate.app/Contents/Developer/Platforms/WatchOS.platform/Developer/Library/Frameworks -F /Applications/Xcode-27.0.0-Release.Candidate.app/Contents/Developer/Platforms/WatchOS.platform/Developer/SDKs/WatchOS27.0.sdk/Developer/Library/Frameworks -c -j10 -enable-batch-mode -incremental -Xcc -ivfsstatcache -Xcc /Users/admin/builder/spi-builder-workspace/.derivedData/SDKStatCaches.noindex/watchos27.0-24R360-e829b21a6f8c9b70876ba0858053c04477534ef55a1706bf4c1112bbb242f0a2.sdkstatcache -output-file-map /Users/admin/builder/spi-builder-workspace/.derivedData/Build/Intermediates.noindex/WWNetworking.build/Debug-watchos/WWNetworking-t.build/Objects-normal/arm64/WWNetworking-OutputFileMap.json -save-temps -no-color-diagnostics -explicit-module-build -module-cache-path /Users/admin/builder/spi-builder-workspace/.derivedData/Build/Intermediates.noindex/SwiftExplicitPrecompiledModules -clang-scanner-module-cache-path /Users/admin/builder/spi-builder-workspace/.derivedData/ModuleCache.noindex -sdk-module-cache-path /Users/admin/builder/spi-builder-workspace/.derivedData/SDKExplicitPrecompiledModules -emit-dependencies -emit-module -emit-module-path /Users/admin/builder/spi-builder-workspace/.derivedData/Build/Intermediates.noindex/WWNetworking.build/Debug-watchos/WWNetworking-t.build/Objects-normal/arm64/WWNetworking.swiftmodule -serialize-diagnostics -dependency-scan-serialize-diagnostics-path /Users/admin/builder/spi-builder-workspace/.derivedData/Build/Intermediates.noindex/WWNetworking.build/Debug-watchos/WWNetworking-t.build/Objects-normal/arm64/WWNetworking-dependency-scan.dia -validate-clang-modules-once -clang-build-session-file /Users/admin/builder/spi-builder-workspace/.derivedData/ModuleCache.noindex/Session.modulevalidation -Xcc -fmodules-prune-interval\=86400 -Xcc -fmodules-prune-after\=345600 -emit-const-values -const-gather-protocols-list /Users/admin/builder/spi-builder-workspace/.derivedData/Build/Intermediates.noindex/WWNetworking.build/Debug-watchos/WWNetworking-t.build/Objects-normal/arm64/WWNetworking_const_extract_protocols.json -Xcc -I/Users/admin/builder/spi-builder-workspace/.derivedData/Build/Products/Debug-watchos/include -Xcc -I/Users/admin/builder/spi-builder-workspace/.derivedData/Build/Intermediates.noindex/WWNetworking.build/Debug-watchos/WWNetworking-t.build/DerivedSources-normal/arm64 -Xcc -I/Users/admin/builder/spi-builder-workspace/.derivedData/Build/Intermediates.noindex/WWNetworking.build/Debug-watchos/WWNetworking-t.build/DerivedSources/arm64 -Xcc -I/Users/admin/builder/spi-builder-workspace/.derivedData/Build/Intermediates.noindex/WWNetworking.build/Debug-watchos/WWNetworking-t.build/DerivedSources -Xcc -DSWIFT_PACKAGE -Xcc -DDEBUG\=1 -emit-objc-header -emit-objc-header-path /Users/admin/builder/spi-builder-workspace/.derivedData/Build/Intermediates.noindex/WWNetworking.build/Debug-watchos/WWNetworking-t.build/Objects-normal/arm64/WWNetworking-Swift.h -working-directory /Users/admin/builder/spi-builder-workspace/.swiftpm/xcode -experimental-emit-module-separately -disable-cmo
SwiftDriver WWJavaScriptContext normal arm64 com.apple.xcode.tools.swift.compiler (in target 'WWJavaScriptContext' from project 'WWJavaScriptContext')
    cd /Users/admin/builder/spi-builder-workspace/.swiftpm/xcode
    builtin-SwiftDriver -- /Applications/Xcode-27.0.0-Release.Candidate.app/Contents/Developer/Toolchains/XcodeDefault.xctoolchain/usr/bin/swiftc -parse-as-library -module-name WWJavaScriptContext -Onone @/Users/admin/builder/spi-builder-workspace/.derivedData/Build/Intermediates.noindex/WWJavaScriptContext.build/Debug-watchos/WWJavaScriptContext-t.build/Objects-normal/arm64/WWJavaScriptContext.SwiftFileList -DSWIFT_PACKAGE -DDEBUG -DSWIFT_MODULE_RESOURCE_BUNDLE_AVAILABLE -DXcode -plugin-path /Applications/Xcode-27.0.0-Release.Candidate.app/Contents/Developer/Toolchains/XcodeDefault.xctoolchain/usr/lib/swift/host/plugins/testing -enable-experimental-feature DebugDescriptionMacro -sdk /Applications/Xcode-27.0.0-Release.Candidate.app/Contents/Developer/Platforms/WatchOS.platform/Developer/SDKs/WatchOS27.0.sdk -target arm64-apple-watchos9.0 -g -module-cache-path /Users/admin/builder/spi-builder-workspace/.derivedData/ModuleCache.noindex -Xfrontend -serialize-debugging-options -enable-testing -suppress-warnings -index-store-path /Users/admin/builder/spi-builder-workspace/.derivedData/Index.noindex/DataStore -Xcc -D_LIBCPP_HARDENING_MODE\=_LIBCPP_HARDENING_MODE_DEBUG -swift-version 5 -I /Users/admin/builder/spi-builder-workspace/.derivedData/Build/Products/Debug-watchos -Isystem /Applications/Xcode-27.0.0-Release.Candidate.app/Contents/Developer/Platforms/WatchOS.platform/Developer/usr/lib -F /Users/admin/builder/spi-builder-workspace/.derivedData/Build/Products/Debug-watchos -F /Applications/Xcode-27.0.0-Release.Candidate.app/Contents/Developer/Platforms/WatchOS.platform/Developer/Library/Frameworks -F /Applications/Xcode-27.0.0-Release.Candidate.app/Contents/Developer/Platforms/WatchOS.platform/Developer/SDKs/WatchOS27.0.sdk/Developer/Library/Frameworks -c -j10 -enable-batch-mode -incremental -Xcc -ivfsstatcache -Xcc /Users/admin/builder/spi-builder-workspace/.derivedData/SDKStatCaches.noindex/watchos27.0-24R360-e829b21a6f8c9b70876ba0858053c04477534ef55a1706bf4c1112bbb242f0a2.sdkstatcache -output-file-map /Users/admin/builder/spi-builder-workspace/.derivedData/Build/Intermediates.noindex/WWJavaScriptContext.build/Debug-watchos/WWJavaScriptContext-t.build/Objects-normal/arm64/WWJavaScriptContext-OutputFileMap.json -save-temps -no-color-diagnostics -explicit-module-build -module-cache-path /Users/admin/builder/spi-builder-workspace/.derivedData/Build/Intermediates.noindex/SwiftExplicitPrecompiledModules -clang-scanner-module-cache-path /Users/admin/builder/spi-builder-workspace/.derivedData/ModuleCache.noindex -sdk-module-cache-path /Users/admin/builder/spi-builder-workspace/.derivedData/SDKExplicitPrecompiledModules -emit-dependencies -emit-module -emit-module-path /Users/admin/builder/spi-builder-workspace/.derivedData/Build/Intermediates.noindex/WWJavaScriptContext.build/Debug-watchos/WWJavaScriptContext-t.build/Objects-normal/arm64/WWJavaScriptContext.swiftmodule -serialize-diagnostics -dependency-scan-serialize-diagnostics-path /Users/admin/builder/spi-builder-workspace/.derivedData/Build/Intermediates.noindex/WWJavaScriptContext.build/Debug-watchos/WWJavaScriptContext-t.build/Objects-normal/arm64/WWJavaScriptContext-dependency-scan.dia -validate-clang-modules-once -clang-build-session-file /Users/admin/builder/spi-builder-workspace/.derivedData/ModuleCache.noindex/Session.modulevalidation -Xcc -fmodules-prune-interval\=86400 -Xcc -fmodules-prune-after\=345600 -emit-const-values -const-gather-protocols-list /Users/admin/builder/spi-builder-workspace/.derivedData/Build/Intermediates.noindex/WWJavaScriptContext.build/Debug-watchos/WWJavaScriptContext-t.build/Objects-normal/arm64/WWJavaScriptContext_const_extract_protocols.json -Xcc -I/Users/admin/builder/spi-builder-workspace/.derivedData/Build/Products/Debug-watchos/include -Xcc -I/Users/admin/builder/spi-builder-workspace/.derivedData/Build/Intermediates.noindex/WWJavaScriptContext.build/Debug-watchos/WWJavaScriptContext-t.build/DerivedSources-normal/arm64 -Xcc -I/Users/admin/builder/spi-builder-workspace/.derivedData/Build/Intermediates.noindex/WWJavaScriptContext.build/Debug-watchos/WWJavaScriptContext-t.build/DerivedSources/arm64 -Xcc -I/Users/admin/builder/spi-builder-workspace/.derivedData/Build/Intermediates.noindex/WWJavaScriptContext.build/Debug-watchos/WWJavaScriptContext-t.build/DerivedSources -Xcc -DSWIFT_PACKAGE -Xcc -DDEBUG\=1 -emit-objc-header -emit-objc-header-path /Users/admin/builder/spi-builder-workspace/.derivedData/Build/Intermediates.noindex/WWJavaScriptContext.build/Debug-watchos/WWJavaScriptContext-t.build/Objects-normal/arm64/WWJavaScriptContext-Swift.h -working-directory /Users/admin/builder/spi-builder-workspace/.swiftpm/xcode -experimental-emit-module-separately -disable-cmo
/Users/admin/builder/spi-builder-workspace/.dependencies/checkouts/WWJavaScriptContext/Sources/WWJavaScriptContext/JavaScriptContext.swift:9:8: error: Unable to resolve module dependency: 'JavaScriptCore' (in target 'WWJavaScriptContext' from project 'WWJavaScriptContext')
    note: A dependency of main module 'WWJavaScriptContext'
/Users/admin/builder/spi-builder-workspace/.dependencies/checkouts/WWJavaScriptContext/Sources/WWJavaScriptContext/JavaScriptContext.swift:9:8: note: A dependency of main module 'WWJavaScriptContext'
import JavaScriptCore
       ^ (in target 'WWJavaScriptContext' from project 'WWJavaScriptContext')
SwiftDriver WWJavaScriptContext normal arm64_32 com.apple.xcode.tools.swift.compiler (in target 'WWJavaScriptContext' from project 'WWJavaScriptContext')
    cd /Users/admin/builder/spi-builder-workspace/.swiftpm/xcode
    builtin-SwiftDriver -- /Applications/Xcode-27.0.0-Release.Candidate.app/Contents/Developer/Toolchains/XcodeDefault.xctoolchain/usr/bin/swiftc -parse-as-library -module-name WWJavaScriptContext -Onone @/Users/admin/builder/spi-builder-workspace/.derivedData/Build/Intermediates.noindex/WWJavaScriptContext.build/Debug-watchos/WWJavaScriptContext-t.build/Objects-normal/arm64_32/WWJavaScriptContext.SwiftFileList -DSWIFT_PACKAGE -DDEBUG -DSWIFT_MODULE_RESOURCE_BUNDLE_AVAILABLE -DXcode -plugin-path /Applications/Xcode-27.0.0-Release.Candidate.app/Contents/Developer/Toolchains/XcodeDefault.xctoolchain/usr/lib/swift/host/plugins/testing -enable-experimental-feature DebugDescriptionMacro -sdk /Applications/Xcode-27.0.0-Release.Candidate.app/Contents/Developer/Platforms/WatchOS.platform/Developer/SDKs/WatchOS27.0.sdk -target arm64_32-apple-watchos9.0 -g -module-cache-path /Users/admin/builder/spi-builder-workspace/.derivedData/ModuleCache.noindex -Xfrontend -serialize-debugging-options -enable-testing -suppress-warnings -index-store-path /Users/admin/builder/spi-builder-workspace/.derivedData/Index.noindex/DataStore -Xcc -D_LIBCPP_HARDENING_MODE\=_LIBCPP_HARDENING_MODE_DEBUG -swift-version 5 -I /Users/admin/builder/spi-builder-workspace/.derivedData/Build/Products/Debug-watchos -Isystem /Applications/Xcode-27.0.0-Release.Candidate.app/Contents/Developer/Platforms/WatchOS.platform/Developer/usr/lib -F /Users/admin/builder/spi-builder-workspace/.derivedData/Build/Products/Debug-watchos -F /Applications/Xcode-27.0.0-Release.Candidate.app/Contents/Developer/Platforms/WatchOS.platform/Developer/Library/Frameworks -F /Applications/Xcode-27.0.0-Release.Candidate.app/Contents/Developer/Platforms/WatchOS.platform/Developer/SDKs/WatchOS27.0.sdk/Developer/Library/Frameworks -c -j10 -enable-batch-mode -incremental -Xcc -ivfsstatcache -Xcc /Users/admin/builder/spi-builder-workspace/.derivedData/SDKStatCaches.noindex/watchos27.0-24R360-e829b21a6f8c9b70876ba0858053c04477534ef55a1706bf4c1112bbb242f0a2.sdkstatcache -output-file-map /Users/admin/builder/spi-builder-workspace/.derivedData/Build/Intermediates.noindex/WWJavaScriptContext.build/Debug-watchos/WWJavaScriptContext-t.build/Objects-normal/arm64_32/WWJavaScriptContext-OutputFileMap.json -save-temps -no-color-diagnostics -explicit-module-build -module-cache-path /Users/admin/builder/spi-builder-workspace/.derivedData/Build/Intermediates.noindex/SwiftExplicitPrecompiledModules -clang-scanner-module-cache-path /Users/admin/builder/spi-builder-workspace/.derivedData/ModuleCache.noindex -sdk-module-cache-path /Users/admin/builder/spi-builder-workspace/.derivedData/SDKExplicitPrecompiledModules -emit-dependencies -emit-module -emit-module-path /Users/admin/builder/spi-builder-workspace/.derivedData/Build/Intermediates.noindex/WWJavaScriptContext.build/Debug-watchos/WWJavaScriptContext-t.build/Objects-normal/arm64_32/WWJavaScriptContext.swiftmodule -serialize-diagnostics -dependency-scan-serialize-diagnostics-path /Users/admin/builder/spi-builder-workspace/.derivedData/Build/Intermediates.noindex/WWJavaScriptContext.build/Debug-watchos/WWJavaScriptContext-t.build/Objects-normal/arm64_32/WWJavaScriptContext-dependency-scan.dia -validate-clang-modules-once -clang-build-session-file /Users/admin/builder/spi-builder-workspace/.derivedData/ModuleCache.noindex/Session.modulevalidation -Xcc -fmodules-prune-interval\=86400 -Xcc -fmodules-prune-after\=345600 -emit-const-values -const-gather-protocols-list /Users/admin/builder/spi-builder-workspace/.derivedData/Build/Intermediates.noindex/WWJavaScriptContext.build/Debug-watchos/WWJavaScriptContext-t.build/Objects-normal/arm64_32/WWJavaScriptContext_const_extract_protocols.json -Xcc -I/Users/admin/builder/spi-builder-workspace/.derivedData/Build/Products/Debug-watchos/include -Xcc -I/Users/admin/builder/spi-builder-workspace/.derivedData/Build/Intermediates.noindex/WWJavaScriptContext.build/Debug-watchos/WWJavaScriptContext-t.build/DerivedSources-normal/arm64_32 -Xcc -I/Users/admin/builder/spi-builder-workspace/.derivedData/Build/Intermediates.noindex/WWJavaScriptContext.build/Debug-watchos/WWJavaScriptContext-t.build/DerivedSources/arm64_32 -Xcc -I/Users/admin/builder/spi-builder-workspace/.derivedData/Build/Intermediates.noindex/WWJavaScriptContext.build/Debug-watchos/WWJavaScriptContext-t.build/DerivedSources -Xcc -DSWIFT_PACKAGE -Xcc -DDEBUG\=1 -emit-objc-header -emit-objc-header-path /Users/admin/builder/spi-builder-workspace/.derivedData/Build/Intermediates.noindex/WWJavaScriptContext.build/Debug-watchos/WWJavaScriptContext-t.build/Objects-normal/arm64_32/WWJavaScriptContext-Swift.h -working-directory /Users/admin/builder/spi-builder-workspace/.swiftpm/xcode -experimental-emit-module-separately -disable-cmo
/Users/admin/builder/spi-builder-workspace/.dependencies/checkouts/WWJavaScriptContext/Sources/WWJavaScriptContext/JavaScriptContext.swift:9:8: error: Unable to resolve module dependency: 'JavaScriptCore' (in target 'WWJavaScriptContext' from project 'WWJavaScriptContext')
    note: A dependency of main module 'WWJavaScriptContext'
/Users/admin/builder/spi-builder-workspace/.dependencies/checkouts/WWJavaScriptContext/Sources/WWJavaScriptContext/JavaScriptContext.swift:9:8: note: A dependency of main module 'WWJavaScriptContext'
import JavaScriptCore
       ^ (in target 'WWJavaScriptContext' from project 'WWJavaScriptContext')
PruneExplicitPrecompiledModules /Users/admin/builder/spi-builder-workspace/.derivedData/SDKExplicitPrecompiledModules
PruneExplicitPrecompiledModules /Users/admin/builder/spi-builder-workspace/.derivedData/Build/Intermediates.noindex/ExplicitPrecompiledModules
PruneExplicitPrecompiledModules /Users/admin/builder/spi-builder-workspace/.derivedData/Build/Intermediates.noindex/SwiftExplicitPrecompiledModules
2026-09-21 21:17:54.306 xcodebuild[770:5053] [MT] IDERunDestination: Supported platforms for the buildables in the current scheme is empty.
** BUILD FAILED **
The following build commands failed:
	SwiftDriver WWJavaScriptContext normal arm64 com.apple.xcode.tools.swift.compiler (in target 'WWJavaScriptContext' from project 'WWJavaScriptContext')
	SwiftDriver WWJavaScriptContext normal arm64_32 com.apple.xcode.tools.swift.compiler (in target 'WWJavaScriptContext' from project 'WWJavaScriptContext')
	Building workspace WWJavaScriptContext_Thumbnail with scheme WWJavaScriptContext_Thumbnail
(3 failures)
BUILD FAILURE 6.4 watchOS