Build Information
Failed to build KaitenSDK, reference 3.0.0 (de3304), with Swift 6.4 for watchOS using Xcode 27.0 on 10 Oct 2026 11:20:07 UTC.
Build Command
env DEVELOPER_DIR=/Applications/Xcode-27.0.0-Release.Candidate.app xcrun xcodebuild -IDEClonedSourcePackagesDirPathOverride=$PWD/.dependencies -skipMacroValidation -skipPackagePluginValidation -derivedDataPath $PWD/.derivedData build -scheme KaitenSDK-Package -destination generic/platform=watchOSBuild Log
1 | // Generated by swift-openapi-generator, do not modify.
2 | @_spi(Generated) public import OpenAPIRuntime
| `- warning: public import of 'OpenAPIRuntime' was not used in public declarations or inlinable code [#UnusedImportAccess]
3 | #if os(Linux)
4 | @preconcurrency public import struct Foundation.URL
/Users/admin/builder/spi-builder-workspace/.derivedData/Build/Intermediates.noindex/BuildToolPluginIntermediates/spi-builder-workspace.output/KaitenSDK/OpenAPIGenerator/GeneratedSources/Types+Components+Headers.swift:8:8: warning: public import of 'Foundation' was not used in public declarations or inlinable code [#UnusedImportAccess]
6 | @preconcurrency public import struct Foundation.Date
7 | #else
8 | public import struct Foundation.URL
| `- warning: public import of 'Foundation' was not used in public declarations or inlinable code [#UnusedImportAccess]
9 | public import struct Foundation.Data
10 | public import struct Foundation.Date
/Users/admin/builder/spi-builder-workspace/.derivedData/Build/Intermediates.noindex/BuildToolPluginIntermediates/spi-builder-workspace.output/KaitenSDK/OpenAPIGenerator/GeneratedSources/Types+Components+Headers.swift:9:8: warning: public import of 'Foundation' was not used in public declarations or inlinable code [#UnusedImportAccess]
7 | #else
8 | public import struct Foundation.URL
9 | public import struct Foundation.Data
| `- warning: public import of 'Foundation' was not used in public declarations or inlinable code [#UnusedImportAccess]
10 | public import struct Foundation.Date
11 | #endif
/Users/admin/builder/spi-builder-workspace/.derivedData/Build/Intermediates.noindex/BuildToolPluginIntermediates/spi-builder-workspace.output/KaitenSDK/OpenAPIGenerator/GeneratedSources/Types+Components+Headers.swift:10:8: warning: public import of 'Foundation' was not used in public declarations or inlinable code [#UnusedImportAccess]
8 | public import struct Foundation.URL
9 | public import struct Foundation.Data
10 | public import struct Foundation.Date
| `- warning: public import of 'Foundation' was not used in public declarations or inlinable code [#UnusedImportAccess]
11 | #endif
12 | extension Components {
/Users/admin/builder/spi-builder-workspace/.derivedData/Build/Intermediates.noindex/BuildToolPluginIntermediates/spi-builder-workspace.output/KaitenSDK/OpenAPIGenerator/GeneratedSources/Client.swift:3224:40: warning: 'include_values' is deprecated [#DeprecatedDeclaration]
3222 | explode: true,
3223 | name: "include_values",
3224 | value: input.query.include_values
| `- warning: 'include_values' is deprecated [#DeprecatedDeclaration]
3225 | )
3226 | try converter.setQueryItemAsURI(
/Users/admin/builder/spi-builder-workspace/.derivedData/Build/Intermediates.noindex/BuildToolPluginIntermediates/spi-builder-workspace.output/KaitenSDK/OpenAPIGenerator/GeneratedSources/Client.swift:3642:40: warning: 'v2_select_search' is deprecated [#DeprecatedDeclaration]
3640 | explode: true,
3641 | name: "v2_select_search",
3642 | value: input.query.v2_select_search
| `- warning: 'v2_select_search' is deprecated [#DeprecatedDeclaration]
3643 | )
3644 | try converter.setQueryItemAsURI(
/Users/admin/builder/spi-builder-workspace/.derivedData/Build/Intermediates.noindex/BuildToolPluginIntermediates/spi-builder-workspace.output/KaitenSDK/OpenAPIGenerator/GeneratedSources/Client.swift:7097:40: warning: 'response_type' is deprecated [#DeprecatedDeclaration]
7095 | explode: true,
7096 | name: "response_type",
7097 | value: input.query.response_type
| `- warning: 'response_type' is deprecated [#DeprecatedDeclaration]
7098 | )
7099 | try converter.setQueryItemAsURI(
/Users/admin/builder/spi-builder-workspace/.derivedData/Build/Intermediates.noindex/BuildToolPluginIntermediates/spi-builder-workspace.output/KaitenSDK/OpenAPIGenerator/GeneratedSources/Client.swift:7454:40: warning: 'response_type' is deprecated [#DeprecatedDeclaration]
7452 | explode: true,
7453 | name: "response_type",
7454 | value: input.query.response_type
| `- warning: 'response_type' is deprecated [#DeprecatedDeclaration]
7455 | )
7456 | try converter.setQueryItemAsURI(
SwiftCompile normal arm64 /Users/admin/builder/spi-builder-workspace/.derivedData/Build/Intermediates.noindex/BuildToolPluginIntermediates/spi-builder-workspace.output/KaitenSDK/OpenAPIGenerator/GeneratedSources/Types+Operations.swift (in target 'KaitenSDK' from project 'KaitenSDK')
cd /Users/admin/builder/spi-builder-workspace/.swiftpm/xcode
builtin-SwiftPerFileCompile Types+Operations.swift
SwiftCompile normal arm64 /Users/admin/builder/spi-builder-workspace/.derivedData/Build/Intermediates.noindex/BuildToolPluginIntermediates/spi-builder-workspace.output/KaitenSDK/OpenAPIGenerator/GeneratedSources/Types+Components+Schemas.swift (in target 'KaitenSDK' from project 'KaitenSDK')
cd /Users/admin/builder/spi-builder-workspace/.swiftpm/xcode
builtin-SwiftPerFileCompile Types+Components+Schemas.swift
SwiftCompile normal arm64 /Users/admin/builder/spi-builder-workspace/.derivedData/Build/Intermediates.noindex/BuildToolPluginIntermediates/spi-builder-workspace.output/KaitenSDK/OpenAPIGenerator/GeneratedSources/Types+Components+Parameters.swift (in target 'KaitenSDK' from project 'KaitenSDK')
cd /Users/admin/builder/spi-builder-workspace/.swiftpm/xcode
builtin-SwiftPerFileCompile Types+Components+Parameters.swift
SwiftCompile normal arm64 /Users/admin/builder/spi-builder-workspace/.derivedData/Build/Intermediates.noindex/BuildToolPluginIntermediates/spi-builder-workspace.output/KaitenSDK/OpenAPIGenerator/GeneratedSources/Types+Components+RequestBodies.swift (in target 'KaitenSDK' from project 'KaitenSDK')
cd /Users/admin/builder/spi-builder-workspace/.swiftpm/xcode
builtin-SwiftPerFileCompile Types+Components+RequestBodies.swift
SwiftCompile normal arm64 /Users/admin/builder/spi-builder-workspace/.derivedData/Build/Intermediates.noindex/BuildToolPluginIntermediates/spi-builder-workspace.output/KaitenSDK/OpenAPIGenerator/GeneratedSources/Types+Components+Responses.swift (in target 'KaitenSDK' from project 'KaitenSDK')
cd /Users/admin/builder/spi-builder-workspace/.swiftpm/xcode
builtin-SwiftPerFileCompile Types+Components+Responses.swift
SwiftCompile normal arm64 /Users/admin/builder/spi-builder-workspace/.derivedData/Build/Intermediates.noindex/BuildToolPluginIntermediates/spi-builder-workspace.output/KaitenSDK/OpenAPIGenerator/GeneratedSources/Types+Components+Headers.swift (in target 'KaitenSDK' from project 'KaitenSDK')
cd /Users/admin/builder/spi-builder-workspace/.swiftpm/xcode
builtin-SwiftPerFileCompile Types+Components+Headers.swift
SwiftCompile normal arm64 /Users/admin/builder/spi-builder-workspace/.derivedData/Build/Intermediates.noindex/BuildToolPluginIntermediates/spi-builder-workspace.output/KaitenSDK/OpenAPIGenerator/GeneratedSources/Client.swift (in target 'KaitenSDK' from project 'KaitenSDK')
cd /Users/admin/builder/spi-builder-workspace/.swiftpm/xcode
builtin-SwiftPerFileCompile Client.swift
SwiftCompile normal arm64 /Users/admin/builder/spi-builder-workspace/.derivedData/Build/Intermediates.noindex/BuildToolPluginIntermediates/spi-builder-workspace.output/KaitenSDK/OpenAPIGenerator/GeneratedSources/Server.swift (in target 'KaitenSDK' from project 'KaitenSDK')
cd /Users/admin/builder/spi-builder-workspace/.swiftpm/xcode
builtin-SwiftPerFileCompile Server.swift
SwiftDriverJobDiscovery normal arm64_32 Compiling KaitenClient+Columns.swift, KaitenClient+Comments.swift, KaitenClient+CompanyUsers.swift, KaitenClient+CustomDirectories.swift, KaitenClient+CustomDirectoryFields.swift, KaitenClient+CustomDirectoryRecords.swift, KaitenClient+CustomProperties.swift, KaitenClient+CustomPropertyCatalogValues.swift (in target 'KaitenSDK' from project 'KaitenSDK')
SwiftCompile normal arm64 Compiling\ KaitenClient+AuditLogs.swift,\ KaitenClient+Automations.swift,\ KaitenClient+Blockers.swift,\ KaitenClient+Boards.swift,\ KaitenClient+CardAllowedUsers.swift,\ KaitenClient+CardBlockerCategories.swift,\ KaitenClient+CardBlockerUsers.swift,\ KaitenClient+CardFiles.swift /Users/admin/builder/spi-builder-workspace/Sources/KaitenSDK/KaitenClient+AuditLogs.swift /Users/admin/builder/spi-builder-workspace/Sources/KaitenSDK/KaitenClient+Automations.swift /Users/admin/builder/spi-builder-workspace/Sources/KaitenSDK/KaitenClient+Blockers.swift /Users/admin/builder/spi-builder-workspace/Sources/KaitenSDK/KaitenClient+Boards.swift /Users/admin/builder/spi-builder-workspace/Sources/KaitenSDK/KaitenClient+CardAllowedUsers.swift /Users/admin/builder/spi-builder-workspace/Sources/KaitenSDK/KaitenClient+CardBlockerCategories.swift /Users/admin/builder/spi-builder-workspace/Sources/KaitenSDK/KaitenClient+CardBlockerUsers.swift /Users/admin/builder/spi-builder-workspace/Sources/KaitenSDK/KaitenClient+CardFiles.swift (in target 'KaitenSDK' from project 'KaitenSDK')
SwiftCompile normal arm64 /Users/admin/builder/spi-builder-workspace/Sources/KaitenSDK/KaitenClient+AuditLogs.swift (in target 'KaitenSDK' from project 'KaitenSDK')
cd /Users/admin/builder/spi-builder-workspace/.swiftpm/xcode
builtin-SwiftPerFileCompile KaitenClient+AuditLogs.swift
SwiftCompile normal arm64 /Users/admin/builder/spi-builder-workspace/Sources/KaitenSDK/KaitenClient+Automations.swift (in target 'KaitenSDK' from project 'KaitenSDK')
cd /Users/admin/builder/spi-builder-workspace/.swiftpm/xcode
builtin-SwiftPerFileCompile KaitenClient+Automations.swift
SwiftCompile normal arm64 /Users/admin/builder/spi-builder-workspace/Sources/KaitenSDK/KaitenClient+Blockers.swift (in target 'KaitenSDK' from project 'KaitenSDK')
cd /Users/admin/builder/spi-builder-workspace/.swiftpm/xcode
builtin-SwiftPerFileCompile KaitenClient+Blockers.swift
SwiftCompile normal arm64 /Users/admin/builder/spi-builder-workspace/Sources/KaitenSDK/KaitenClient+Boards.swift (in target 'KaitenSDK' from project 'KaitenSDK')
cd /Users/admin/builder/spi-builder-workspace/.swiftpm/xcode
builtin-SwiftPerFileCompile KaitenClient+Boards.swift
SwiftCompile normal arm64 /Users/admin/builder/spi-builder-workspace/Sources/KaitenSDK/KaitenClient+CardAllowedUsers.swift (in target 'KaitenSDK' from project 'KaitenSDK')
cd /Users/admin/builder/spi-builder-workspace/.swiftpm/xcode
builtin-SwiftPerFileCompile KaitenClient+CardAllowedUsers.swift
SwiftCompile normal arm64 /Users/admin/builder/spi-builder-workspace/Sources/KaitenSDK/KaitenClient+CardBlockerCategories.swift (in target 'KaitenSDK' from project 'KaitenSDK')
cd /Users/admin/builder/spi-builder-workspace/.swiftpm/xcode
builtin-SwiftPerFileCompile KaitenClient+CardBlockerCategories.swift
SwiftCompile normal arm64 /Users/admin/builder/spi-builder-workspace/Sources/KaitenSDK/KaitenClient+CardBlockerUsers.swift (in target 'KaitenSDK' from project 'KaitenSDK')
cd /Users/admin/builder/spi-builder-workspace/.swiftpm/xcode
builtin-SwiftPerFileCompile KaitenClient+CardBlockerUsers.swift
SwiftCompile normal arm64 /Users/admin/builder/spi-builder-workspace/Sources/KaitenSDK/KaitenClient+CardFiles.swift (in target 'KaitenSDK' from project 'KaitenSDK')
cd /Users/admin/builder/spi-builder-workspace/.swiftpm/xcode
builtin-SwiftPerFileCompile KaitenClient+CardFiles.swift
SwiftDriverJobDiscovery normal arm64_32 Compiling AuthenticationMiddleware.swift, CardFilter.swift, CardOptions.swift, Enums.swift, ExplicitNullFieldsMiddleware.swift, ExplicitNullInteger.swift, ExplicitNullNumber.swift, ExplicitNullString.swift (in target 'KaitenSDK' from project 'KaitenSDK')
SwiftCompile normal arm64 Compiling\ KaitenClient+CardServiceDeskExternalRecipients.swift,\ KaitenClient+CardSla.swift,\ KaitenClient+CardTimeLogs.swift,\ KaitenClient+CardTypeTreeEntities.swift,\ KaitenClient+CardTypes.swift,\ KaitenClient+Cards.swift,\ KaitenClient+ChecklistItems.swift,\ KaitenClient+Checklists.swift /Users/admin/builder/spi-builder-workspace/Sources/KaitenSDK/KaitenClient+CardServiceDeskExternalRecipients.swift /Users/admin/builder/spi-builder-workspace/Sources/KaitenSDK/KaitenClient+CardSla.swift /Users/admin/builder/spi-builder-workspace/Sources/KaitenSDK/KaitenClient+CardTimeLogs.swift /Users/admin/builder/spi-builder-workspace/Sources/KaitenSDK/KaitenClient+CardTypeTreeEntities.swift /Users/admin/builder/spi-builder-workspace/Sources/KaitenSDK/KaitenClient+CardTypes.swift /Users/admin/builder/spi-builder-workspace/Sources/KaitenSDK/KaitenClient+Cards.swift /Users/admin/builder/spi-builder-workspace/Sources/KaitenSDK/KaitenClient+ChecklistItems.swift /Users/admin/builder/spi-builder-workspace/Sources/KaitenSDK/KaitenClient+Checklists.swift (in target 'KaitenSDK' from project 'KaitenSDK')
SwiftCompile normal arm64 /Users/admin/builder/spi-builder-workspace/Sources/KaitenSDK/KaitenClient+CardServiceDeskExternalRecipients.swift (in target 'KaitenSDK' from project 'KaitenSDK')
cd /Users/admin/builder/spi-builder-workspace/.swiftpm/xcode
builtin-SwiftPerFileCompile KaitenClient+CardServiceDeskExternalRecipients.swift
SwiftCompile normal arm64 /Users/admin/builder/spi-builder-workspace/Sources/KaitenSDK/KaitenClient+CardSla.swift (in target 'KaitenSDK' from project 'KaitenSDK')
cd /Users/admin/builder/spi-builder-workspace/.swiftpm/xcode
builtin-SwiftPerFileCompile KaitenClient+CardSla.swift
SwiftCompile normal arm64 /Users/admin/builder/spi-builder-workspace/Sources/KaitenSDK/KaitenClient+CardTimeLogs.swift (in target 'KaitenSDK' from project 'KaitenSDK')
cd /Users/admin/builder/spi-builder-workspace/.swiftpm/xcode
builtin-SwiftPerFileCompile KaitenClient+CardTimeLogs.swift
SwiftCompile normal arm64 /Users/admin/builder/spi-builder-workspace/Sources/KaitenSDK/KaitenClient+CardTypeTreeEntities.swift (in target 'KaitenSDK' from project 'KaitenSDK')
cd /Users/admin/builder/spi-builder-workspace/.swiftpm/xcode
builtin-SwiftPerFileCompile KaitenClient+CardTypeTreeEntities.swift
SwiftCompile normal arm64 /Users/admin/builder/spi-builder-workspace/Sources/KaitenSDK/KaitenClient+CardTypes.swift (in target 'KaitenSDK' from project 'KaitenSDK')
cd /Users/admin/builder/spi-builder-workspace/.swiftpm/xcode
builtin-SwiftPerFileCompile KaitenClient+CardTypes.swift
SwiftCompile normal arm64 /Users/admin/builder/spi-builder-workspace/Sources/KaitenSDK/KaitenClient+Cards.swift (in target 'KaitenSDK' from project 'KaitenSDK')
cd /Users/admin/builder/spi-builder-workspace/.swiftpm/xcode
builtin-SwiftPerFileCompile KaitenClient+Cards.swift
SwiftCompile normal arm64 /Users/admin/builder/spi-builder-workspace/Sources/KaitenSDK/KaitenClient+ChecklistItems.swift (in target 'KaitenSDK' from project 'KaitenSDK')
cd /Users/admin/builder/spi-builder-workspace/.swiftpm/xcode
builtin-SwiftPerFileCompile KaitenClient+ChecklistItems.swift
SwiftCompile normal arm64 /Users/admin/builder/spi-builder-workspace/Sources/KaitenSDK/KaitenClient+Checklists.swift (in target 'KaitenSDK' from project 'KaitenSDK')
cd /Users/admin/builder/spi-builder-workspace/.swiftpm/xcode
builtin-SwiftPerFileCompile KaitenClient+Checklists.swift
SwiftDriverJobDiscovery normal arm64 Compiling KaitenClient+PrivateCommentFiles.swift, KaitenClient+PrivateCustomPropertyFiles.swift, KaitenClient+ServiceDeskServices.swift, KaitenClient+SpaceBoards.swift, KaitenClient+SpaceTemplateChecklist.swift, KaitenClient+SpaceTemplateChecklistItems.swift, KaitenClient+SpaceUsers.swift, KaitenClient+Spaces.swift (in target 'KaitenSDK' from project 'KaitenSDK')
SwiftCompile normal arm64 Compiling\ KaitenClient+Columns.swift,\ KaitenClient+Comments.swift,\ KaitenClient+CompanyUsers.swift,\ KaitenClient+CustomDirectories.swift,\ KaitenClient+CustomDirectoryFields.swift,\ KaitenClient+CustomDirectoryRecords.swift,\ KaitenClient+CustomProperties.swift,\ KaitenClient+CustomPropertyCatalogValues.swift /Users/admin/builder/spi-builder-workspace/Sources/KaitenSDK/KaitenClient+Columns.swift /Users/admin/builder/spi-builder-workspace/Sources/KaitenSDK/KaitenClient+Comments.swift /Users/admin/builder/spi-builder-workspace/Sources/KaitenSDK/KaitenClient+CompanyUsers.swift /Users/admin/builder/spi-builder-workspace/Sources/KaitenSDK/KaitenClient+CustomDirectories.swift /Users/admin/builder/spi-builder-workspace/Sources/KaitenSDK/KaitenClient+CustomDirectoryFields.swift /Users/admin/builder/spi-builder-workspace/Sources/KaitenSDK/KaitenClient+CustomDirectoryRecords.swift /Users/admin/builder/spi-builder-workspace/Sources/KaitenSDK/KaitenClient+CustomProperties.swift /Users/admin/builder/spi-builder-workspace/Sources/KaitenSDK/KaitenClient+CustomPropertyCatalogValues.swift (in target 'KaitenSDK' from project 'KaitenSDK')
SwiftCompile normal arm64 /Users/admin/builder/spi-builder-workspace/Sources/KaitenSDK/KaitenClient+Columns.swift (in target 'KaitenSDK' from project 'KaitenSDK')
cd /Users/admin/builder/spi-builder-workspace/.swiftpm/xcode
builtin-SwiftPerFileCompile KaitenClient+Columns.swift
SwiftCompile normal arm64 /Users/admin/builder/spi-builder-workspace/Sources/KaitenSDK/KaitenClient+Comments.swift (in target 'KaitenSDK' from project 'KaitenSDK')
cd /Users/admin/builder/spi-builder-workspace/.swiftpm/xcode
builtin-SwiftPerFileCompile KaitenClient+Comments.swift
SwiftCompile normal arm64 /Users/admin/builder/spi-builder-workspace/Sources/KaitenSDK/KaitenClient+CompanyUsers.swift (in target 'KaitenSDK' from project 'KaitenSDK')
cd /Users/admin/builder/spi-builder-workspace/.swiftpm/xcode
builtin-SwiftPerFileCompile KaitenClient+CompanyUsers.swift
SwiftCompile normal arm64 /Users/admin/builder/spi-builder-workspace/Sources/KaitenSDK/KaitenClient+CustomDirectories.swift (in target 'KaitenSDK' from project 'KaitenSDK')
cd /Users/admin/builder/spi-builder-workspace/.swiftpm/xcode
builtin-SwiftPerFileCompile KaitenClient+CustomDirectories.swift
SwiftCompile normal arm64 /Users/admin/builder/spi-builder-workspace/Sources/KaitenSDK/KaitenClient+CustomDirectoryFields.swift (in target 'KaitenSDK' from project 'KaitenSDK')
cd /Users/admin/builder/spi-builder-workspace/.swiftpm/xcode
builtin-SwiftPerFileCompile KaitenClient+CustomDirectoryFields.swift
SwiftCompile normal arm64 /Users/admin/builder/spi-builder-workspace/Sources/KaitenSDK/KaitenClient+CustomDirectoryRecords.swift (in target 'KaitenSDK' from project 'KaitenSDK')
cd /Users/admin/builder/spi-builder-workspace/.swiftpm/xcode
builtin-SwiftPerFileCompile KaitenClient+CustomDirectoryRecords.swift
SwiftCompile normal arm64 /Users/admin/builder/spi-builder-workspace/Sources/KaitenSDK/KaitenClient+CustomProperties.swift (in target 'KaitenSDK' from project 'KaitenSDK')
cd /Users/admin/builder/spi-builder-workspace/.swiftpm/xcode
builtin-SwiftPerFileCompile KaitenClient+CustomProperties.swift
SwiftCompile normal arm64 /Users/admin/builder/spi-builder-workspace/Sources/KaitenSDK/KaitenClient+CustomPropertyCatalogValues.swift (in target 'KaitenSDK' from project 'KaitenSDK')
cd /Users/admin/builder/spi-builder-workspace/.swiftpm/xcode
builtin-SwiftPerFileCompile KaitenClient+CustomPropertyCatalogValues.swift
SwiftDriverJobDiscovery normal arm64 Compiling KaitenClient+Sprints.swift, KaitenClient+Tags.swift, KaitenClient+Timesheet.swift, KaitenClient+TreeEntities.swift, KaitenClient+TreeEntityRoles.swift, KaitenClient+UserRoles.swift, KaitenClient+Users.swift, KaitenClient.swift (in target 'KaitenSDK' from project 'KaitenSDK')
SwiftCompile normal arm64 Compiling\ KaitenClient+GroupAdmins.swift,\ KaitenClient+GroupEntities.swift,\ KaitenClient+GroupUsers.swift,\ KaitenClient+Groups.swift,\ KaitenClient+Iterations.swift,\ KaitenClient+Lanes.swift,\ KaitenClient+Members.swift,\ KaitenClient+PrivateCardFiles.swift /Users/admin/builder/spi-builder-workspace/Sources/KaitenSDK/KaitenClient+GroupAdmins.swift /Users/admin/builder/spi-builder-workspace/Sources/KaitenSDK/KaitenClient+GroupEntities.swift /Users/admin/builder/spi-builder-workspace/Sources/KaitenSDK/KaitenClient+GroupUsers.swift /Users/admin/builder/spi-builder-workspace/Sources/KaitenSDK/KaitenClient+Groups.swift /Users/admin/builder/spi-builder-workspace/Sources/KaitenSDK/KaitenClient+Iterations.swift /Users/admin/builder/spi-builder-workspace/Sources/KaitenSDK/KaitenClient+Lanes.swift /Users/admin/builder/spi-builder-workspace/Sources/KaitenSDK/KaitenClient+Members.swift /Users/admin/builder/spi-builder-workspace/Sources/KaitenSDK/KaitenClient+PrivateCardFiles.swift (in target 'KaitenSDK' from project 'KaitenSDK')
SwiftCompile normal arm64 /Users/admin/builder/spi-builder-workspace/Sources/KaitenSDK/KaitenClient+GroupAdmins.swift (in target 'KaitenSDK' from project 'KaitenSDK')
cd /Users/admin/builder/spi-builder-workspace/.swiftpm/xcode
builtin-SwiftPerFileCompile KaitenClient+GroupAdmins.swift
SwiftCompile normal arm64 /Users/admin/builder/spi-builder-workspace/Sources/KaitenSDK/KaitenClient+GroupEntities.swift (in target 'KaitenSDK' from project 'KaitenSDK')
cd /Users/admin/builder/spi-builder-workspace/.swiftpm/xcode
builtin-SwiftPerFileCompile KaitenClient+GroupEntities.swift
SwiftCompile normal arm64 /Users/admin/builder/spi-builder-workspace/Sources/KaitenSDK/KaitenClient+GroupUsers.swift (in target 'KaitenSDK' from project 'KaitenSDK')
cd /Users/admin/builder/spi-builder-workspace/.swiftpm/xcode
builtin-SwiftPerFileCompile KaitenClient+GroupUsers.swift
SwiftCompile normal arm64 /Users/admin/builder/spi-builder-workspace/Sources/KaitenSDK/KaitenClient+Groups.swift (in target 'KaitenSDK' from project 'KaitenSDK')
cd /Users/admin/builder/spi-builder-workspace/.swiftpm/xcode
builtin-SwiftPerFileCompile KaitenClient+Groups.swift
SwiftCompile normal arm64 /Users/admin/builder/spi-builder-workspace/Sources/KaitenSDK/KaitenClient+Iterations.swift (in target 'KaitenSDK' from project 'KaitenSDK')
cd /Users/admin/builder/spi-builder-workspace/.swiftpm/xcode
builtin-SwiftPerFileCompile KaitenClient+Iterations.swift
SwiftCompile normal arm64 /Users/admin/builder/spi-builder-workspace/Sources/KaitenSDK/KaitenClient+Lanes.swift (in target 'KaitenSDK' from project 'KaitenSDK')
cd /Users/admin/builder/spi-builder-workspace/.swiftpm/xcode
builtin-SwiftPerFileCompile KaitenClient+Lanes.swift
SwiftCompile normal arm64 /Users/admin/builder/spi-builder-workspace/Sources/KaitenSDK/KaitenClient+Members.swift (in target 'KaitenSDK' from project 'KaitenSDK')
cd /Users/admin/builder/spi-builder-workspace/.swiftpm/xcode
builtin-SwiftPerFileCompile KaitenClient+Members.swift
SwiftCompile normal arm64 /Users/admin/builder/spi-builder-workspace/Sources/KaitenSDK/KaitenClient+PrivateCardFiles.swift (in target 'KaitenSDK' from project 'KaitenSDK')
cd /Users/admin/builder/spi-builder-workspace/.swiftpm/xcode
builtin-SwiftPerFileCompile KaitenClient+PrivateCardFiles.swift
SwiftDriverJobDiscovery normal arm64 Compiling AuthenticationMiddleware.swift, CardFilter.swift, CardOptions.swift, Enums.swift, ExplicitNullFieldsMiddleware.swift, ExplicitNullInteger.swift, ExplicitNullNumber.swift, ExplicitNullString.swift (in target 'KaitenSDK' from project 'KaitenSDK')
SwiftCompile normal arm64 Compiling\ KaitenClient+CustomPropertyCollectiveScoreValues.swift,\ KaitenClient+CustomPropertyCollectiveVoteValues.swift,\ KaitenClient+CustomPropertySelectValues.swift,\ KaitenClient+CustomPropertyTreeEntities.swift,\ KaitenClient+DocumentGroups.swift,\ KaitenClient+DocumentSchemas.swift,\ KaitenClient+Documents.swift,\ KaitenClient+ExternalLinks.swift /Users/admin/builder/spi-builder-workspace/Sources/KaitenSDK/KaitenClient+CustomPropertyCollectiveScoreValues.swift /Users/admin/builder/spi-builder-workspace/Sources/KaitenSDK/KaitenClient+CustomPropertyCollectiveVoteValues.swift /Users/admin/builder/spi-builder-workspace/Sources/KaitenSDK/KaitenClient+CustomPropertySelectValues.swift /Users/admin/builder/spi-builder-workspace/Sources/KaitenSDK/KaitenClient+CustomPropertyTreeEntities.swift /Users/admin/builder/spi-builder-workspace/Sources/KaitenSDK/KaitenClient+DocumentGroups.swift /Users/admin/builder/spi-builder-workspace/Sources/KaitenSDK/KaitenClient+DocumentSchemas.swift /Users/admin/builder/spi-builder-workspace/Sources/KaitenSDK/KaitenClient+Documents.swift /Users/admin/builder/spi-builder-workspace/Sources/KaitenSDK/KaitenClient+ExternalLinks.swift (in target 'KaitenSDK' from project 'KaitenSDK')
SwiftCompile normal arm64 /Users/admin/builder/spi-builder-workspace/Sources/KaitenSDK/KaitenClient+CustomPropertyCollectiveScoreValues.swift (in target 'KaitenSDK' from project 'KaitenSDK')
cd /Users/admin/builder/spi-builder-workspace/.swiftpm/xcode
builtin-SwiftPerFileCompile KaitenClient+CustomPropertyCollectiveScoreValues.swift
SwiftCompile normal arm64 /Users/admin/builder/spi-builder-workspace/Sources/KaitenSDK/KaitenClient+CustomPropertyCollectiveVoteValues.swift (in target 'KaitenSDK' from project 'KaitenSDK')
cd /Users/admin/builder/spi-builder-workspace/.swiftpm/xcode
builtin-SwiftPerFileCompile KaitenClient+CustomPropertyCollectiveVoteValues.swift
SwiftCompile normal arm64 /Users/admin/builder/spi-builder-workspace/Sources/KaitenSDK/KaitenClient+CustomPropertySelectValues.swift (in target 'KaitenSDK' from project 'KaitenSDK')
cd /Users/admin/builder/spi-builder-workspace/.swiftpm/xcode
builtin-SwiftPerFileCompile KaitenClient+CustomPropertySelectValues.swift
SwiftCompile normal arm64 /Users/admin/builder/spi-builder-workspace/Sources/KaitenSDK/KaitenClient+CustomPropertyTreeEntities.swift (in target 'KaitenSDK' from project 'KaitenSDK')
cd /Users/admin/builder/spi-builder-workspace/.swiftpm/xcode
builtin-SwiftPerFileCompile KaitenClient+CustomPropertyTreeEntities.swift
SwiftCompile normal arm64 /Users/admin/builder/spi-builder-workspace/Sources/KaitenSDK/KaitenClient+DocumentGroups.swift (in target 'KaitenSDK' from project 'KaitenSDK')
cd /Users/admin/builder/spi-builder-workspace/.swiftpm/xcode
builtin-SwiftPerFileCompile KaitenClient+DocumentGroups.swift
SwiftCompile normal arm64 /Users/admin/builder/spi-builder-workspace/Sources/KaitenSDK/KaitenClient+DocumentSchemas.swift (in target 'KaitenSDK' from project 'KaitenSDK')
cd /Users/admin/builder/spi-builder-workspace/.swiftpm/xcode
builtin-SwiftPerFileCompile KaitenClient+DocumentSchemas.swift
SwiftCompile normal arm64 /Users/admin/builder/spi-builder-workspace/Sources/KaitenSDK/KaitenClient+Documents.swift (in target 'KaitenSDK' from project 'KaitenSDK')
cd /Users/admin/builder/spi-builder-workspace/.swiftpm/xcode
builtin-SwiftPerFileCompile KaitenClient+Documents.swift
SwiftCompile normal arm64 /Users/admin/builder/spi-builder-workspace/Sources/KaitenSDK/KaitenClient+ExternalLinks.swift (in target 'KaitenSDK' from project 'KaitenSDK')
cd /Users/admin/builder/spi-builder-workspace/.swiftpm/xcode
builtin-SwiftPerFileCompile KaitenClient+ExternalLinks.swift
SwiftDriverJobDiscovery normal arm64 Compiling KaitenClient+AuditLogs.swift, KaitenClient+Automations.swift, KaitenClient+Blockers.swift, KaitenClient+Boards.swift, KaitenClient+CardAllowedUsers.swift, KaitenClient+CardBlockerCategories.swift, KaitenClient+CardBlockerUsers.swift, KaitenClient+CardFiles.swift (in target 'KaitenSDK' from project 'KaitenSDK')
SwiftCompile normal arm64_32 Compiling\ KaitenClient+CustomPropertyCollectiveScoreValues.swift,\ KaitenClient+CustomPropertyCollectiveVoteValues.swift,\ KaitenClient+CustomPropertySelectValues.swift,\ KaitenClient+CustomPropertyTreeEntities.swift,\ KaitenClient+DocumentGroups.swift,\ KaitenClient+DocumentSchemas.swift,\ KaitenClient+Documents.swift,\ KaitenClient+ExternalLinks.swift /Users/admin/builder/spi-builder-workspace/Sources/KaitenSDK/KaitenClient+CustomPropertyCollectiveScoreValues.swift /Users/admin/builder/spi-builder-workspace/Sources/KaitenSDK/KaitenClient+CustomPropertyCollectiveVoteValues.swift /Users/admin/builder/spi-builder-workspace/Sources/KaitenSDK/KaitenClient+CustomPropertySelectValues.swift /Users/admin/builder/spi-builder-workspace/Sources/KaitenSDK/KaitenClient+CustomPropertyTreeEntities.swift /Users/admin/builder/spi-builder-workspace/Sources/KaitenSDK/KaitenClient+DocumentGroups.swift /Users/admin/builder/spi-builder-workspace/Sources/KaitenSDK/KaitenClient+DocumentSchemas.swift /Users/admin/builder/spi-builder-workspace/Sources/KaitenSDK/KaitenClient+Documents.swift /Users/admin/builder/spi-builder-workspace/Sources/KaitenSDK/KaitenClient+ExternalLinks.swift (in target 'KaitenSDK' from project 'KaitenSDK')
SwiftCompile normal arm64_32 /Users/admin/builder/spi-builder-workspace/Sources/KaitenSDK/KaitenClient+CustomPropertyCollectiveScoreValues.swift (in target 'KaitenSDK' from project 'KaitenSDK')
cd /Users/admin/builder/spi-builder-workspace/.swiftpm/xcode
builtin-SwiftPerFileCompile KaitenClient+CustomPropertyCollectiveScoreValues.swift
SwiftCompile normal arm64_32 /Users/admin/builder/spi-builder-workspace/Sources/KaitenSDK/KaitenClient+CustomPropertyCollectiveVoteValues.swift (in target 'KaitenSDK' from project 'KaitenSDK')
cd /Users/admin/builder/spi-builder-workspace/.swiftpm/xcode
builtin-SwiftPerFileCompile KaitenClient+CustomPropertyCollectiveVoteValues.swift
SwiftCompile normal arm64_32 /Users/admin/builder/spi-builder-workspace/Sources/KaitenSDK/KaitenClient+CustomPropertySelectValues.swift (in target 'KaitenSDK' from project 'KaitenSDK')
cd /Users/admin/builder/spi-builder-workspace/.swiftpm/xcode
builtin-SwiftPerFileCompile KaitenClient+CustomPropertySelectValues.swift
SwiftCompile normal arm64_32 /Users/admin/builder/spi-builder-workspace/Sources/KaitenSDK/KaitenClient+CustomPropertyTreeEntities.swift (in target 'KaitenSDK' from project 'KaitenSDK')
cd /Users/admin/builder/spi-builder-workspace/.swiftpm/xcode
builtin-SwiftPerFileCompile KaitenClient+CustomPropertyTreeEntities.swift
SwiftCompile normal arm64_32 /Users/admin/builder/spi-builder-workspace/Sources/KaitenSDK/KaitenClient+DocumentGroups.swift (in target 'KaitenSDK' from project 'KaitenSDK')
cd /Users/admin/builder/spi-builder-workspace/.swiftpm/xcode
builtin-SwiftPerFileCompile KaitenClient+DocumentGroups.swift
SwiftCompile normal arm64_32 /Users/admin/builder/spi-builder-workspace/Sources/KaitenSDK/KaitenClient+DocumentSchemas.swift (in target 'KaitenSDK' from project 'KaitenSDK')
cd /Users/admin/builder/spi-builder-workspace/.swiftpm/xcode
builtin-SwiftPerFileCompile KaitenClient+DocumentSchemas.swift
SwiftCompile normal arm64_32 /Users/admin/builder/spi-builder-workspace/Sources/KaitenSDK/KaitenClient+Documents.swift (in target 'KaitenSDK' from project 'KaitenSDK')
cd /Users/admin/builder/spi-builder-workspace/.swiftpm/xcode
builtin-SwiftPerFileCompile KaitenClient+Documents.swift
SwiftCompile normal arm64_32 /Users/admin/builder/spi-builder-workspace/Sources/KaitenSDK/KaitenClient+ExternalLinks.swift (in target 'KaitenSDK' from project 'KaitenSDK')
cd /Users/admin/builder/spi-builder-workspace/.swiftpm/xcode
builtin-SwiftPerFileCompile KaitenClient+ExternalLinks.swift
SwiftDriverJobDiscovery normal arm64 Compiling KaitenClient+CardServiceDeskExternalRecipients.swift, KaitenClient+CardSla.swift, KaitenClient+CardTimeLogs.swift, KaitenClient+CardTypeTreeEntities.swift, KaitenClient+CardTypes.swift, KaitenClient+Cards.swift, KaitenClient+ChecklistItems.swift, KaitenClient+Checklists.swift (in target 'KaitenSDK' from project 'KaitenSDK')
SwiftDriverJobDiscovery normal arm64 Compiling KaitenClient+GroupAdmins.swift, KaitenClient+GroupEntities.swift, KaitenClient+GroupUsers.swift, KaitenClient+Groups.swift, KaitenClient+Iterations.swift, KaitenClient+Lanes.swift, KaitenClient+Members.swift, KaitenClient+PrivateCardFiles.swift (in target 'KaitenSDK' from project 'KaitenSDK')
SwiftDriverJobDiscovery normal arm64 Compiling KaitenClient+Columns.swift, KaitenClient+Comments.swift, KaitenClient+CompanyUsers.swift, KaitenClient+CustomDirectories.swift, KaitenClient+CustomDirectoryFields.swift, KaitenClient+CustomDirectoryRecords.swift, KaitenClient+CustomProperties.swift, KaitenClient+CustomPropertyCatalogValues.swift (in target 'KaitenSDK' from project 'KaitenSDK')
SwiftDriverJobDiscovery normal arm64 Compiling KaitenClient+CustomPropertyCollectiveScoreValues.swift, KaitenClient+CustomPropertyCollectiveVoteValues.swift, KaitenClient+CustomPropertySelectValues.swift, KaitenClient+CustomPropertyTreeEntities.swift, KaitenClient+DocumentGroups.swift, KaitenClient+DocumentSchemas.swift, KaitenClient+Documents.swift, KaitenClient+ExternalLinks.swift (in target 'KaitenSDK' from project 'KaitenSDK')
SwiftDriverJobDiscovery normal arm64_32 Compiling KaitenClient+CustomPropertyCollectiveScoreValues.swift, KaitenClient+CustomPropertyCollectiveVoteValues.swift, KaitenClient+CustomPropertySelectValues.swift, KaitenClient+CustomPropertyTreeEntities.swift, KaitenClient+DocumentGroups.swift, KaitenClient+DocumentSchemas.swift, KaitenClient+Documents.swift, KaitenClient+ExternalLinks.swift (in target 'KaitenSDK' from project 'KaitenSDK')
SwiftDriverJobDiscovery normal arm64_32 Compiling KaitenError.swift, Page.swift, Pagination.swift, RateLimitGate.swift, ResponseMapping.swift, RetryMiddleware.swift, Types.swift, Types+Components.swift (in target 'KaitenSDK' from project 'KaitenSDK')
SwiftDriverJobDiscovery normal arm64 Compiling KaitenError.swift, Page.swift, Pagination.swift, RateLimitGate.swift, ResponseMapping.swift, RetryMiddleware.swift, Types.swift, Types+Components.swift (in target 'KaitenSDK' from project 'KaitenSDK')
SwiftDriverJobDiscovery normal arm64_32 Emitting module for KaitenSDK (in target 'KaitenSDK' from project 'KaitenSDK')
SwiftDriver\ Compilation\ Requirements KaitenSDK normal arm64_32 com.apple.xcode.tools.swift.compiler (in target 'KaitenSDK' from project 'KaitenSDK')
cd /Users/admin/builder/spi-builder-workspace/.swiftpm/xcode
builtin-Swift-Compilation-Requirements -- /Applications/Xcode-27.0.0.app/Contents/Developer/Toolchains/XcodeDefault.xctoolchain/usr/bin/swiftc -parse-as-library -module-name KaitenSDK -Onone @/Users/admin/builder/spi-builder-workspace/.derivedData/Build/Intermediates.noindex/KaitenSDK.build/Debug-watchos/KaitenSDK-t.build/Objects-normal/arm64_32/KaitenSDK.SwiftFileList -DSWIFT_PACKAGE -DDEBUG -DSWIFT_MODULE_RESOURCE_BUNDLE_UNAVAILABLE -DXcode -plugin-path /Applications/Xcode-27.0.0.app/Contents/Developer/Toolchains/XcodeDefault.xctoolchain/usr/lib/swift/host/plugins/testing -enable-experimental-feature DebugDescriptionMacro -sdk /Applications/Xcode-27.0.0.app/Contents/Developer/Platforms/WatchOS.platform/Developer/SDKs/WatchOS27.0.sdk -target arm64_32-apple-watchos11.0 -g -module-cache-path /Users/admin/builder/spi-builder-workspace/.derivedData/ModuleCache.noindex -Xfrontend -serialize-debugging-options -profile-coverage-mapping -profile-generate -enable-testing -index-store-path /Users/admin/builder/spi-builder-workspace/.derivedData/Index.noindex/DataStore -Xcc -D_LIBCPP_HARDENING_MODE\=_LIBCPP_HARDENING_MODE_DEBUG -swift-version 6 -I /Users/admin/builder/spi-builder-workspace/.derivedData/Build/Products/Debug-watchos -Isystem /Applications/Xcode-27.0.0.app/Contents/Developer/Platforms/WatchOS.platform/Developer/usr/lib -F /Users/admin/builder/spi-builder-workspace/.derivedData/Build/Products/Debug-watchos/PackageFrameworks -F /Users/admin/builder/spi-builder-workspace/.derivedData/Build/Products/Debug-watchos -F /Applications/Xcode-27.0.0.app/Contents/Developer/Platforms/WatchOS.platform/Developer/Library/Frameworks -F /Applications/Xcode-27.0.0.app/Contents/Developer/Platforms/WatchOS.platform/Developer/SDKs/WatchOS27.0.sdk/Developer/Library/Frameworks -c -j10 -enable-batch-mode -incremental -Xcc -ivfsstatcache -Xcc /Users/admin/builder/spi-builder-workspace/.derivedData/SDKStatCaches.noindex/watchos27.0-24R360-e829b21a6f8c9b70876ba0858053c044b9db9bc9c079ee3c7b5f3373b13d10bc.sdkstatcache -output-file-map /Users/admin/builder/spi-builder-workspace/.derivedData/Build/Intermediates.noindex/KaitenSDK.build/Debug-watchos/KaitenSDK-t.build/Objects-normal/arm64_32/KaitenSDK-OutputFileMap.json -save-temps -no-color-diagnostics -explicit-module-build -module-cache-path /Users/admin/builder/spi-builder-workspace/.derivedData/Build/Intermediates.noindex/SwiftExplicitPrecompiledModules -clang-scanner-module-cache-path /Users/admin/builder/spi-builder-workspace/.derivedData/ModuleCache.noindex -sdk-module-cache-path /Users/admin/builder/spi-builder-workspace/.derivedData/SDKExplicitPrecompiledModules -emit-dependencies -emit-module -emit-module-path /Users/admin/builder/spi-builder-workspace/.derivedData/Build/Intermediates.noindex/KaitenSDK.build/Debug-watchos/KaitenSDK-t.build/Objects-normal/arm64_32/KaitenSDK.swiftmodule -serialize-diagnostics -dependency-scan-serialize-diagnostics-path /Users/admin/builder/spi-builder-workspace/.derivedData/Build/Intermediates.noindex/KaitenSDK.build/Debug-watchos/KaitenSDK-t.build/Objects-normal/arm64_32/KaitenSDK-dependency-scan.dia -validate-clang-modules-once -clang-build-session-file /Users/admin/builder/spi-builder-workspace/.derivedData/ModuleCache.noindex/Session.modulevalidation -Xcc -fmodules-prune-interval\=86400 -Xcc -fmodules-prune-after\=345600 -package-name spi_builder_workspace -emit-const-values -const-gather-protocols-list /Users/admin/builder/spi-builder-workspace/.derivedData/Build/Intermediates.noindex/KaitenSDK.build/Debug-watchos/KaitenSDK-t.build/Objects-normal/arm64_32/KaitenSDK_const_extract_protocols.json -Xcc -I/Users/admin/builder/spi-builder-workspace/.derivedData/Build/Products/Debug-watchos/include -Xcc -I/Users/admin/builder/spi-builder-workspace/.derivedData/Build/Intermediates.noindex/KaitenSDK.build/Debug-watchos/KaitenSDK-t.build/DerivedSources-normal/arm64_32 -Xcc -I/Users/admin/builder/spi-builder-workspace/.derivedData/Build/Intermediates.noindex/KaitenSDK.build/Debug-watchos/KaitenSDK-t.build/DerivedSources/arm64_32 -Xcc -I/Users/admin/builder/spi-builder-workspace/.derivedData/Build/Intermediates.noindex/KaitenSDK.build/Debug-watchos/KaitenSDK-t.build/DerivedSources -Xcc -DSWIFT_PACKAGE -Xcc -DDEBUG\=1 -emit-objc-header -emit-objc-header-path /Users/admin/builder/spi-builder-workspace/.derivedData/Build/Intermediates.noindex/KaitenSDK.build/Debug-watchos/KaitenSDK-t.build/Objects-normal/arm64_32/KaitenSDK-Swift.h -working-directory /Users/admin/builder/spi-builder-workspace/.swiftpm/xcode -experimental-emit-module-separately -disable-cmo
Copy /Users/admin/builder/spi-builder-workspace/.derivedData/Build/Products/Debug-watchos/KaitenSDK.swiftmodule/arm64_32-apple-watchos.swiftdoc /Users/admin/builder/spi-builder-workspace/.derivedData/Build/Intermediates.noindex/KaitenSDK.build/Debug-watchos/KaitenSDK-t.build/Objects-normal/arm64_32/KaitenSDK.swiftdoc (in target 'KaitenSDK' from project 'KaitenSDK')
cd /Users/admin/builder/spi-builder-workspace
builtin-copy -exclude .DS_Store -exclude CVS -exclude .svn -exclude .git -exclude .hg -resolve-src-symlinks -rename /Users/admin/builder/spi-builder-workspace/.derivedData/Build/Intermediates.noindex/KaitenSDK.build/Debug-watchos/KaitenSDK-t.build/Objects-normal/arm64_32/KaitenSDK.swiftdoc /Users/admin/builder/spi-builder-workspace/.derivedData/Build/Products/Debug-watchos/KaitenSDK.swiftmodule/arm64_32-apple-watchos.swiftdoc
Copy /Users/admin/builder/spi-builder-workspace/.derivedData/Build/Products/Debug-watchos/KaitenSDK.swiftmodule/arm64_32-apple-watchos.swiftmodule /Users/admin/builder/spi-builder-workspace/.derivedData/Build/Intermediates.noindex/KaitenSDK.build/Debug-watchos/KaitenSDK-t.build/Objects-normal/arm64_32/KaitenSDK.swiftmodule (in target 'KaitenSDK' from project 'KaitenSDK')
cd /Users/admin/builder/spi-builder-workspace
builtin-copy -exclude .DS_Store -exclude CVS -exclude .svn -exclude .git -exclude .hg -resolve-src-symlinks -rename /Users/admin/builder/spi-builder-workspace/.derivedData/Build/Intermediates.noindex/KaitenSDK.build/Debug-watchos/KaitenSDK-t.build/Objects-normal/arm64_32/KaitenSDK.swiftmodule /Users/admin/builder/spi-builder-workspace/.derivedData/Build/Products/Debug-watchos/KaitenSDK.swiftmodule/arm64_32-apple-watchos.swiftmodule
Copy /Users/admin/builder/spi-builder-workspace/.derivedData/Build/Products/Debug-watchos/KaitenSDK.swiftmodule/arm64_32-apple-watchos.abi.json /Users/admin/builder/spi-builder-workspace/.derivedData/Build/Intermediates.noindex/KaitenSDK.build/Debug-watchos/KaitenSDK-t.build/Objects-normal/arm64_32/KaitenSDK.abi.json (in target 'KaitenSDK' from project 'KaitenSDK')
cd /Users/admin/builder/spi-builder-workspace
builtin-copy -exclude .DS_Store -exclude CVS -exclude .svn -exclude .git -exclude .hg -resolve-src-symlinks -rename /Users/admin/builder/spi-builder-workspace/.derivedData/Build/Intermediates.noindex/KaitenSDK.build/Debug-watchos/KaitenSDK-t.build/Objects-normal/arm64_32/KaitenSDK.abi.json /Users/admin/builder/spi-builder-workspace/.derivedData/Build/Products/Debug-watchos/KaitenSDK.swiftmodule/arm64_32-apple-watchos.abi.json
Copy /Users/admin/builder/spi-builder-workspace/.derivedData/Build/Products/Debug-watchos/KaitenSDK.swiftmodule/Project/arm64_32-apple-watchos.swiftsourceinfo /Users/admin/builder/spi-builder-workspace/.derivedData/Build/Intermediates.noindex/KaitenSDK.build/Debug-watchos/KaitenSDK-t.build/Objects-normal/arm64_32/KaitenSDK.swiftsourceinfo (in target 'KaitenSDK' from project 'KaitenSDK')
cd /Users/admin/builder/spi-builder-workspace
builtin-copy -exclude .DS_Store -exclude CVS -exclude .svn -exclude .git -exclude .hg -resolve-src-symlinks -rename /Users/admin/builder/spi-builder-workspace/.derivedData/Build/Intermediates.noindex/KaitenSDK.build/Debug-watchos/KaitenSDK-t.build/Objects-normal/arm64_32/KaitenSDK.swiftsourceinfo /Users/admin/builder/spi-builder-workspace/.derivedData/Build/Products/Debug-watchos/KaitenSDK.swiftmodule/Project/arm64_32-apple-watchos.swiftsourceinfo
SwiftDriverJobDiscovery normal arm64 Emitting module for KaitenSDK (in target 'KaitenSDK' from project 'KaitenSDK')
SwiftDriver\ Compilation\ Requirements KaitenSDK normal arm64 com.apple.xcode.tools.swift.compiler (in target 'KaitenSDK' from project 'KaitenSDK')
cd /Users/admin/builder/spi-builder-workspace/.swiftpm/xcode
builtin-Swift-Compilation-Requirements -- /Applications/Xcode-27.0.0.app/Contents/Developer/Toolchains/XcodeDefault.xctoolchain/usr/bin/swiftc -parse-as-library -module-name KaitenSDK -Onone @/Users/admin/builder/spi-builder-workspace/.derivedData/Build/Intermediates.noindex/KaitenSDK.build/Debug-watchos/KaitenSDK-t.build/Objects-normal/arm64/KaitenSDK.SwiftFileList -DSWIFT_PACKAGE -DDEBUG -DSWIFT_MODULE_RESOURCE_BUNDLE_UNAVAILABLE -DXcode -plugin-path /Applications/Xcode-27.0.0.app/Contents/Developer/Toolchains/XcodeDefault.xctoolchain/usr/lib/swift/host/plugins/testing -enable-experimental-feature DebugDescriptionMacro -sdk /Applications/Xcode-27.0.0.app/Contents/Developer/Platforms/WatchOS.platform/Developer/SDKs/WatchOS27.0.sdk -target arm64-apple-watchos11.0 -g -module-cache-path /Users/admin/builder/spi-builder-workspace/.derivedData/ModuleCache.noindex -Xfrontend -serialize-debugging-options -profile-coverage-mapping -profile-generate -enable-testing -index-store-path /Users/admin/builder/spi-builder-workspace/.derivedData/Index.noindex/DataStore -Xcc -D_LIBCPP_HARDENING_MODE\=_LIBCPP_HARDENING_MODE_DEBUG -swift-version 6 -I /Users/admin/builder/spi-builder-workspace/.derivedData/Build/Products/Debug-watchos -Isystem /Applications/Xcode-27.0.0.app/Contents/Developer/Platforms/WatchOS.platform/Developer/usr/lib -F /Users/admin/builder/spi-builder-workspace/.derivedData/Build/Products/Debug-watchos/PackageFrameworks -F /Users/admin/builder/spi-builder-workspace/.derivedData/Build/Products/Debug-watchos -F /Applications/Xcode-27.0.0.app/Contents/Developer/Platforms/WatchOS.platform/Developer/Library/Frameworks -F /Applications/Xcode-27.0.0.app/Contents/Developer/Platforms/WatchOS.platform/Developer/SDKs/WatchOS27.0.sdk/Developer/Library/Frameworks -c -j10 -enable-batch-mode -incremental -Xcc -ivfsstatcache -Xcc /Users/admin/builder/spi-builder-workspace/.derivedData/SDKStatCaches.noindex/watchos27.0-24R360-e829b21a6f8c9b70876ba0858053c044b9db9bc9c079ee3c7b5f3373b13d10bc.sdkstatcache -output-file-map /Users/admin/builder/spi-builder-workspace/.derivedData/Build/Intermediates.noindex/KaitenSDK.build/Debug-watchos/KaitenSDK-t.build/Objects-normal/arm64/KaitenSDK-OutputFileMap.json -save-temps -no-color-diagnostics -explicit-module-build -module-cache-path /Users/admin/builder/spi-builder-workspace/.derivedData/Build/Intermediates.noindex/SwiftExplicitPrecompiledModules -clang-scanner-module-cache-path /Users/admin/builder/spi-builder-workspace/.derivedData/ModuleCache.noindex -sdk-module-cache-path /Users/admin/builder/spi-builder-workspace/.derivedData/SDKExplicitPrecompiledModules -emit-dependencies -emit-module -emit-module-path /Users/admin/builder/spi-builder-workspace/.derivedData/Build/Intermediates.noindex/KaitenSDK.build/Debug-watchos/KaitenSDK-t.build/Objects-normal/arm64/KaitenSDK.swiftmodule -serialize-diagnostics -dependency-scan-serialize-diagnostics-path /Users/admin/builder/spi-builder-workspace/.derivedData/Build/Intermediates.noindex/KaitenSDK.build/Debug-watchos/KaitenSDK-t.build/Objects-normal/arm64/KaitenSDK-dependency-scan.dia -validate-clang-modules-once -clang-build-session-file /Users/admin/builder/spi-builder-workspace/.derivedData/ModuleCache.noindex/Session.modulevalidation -Xcc -fmodules-prune-interval\=86400 -Xcc -fmodules-prune-after\=345600 -package-name spi_builder_workspace -emit-const-values -const-gather-protocols-list /Users/admin/builder/spi-builder-workspace/.derivedData/Build/Intermediates.noindex/KaitenSDK.build/Debug-watchos/KaitenSDK-t.build/Objects-normal/arm64/KaitenSDK_const_extract_protocols.json -Xcc -I/Users/admin/builder/spi-builder-workspace/.derivedData/Build/Products/Debug-watchos/include -Xcc -I/Users/admin/builder/spi-builder-workspace/.derivedData/Build/Intermediates.noindex/KaitenSDK.build/Debug-watchos/KaitenSDK-t.build/DerivedSources-normal/arm64 -Xcc -I/Users/admin/builder/spi-builder-workspace/.derivedData/Build/Intermediates.noindex/KaitenSDK.build/Debug-watchos/KaitenSDK-t.build/DerivedSources/arm64 -Xcc -I/Users/admin/builder/spi-builder-workspace/.derivedData/Build/Intermediates.noindex/KaitenSDK.build/Debug-watchos/KaitenSDK-t.build/DerivedSources -Xcc -DSWIFT_PACKAGE -Xcc -DDEBUG\=1 -emit-objc-header -emit-objc-header-path /Users/admin/builder/spi-builder-workspace/.derivedData/Build/Intermediates.noindex/KaitenSDK.build/Debug-watchos/KaitenSDK-t.build/Objects-normal/arm64/KaitenSDK-Swift.h -working-directory /Users/admin/builder/spi-builder-workspace/.swiftpm/xcode -experimental-emit-module-separately -disable-cmo
SwiftMergeGeneratedHeaders /Users/admin/builder/spi-builder-workspace/.derivedData/Build/Intermediates.noindex/GeneratedModuleMaps-watchos/KaitenSDK-Swift.h /Users/admin/builder/spi-builder-workspace/.derivedData/Build/Intermediates.noindex/KaitenSDK.build/Debug-watchos/KaitenSDK-t.build/Objects-normal/arm64/KaitenSDK-Swift.h /Users/admin/builder/spi-builder-workspace/.derivedData/Build/Intermediates.noindex/KaitenSDK.build/Debug-watchos/KaitenSDK-t.build/Objects-normal/arm64_32/KaitenSDK-Swift.h (in target 'KaitenSDK' from project 'KaitenSDK')
cd /Users/admin/builder/spi-builder-workspace
builtin-swiftHeaderTool -arch arm64 /Users/admin/builder/spi-builder-workspace/.derivedData/Build/Intermediates.noindex/KaitenSDK.build/Debug-watchos/KaitenSDK-t.build/Objects-normal/arm64/KaitenSDK-Swift.h -arch arm64_32 /Users/admin/builder/spi-builder-workspace/.derivedData/Build/Intermediates.noindex/KaitenSDK.build/Debug-watchos/KaitenSDK-t.build/Objects-normal/arm64_32/KaitenSDK-Swift.h -o /Users/admin/builder/spi-builder-workspace/.derivedData/Build/Intermediates.noindex/GeneratedModuleMaps-watchos/KaitenSDK-Swift.h
Copy /Users/admin/builder/spi-builder-workspace/.derivedData/Build/Products/Debug-watchos/KaitenSDK.swiftmodule/arm64-apple-watchos.swiftdoc /Users/admin/builder/spi-builder-workspace/.derivedData/Build/Intermediates.noindex/KaitenSDK.build/Debug-watchos/KaitenSDK-t.build/Objects-normal/arm64/KaitenSDK.swiftdoc (in target 'KaitenSDK' from project 'KaitenSDK')
cd /Users/admin/builder/spi-builder-workspace
builtin-copy -exclude .DS_Store -exclude CVS -exclude .svn -exclude .git -exclude .hg -resolve-src-symlinks -rename /Users/admin/builder/spi-builder-workspace/.derivedData/Build/Intermediates.noindex/KaitenSDK.build/Debug-watchos/KaitenSDK-t.build/Objects-normal/arm64/KaitenSDK.swiftdoc /Users/admin/builder/spi-builder-workspace/.derivedData/Build/Products/Debug-watchos/KaitenSDK.swiftmodule/arm64-apple-watchos.swiftdoc
Copy /Users/admin/builder/spi-builder-workspace/.derivedData/Build/Products/Debug-watchos/KaitenSDK.swiftmodule/arm64-apple-watchos.swiftmodule /Users/admin/builder/spi-builder-workspace/.derivedData/Build/Intermediates.noindex/KaitenSDK.build/Debug-watchos/KaitenSDK-t.build/Objects-normal/arm64/KaitenSDK.swiftmodule (in target 'KaitenSDK' from project 'KaitenSDK')
cd /Users/admin/builder/spi-builder-workspace
builtin-copy -exclude .DS_Store -exclude CVS -exclude .svn -exclude .git -exclude .hg -resolve-src-symlinks -rename /Users/admin/builder/spi-builder-workspace/.derivedData/Build/Intermediates.noindex/KaitenSDK.build/Debug-watchos/KaitenSDK-t.build/Objects-normal/arm64/KaitenSDK.swiftmodule /Users/admin/builder/spi-builder-workspace/.derivedData/Build/Products/Debug-watchos/KaitenSDK.swiftmodule/arm64-apple-watchos.swiftmodule
Copy /Users/admin/builder/spi-builder-workspace/.derivedData/Build/Products/Debug-watchos/KaitenSDK.swiftmodule/arm64-apple-watchos.abi.json /Users/admin/builder/spi-builder-workspace/.derivedData/Build/Intermediates.noindex/KaitenSDK.build/Debug-watchos/KaitenSDK-t.build/Objects-normal/arm64/KaitenSDK.abi.json (in target 'KaitenSDK' from project 'KaitenSDK')
cd /Users/admin/builder/spi-builder-workspace
builtin-copy -exclude .DS_Store -exclude CVS -exclude .svn -exclude .git -exclude .hg -resolve-src-symlinks -rename /Users/admin/builder/spi-builder-workspace/.derivedData/Build/Intermediates.noindex/KaitenSDK.build/Debug-watchos/KaitenSDK-t.build/Objects-normal/arm64/KaitenSDK.abi.json /Users/admin/builder/spi-builder-workspace/.derivedData/Build/Products/Debug-watchos/KaitenSDK.swiftmodule/arm64-apple-watchos.abi.json
Copy /Users/admin/builder/spi-builder-workspace/.derivedData/Build/Products/Debug-watchos/KaitenSDK.swiftmodule/Project/arm64-apple-watchos.swiftsourceinfo /Users/admin/builder/spi-builder-workspace/.derivedData/Build/Intermediates.noindex/KaitenSDK.build/Debug-watchos/KaitenSDK-t.build/Objects-normal/arm64/KaitenSDK.swiftsourceinfo (in target 'KaitenSDK' from project 'KaitenSDK')
cd /Users/admin/builder/spi-builder-workspace
builtin-copy -exclude .DS_Store -exclude CVS -exclude .svn -exclude .git -exclude .hg -resolve-src-symlinks -rename /Users/admin/builder/spi-builder-workspace/.derivedData/Build/Intermediates.noindex/KaitenSDK.build/Debug-watchos/KaitenSDK-t.build/Objects-normal/arm64/KaitenSDK.swiftsourceinfo /Users/admin/builder/spi-builder-workspace/.derivedData/Build/Products/Debug-watchos/KaitenSDK.swiftmodule/Project/arm64-apple-watchos.swiftsourceinfo
SwiftDriver kaiten normal arm64_32 com.apple.xcode.tools.swift.compiler (in target 'kaiten-product' from project 'KaitenSDK')
cd /Users/admin/builder/spi-builder-workspace/.swiftpm/xcode
builtin-SwiftDriver -- /Applications/Xcode-27.0.0.app/Contents/Developer/Toolchains/XcodeDefault.xctoolchain/usr/bin/swiftc -parse-as-library -module-name kaiten -Onone @/Users/admin/builder/spi-builder-workspace/.derivedData/Build/Intermediates.noindex/KaitenSDK.build/Debug-watchos/kaiten-p.build/Objects-normal/arm64_32/kaiten.SwiftFileList -DSWIFT_PACKAGE -DDEBUG -Xcc -fmodule-map-file\=/Users/admin/builder/spi-builder-workspace/.dependencies/checkouts/swift-system/Sources/CSystem/include/module.modulemap -DXcode -plugin-path /Applications/Xcode-27.0.0.app/Contents/Developer/Toolchains/XcodeDefault.xctoolchain/usr/lib/swift/host/plugins/testing -enable-experimental-feature DebugDescriptionMacro -sdk /Applications/Xcode-27.0.0.app/Contents/Developer/Platforms/WatchOS.platform/Developer/SDKs/WatchOS27.0.sdk -target arm64_32-apple-watchos11.0 -g -module-cache-path /Users/admin/builder/spi-builder-workspace/.derivedData/ModuleCache.noindex -Xfrontend -serialize-debugging-options -profile-coverage-mapping -profile-generate -enable-testing -index-store-path /Users/admin/builder/spi-builder-workspace/.derivedData/Index.noindex/DataStore -Xcc -D_LIBCPP_HARDENING_MODE\=_LIBCPP_HARDENING_MODE_DEBUG -swift-version 6 -I /Users/admin/builder/spi-builder-workspace/.derivedData/Build/Products/Debug-watchos -Isystem /Applications/Xcode-27.0.0.app/Contents/Developer/Platforms/WatchOS.platform/Developer/usr/lib -F /Users/admin/builder/spi-builder-workspace/.derivedData/Build/Products/Debug-watchos/PackageFrameworks -F /Users/admin/builder/spi-builder-workspace/.derivedData/Build/Products/Debug-watchos -F /Applications/Xcode-27.0.0.app/Contents/Developer/Platforms/WatchOS.platform/Developer/Library/Frameworks -F /Applications/Xcode-27.0.0.app/Contents/Developer/Platforms/WatchOS.platform/Developer/SDKs/WatchOS27.0.sdk/Developer/Library/Frameworks -c -j10 -enable-batch-mode -incremental -Xcc -ivfsstatcache -Xcc /Users/admin/builder/spi-builder-workspace/.derivedData/SDKStatCaches.noindex/watchos27.0-24R360-e829b21a6f8c9b70876ba0858053c044b9db9bc9c079ee3c7b5f3373b13d10bc.sdkstatcache -output-file-map /Users/admin/builder/spi-builder-workspace/.derivedData/Build/Intermediates.noindex/KaitenSDK.build/Debug-watchos/kaiten-p.build/Objects-normal/arm64_32/kaiten-OutputFileMap.json -save-temps -no-color-diagnostics -explicit-module-build -module-cache-path /Users/admin/builder/spi-builder-workspace/.derivedData/Build/Intermediates.noindex/SwiftExplicitPrecompiledModules -clang-scanner-module-cache-path /Users/admin/builder/spi-builder-workspace/.derivedData/ModuleCache.noindex -sdk-module-cache-path /Users/admin/builder/spi-builder-workspace/.derivedData/SDKExplicitPrecompiledModules -emit-dependencies -emit-module -emit-module-path /Users/admin/builder/spi-builder-workspace/.derivedData/Build/Intermediates.noindex/KaitenSDK.build/Debug-watchos/kaiten-p.build/Objects-normal/arm64_32/kaiten.swiftmodule -serialize-diagnostics -dependency-scan-serialize-diagnostics-path /Users/admin/builder/spi-builder-workspace/.derivedData/Build/Intermediates.noindex/KaitenSDK.build/Debug-watchos/kaiten-p.build/Objects-normal/arm64_32/kaiten-dependency-scan.dia -validate-clang-modules-once -clang-build-session-file /Users/admin/builder/spi-builder-workspace/.derivedData/ModuleCache.noindex/Session.modulevalidation -Xcc -fmodules-prune-interval\=86400 -Xcc -fmodules-prune-after\=345600 -package-name spi_builder_workspace -emit-const-values -const-gather-protocols-list /Users/admin/builder/spi-builder-workspace/.derivedData/Build/Intermediates.noindex/KaitenSDK.build/Debug-watchos/kaiten-p.build/Objects-normal/arm64_32/kaiten_const_extract_protocols.json -Xcc -I/Users/admin/builder/spi-builder-workspace/.dependencies/checkouts/swift-system/Sources/CSystem/include -Xcc -I/Users/admin/builder/spi-builder-workspace/.derivedData/Build/Products/Debug-watchos/include -Xcc -I/Users/admin/builder/spi-builder-workspace/.derivedData/Build/Intermediates.noindex/KaitenSDK.build/Debug-watchos/kaiten-p.build/DerivedSources-normal/arm64_32 -Xcc -I/Users/admin/builder/spi-builder-workspace/.derivedData/Build/Intermediates.noindex/KaitenSDK.build/Debug-watchos/kaiten-p.build/DerivedSources/arm64_32 -Xcc -I/Users/admin/builder/spi-builder-workspace/.derivedData/Build/Intermediates.noindex/KaitenSDK.build/Debug-watchos/kaiten-p.build/DerivedSources -Xcc -DSWIFT_PACKAGE -Xcc -DDEBUG\=1 -working-directory /Users/admin/builder/spi-builder-workspace/.swiftpm/xcode -experimental-emit-module-separately -disable-cmo
SwiftDriver kaiten normal arm64 com.apple.xcode.tools.swift.compiler (in target 'kaiten-product' from project 'KaitenSDK')
cd /Users/admin/builder/spi-builder-workspace/.swiftpm/xcode
builtin-SwiftDriver -- /Applications/Xcode-27.0.0.app/Contents/Developer/Toolchains/XcodeDefault.xctoolchain/usr/bin/swiftc -parse-as-library -module-name kaiten -Onone @/Users/admin/builder/spi-builder-workspace/.derivedData/Build/Intermediates.noindex/KaitenSDK.build/Debug-watchos/kaiten-p.build/Objects-normal/arm64/kaiten.SwiftFileList -DSWIFT_PACKAGE -DDEBUG -Xcc -fmodule-map-file\=/Users/admin/builder/spi-builder-workspace/.dependencies/checkouts/swift-system/Sources/CSystem/include/module.modulemap -DXcode -plugin-path /Applications/Xcode-27.0.0.app/Contents/Developer/Toolchains/XcodeDefault.xctoolchain/usr/lib/swift/host/plugins/testing -enable-experimental-feature DebugDescriptionMacro -sdk /Applications/Xcode-27.0.0.app/Contents/Developer/Platforms/WatchOS.platform/Developer/SDKs/WatchOS27.0.sdk -target arm64-apple-watchos11.0 -g -module-cache-path /Users/admin/builder/spi-builder-workspace/.derivedData/ModuleCache.noindex -Xfrontend -serialize-debugging-options -profile-coverage-mapping -profile-generate -enable-testing -index-store-path /Users/admin/builder/spi-builder-workspace/.derivedData/Index.noindex/DataStore -Xcc -D_LIBCPP_HARDENING_MODE\=_LIBCPP_HARDENING_MODE_DEBUG -swift-version 6 -I /Users/admin/builder/spi-builder-workspace/.derivedData/Build/Products/Debug-watchos -Isystem /Applications/Xcode-27.0.0.app/Contents/Developer/Platforms/WatchOS.platform/Developer/usr/lib -F /Users/admin/builder/spi-builder-workspace/.derivedData/Build/Products/Debug-watchos/PackageFrameworks -F /Users/admin/builder/spi-builder-workspace/.derivedData/Build/Products/Debug-watchos -F /Applications/Xcode-27.0.0.app/Contents/Developer/Platforms/WatchOS.platform/Developer/Library/Frameworks -F /Applications/Xcode-27.0.0.app/Contents/Developer/Platforms/WatchOS.platform/Developer/SDKs/WatchOS27.0.sdk/Developer/Library/Frameworks -c -j10 -enable-batch-mode -incremental -Xcc -ivfsstatcache -Xcc /Users/admin/builder/spi-builder-workspace/.derivedData/SDKStatCaches.noindex/watchos27.0-24R360-e829b21a6f8c9b70876ba0858053c044b9db9bc9c079ee3c7b5f3373b13d10bc.sdkstatcache -output-file-map /Users/admin/builder/spi-builder-workspace/.derivedData/Build/Intermediates.noindex/KaitenSDK.build/Debug-watchos/kaiten-p.build/Objects-normal/arm64/kaiten-OutputFileMap.json -save-temps -no-color-diagnostics -explicit-module-build -module-cache-path /Users/admin/builder/spi-builder-workspace/.derivedData/Build/Intermediates.noindex/SwiftExplicitPrecompiledModules -clang-scanner-module-cache-path /Users/admin/builder/spi-builder-workspace/.derivedData/ModuleCache.noindex -sdk-module-cache-path /Users/admin/builder/spi-builder-workspace/.derivedData/SDKExplicitPrecompiledModules -emit-dependencies -emit-module -emit-module-path /Users/admin/builder/spi-builder-workspace/.derivedData/Build/Intermediates.noindex/KaitenSDK.build/Debug-watchos/kaiten-p.build/Objects-normal/arm64/kaiten.swiftmodule -serialize-diagnostics -dependency-scan-serialize-diagnostics-path /Users/admin/builder/spi-builder-workspace/.derivedData/Build/Intermediates.noindex/KaitenSDK.build/Debug-watchos/kaiten-p.build/Objects-normal/arm64/kaiten-dependency-scan.dia -validate-clang-modules-once -clang-build-session-file /Users/admin/builder/spi-builder-workspace/.derivedData/ModuleCache.noindex/Session.modulevalidation -Xcc -fmodules-prune-interval\=86400 -Xcc -fmodules-prune-after\=345600 -package-name spi_builder_workspace -emit-const-values -const-gather-protocols-list /Users/admin/builder/spi-builder-workspace/.derivedData/Build/Intermediates.noindex/KaitenSDK.build/Debug-watchos/kaiten-p.build/Objects-normal/arm64/kaiten_const_extract_protocols.json -Xcc -I/Users/admin/builder/spi-builder-workspace/.dependencies/checkouts/swift-system/Sources/CSystem/include -Xcc -I/Users/admin/builder/spi-builder-workspace/.derivedData/Build/Products/Debug-watchos/include -Xcc -I/Users/admin/builder/spi-builder-workspace/.derivedData/Build/Intermediates.noindex/KaitenSDK.build/Debug-watchos/kaiten-p.build/DerivedSources-normal/arm64 -Xcc -I/Users/admin/builder/spi-builder-workspace/.derivedData/Build/Intermediates.noindex/KaitenSDK.build/Debug-watchos/kaiten-p.build/DerivedSources/arm64 -Xcc -I/Users/admin/builder/spi-builder-workspace/.derivedData/Build/Intermediates.noindex/KaitenSDK.build/Debug-watchos/kaiten-p.build/DerivedSources -Xcc -DSWIFT_PACKAGE -Xcc -DDEBUG\=1 -working-directory /Users/admin/builder/spi-builder-workspace/.swiftpm/xcode -experimental-emit-module-separately -disable-cmo
SwiftCompile normal arm64 Compiling\ AuditLogCommands.swift,\ AutomationCommands.swift,\ BoardCRUDCommands.swift,\ BoardCommands.swift,\ ColumnCommands.swift,\ LaneCommands.swift,\ CardAllowedUserCommands.swift /Users/admin/builder/spi-builder-workspace/Sources/kaiten/AuditLogs/AuditLogCommands.swift /Users/admin/builder/spi-builder-workspace/Sources/kaiten/Automations/AutomationCommands.swift /Users/admin/builder/spi-builder-workspace/Sources/kaiten/Boards/BoardCRUDCommands.swift /Users/admin/builder/spi-builder-workspace/Sources/kaiten/Boards/BoardCommands.swift /Users/admin/builder/spi-builder-workspace/Sources/kaiten/Boards/ColumnCommands.swift /Users/admin/builder/spi-builder-workspace/Sources/kaiten/Boards/LaneCommands.swift /Users/admin/builder/spi-builder-workspace/Sources/kaiten/CardAllowedUsers/CardAllowedUserCommands.swift (in target 'kaiten-product' from project 'KaitenSDK')
SwiftCompile normal arm64 /Users/admin/builder/spi-builder-workspace/Sources/kaiten/AuditLogs/AuditLogCommands.swift (in target 'kaiten-product' from project 'KaitenSDK')
cd /Users/admin/builder/spi-builder-workspace/.swiftpm/xcode
builtin-SwiftPerFileCompile AuditLogCommands.swift
SwiftCompile normal arm64 /Users/admin/builder/spi-builder-workspace/Sources/kaiten/Automations/AutomationCommands.swift (in target 'kaiten-product' from project 'KaitenSDK')
cd /Users/admin/builder/spi-builder-workspace/.swiftpm/xcode
builtin-SwiftPerFileCompile AutomationCommands.swift
SwiftCompile normal arm64 /Users/admin/builder/spi-builder-workspace/Sources/kaiten/Boards/BoardCRUDCommands.swift (in target 'kaiten-product' from project 'KaitenSDK')
cd /Users/admin/builder/spi-builder-workspace/.swiftpm/xcode
builtin-SwiftPerFileCompile BoardCRUDCommands.swift
SwiftCompile normal arm64 /Users/admin/builder/spi-builder-workspace/Sources/kaiten/Boards/BoardCommands.swift (in target 'kaiten-product' from project 'KaitenSDK')
cd /Users/admin/builder/spi-builder-workspace/.swiftpm/xcode
builtin-SwiftPerFileCompile BoardCommands.swift
SwiftCompile normal arm64 /Users/admin/builder/spi-builder-workspace/Sources/kaiten/Boards/ColumnCommands.swift (in target 'kaiten-product' from project 'KaitenSDK')
cd /Users/admin/builder/spi-builder-workspace/.swiftpm/xcode
builtin-SwiftPerFileCompile ColumnCommands.swift
SwiftCompile normal arm64 /Users/admin/builder/spi-builder-workspace/Sources/kaiten/Boards/LaneCommands.swift (in target 'kaiten-product' from project 'KaitenSDK')
cd /Users/admin/builder/spi-builder-workspace/.swiftpm/xcode
builtin-SwiftPerFileCompile LaneCommands.swift
SwiftCompile normal arm64 /Users/admin/builder/spi-builder-workspace/Sources/kaiten/CardAllowedUsers/CardAllowedUserCommands.swift (in target 'kaiten-product' from project 'KaitenSDK')
cd /Users/admin/builder/spi-builder-workspace/.swiftpm/xcode
builtin-SwiftPerFileCompile CardAllowedUserCommands.swift
SwiftCompile normal arm64 Compiling\ ExternalLinkCommands.swift,\ HistoryCommands.swift,\ MemberCommands.swift,\ ChecklistItemCommands.swift,\ ChecklistsCommands.swift,\ CompanyUserCommands.swift,\ CustomDirectoryCommands.swift /Users/admin/builder/spi-builder-workspace/Sources/kaiten/Cards/ExternalLinkCommands.swift /Users/admin/builder/spi-builder-workspace/Sources/kaiten/Cards/HistoryCommands.swift /Users/admin/builder/spi-builder-workspace/Sources/kaiten/Cards/MemberCommands.swift /Users/admin/builder/spi-builder-workspace/Sources/kaiten/ChecklistItems/ChecklistItemCommands.swift /Users/admin/builder/spi-builder-workspace/Sources/kaiten/Checklists/ChecklistsCommands.swift /Users/admin/builder/spi-builder-workspace/Sources/kaiten/CompanyUsers/CompanyUserCommands.swift /Users/admin/builder/spi-builder-workspace/Sources/kaiten/CustomDirectories/CustomDirectoryCommands.swift (in target 'kaiten-product' from project 'KaitenSDK')
SwiftCompile normal arm64 /Users/admin/builder/spi-builder-workspace/Sources/kaiten/Cards/ExternalLinkCommands.swift (in target 'kaiten-product' from project 'KaitenSDK')
cd /Users/admin/builder/spi-builder-workspace/.swiftpm/xcode
builtin-SwiftPerFileCompile ExternalLinkCommands.swift
SwiftCompile normal arm64 /Users/admin/builder/spi-builder-workspace/Sources/kaiten/Cards/HistoryCommands.swift (in target 'kaiten-product' from project 'KaitenSDK')
cd /Users/admin/builder/spi-builder-workspace/.swiftpm/xcode
builtin-SwiftPerFileCompile HistoryCommands.swift
SwiftCompile normal arm64 /Users/admin/builder/spi-builder-workspace/Sources/kaiten/Cards/MemberCommands.swift (in target 'kaiten-product' from project 'KaitenSDK')
cd /Users/admin/builder/spi-builder-workspace/.swiftpm/xcode
builtin-SwiftPerFileCompile MemberCommands.swift
SwiftCompile normal arm64 /Users/admin/builder/spi-builder-workspace/Sources/kaiten/ChecklistItems/ChecklistItemCommands.swift (in target 'kaiten-product' from project 'KaitenSDK')
cd /Users/admin/builder/spi-builder-workspace/.swiftpm/xcode
builtin-SwiftPerFileCompile ChecklistItemCommands.swift
SwiftCompile normal arm64 /Users/admin/builder/spi-builder-workspace/Sources/kaiten/Checklists/ChecklistsCommands.swift (in target 'kaiten-product' from project 'KaitenSDK')
cd /Users/admin/builder/spi-builder-workspace/.swiftpm/xcode
builtin-SwiftPerFileCompile ChecklistsCommands.swift
SwiftCompile normal arm64 /Users/admin/builder/spi-builder-workspace/Sources/kaiten/CompanyUsers/CompanyUserCommands.swift (in target 'kaiten-product' from project 'KaitenSDK')
cd /Users/admin/builder/spi-builder-workspace/.swiftpm/xcode
builtin-SwiftPerFileCompile CompanyUserCommands.swift
SwiftCompile normal arm64 /Users/admin/builder/spi-builder-workspace/Sources/kaiten/CustomDirectories/CustomDirectoryCommands.swift (in target 'kaiten-product' from project 'KaitenSDK')
cd /Users/admin/builder/spi-builder-workspace/.swiftpm/xcode
builtin-SwiftPerFileCompile CustomDirectoryCommands.swift
SwiftEmitModule normal arm64 Emitting\ module\ for\ kaiten (in target 'kaiten-product' from project 'KaitenSDK')
SwiftCompile normal arm64 (in target 'kaiten-product' from project 'KaitenSDK')
cd /Users/admin/builder/spi-builder-workspace/.swiftpm/xcode
SwiftCompile normal arm64 Compiling\ PrivateCommentFileCommands.swift,\ PrivateCustomPropertyFileCommands.swift,\ ServiceDeskServiceCommands.swift,\ SpaceBoardCommands.swift,\ SpaceTemplateChecklistCommands.swift,\ SpaceTemplateChecklistItemCommands.swift /Users/admin/builder/spi-builder-workspace/Sources/kaiten/PrivateCommentFiles/PrivateCommentFileCommands.swift /Users/admin/builder/spi-builder-workspace/Sources/kaiten/PrivateCustomPropertyFiles/PrivateCustomPropertyFileCommands.swift /Users/admin/builder/spi-builder-workspace/Sources/kaiten/ServiceDeskServices/ServiceDeskServiceCommands.swift /Users/admin/builder/spi-builder-workspace/Sources/kaiten/SpaceBoards/SpaceBoardCommands.swift /Users/admin/builder/spi-builder-workspace/Sources/kaiten/SpaceTemplateChecklist/SpaceTemplateChecklistCommands.swift /Users/admin/builder/spi-builder-workspace/Sources/kaiten/SpaceTemplateChecklistItems/SpaceTemplateChecklistItemCommands.swift (in target 'kaiten-product' from project 'KaitenSDK')
SwiftCompile normal arm64 /Users/admin/builder/spi-builder-workspace/Sources/kaiten/PrivateCommentFiles/PrivateCommentFileCommands.swift (in target 'kaiten-product' from project 'KaitenSDK')
cd /Users/admin/builder/spi-builder-workspace/.swiftpm/xcode
builtin-SwiftPerFileCompile PrivateCommentFileCommands.swift
SwiftCompile normal arm64 /Users/admin/builder/spi-builder-workspace/Sources/kaiten/PrivateCustomPropertyFiles/PrivateCustomPropertyFileCommands.swift (in target 'kaiten-product' from project 'KaitenSDK')
cd /Users/admin/builder/spi-builder-workspace/.swiftpm/xcode
builtin-SwiftPerFileCompile PrivateCustomPropertyFileCommands.swift
SwiftCompile normal arm64 /Users/admin/builder/spi-builder-workspace/Sources/kaiten/ServiceDeskServices/ServiceDeskServiceCommands.swift (in target 'kaiten-product' from project 'KaitenSDK')
cd /Users/admin/builder/spi-builder-workspace/.swiftpm/xcode
builtin-SwiftPerFileCompile ServiceDeskServiceCommands.swift
SwiftCompile normal arm64 /Users/admin/builder/spi-builder-workspace/Sources/kaiten/SpaceBoards/SpaceBoardCommands.swift (in target 'kaiten-product' from project 'KaitenSDK')
cd /Users/admin/builder/spi-builder-workspace/.swiftpm/xcode
builtin-SwiftPerFileCompile SpaceBoardCommands.swift
SwiftCompile normal arm64 /Users/admin/builder/spi-builder-workspace/Sources/kaiten/SpaceTemplateChecklist/SpaceTemplateChecklistCommands.swift (in target 'kaiten-product' from project 'KaitenSDK')
cd /Users/admin/builder/spi-builder-workspace/.swiftpm/xcode
builtin-SwiftPerFileCompile SpaceTemplateChecklistCommands.swift
SwiftCompile normal arm64 /Users/admin/builder/spi-builder-workspace/Sources/kaiten/SpaceTemplateChecklistItems/SpaceTemplateChecklistItemCommands.swift (in target 'kaiten-product' from project 'KaitenSDK')
cd /Users/admin/builder/spi-builder-workspace/.swiftpm/xcode
builtin-SwiftPerFileCompile SpaceTemplateChecklistItemCommands.swift
SwiftCompile normal arm64 Compiling\ CustomPropertyTreeEntitieCommands.swift,\ DateParsing.swift,\ DocumentGroupCommands.swift,\ DocumentSchemaCommands.swift,\ DocumentCommands.swift,\ GroupAdminCommands.swift,\ GroupEntitieCommands.swift /Users/admin/builder/spi-builder-workspace/Sources/kaiten/CustomPropertyTreeEntities/CustomPropertyTreeEntitieCommands.swift /Users/admin/builder/spi-builder-workspace/Sources/kaiten/DateParsing.swift /Users/admin/builder/spi-builder-workspace/Sources/kaiten/DocumentGroups/DocumentGroupCommands.swift /Users/admin/builder/spi-builder-workspace/Sources/kaiten/DocumentSchemas/DocumentSchemaCommands.swift /Users/admin/builder/spi-builder-workspace/Sources/kaiten/Documents/DocumentCommands.swift /Users/admin/builder/spi-builder-workspace/Sources/kaiten/GroupAdmins/GroupAdminCommands.swift /Users/admin/builder/spi-builder-workspace/Sources/kaiten/GroupEntities/GroupEntitieCommands.swift (in target 'kaiten-product' from project 'KaitenSDK')
SwiftCompile normal arm64 /Users/admin/builder/spi-builder-workspace/Sources/kaiten/CustomPropertyTreeEntities/CustomPropertyTreeEntitieCommands.swift (in target 'kaiten-product' from project 'KaitenSDK')
cd /Users/admin/builder/spi-builder-workspace/.swiftpm/xcode
builtin-SwiftPerFileCompile CustomPropertyTreeEntitieCommands.swift
SwiftCompile normal arm64 /Users/admin/builder/spi-builder-workspace/Sources/kaiten/DateParsing.swift (in target 'kaiten-product' from project 'KaitenSDK')
cd /Users/admin/builder/spi-builder-workspace/.swiftpm/xcode
builtin-SwiftPerFileCompile DateParsing.swift
SwiftCompile normal arm64 /Users/admin/builder/spi-builder-workspace/Sources/kaiten/DocumentGroups/DocumentGroupCommands.swift (in target 'kaiten-product' from project 'KaitenSDK')
cd /Users/admin/builder/spi-builder-workspace/.swiftpm/xcode
builtin-SwiftPerFileCompile DocumentGroupCommands.swift
SwiftCompile normal arm64 /Users/admin/builder/spi-builder-workspace/Sources/kaiten/DocumentSchemas/DocumentSchemaCommands.swift (in target 'kaiten-product' from project 'KaitenSDK')
cd /Users/admin/builder/spi-builder-workspace/.swiftpm/xcode
builtin-SwiftPerFileCompile DocumentSchemaCommands.swift
SwiftCompile normal arm64 /Users/admin/builder/spi-builder-workspace/Sources/kaiten/Documents/DocumentCommands.swift (in target 'kaiten-product' from project 'KaitenSDK')
cd /Users/admin/builder/spi-builder-workspace/.swiftpm/xcode
builtin-SwiftPerFileCompile DocumentCommands.swift
SwiftCompile normal arm64 /Users/admin/builder/spi-builder-workspace/Sources/kaiten/GroupAdmins/GroupAdminCommands.swift (in target 'kaiten-product' from project 'KaitenSDK')
cd /Users/admin/builder/spi-builder-workspace/.swiftpm/xcode
builtin-SwiftPerFileCompile GroupAdminCommands.swift
SwiftCompile normal arm64 /Users/admin/builder/spi-builder-workspace/Sources/kaiten/GroupEntities/GroupEntitieCommands.swift (in target 'kaiten-product' from project 'KaitenSDK')
cd /Users/admin/builder/spi-builder-workspace/.swiftpm/xcode
builtin-SwiftPerFileCompile GroupEntitieCommands.swift
SwiftCompile normal arm64 Compiling\ GroupUserCommands.swift,\ GroupCommands.swift,\ IterationCommands.swift,\ JSONOutput.swift,\ Kaiten.swift,\ PrivateCardFileCommands.swift /Users/admin/builder/spi-builder-workspace/Sources/kaiten/GroupUsers/GroupUserCommands.swift /Users/admin/builder/spi-builder-workspace/Sources/kaiten/Groups/GroupCommands.swift /Users/admin/builder/spi-builder-workspace/Sources/kaiten/Iterations/IterationCommands.swift /Users/admin/builder/spi-builder-workspace/Sources/kaiten/JSONOutput.swift /Users/admin/builder/spi-builder-workspace/Sources/kaiten/Kaiten.swift /Users/admin/builder/spi-builder-workspace/Sources/kaiten/PrivateCardFiles/PrivateCardFileCommands.swift (in target 'kaiten-product' from project 'KaitenSDK')
/Users/admin/builder/spi-builder-workspace/Sources/kaiten/Kaiten.swift:327:36: error: 'homeDirectoryForCurrentUser' is unavailable in watchOS
325 |
326 | static var defaultConfigPath: String {
327 | let home = FileManager.default.homeDirectoryForCurrentUser
| `- error: 'homeDirectoryForCurrentUser' is unavailable in watchOS
328 | return home.appendingPathComponent(".config/kaiten/config.json").path
329 | }
/Applications/Xcode-27.0.0.app/Contents/Developer/Platforms/WatchOS.platform/Developer/SDKs/WatchOS27.0.sdk/System/Library/Frameworks/Foundation.framework/Headers/NSFileManager.h:1004:35: note: 'homeDirectoryForCurrentUser' has been explicitly marked unavailable here
1002 |
1003 | /// The home directory for the current user.
1004 | @property (readonly, copy) NSURL *homeDirectoryForCurrentUser API_AVAILABLE(macosx(10.12)) API_UNAVAILABLE(ios, watchos, tvos);
| `- note: 'homeDirectoryForCurrentUser' has been explicitly marked unavailable here
1005 | /// The temporary directory for the current user.
1006 | @property (readonly, copy) NSURL *temporaryDirectory API_AVAILABLE(macosx(10.12), ios(10.0), watchos(3.0), tvos(10.0));
Failed frontend command:
/Applications/Xcode-27.0.0.app/Contents/Developer/Toolchains/XcodeDefault.xctoolchain/usr/bin/swift-frontend -frontend -c /Users/admin/builder/spi-builder-workspace/Sources/kaiten/AuditLogs/AuditLogCommands.swift /Users/admin/builder/spi-builder-workspace/Sources/kaiten/Automations/AutomationCommands.swift /Users/admin/builder/spi-builder-workspace/Sources/kaiten/Boards/BoardCRUDCommands.swift /Users/admin/builder/spi-builder-workspace/Sources/kaiten/Boards/BoardCommands.swift /Users/admin/builder/spi-builder-workspace/Sources/kaiten/Boards/ColumnCommands.swift /Users/admin/builder/spi-builder-workspace/Sources/kaiten/Boards/LaneCommands.swift /Users/admin/builder/spi-builder-workspace/Sources/kaiten/CardAllowedUsers/CardAllowedUserCommands.swift /Users/admin/builder/spi-builder-workspace/Sources/kaiten/CardBlockerCategories/CardBlockerCategorieCommands.swift /Users/admin/builder/spi-builder-workspace/Sources/kaiten/CardBlockerUsers/CardBlockerUserCommands.swift /Users/admin/builder/spi-builder-workspace/Sources/kaiten/CardFiles/CardFileCommands.swift /Users/admin/builder/spi-builder-workspace/Sources/kaiten/CardServiceDeskExternalRecipients/CardServiceDeskExternalRecipientCommands.swift /Users/admin/builder/spi-builder-workspace/Sources/kaiten/CardSla/CardSlaCommands.swift /Users/admin/builder/spi-builder-workspace/Sources/kaiten/CardTimeLogs/CardTimeLogCommands.swift /Users/admin/builder/spi-builder-workspace/Sources/kaiten/CardTypeTreeEntities/CardTypeTreeEntitieCommands.swift /Users/admin/builder/spi-builder-workspace/Sources/kaiten/CardTypes/CardTypeCommands.swift /Users/admin/builder/spi-builder-workspace/Sources/kaiten/Cards/BaselineCommands.swift /Users/admin/builder/spi-builder-workspace/Sources/kaiten/Cards/BlockerCommands.swift /Users/admin/builder/spi-builder-workspace/Sources/kaiten/Cards/CardCommands.swift /Users/admin/builder/spi-builder-workspace/Sources/kaiten/Cards/CardTagCommands.swift /Users/admin/builder/spi-builder-workspace/Sources/kaiten/Cards/ChecklistCommands.swift /Users/admin/builder/spi-builder-workspace/Sources/kaiten/Cards/ChildCommands.swift /Users/admin/builder/spi-builder-workspace/Sources/kaiten/Cards/ExternalLinkCommands.swift /Users/admin/builder/spi-builder-workspace/Sources/kaiten/Cards/HistoryCommands.swift /Users/admin/builder/spi-builder-workspace/Sources/kaiten/Cards/MemberCommands.swift /Users/admin/builder/spi-builder-workspace/Sources/kaiten/ChecklistItems/ChecklistItemCommands.swift /Users/admin/builder/spi-builder-workspace/Sources/kaiten/Checklists/ChecklistsCommands.swift /Users/admin/builder/spi-builder-workspace/Sources/kaiten/CompanyUsers/CompanyUserCommands.swift /Users/admin/builder/spi-builder-workspace/Sources/kaiten/CustomDirectories/CustomDirectoryCommands.swift /Users/admin/builder/spi-builder-workspace/Sources/kaiten/CustomDirectoryFields/CustomDirectoryFieldCommands.swift /Users/admin/builder/spi-builder-workspace/Sources/kaiten/CustomDirectoryRecords/CustomDirectoryRecordCommands.swift /Users/admin/builder/spi-builder-workspace/Sources/kaiten/CustomProperties/CustomPropertyCommands.swift /Users/admin/builder/spi-builder-workspace/Sources/kaiten/CustomPropertyCatalogValues/CustomPropertyCatalogValueCommands.swift /Users/admin/builder/spi-builder-workspace/Sources/kaiten/CustomPropertyCollectiveScoreValues/CustomPropertyCollectiveScoreValueCommands.swift /Users/admin/builder/spi-builder-workspace/Sources/kaiten/CustomPropertyCollectiveVoteValues/CustomPropertyCollectiveVoteValueCommands.swift /Users/admin/builder/spi-builder-workspace/Sources/kaiten/CustomPropertySelectValues/CustomPropertySelectValueCommands.swift /Users/admin/builder/spi-builder-workspace/Sources/kaiten/CustomPropertyTreeEntities/CustomPropertyTreeEntitieCommands.swift /Users/admin/builder/spi-builder-workspace/Sources/kaiten/DateParsing.swift /Users/admin/builder/spi-builder-workspace/Sources/kaiten/DocumentGroups/DocumentGroupCommands.swift /Users/admin/builder/spi-builder-workspace/Sources/kaiten/DocumentSchemas/DocumentSchemaCommands.swift /Users/admin/builder/spi-builder-workspace/Sources/kaiten/Documents/DocumentCommands.swift /Users/admin/builder/spi-builder-workspace/Sources/kaiten/GroupAdmins/GroupAdminCommands.swift /Users/admin/builder/spi-builder-workspace/Sources/kaiten/GroupEntities/GroupEntitieCommands.swift -primary-file /Users/admin/builder/spi-builder-workspace/Sources/kaiten/GroupUsers/GroupUserCommands.swift -primary-file /Users/admin/builder/spi-builder-workspace/Sources/kaiten/Groups/GroupCommands.swift -primary-file /Users/admin/builder/spi-builder-workspace/Sources/kaiten/Iterations/IterationCommands.swift -primary-file /Users/admin/builder/spi-builder-workspace/Sources/kaiten/JSONOutput.swift -primary-file /Users/admin/builder/spi-builder-workspace/Sources/kaiten/Kaiten.swift -primary-file /Users/admin/builder/spi-builder-workspace/Sources/kaiten/PrivateCardFiles/PrivateCardFileCommands.swift /Users/admin/builder/spi-builder-workspace/Sources/kaiten/PrivateCommentFiles/PrivateCommentFileCommands.swift /Users/admin/builder/spi-builder-workspace/Sources/kaiten/PrivateCustomPropertyFiles/PrivateCustomPropertyFileCommands.swift /Users/admin/builder/spi-builder-workspace/Sources/kaiten/ServiceDeskServices/ServiceDeskServiceCommands.swift /Users/admin/builder/spi-builder-workspace/Sources/kaiten/SpaceBoards/SpaceBoardCommands.swift /Users/admin/builder/spi-builder-workspace/Sources/kaiten/SpaceTemplateChecklist/SpaceTemplateChecklistCommands.swift /Users/admin/builder/spi-builder-workspace/Sources/kaiten/SpaceTemplateChecklistItems/SpaceTemplateChecklistItemCommands.swift /Users/admin/builder/spi-builder-workspace/Sources/kaiten/SpaceUsers/SpaceUserCommands.swift /Users/admin/builder/spi-builder-workspace/Sources/kaiten/Spaces/SpaceCRUDCommands.swift /Users/admin/builder/spi-builder-workspace/Sources/kaiten/Spaces/SpaceCommands.swift /Users/admin/builder/spi-builder-workspace/Sources/kaiten/Sprints/SprintCommands.swift /Users/admin/builder/spi-builder-workspace/Sources/kaiten/Sprints/SprintSummaryCommand.swift /Users/admin/builder/spi-builder-workspace/Sources/kaiten/Tags/TagCommands.swift /Users/admin/builder/spi-builder-workspace/Sources/kaiten/Timesheet/TimesheetCommands.swift /Users/admin/builder/spi-builder-workspace/Sources/kaiten/TreeEntities/TreeEntitieCommands.swift /Users/admin/builder/spi-builder-workspace/Sources/kaiten/TreeEntityRoles/TreeEntityRoleCommands.swift /Users/admin/builder/spi-builder-workspace/Sources/kaiten/UserRoles/UserRoleCommands.swift /Users/admin/builder/spi-builder-workspace/Sources/kaiten/Users/UserCommands.swift /Users/admin/builder/spi-builder-workspace/Sources/kaiten/Version.swift -supplementary-output-file-map /Users/admin/builder/spi-builder-workspace/.derivedData/Build/Intermediates.noindex/KaitenSDK.build/Debug-watchos/kaiten-p.build/Objects-normal/arm64/supplementaryOutputs-263 -target arm64-apple-watchos11.0 -disable-cross-import-overlay-search -load-resolved-plugin /Applications/Xcode-27.0.0.app/Contents/Developer/Platforms/WatchOS.platform/Developer/usr/lib/swift/host/plugins/libFoundationMacros.dylib\#/Applications/Xcode-27.0.0.app/Contents/Developer/Platforms/WatchOS.platform/Developer/usr/bin/swift-plugin-server\#FoundationMacros -load-resolved-plugin /Applications/Xcode-27.0.0.app/Contents/Developer/Platforms/WatchOS.platform/Developer/usr/lib/swift/host/plugins/libObservationMacros.dylib\#/Applications/Xcode-27.0.0.app/Contents/Developer/Platforms/WatchOS.platform/Developer/usr/bin/swift-plugin-server\#ObservationMacros -load-resolved-plugin /Applications/Xcode-27.0.0.app/Contents/Developer/Platforms/WatchOS.platform/Developer/usr/lib/swift/host/plugins/libSwiftMacros.dylib\#/Applications/Xcode-27.0.0.app/Contents/Developer/Platforms/WatchOS.platform/Developer/usr/bin/swift-plugin-server\#SwiftMacros -disable-implicit-swift-modules -Xcc -fno-implicit-modules -Xcc -fno-implicit-module-maps -explicit-swift-module-map-file /Users/admin/builder/spi-builder-workspace/.derivedData/Build/Intermediates.noindex/KaitenSDK.build/Debug-watchos/kaiten-p.build/Objects-normal/arm64/kaiten-dependencies-1.json -Xllvm -aarch64-use-tbi -enable-objc-interop -stack-check -sdk /Applications/Xcode-27.0.0.app/Contents/Developer/Platforms/WatchOS.platform/Developer/SDKs/WatchOS27.0.sdk -I /Users/admin/builder/spi-builder-workspace/.derivedData/Build/Products/Debug-watchos -Isystem /Applications/Xcode-27.0.0.app/Contents/Developer/Platforms/WatchOS.platform/Developer/usr/lib -F /Users/admin/builder/spi-builder-workspace/.derivedData/Build/Products/Debug-watchos/PackageFrameworks -F /Users/admin/builder/spi-builder-workspace/.derivedData/Build/Products/Debug-watchos -F /Applications/Xcode-27.0.0.app/Contents/Developer/Platforms/WatchOS.platform/Developer/Library/Frameworks -F /Applications/Xcode-27.0.0.app/Contents/Developer/Platforms/WatchOS.platform/Developer/SDKs/WatchOS27.0.sdk/Developer/Library/Frameworks -module-cache-path /Users/admin/builder/spi-builder-workspace/.derivedData/Build/Intermediates.noindex/SwiftExplicitPrecompiledModules -no-color-diagnostics -Xcc -fno-color-diagnostics -enable-testing -g -debug-info-format\=dwarf -dwarf-version\=5 -profile-generate -profile-coverage-mapping -swift-version 6 -Onone -D SWIFT_PACKAGE -D DEBUG -D Xcode -serialize-debugging-options -enable-experimental-feature DebugDescriptionMacro -empty-abi-descriptor -validate-clang-modules-once -clang-build-session-file /Users/admin/builder/spi-builder-workspace/.derivedData/ModuleCache.noindex/Session.modulevalidation -Xcc -working-directory -Xcc /Users/admin/builder/spi-builder-workspace/.swiftpm/xcode -enable-anonymous-context-mangled-names -file-compilation-dir /Users/admin/builder/spi-builder-workspace/.swiftpm/xcode -Xcc -fmodule-map-file\=/Users/admin/builder/spi-builder-workspace/.dependencies/checkouts/swift-system/Sources/CSystem/include/module.modulemap -Xcc -D_LIBCPP_HARDENING_MODE\=_LIBCPP_HARDENING_MODE_DEBUG -Xcc -ivfsstatcache -Xcc /Users/admin/builder/spi-builder-workspace/.derivedData/SDKStatCaches.noindex/watchos27.0-24R360-e829b21a6f8c9b70876ba0858053c044b9db9bc9c079ee3c7b5f3373b13d10bc.sdkstatcache -Xcc -fmodules-prune-interval\=86400 -Xcc -fmodules-prune-after\=345600 -Xcc -I/Users/admin/builder/spi-builder-workspace/.dependencies/checkouts/swift-system/Sources/CSystem/include -Xcc -I/Users/admin/builder/spi-builder-workspace/.derivedData/Build/Products/Debug-watchos/include -Xcc -I/Users/admin/builder/spi-builder-workspace/.derivedData/Build/Intermediates.noindex/KaitenSDK.build/Debug-watchos/kaiten-p.build/DerivedSources-normal/arm64 -Xcc -I/Users/admin/builder/spi-builder-workspace/.derivedData/Build/Intermediates.noindex/KaitenSDK.build/Debug-watchos/kaiten-p.build/DerivedSources/arm64 -Xcc -I/Users/admin/builder/spi-builder-workspace/.derivedData/Build/Intermediates.noindex/KaitenSDK.build/Debug-watchos/kaiten-p.build/DerivedSources -Xcc -DSWIFT_PACKAGE -Xcc -DDEBUG\=1 -no-auto-bridging-header-chaining -module-name kaiten -package-name spi_builder_workspace -const-gather-protocols-file /Users/admin/builder/spi-builder-workspace/.derivedData/Build/Intermediates.noindex/KaitenSDK.build/Debug-watchos/kaiten-p.build/Objects-normal/arm64/kaiten_const_extract_protocols.json -disable-clang-spi -clang-target arm64-apple-watchos27.0 -target-sdk-version 27.0 -target-sdk-name watchos27.0 -in-process-plugin-server-path /Applications/Xcode-27.0.0.app/Contents/Developer/Toolchains/XcodeDefault.xctoolchain/usr/lib/swift/host/libSwiftInProcPluginServer.dylib -parse-as-library -o /Users/admin/builder/spi-builder-workspace/.derivedData/Build/Intermediates.noindex/KaitenSDK.build/Debug-watchos/kaiten-p.build/Objects-normal/arm64/GroupUserCommands.o -o /Users/admin/builder/spi-builder-workspace/.derivedData/Build/Intermediates.noindex/KaitenSDK.build/Debug-watchos/kaiten-p.build/Objects-normal/arm64/GroupCommands.o -o /Users/admin/builder/spi-builder-workspace/.derivedData/Build/Intermediates.noindex/KaitenSDK.build/Debug-watchos/kaiten-p.build/Objects-normal/arm64/IterationCommands.o -o /Users/admin/builder/spi-builder-workspace/.derivedData/Build/Intermediates.noindex/KaitenSDK.build/Debug-watchos/kaiten-p.build/Objects-normal/arm64/JSONOutput.o -o /Users/admin/builder/spi-builder-workspace/.derivedData/Build/Intermediates.noindex/KaitenSDK.build/Debug-watchos/kaiten-p.build/Objects-normal/arm64/Kaiten.o -o /Users/admin/builder/spi-builder-workspace/.derivedData/Build/Intermediates.noindex/KaitenSDK.build/Debug-watchos/kaiten-p.build/Objects-normal/arm64/PrivateCardFileCommands.o -debug-module-path /Users/admin/builder/spi-builder-workspace/.derivedData/Build/Intermediates.noindex/KaitenSDK.build/Debug-watchos/kaiten-p.build/Objects-normal/arm64/kaiten.swiftmodule -index-unit-output-path /KaitenSDK.build/Debug-watchos/kaiten-p.build/Objects-normal/arm64/GroupUserCommands.o -index-unit-output-path /KaitenSDK.build/Debug-watchos/kaiten-p.build/Objects-normal/arm64/GroupCommands.o -index-unit-output-path /KaitenSDK.build/Debug-watchos/kaiten-p.build/Objects-normal/arm64/IterationCommands.o -index-unit-output-path /KaitenSDK.build/Debug-watchos/kaiten-p.build/Objects-normal/arm64/JSONOutput.o -index-unit-output-path /KaitenSDK.build/Debug-watchos/kaiten-p.build/Objects-normal/arm64/Kaiten.o -index-unit-output-path /KaitenSDK.build/Debug-watchos/kaiten-p.build/Objects-normal/arm64/PrivateCardFileCommands.o -index-store-path /Users/admin/builder/spi-builder-workspace/.derivedData/Index.noindex/DataStore -index-system-modules
SwiftCompile normal arm64 /Users/admin/builder/spi-builder-workspace/Sources/kaiten/GroupUsers/GroupUserCommands.swift (in target 'kaiten-product' from project 'KaitenSDK')
cd /Users/admin/builder/spi-builder-workspace/.swiftpm/xcode
builtin-SwiftPerFileCompile GroupUserCommands.swift
SwiftCompile normal arm64 /Users/admin/builder/spi-builder-workspace/Sources/kaiten/Groups/GroupCommands.swift (in target 'kaiten-product' from project 'KaitenSDK')
cd /Users/admin/builder/spi-builder-workspace/.swiftpm/xcode
builtin-SwiftPerFileCompile GroupCommands.swift
SwiftCompile normal arm64 /Users/admin/builder/spi-builder-workspace/Sources/kaiten/Iterations/IterationCommands.swift (in target 'kaiten-product' from project 'KaitenSDK')
cd /Users/admin/builder/spi-builder-workspace/.swiftpm/xcode
builtin-SwiftPerFileCompile IterationCommands.swift
SwiftCompile normal arm64 /Users/admin/builder/spi-builder-workspace/Sources/kaiten/JSONOutput.swift (in target 'kaiten-product' from project 'KaitenSDK')
cd /Users/admin/builder/spi-builder-workspace/.swiftpm/xcode
builtin-SwiftPerFileCompile JSONOutput.swift
SwiftCompile normal arm64 /Users/admin/builder/spi-builder-workspace/Sources/kaiten/Kaiten.swift (in target 'kaiten-product' from project 'KaitenSDK')
cd /Users/admin/builder/spi-builder-workspace/.swiftpm/xcode
builtin-SwiftPerFileCompile Kaiten.swift
SwiftCompile normal arm64 /Users/admin/builder/spi-builder-workspace/Sources/kaiten/PrivateCardFiles/PrivateCardFileCommands.swift (in target 'kaiten-product' from project 'KaitenSDK')
cd /Users/admin/builder/spi-builder-workspace/.swiftpm/xcode
builtin-SwiftPerFileCompile PrivateCardFileCommands.swift
SwiftCompile normal arm64 Compiling\ SpaceUserCommands.swift,\ SpaceCRUDCommands.swift,\ SpaceCommands.swift,\ SprintCommands.swift,\ SprintSummaryCommand.swift,\ TagCommands.swift /Users/admin/builder/spi-builder-workspace/Sources/kaiten/SpaceUsers/SpaceUserCommands.swift /Users/admin/builder/spi-builder-workspace/Sources/kaiten/Spaces/SpaceCRUDCommands.swift /Users/admin/builder/spi-builder-workspace/Sources/kaiten/Spaces/SpaceCommands.swift /Users/admin/builder/spi-builder-workspace/Sources/kaiten/Sprints/SprintCommands.swift /Users/admin/builder/spi-builder-workspace/Sources/kaiten/Sprints/SprintSummaryCommand.swift /Users/admin/builder/spi-builder-workspace/Sources/kaiten/Tags/TagCommands.swift (in target 'kaiten-product' from project 'KaitenSDK')
/Users/admin/builder/spi-builder-workspace/Sources/kaiten/Sprints/SprintCommands.swift:27:36: warning: 'listSprints(active:limit:offset:)' is deprecated: Kaiten deprecated sprints: new sprints cannot be started since 2026-10-01. Use iterations. [#DeprecatedDeclaration]
25 | func run() async throws {
26 | let client = try await global.makeClient()
27 | let sprints = try await client.listSprints(
| `- warning: 'listSprints(active:limit:offset:)' is deprecated: Kaiten deprecated sprints: new sprints cannot be started since 2026-10-01. Use iterations. [#DeprecatedDeclaration]
28 | active: active ? true : nil, limit: limit, offset: offset)
29 | try printJSON(sprints, expand: global.expandedFields)
SwiftCompile normal arm64 /Users/admin/builder/spi-builder-workspace/Sources/kaiten/SpaceUsers/SpaceUserCommands.swift (in target 'kaiten-product' from project 'KaitenSDK')
cd /Users/admin/builder/spi-builder-workspace/.swiftpm/xcode
builtin-SwiftPerFileCompile SpaceUserCommands.swift
SwiftCompile normal arm64 /Users/admin/builder/spi-builder-workspace/Sources/kaiten/Spaces/SpaceCRUDCommands.swift (in target 'kaiten-product' from project 'KaitenSDK')
cd /Users/admin/builder/spi-builder-workspace/.swiftpm/xcode
builtin-SwiftPerFileCompile SpaceCRUDCommands.swift
SwiftCompile normal arm64 /Users/admin/builder/spi-builder-workspace/Sources/kaiten/Spaces/SpaceCommands.swift (in target 'kaiten-product' from project 'KaitenSDK')
cd /Users/admin/builder/spi-builder-workspace/.swiftpm/xcode
builtin-SwiftPerFileCompile SpaceCommands.swift
SwiftCompile normal arm64 /Users/admin/builder/spi-builder-workspace/Sources/kaiten/Sprints/SprintCommands.swift (in target 'kaiten-product' from project 'KaitenSDK')
cd /Users/admin/builder/spi-builder-workspace/.swiftpm/xcode
builtin-SwiftPerFileCompile SprintCommands.swift
SwiftCompile normal arm64 /Users/admin/builder/spi-builder-workspace/Sources/kaiten/Sprints/SprintSummaryCommand.swift (in target 'kaiten-product' from project 'KaitenSDK')
cd /Users/admin/builder/spi-builder-workspace/.swiftpm/xcode
builtin-SwiftPerFileCompile SprintSummaryCommand.swift
SwiftCompile normal arm64 /Users/admin/builder/spi-builder-workspace/Sources/kaiten/Tags/TagCommands.swift (in target 'kaiten-product' from project 'KaitenSDK')
cd /Users/admin/builder/spi-builder-workspace/.swiftpm/xcode
builtin-SwiftPerFileCompile TagCommands.swift
SwiftCompile normal arm64 Compiling\ TimesheetCommands.swift,\ TreeEntitieCommands.swift,\ TreeEntityRoleCommands.swift,\ UserRoleCommands.swift,\ UserCommands.swift,\ Version.swift /Users/admin/builder/spi-builder-workspace/Sources/kaiten/Timesheet/TimesheetCommands.swift /Users/admin/builder/spi-builder-workspace/Sources/kaiten/TreeEntities/TreeEntitieCommands.swift /Users/admin/builder/spi-builder-workspace/Sources/kaiten/TreeEntityRoles/TreeEntityRoleCommands.swift /Users/admin/builder/spi-builder-workspace/Sources/kaiten/UserRoles/UserRoleCommands.swift /Users/admin/builder/spi-builder-workspace/Sources/kaiten/Users/UserCommands.swift /Users/admin/builder/spi-builder-workspace/Sources/kaiten/Version.swift (in target 'kaiten-product' from project 'KaitenSDK')
SwiftCompile normal arm64 /Users/admin/builder/spi-builder-workspace/Sources/kaiten/Timesheet/TimesheetCommands.swift (in target 'kaiten-product' from project 'KaitenSDK')
cd /Users/admin/builder/spi-builder-workspace/.swiftpm/xcode
builtin-SwiftPerFileCompile TimesheetCommands.swift
SwiftCompile normal arm64 /Users/admin/builder/spi-builder-workspace/Sources/kaiten/TreeEntities/TreeEntitieCommands.swift (in target 'kaiten-product' from project 'KaitenSDK')
cd /Users/admin/builder/spi-builder-workspace/.swiftpm/xcode
builtin-SwiftPerFileCompile TreeEntitieCommands.swift
SwiftCompile normal arm64 /Users/admin/builder/spi-builder-workspace/Sources/kaiten/TreeEntityRoles/TreeEntityRoleCommands.swift (in target 'kaiten-product' from project 'KaitenSDK')
cd /Users/admin/builder/spi-builder-workspace/.swiftpm/xcode
builtin-SwiftPerFileCompile TreeEntityRoleCommands.swift
SwiftCompile normal arm64 /Users/admin/builder/spi-builder-workspace/Sources/kaiten/UserRoles/UserRoleCommands.swift (in target 'kaiten-product' from project 'KaitenSDK')
cd /Users/admin/builder/spi-builder-workspace/.swiftpm/xcode
builtin-SwiftPerFileCompile UserRoleCommands.swift
SwiftCompile normal arm64 /Users/admin/builder/spi-builder-workspace/Sources/kaiten/Users/UserCommands.swift (in target 'kaiten-product' from project 'KaitenSDK')
cd /Users/admin/builder/spi-builder-workspace/.swiftpm/xcode
builtin-SwiftPerFileCompile UserCommands.swift
SwiftCompile normal arm64 /Users/admin/builder/spi-builder-workspace/Sources/kaiten/Version.swift (in target 'kaiten-product' from project 'KaitenSDK')
cd /Users/admin/builder/spi-builder-workspace/.swiftpm/xcode
builtin-SwiftPerFileCompile Version.swift
SwiftEmitModule normal arm64_32 Emitting\ module\ for\ kaiten (in target 'kaiten-product' from project 'KaitenSDK')
SwiftCompile normal arm64_32 (in target 'kaiten-product' from project 'KaitenSDK')
cd /Users/admin/builder/spi-builder-workspace/.swiftpm/xcode
PruneExplicitPrecompiledModules /Users/admin/builder/spi-builder-workspace/.derivedData/Build/Intermediates.noindex/SwiftExplicitPrecompiledModules
PruneExplicitPrecompiledModules /Users/admin/builder/spi-builder-workspace/.derivedData/Build/Intermediates.noindex/ExplicitPrecompiledModules
PruneExplicitPrecompiledModules /Users/admin/builder/spi-builder-workspace/.derivedData/SDKExplicitPrecompiledModules
2026-10-10 07:18:57.186 xcodebuild[1260:6819] [MT] IDERunDestination: Supported platforms for the buildables in the current scheme is empty.
** BUILD FAILED **
The following build commands failed:
SwiftCompile normal arm64 Compiling\ GroupUserCommands.swift,\ GroupCommands.swift,\ IterationCommands.swift,\ JSONOutput.swift,\ Kaiten.swift,\ PrivateCardFileCommands.swift /Users/admin/builder/spi-builder-workspace/Sources/kaiten/GroupUsers/GroupUserCommands.swift /Users/admin/builder/spi-builder-workspace/Sources/kaiten/Groups/GroupCommands.swift /Users/admin/builder/spi-builder-workspace/Sources/kaiten/Iterations/IterationCommands.swift /Users/admin/builder/spi-builder-workspace/Sources/kaiten/JSONOutput.swift /Users/admin/builder/spi-builder-workspace/Sources/kaiten/Kaiten.swift /Users/admin/builder/spi-builder-workspace/Sources/kaiten/PrivateCardFiles/PrivateCardFileCommands.swift (in target 'kaiten-product' from project 'KaitenSDK')
SwiftCompile normal arm64 /Users/admin/builder/spi-builder-workspace/Sources/kaiten/Kaiten.swift (in target 'kaiten-product' from project 'KaitenSDK')
Building workspace KaitenSDK with scheme KaitenSDK-Package
(3 failures)
Command line invocation:
/Applications/Xcode-27.0.0.app/Contents/Developer/usr/bin/xcodebuild -IDEClonedSourcePackagesDirPathOverride=/Users/admin/builder/spi-builder-workspace/.dependencies -resolvePackageDependencies
Resolve Package Graph
Resolved source packages:
swift-async-algorithms: https://github.com/apple/swift-async-algorithms.git @ 1.1.7
swift-service-lifecycle: https://github.com/swift-server/swift-service-lifecycle @ 2.12.1
swift-argument-parser: https://github.com/apple/swift-argument-parser @ 1.8.2
swift-numerics: https://github.com/apple/swift-numerics.git @ 1.1.1
OpenAPIKit: https://github.com/mattpolzin/OpenAPIKit @ 6.4.0
swift-openapi-runtime: https://github.com/apple/swift-openapi-runtime @ 1.13.0
swift-system: https://github.com/apple/swift-system @ 1.8.1
swift-algorithms: https://github.com/apple/swift-algorithms @ 1.2.1
swift-log: https://github.com/apple/swift-log.git @ 1.16.1
swift-openapi-urlsession: https://github.com/apple/swift-openapi-urlsession @ 1.3.2
swift-openapi-generator: https://github.com/apple/swift-openapi-generator @ 1.14.0
KaitenSDK: /Users/admin/builder/spi-builder-workspace
swift-configuration: https://github.com/apple/swift-configuration @ 1.2.2
Yams: https://github.com/jpsim/Yams @ 6.2.2
swift-http-types: https://github.com/apple/swift-http-types @ 1.8.0
swift-collections: https://github.com/apple/swift-collections @ 1.7.2
resolved source packages: swift-async-algorithms, swift-service-lifecycle, swift-argument-parser, swift-numerics, OpenAPIKit, swift-openapi-runtime, swift-system, swift-algorithms, swift-log, swift-openapi-urlsession, swift-openapi-generator, KaitenSDK, swift-configuration, Yams, swift-http-types, swift-collections
2026-10-10 07:19:56.468 xcodebuild[2328:13150] [MT] IDERunDestination: Supported platforms for the buildables in the current scheme is empty.
{
"dependencies" : [
{
"identity" : "swift-argument-parser",
"requirement" : {
"range" : [
{
"lower_bound" : "1.5.0",
"upper_bound" : "2.0.0"
}
]
},
"type" : "sourceControl",
"url" : "https://github.com/apple/swift-argument-parser"
},
{
"identity" : "swift-openapi-generator",
"requirement" : {
"range" : [
{
"lower_bound" : "1.7.0",
"upper_bound" : "2.0.0"
}
]
},
"type" : "sourceControl",
"url" : "https://github.com/apple/swift-openapi-generator"
},
{
"identity" : "swift-openapi-runtime",
"requirement" : {
"range" : [
{
"lower_bound" : "1.7.0",
"upper_bound" : "2.0.0"
}
]
},
"type" : "sourceControl",
"url" : "https://github.com/apple/swift-openapi-runtime"
},
{
"identity" : "swift-openapi-urlsession",
"requirement" : {
"range" : [
{
"lower_bound" : "1.0.0",
"upper_bound" : "2.0.0"
}
]
},
"type" : "sourceControl",
"url" : "https://github.com/apple/swift-openapi-urlsession"
},
{
"identity" : "swift-http-types",
"requirement" : {
"range" : [
{
"lower_bound" : "1.3.0",
"upper_bound" : "2.0.0"
}
]
},
"type" : "sourceControl",
"url" : "https://github.com/apple/swift-http-types"
},
{
"identity" : "swift-configuration",
"requirement" : {
"range" : [
{
"lower_bound" : "1.0.2",
"upper_bound" : "2.0.0"
}
]
},
"type" : "sourceControl",
"url" : "https://github.com/apple/swift-configuration"
},
{
"identity" : "swift-system",
"requirement" : {
"range" : [
{
"lower_bound" : "1.4.0",
"upper_bound" : "2.0.0"
}
]
},
"type" : "sourceControl",
"url" : "https://github.com/apple/swift-system"
}
],
"manifest_display_name" : "KaitenSDK",
"name" : "KaitenSDK",
"path" : "/Users/admin/builder/spi-builder-workspace",
"platforms" : [
{
"name" : "ios",
"version" : "18.0"
},
{
"name" : "macos",
"version" : "15.0"
}
],
"products" : [
{
"name" : "KaitenSDK",
"targets" : [
"KaitenSDK"
],
"type" : {
"library" : [
"automatic"
]
}
},
{
"name" : "kaiten",
"targets" : [
"kaiten"
],
"type" : {
"executable" : null
}
}
],
"targets" : [
{
"c99name" : "kaiten",
"module_type" : "SwiftTarget",
"name" : "kaiten",
"path" : "Sources/kaiten",
"product_dependencies" : [
"OpenAPIRuntime",
"ArgumentParser",
"Configuration",
"SystemPackage"
],
"product_memberships" : [
"kaiten"
],
"sources" : [
"AuditLogs/AuditLogCommands.swift",
"Automations/AutomationCommands.swift",
"Boards/BoardCRUDCommands.swift",
"Boards/BoardCommands.swift",
"Boards/ColumnCommands.swift",
"Boards/LaneCommands.swift",
"CardAllowedUsers/CardAllowedUserCommands.swift",
"CardBlockerCategories/CardBlockerCategorieCommands.swift",
"CardBlockerUsers/CardBlockerUserCommands.swift",
"CardFiles/CardFileCommands.swift",
"CardServiceDeskExternalRecipients/CardServiceDeskExternalRecipientCommands.swift",
"CardSla/CardSlaCommands.swift",
"CardTimeLogs/CardTimeLogCommands.swift",
"CardTypeTreeEntities/CardTypeTreeEntitieCommands.swift",
"CardTypes/CardTypeCommands.swift",
"Cards/BaselineCommands.swift",
"Cards/BlockerCommands.swift",
"Cards/CardCommands.swift",
"Cards/CardTagCommands.swift",
"Cards/ChecklistCommands.swift",
"Cards/ChildCommands.swift",
"Cards/ExternalLinkCommands.swift",
"Cards/HistoryCommands.swift",
"Cards/MemberCommands.swift",
"ChecklistItems/ChecklistItemCommands.swift",
"Checklists/ChecklistsCommands.swift",
"CompanyUsers/CompanyUserCommands.swift",
"CustomDirectories/CustomDirectoryCommands.swift",
"CustomDirectoryFields/CustomDirectoryFieldCommands.swift",
"CustomDirectoryRecords/CustomDirectoryRecordCommands.swift",
"CustomProperties/CustomPropertyCommands.swift",
"CustomPropertyCatalogValues/CustomPropertyCatalogValueCommands.swift",
"CustomPropertyCollectiveScoreValues/CustomPropertyCollectiveScoreValueCommands.swift",
"CustomPropertyCollectiveVoteValues/CustomPropertyCollectiveVoteValueCommands.swift",
"CustomPropertySelectValues/CustomPropertySelectValueCommands.swift",
"CustomPropertyTreeEntities/CustomPropertyTreeEntitieCommands.swift",
"DateParsing.swift",
"DocumentGroups/DocumentGroupCommands.swift",
"DocumentSchemas/DocumentSchemaCommands.swift",
"Documents/DocumentCommands.swift",
"GroupAdmins/GroupAdminCommands.swift",
"GroupEntities/GroupEntitieCommands.swift",
"GroupUsers/GroupUserCommands.swift",
"Groups/GroupCommands.swift",
"Iterations/IterationCommands.swift",
"JSONOutput.swift",
"Kaiten.swift",
"PrivateCardFiles/PrivateCardFileCommands.swift",
"PrivateCommentFiles/PrivateCommentFileCommands.swift",
"PrivateCustomPropertyFiles/PrivateCustomPropertyFileCommands.swift",
"ServiceDeskServices/ServiceDeskServiceCommands.swift",
"SpaceBoards/SpaceBoardCommands.swift",
"SpaceTemplateChecklist/SpaceTemplateChecklistCommands.swift",
"SpaceTemplateChecklistItems/SpaceTemplateChecklistItemCommands.swift",
"SpaceUsers/SpaceUserCommands.swift",
"Spaces/SpaceCRUDCommands.swift",
"Spaces/SpaceCommands.swift",
"Sprints/SprintCommands.swift",
"Sprints/SprintSummaryCommand.swift",
"Tags/TagCommands.swift",
"Timesheet/TimesheetCommands.swift",
"TreeEntities/TreeEntitieCommands.swift",
"TreeEntityRoles/TreeEntityRoleCommands.swift",
"UserRoles/UserRoleCommands.swift",
"Users/UserCommands.swift",
"Version.swift"
],
"target_dependencies" : [
"KaitenSDK"
],
"type" : "executable"
},
{
"c99name" : "KaitenSDKTests",
"module_type" : "SwiftTarget",
"name" : "KaitenSDKTests",
"path" : "Tests/KaitenSDKTests",
"sources" : [
"AddCardChildTests.swift",
"AddCardMemberTests.swift",
"AddCardTagTests.swift",
"AddServiceDeskExternalRecipientTests.swift",
"AttachFileTests.swift",
"AuditLogsTests.swift",
"AuthMiddlewareTests.swift",
"AutomationsTests.swift",
"BatchUpdateCardsTests.swift",
"BoardsCRUDTests.swift",
"CLIValidationTests.swift",
"CardAllowedUsersTests.swift",
"CardBaselinesTests.swift",
"CardBlockerCategoriesTests.swift",
"CardBlockerUsersTests.swift",
"CardCommentsTests.swift",
"CardFilesTests.swift",
"CardSlaTests.swift",
"CardTimeLogsTests.swift",
"CardTypeTreeEntitiesTests.swift",
"CardTypesTests.swift",
"CardsSearchTests.swift",
"ChecklistCardsTests.swift",
"ChecklistItemsTests.swift",
"ColumnLaneSettingsTests.swift",
"ColumnsCRUDTests.swift",
"CompanyUsersTests.swift",
"ConnectionResolutionTests.swift",
"CreateCardBlockerTests.swift",
"CreateCardTests.swift",
"CreateChecklistItemTests.swift",
"CreateChecklistTests.swift",
"CreateCommentTests.swift",
"CreateExternalLinkTests.swift",
"CustomDirectoriesTests.swift",
"CustomDirectoryFieldsTests.swift",
"CustomDirectoryRecordsTests.swift",
"CustomPropertiesCRUDTests.swift",
"CustomPropertiesTests.swift",
"CustomPropertyCatalogValuesTests.swift",
"CustomPropertyCollectiveScoreValuesTests.swift",
"CustomPropertyCollectiveVoteValuesTests.swift",
"CustomPropertySelectValuesTests.swift",
"CustomPropertyTreeEntitiesTests.swift",
"DateParsingTests.swift",
"DeleteCardBlockerTests.swift",
"DeleteCardTests.swift",
"DeleteCommentTests.swift",
"DetachFileTests.swift",
"DocumentGroupsTests.swift",
"DocumentSchemasTests.swift",
"DocumentationGapsTests.swift",
"DocumentsTests.swift",
"EnumsTests.swift",
"ExplicitNullStringTests.swift",
"GetBoardColumnsTests.swift",
"GetBoardLanesTests.swift",
"GetBoardTests.swift",
"GetCardLocationHistoryTests.swift",
"GetCardMembersTests.swift",
"GetCardTests.swift",
"GetChecklistTests.swift",
"GetCurrentUserTests.swift",
"GroupAdminsTests.swift",
"GroupEntitiesTests.swift",
"GroupUsersTests.swift",
"GroupsTests.swift",
"Helpers/CollectionExtensions.swift",
"Helpers/MockTransport.swift",
"IterationsTests.swift",
"JSONOutputTests.swift",
"KaitenClientTests.swift",
"KaitenErrorTests.swift",
"LanesCRUDTests.swift",
"ListBoardsTests.swift",
"ListCardBlockersTests.swift",
"ListCardChildrenTests.swift",
"ListCardTagsTests.swift",
"ListCardTypesTests.swift",
"ListCardsTests.swift",
"ListEndpointPaginationTests.swift",
"ListExternalLinksTests.swift",
"ListSpacesTests.swift",
"ListSprintsTests.swift",
"ListUsersTests.swift",
"LiveNullabilityTests.swift",
"OpenAPISpecIntegrityTests.swift",
"PageTests.swift",
"PaginationTests.swift",
"PrivateCardFilesTests.swift",
"PrivateCommentFilesTests.swift",
"PrivateCustomPropertyFilesTests.swift",
"RateLimitGateTests.swift",
"RemoveCardChildTests.swift",
"RemoveCardMemberTests.swift",
"RemoveCardTagTests.swift",
"RemoveChecklistItemTests.swift",
"RemoveChecklistTests.swift",
"RemoveExternalLinkTests.swift",
"RemoveServiceDeskExternalRecipientTests.swift",
"RetryMiddlewareTests.swift",
"ServiceDeskServicesTests.swift",
"SpaceBoardAttributesTests.swift",
"SpaceBoardsTests.swift",
"SpaceTemplateChecklistItemsTests.swift",
"SpaceTemplateChecklistsTests.swift",
"SpaceUsersTests.swift",
"SpacesCRUDTests.swift",
"SprintSummaryTests.swift",
"SubcolumnsCRUDTests.swift",
"TagsTests.swift",
"TimesheetTests.swift",
"TreeEntitiesTests.swift",
"TreeEntityRolesTests.swift",
"UpdateCardBlockerTests.swift",
"UpdateCardMemberRoleTests.swift",
"UpdateCardTests.swift",
"UpdateChecklistItemTests.swift",
"UpdateChecklistTests.swift",
"UpdateCommentTests.swift",
"UpdateExternalLinkTests.swift",
"UpdateFileTests.swift",
"UpdateUserTests.swift",
"UserRolesTests.swift",
"VersionFlagTests.swift"
],
"target_dependencies" : [
"KaitenSDK",
"kaiten"
],
"type" : "test"
},
{
"c99name" : "KaitenSDK",
"module_type" : "SwiftTarget",
"name" : "KaitenSDK",
"path" : "Sources/KaitenSDK",
"product_dependencies" : [
"OpenAPIRuntime",
"OpenAPIURLSession",
"HTTPTypes",
"OpenAPIGenerator"
],
"product_memberships" : [
"KaitenSDK",
"kaiten"
],
"sources" : [
"AuthenticationMiddleware.swift",
"CardFilter.swift",
"CardOptions.swift",
"Enums.swift",
"ExplicitNullFieldsMiddleware.swift",
"ExplicitNullInteger.swift",
"ExplicitNullNumber.swift",
"ExplicitNullString.swift",
"KaitenClient+AuditLogs.swift",
"KaitenClient+Automations.swift",
"KaitenClient+Blockers.swift",
"KaitenClient+Boards.swift",
"KaitenClient+CardAllowedUsers.swift",
"KaitenClient+CardBlockerCategories.swift",
"KaitenClient+CardBlockerUsers.swift",
"KaitenClient+CardFiles.swift",
"KaitenClient+CardServiceDeskExternalRecipients.swift",
"KaitenClient+CardSla.swift",
"KaitenClient+CardTimeLogs.swift",
"KaitenClient+CardTypeTreeEntities.swift",
"KaitenClient+CardTypes.swift",
"KaitenClient+Cards.swift",
"KaitenClient+ChecklistItems.swift",
"KaitenClient+Checklists.swift",
"KaitenClient+Columns.swift",
"KaitenClient+Comments.swift",
"KaitenClient+CompanyUsers.swift",
"KaitenClient+CustomDirectories.swift",
"KaitenClient+CustomDirectoryFields.swift",
"KaitenClient+CustomDirectoryRecords.swift",
"KaitenClient+CustomProperties.swift",
"KaitenClient+CustomPropertyCatalogValues.swift",
"KaitenClient+CustomPropertyCollectiveScoreValues.swift",
"KaitenClient+CustomPropertyCollectiveVoteValues.swift",
"KaitenClient+CustomPropertySelectValues.swift",
"KaitenClient+CustomPropertyTreeEntities.swift",
"KaitenClient+DocumentGroups.swift",
"KaitenClient+DocumentSchemas.swift",
"KaitenClient+Documents.swift",
"KaitenClient+ExternalLinks.swift",
"KaitenClient+GroupAdmins.swift",
"KaitenClient+GroupEntities.swift",
"KaitenClient+GroupUsers.swift",
"KaitenClient+Groups.swift",
"KaitenClient+Iterations.swift",
"KaitenClient+Lanes.swift",
"KaitenClient+Members.swift",
"KaitenClient+PrivateCardFiles.swift",
"KaitenClient+PrivateCommentFiles.swift",
"KaitenClient+PrivateCustomPropertyFiles.swift",
"KaitenClient+ServiceDeskServices.swift",
"KaitenClient+SpaceBoards.swift",
"KaitenClient+SpaceTemplateChecklist.swift",
"KaitenClient+SpaceTemplateChecklistItems.swift",
"KaitenClient+SpaceUsers.swift",
"KaitenClient+Spaces.swift",
"KaitenClient+Sprints.swift",
"KaitenClient+Tags.swift",
"KaitenClient+Timesheet.swift",
"KaitenClient+TreeEntities.swift",
"KaitenClient+TreeEntityRoles.swift",
"KaitenClient+UserRoles.swift",
"KaitenClient+Users.swift",
"KaitenClient.swift",
"KaitenError.swift",
"Page.swift",
"Pagination.swift",
"RateLimitGate.swift",
"ResponseMapping.swift",
"RetryMiddleware.swift"
],
"type" : "library"
}
],
"tools_version" : "6.2"
}
{
"workspace" : {
"name" : "KaitenSDK",
"schemes" : [
"kaiten",
"KaitenSDK",
"KaitenSDK-Package"
]
}
}
2026-10-10 07:20:00.532 xcodebuild[2354:13326] [MT] IDERunDestination: Supported platforms for the buildables in the current scheme is empty.
Running build ...
env DEVELOPER_DIR=/Applications/Xcode-27.0.0-Release.Candidate.app xcrun xcodebuild -IDEClonedSourcePackagesDirPathOverride=$PWD/.dependencies -skipMacroValidation -skipPackagePluginValidation -derivedDataPath $PWD/.derivedData build -scheme KaitenSDK-Package -destination generic/platform=watchOS
Command line invocation:
/Applications/Xcode-27.0.0.app/Contents/Developer/usr/bin/xcodebuild -IDEClonedSourcePackagesDirPathOverride=/Users/admin/builder/spi-builder-workspace/.dependencies -skipMacroValidation -skipPackagePluginValidation -derivedDataPath /Users/admin/builder/spi-builder-workspace/.derivedData build -scheme KaitenSDK-Package -destination generic/platform=watchOS
Resolve Package Graph
Resolved source packages:
swift-async-algorithms: https://github.com/apple/swift-async-algorithms.git @ 1.1.7
swift-openapi-runtime: https://github.com/apple/swift-openapi-runtime @ 1.13.0
swift-http-types: https://github.com/apple/swift-http-types @ 1.8.0
swift-collections: https://github.com/apple/swift-collections @ 1.7.2
swift-algorithms: https://github.com/apple/swift-algorithms @ 1.2.1
swift-configuration: https://github.com/apple/swift-configuration @ 1.2.2
swift-log: https://github.com/apple/swift-log.git @ 1.16.1
OpenAPIKit: https://github.com/mattpolzin/OpenAPIKit @ 6.4.0
swift-argument-parser: https://github.com/apple/swift-argument-parser @ 1.8.2
swift-numerics: https://github.com/apple/swift-numerics.git @ 1.1.1
swift-service-lifecycle: https://github.com/swift-server/swift-service-lifecycle @ 2.12.1
Yams: https://github.com/jpsim/Yams @ 6.2.2
swift-system: https://github.com/apple/swift-system @ 1.8.1
swift-openapi-generator: https://github.com/apple/swift-openapi-generator @ 1.14.0
KaitenSDK: /Users/admin/builder/spi-builder-workspace
swift-openapi-urlsession: https://github.com/apple/swift-openapi-urlsession @ 1.3.2
ComputePackagePrebuildTargetDependencyGraph
Prepare packages
Compile plug-in “OpenAPIGenerator” in package “swift-openapi-generator”
[debug]: Compiling plugin to executable at /Users/admin/builder/spi-builder-workspace/.derivedData/Build/Products/PluginExecutables/OpenAPIGenerator
[debug]: Using compiler /Applications/Xcode-27.0.0.app/Contents/Developer/Toolchains/XcodeDefault.xctoolchain/usr/bin/swiftc
[debug]: Plugin compilation output directory '/Users/admin/builder/spi-builder-workspace/.derivedData/Build/Products/PluginExecutables'
[debug]: Computed hash of plugin compilation inputs: 42faccfd1e9638950045aba6c340ffc0ff59987bdf2c15678241d5eafaa0f6b3
Apply build tool plug-in “OpenAPIGenerator” to target “KaitenSDK” in package “spi-builder-workspace”
Process build tool plug-in results
package: <IDESwiftPackageCore.IDESwiftPackage:0xbd3e1c300 path:'/Users/admin/builder/spi-builder-workspace'>
target: KaitenSDK
prebuildCommandOutputPaths: []
buildCommands: [SwiftPM.SPMCustomBuildCommand(displayName: Optional("Running swift-openapi-generator"), executable: "/${BUILD_DIR}/${CONFIGURATION}/swift-openapi-generator", arguments: ["generate", "/Users/admin/builder/spi-builder-workspace/Sources/KaitenSDK/openapi.yaml", "--config", "/Users/admin/builder/spi-builder-workspace/Sources/KaitenSDK/openapi-generator-config.yaml", "--output-directory", "/Users/admin/builder/spi-builder-workspace/.derivedData/Build/Intermediates.noindex/BuildToolPluginIntermediates/spi-builder-workspace.output/KaitenSDK/OpenAPIGenerator/GeneratedSources", "--plugin-source", "build"], environment: [:], workingDir: nil, inputPaths: [SwiftPM.SPMAbsolutePath(absolutePath: <AbsolutePath:"/Users/admin/builder/spi-builder-workspace/Sources/KaitenSDK/openapi-generator-config.yaml">), SwiftPM.SPMAbsolutePath(absolutePath: <AbsolutePath:"/Users/admin/builder/spi-builder-workspace/Sources/KaitenSDK/openapi.yaml">)], outputPaths: ["/Users/admin/builder/spi-builder-workspace/.derivedData/Build/Intermediates.noindex/BuildToolPluginIntermediates/spi-builder-workspace.output/KaitenSDK/OpenAPIGenerator/GeneratedSources/Types.swift", "/Users/admin/builder/spi-builder-workspace/.derivedData/Build/Intermediates.noindex/BuildToolPluginIntermediates/spi-builder-workspace.output/KaitenSDK/OpenAPIGenerator/GeneratedSources/Types+Components.swift", "/Users/admin/builder/spi-builder-workspace/.derivedData/Build/Intermediates.noindex/BuildToolPluginIntermediates/spi-builder-workspace.output/KaitenSDK/OpenAPIGenerator/GeneratedSources/Types+Operations.swift", "/Users/admin/builder/spi-builder-workspace/.derivedData/Build/Intermediates.noindex/BuildToolPluginIntermediates/spi-builder-workspace.output/KaitenSDK/OpenAPIGenerator/GeneratedSources/Types+Components+Schemas.swift", "/Users/admin/builder/spi-builder-workspace/.derivedData/Build/Intermediates.noindex/BuildToolPluginIntermediates/spi-builder-workspace.output/KaitenSDK/OpenAPIGenerator/GeneratedSources/Types+Components+Parameters.swift", "/Users/admin/builder/spi-builder-workspace/.derivedData/Build/Intermediates.noindex/BuildToolPluginIntermediates/spi-builder-workspace.output/KaitenSDK/OpenAPIGenerator/GeneratedSources/Types+Components+RequestBodies.swift", "/Users/admin/builder/spi-builder-workspace/.derivedData/Build/Intermediates.noindex/BuildToolPluginIntermediates/spi-builder-workspace.output/KaitenSDK/OpenAPIGenerator/GeneratedSources/Types+Components+Responses.swift", "/Users/admin/builder/spi-builder-workspace/.derivedData/Build/Intermediates.noindex/BuildToolPluginIntermediates/spi-builder-workspace.output/KaitenSDK/OpenAPIGenerator/GeneratedSources/Types+Components+Headers.swift", "/Users/admin/builder/spi-builder-workspace/.derivedData/Build/Intermediates.noindex/BuildToolPluginIntermediates/spi-builder-workspace.output/KaitenSDK/OpenAPIGenerator/GeneratedSources/Client.swift", "/Users/admin/builder/spi-builder-workspace/.derivedData/Build/Intermediates.noindex/BuildToolPluginIntermediates/spi-builder-workspace.output/KaitenSDK/OpenAPIGenerator/GeneratedSources/Server.swift"], pluginOutputDir: SwiftPM.SPMAbsolutePath(absolutePath: <AbsolutePath:"/Users/admin/builder/spi-builder-workspace/.derivedData/Build/Intermediates.noindex/BuildToolPluginIntermediates/spi-builder-workspace.output/KaitenSDK/OpenAPIGenerator">), sandboxProfile: Optional(SwiftPM.SPMSandboxProfile(strictness: Basics.Sandbox.Strictness.writableTemporaryDirectory, writableDirectories: [<AbsolutePath:"/Users/admin/builder/spi-builder-workspace/.derivedData/Build/Intermediates.noindex/BuildToolPluginIntermediates/spi-builder-workspace.output/KaitenSDK/OpenAPIGenerator">], readOnlyDirectories: [<AbsolutePath:"/Users/admin/builder/spi-builder-workspace">])))]
allDerivedOutputPaths: [SwiftPM.SPMAbsolutePath(absolutePath: <AbsolutePath:"/Users/admin/builder/spi-builder-workspace/.derivedData/Build/Intermediates.noindex/BuildToolPluginIntermediates/spi-builder-workspace.output/KaitenSDK/OpenAPIGenerator/GeneratedSources/Types.swift">), SwiftPM.SPMAbsolutePath(absolutePath: <AbsolutePath:"/Users/admin/builder/spi-builder-workspace/.derivedData/Build/Intermediates.noindex/BuildToolPluginIntermediates/spi-builder-workspace.output/KaitenSDK/OpenAPIGenerator/GeneratedSources/Types+Components.swift">), SwiftPM.SPMAbsolutePath(absolutePath: <AbsolutePath:"/Users/admin/builder/spi-builder-workspace/.derivedData/Build/Intermediates.noindex/BuildToolPluginIntermediates/spi-builder-workspace.output/KaitenSDK/OpenAPIGenerator/GeneratedSources/Types+Operations.swift">), SwiftPM.SPMAbsolutePath(absolutePath: <AbsolutePath:"/Users/admin/builder/spi-builder-workspace/.derivedData/Build/Intermediates.noindex/BuildToolPluginIntermediates/spi-builder-workspace.output/KaitenSDK/OpenAPIGenerator/GeneratedSources/Types+Components+Schemas.swift">), SwiftPM.SPMAbsolutePath(absolutePath: <AbsolutePath:"/Users/admin/builder/spi-builder-workspace/.derivedData/Build/Intermediates.noindex/BuildToolPluginIntermediates/spi-builder-workspace.output/KaitenSDK/OpenAPIGenerator/GeneratedSources/Types+Components+Parameters.swift">), SwiftPM.SPMAbsolutePath(absolutePath: <AbsolutePath:"/Users/admin/builder/spi-builder-workspace/.derivedData/Build/Intermediates.noindex/BuildToolPluginIntermediates/spi-builder-workspace.output/KaitenSDK/OpenAPIGenerator/GeneratedSources/Types+Components+RequestBodies.swift">), SwiftPM.SPMAbsolutePath(absolutePath: <AbsolutePath:"/Users/admin/builder/spi-builder-workspace/.derivedData/Build/Intermediates.noindex/BuildToolPluginIntermediates/spi-builder-workspace.output/KaitenSDK/OpenAPIGenerator/GeneratedSources/Types+Components+Responses.swift">), SwiftPM.SPMAbsolutePath(absolutePath: <AbsolutePath:"/Users/admin/builder/spi-builder-workspace/.derivedData/Build/Intermediates.noindex/BuildToolPluginIntermediates/spi-builder-workspace.output/KaitenSDK/OpenAPIGenerator/GeneratedSources/Types+Components+Headers.swift">), SwiftPM.SPMAbsolutePath(absolutePath: <AbsolutePath:"/Users/admin/builder/spi-builder-workspace/.derivedData/Build/Intermediates.noindex/BuildToolPluginIntermediates/spi-builder-workspace.output/KaitenSDK/OpenAPIGenerator/GeneratedSources/Client.swift">), SwiftPM.SPMAbsolutePath(absolutePath: <AbsolutePath:"/Users/admin/builder/spi-builder-workspace/.derivedData/Build/Intermediates.noindex/BuildToolPluginIntermediates/spi-builder-workspace.output/KaitenSDK/OpenAPIGenerator/GeneratedSources/Server.swift">)]
CreateBuildRequest
SendProjectDescription
CreateBuildOperation
ComputeTargetDependencyGraph
note: Building targets in dependency order
note: Target dependency graph (43 targets)
Target 'kaiten-product' in project 'KaitenSDK'
➜ Explicit dependency on target 'OpenAPIGenerator-product' in project 'swift-openapi-generator'
➜ Explicit dependency on target 'KaitenSDK' in project 'KaitenSDK'
➜ Explicit dependency on target 'OpenAPIRuntime-product' in project 'swift-openapi-runtime'
➜ Explicit dependency on target 'OpenAPIURLSession-product' in project 'swift-openapi-urlsession'
➜ Explicit dependency on target 'HTTPTypes-product' in project 'swift-http-types'
➜ Explicit dependency on target 'ArgumentParser-product' in project 'swift-argument-parser'
➜ Explicit dependency on target 'Configuration-product' in project 'swift-configuration'
➜ Explicit dependency on target 'SystemPackage-product' in project 'swift-system'
Target 'Configuration-product' in project 'swift-configuration'
➜ Explicit dependency on target 'Configuration' in project 'swift-configuration'
➜ Explicit dependency on target 'SystemPackage-product' in project 'swift-system'
➜ Explicit dependency on target 'DequeModule-product' in project 'swift-collections'
Target 'Configuration' in project 'swift-configuration'
➜ Explicit dependency on target 'SystemPackage-product' in project 'swift-system'
➜ Explicit dependency on target 'DequeModule-product' in project 'swift-collections'
Target 'SystemPackage-product' in project 'swift-system'
➜ Explicit dependency on target 'SystemPackage' in project 'swift-system'
➜ Explicit dependency on target 'CSystem' in project 'swift-system'
Target 'SystemPackage' in project 'swift-system'
➜ Explicit dependency on target 'CSystem' in project 'swift-system'
Target 'CSystem' in project 'swift-system' (no dependencies)
Target 'ArgumentParser-product' in project 'swift-argument-parser'
➜ Explicit dependency on target 'ArgumentParser' in project 'swift-argument-parser'
➜ Explicit dependency on target 'ArgumentParserToolInfo' in project 'swift-argument-parser'
Target 'ArgumentParser' in project 'swift-argument-parser'
➜ Explicit dependency on target 'ArgumentParserToolInfo' in project 'swift-argument-parser'
Target 'ArgumentParserToolInfo' in project 'swift-argument-parser' (no dependencies)
Target 'KaitenSDK-product' in project 'KaitenSDK'
➜ Explicit dependency on target 'KaitenSDK' in project 'KaitenSDK'
➜ Explicit dependency on target 'OpenAPIGenerator-product' in project 'swift-openapi-generator'
➜ Explicit dependency on target 'OpenAPIRuntime-product' in project 'swift-openapi-runtime'
➜ Explicit dependency on target 'OpenAPIURLSession-product' in project 'swift-openapi-urlsession'
➜ Explicit dependency on target 'HTTPTypes-product' in project 'swift-http-types'
Target 'KaitenSDK' in project 'KaitenSDK'
➜ Explicit dependency on target 'OpenAPIGenerator-product' in project 'swift-openapi-generator'
➜ Explicit dependency on target 'OpenAPIRuntime-product' in project 'swift-openapi-runtime'
➜ Explicit dependency on target 'OpenAPIURLSession-product' in project 'swift-openapi-urlsession'
➜ Explicit dependency on target 'HTTPTypes-product' in project 'swift-http-types'
Target 'OpenAPIURLSession-product' in project 'swift-openapi-urlsession'
➜ Explicit dependency on target 'OpenAPIURLSession' in project 'swift-openapi-urlsession'
➜ Explicit dependency on target 'DequeModule-product' in project 'swift-collections'
➜ Explicit dependency on target 'OpenAPIRuntime-product' in project 'swift-openapi-runtime'
➜ Explicit dependency on target 'HTTPTypes-product' in project 'swift-http-types'
Target 'OpenAPIURLSession' in project 'swift-openapi-urlsession'
➜ Explicit dependency on target 'DequeModule-product' in project 'swift-collections'
➜ Explicit dependency on target 'OpenAPIRuntime-product' in project 'swift-openapi-runtime'
➜ Explicit dependency on target 'HTTPTypes-product' in project 'swift-http-types'
Target 'DequeModule-product' in project 'swift-collections'
➜ Explicit dependency on target 'DequeModule' in project 'swift-collections'
➜ Explicit dependency on target 'InternalCollectionsUtilities' in project 'swift-collections'
➜ Explicit dependency on target 'SpanPreview' in project 'swift-collections'
Target 'DequeModule' in project 'swift-collections'
➜ Explicit dependency on target 'InternalCollectionsUtilities' in project 'swift-collections'
➜ Explicit dependency on target 'SpanPreview' in project 'swift-collections'
Target 'SpanPreview' in project 'swift-collections'
➜ Explicit dependency on target 'InternalCollectionsUtilities' in project 'swift-collections'
Target 'InternalCollectionsUtilities' in project 'swift-collections' (no dependencies)
Target 'OpenAPIRuntime-product' in project 'swift-openapi-runtime'
➜ Explicit dependency on target 'OpenAPIRuntime' in project 'swift-openapi-runtime'
➜ Explicit dependency on target 'HTTPTypes-product' in project 'swift-http-types'
Target 'OpenAPIRuntime' in project 'swift-openapi-runtime'
➜ Explicit dependency on target 'HTTPTypes-product' in project 'swift-http-types'
Target 'HTTPTypes-product' in project 'swift-http-types'
➜ Explicit dependency on target 'HTTPTypes' in project 'swift-http-types'
Target 'HTTPTypes' in project 'swift-http-types' (no dependencies)
Target 'OpenAPIGenerator-product' in project 'swift-openapi-generator'
➜ Explicit dependency on target 'OpenAPIGenerator' in project 'swift-openapi-generator'
Target 'OpenAPIGenerator' in project 'swift-openapi-generator'
➜ Explicit dependency on target '_OpenAPIGeneratorCore' in project 'swift-openapi-generator'
➜ Explicit dependency on target 'swift-openapi-generator-product' in project 'swift-openapi-generator'
➜ Explicit dependency on target 'OpenAPIKit-product' in project 'OpenAPIKit'
➜ Explicit dependency on target 'OpenAPIKit30-product' in project 'OpenAPIKit'
➜ Explicit dependency on target 'OpenAPIKitCompat-product' in project 'OpenAPIKit'
➜ Explicit dependency on target 'Algorithms-product' in project 'swift-algorithms'
➜ Explicit dependency on target 'Yams-product' in project 'Yams'
➜ Explicit dependency on target 'ArgumentParser-product' in project 'swift-argument-parser'
Target 'swift-openapi-generator-product' in project 'swift-openapi-generator'
➜ Explicit dependency on target '_OpenAPIGeneratorCore' in project 'swift-openapi-generator'
➜ Explicit dependency on target 'OpenAPIKit-product' in project 'OpenAPIKit'
➜ Explicit dependency on target 'OpenAPIKit30-product' in project 'OpenAPIKit'
➜ Explicit dependency on target 'OpenAPIKitCompat-product' in project 'OpenAPIKit'
➜ Explicit dependency on target 'Algorithms-product' in project 'swift-algorithms'
➜ Explicit dependency on target 'Yams-product' in project 'Yams'
➜ Explicit dependency on target 'ArgumentParser-product' in project 'swift-argument-parser'
Target 'ArgumentParser-product' in project 'swift-argument-parser'
➜ Explicit dependency on target 'ArgumentParser' in project 'swift-argument-parser'
➜ Explicit dependency on target 'ArgumentParserToolInfo' in project 'swift-argument-parser'
Target 'ArgumentParser' in project 'swift-argument-parser'
➜ Explicit dependency on target 'ArgumentParserToolInfo' in project 'swift-argument-parser'
Target 'ArgumentParserToolInfo' in project 'swift-argument-parser' (no dependencies)
Target '_OpenAPIGeneratorCore' in project 'swift-openapi-generator'
➜ Explicit dependency on target 'OpenAPIKit-product' in project 'OpenAPIKit'
➜ Explicit dependency on target 'OpenAPIKit30-product' in project 'OpenAPIKit'
➜ Explicit dependency on target 'OpenAPIKitCompat-product' in project 'OpenAPIKit'
➜ Explicit dependency on target 'Algorithms-product' in project 'swift-algorithms'
➜ Explicit dependency on target 'Yams-product' in project 'Yams'
Target 'Yams-product' in project 'Yams'
➜ Explicit dependency on target 'Yams' in project 'Yams'
➜ Explicit dependency on target 'CYaml' in project 'Yams'
Target 'Yams' in project 'Yams'
➜ Explicit dependency on target 'CYaml' in project 'Yams'
Target 'CYaml' in project 'Yams' (no dependencies)
Target 'Algorithms-product' in project 'swift-algorithms'
➜ Explicit dependency on target 'Algorithms' in project 'swift-algorithms'
➜ Explicit dependency on target 'RealModule-product' in project 'swift-numerics'
Target 'Algorithms' in project 'swift-algorithms'
➜ Explicit dependency on target 'RealModule-product' in project 'swift-numerics'
Target 'RealModule-product' in project 'swift-numerics'
➜ Explicit dependency on target 'RealModule' in project 'swift-numerics'
➜ Explicit dependency on target '_NumericsShims' in project 'swift-numerics'
Target 'RealModule' in project 'swift-numerics'
➜ Explicit dependency on target '_NumericsShims' in project 'swift-numerics'
Target '_NumericsShims' in project 'swift-numerics' (no dependencies)
Target 'OpenAPIKitCompat-product' in project 'OpenAPIKit'
➜ Explicit dependency on target 'OpenAPIKitCompat' in project 'OpenAPIKit'
➜ Explicit dependency on target 'OpenAPIKitCore' in project 'OpenAPIKit'
➜ Explicit dependency on target 'OpenAPIKit30' in project 'OpenAPIKit'
➜ Explicit dependency on target 'OpenAPIKit' in project 'OpenAPIKit'
Target 'OpenAPIKitCompat' in project 'OpenAPIKit'
➜ Explicit dependency on target 'OpenAPIKitCore' in project 'OpenAPIKit'
➜ Explicit dependency on target 'OpenAPIKit30' in project 'OpenAPIKit'
➜ Explicit dependency on target 'OpenAPIKit' in project 'OpenAPIKit'
Target 'OpenAPIKit30-product' in project 'OpenAPIKit'
➜ Explicit dependency on target 'OpenAPIKit30' in project 'OpenAPIKit'
➜ Explicit dependency on target 'OpenAPIKitCore' in project 'OpenAPIKit'
Target 'OpenAPIKit30' in project 'OpenAPIKit'
➜ Explicit dependency on target 'OpenAPIKitCore' in project 'OpenAPIKit'
Target 'OpenAPIKit-product' in project 'OpenAPIKit'
➜ Explicit dependency on target 'OpenAPIKit' in project 'OpenAPIKit'
➜ Explicit dependency on target 'OpenAPIKitCore' in project 'OpenAPIKit'
Target 'OpenAPIKit' in project 'OpenAPIKit'
➜ Explicit dependency on target 'OpenAPIKitCore' in project 'OpenAPIKit'
Target 'OpenAPIKitCore' in project 'OpenAPIKit' (no dependencies)
GatherProvisioningInputs
CreateBuildDescription
ClangStatCache /Applications/Xcode-27.0.0.app/Contents/Developer/Toolchains/XcodeDefault.xctoolchain/usr/bin/clang-stat-cache /Applications/Xcode-27.0.0.app/Contents/Developer/Platforms/WatchOS.platform/Developer/SDKs/WatchOS27.0.sdk /Users/admin/builder/spi-builder-workspace/.derivedData/SDKStatCaches.noindex/watchos27.0-24R360-e829b21a6f8c9b70876ba0858053c044b9db9bc9c079ee3c7b5f3373b13d10bc.sdkstatcache
cd /Users/admin/builder/spi-builder-workspace/.swiftpm/xcode
/Applications/Xcode-27.0.0.app/Contents/Developer/Toolchains/XcodeDefault.xctoolchain/usr/bin/clang-stat-cache /Applications/Xcode-27.0.0.app/Contents/Developer/Platforms/WatchOS.platform/Developer/SDKs/WatchOS27.0.sdk -o /Users/admin/builder/spi-builder-workspace/.derivedData/SDKStatCaches.noindex/watchos27.0-24R360-e829b21a6f8c9b70876ba0858053c044b9db9bc9c079ee3c7b5f3373b13d10bc.sdkstatcache
ClangStatCache /Applications/Xcode-27.0.0.app/Contents/Developer/Toolchains/XcodeDefault.xctoolchain/usr/bin/clang-stat-cache /Applications/Xcode-27.0.0.app/Contents/Developer/Platforms/MacOSX.platform/Developer/SDKs/MacOSX27.0.sdk /Users/admin/builder/spi-builder-workspace/.derivedData/SDKStatCaches.noindex/macosx27.0-26A425-e829b21a6f8c9b70876ba0858053c04489db99fe7804849a4777d653a8cfc1be.sdkstatcache
cd /Users/admin/builder/spi-builder-workspace/.swiftpm/xcode
/Applications/Xcode-27.0.0.app/Contents/Developer/Toolchains/XcodeDefault.xctoolchain/usr/bin/clang-stat-cache /Applications/Xcode-27.0.0.app/Contents/Developer/Platforms/MacOSX.platform/Developer/SDKs/MacOSX27.0.sdk -o /Users/admin/builder/spi-builder-workspace/.derivedData/SDKStatCaches.noindex/macosx27.0-26A425-e829b21a6f8c9b70876ba0858053c04489db99fe7804849a4777d653a8cfc1be.sdkstatcache
SwiftDriver kaiten normal arm64_32 com.apple.xcode.tools.swift.compiler (in target 'kaiten-product' from project 'KaitenSDK')
cd /Users/admin/builder/spi-builder-workspace/.swiftpm/xcode
builtin-SwiftDriver -- /Applications/Xcode-27.0.0.app/Contents/Developer/Toolchains/XcodeDefault.xctoolchain/usr/bin/swiftc -parse-as-library -module-name kaiten -Onone @/Users/admin/builder/spi-builder-workspace/.derivedData/Build/Intermediates.noindex/KaitenSDK.build/Debug-watchos/kaiten-p.build/Objects-normal/arm64_32/kaiten.SwiftFileList -DSWIFT_PACKAGE -DDEBUG -Xcc -fmodule-map-file\=/Users/admin/builder/spi-builder-workspace/.dependencies/checkouts/swift-system/Sources/CSystem/include/module.modulemap -DXcode -plugin-path /Applications/Xcode-27.0.0.app/Contents/Developer/Toolchains/XcodeDefault.xctoolchain/usr/lib/swift/host/plugins/testing -enable-experimental-feature DebugDescriptionMacro -sdk /Applications/Xcode-27.0.0.app/Contents/Developer/Platforms/WatchOS.platform/Developer/SDKs/WatchOS27.0.sdk -target arm64_32-apple-watchos11.0 -g -module-cache-path /Users/admin/builder/spi-builder-workspace/.derivedData/ModuleCache.noindex -Xfrontend -serialize-debugging-options -profile-coverage-mapping -profile-generate -enable-testing -index-store-path /Users/admin/builder/spi-builder-workspace/.derivedData/Index.noindex/DataStore -Xcc -D_LIBCPP_HARDENING_MODE\=_LIBCPP_HARDENING_MODE_DEBUG -swift-version 6 -I /Users/admin/builder/spi-builder-workspace/.derivedData/Build/Products/Debug-watchos -Isystem /Applications/Xcode-27.0.0.app/Contents/Developer/Platforms/WatchOS.platform/Developer/usr/lib -F /Users/admin/builder/spi-builder-workspace/.derivedData/Build/Products/Debug-watchos/PackageFrameworks -F /Users/admin/builder/spi-builder-workspace/.derivedData/Build/Products/Debug-watchos -F /Applications/Xcode-27.0.0.app/Contents/Developer/Platforms/WatchOS.platform/Developer/Library/Frameworks -F /Applications/Xcode-27.0.0.app/Contents/Developer/Platforms/WatchOS.platform/Developer/SDKs/WatchOS27.0.sdk/Developer/Library/Frameworks -c -j10 -enable-batch-mode -incremental -Xcc -ivfsstatcache -Xcc /Users/admin/builder/spi-builder-workspace/.derivedData/SDKStatCaches.noindex/watchos27.0-24R360-e829b21a6f8c9b70876ba0858053c044b9db9bc9c079ee3c7b5f3373b13d10bc.sdkstatcache -output-file-map /Users/admin/builder/spi-builder-workspace/.derivedData/Build/Intermediates.noindex/KaitenSDK.build/Debug-watchos/kaiten-p.build/Objects-normal/arm64_32/kaiten-OutputFileMap.json -save-temps -no-color-diagnostics -explicit-module-build -module-cache-path /Users/admin/builder/spi-builder-workspace/.derivedData/Build/Intermediates.noindex/SwiftExplicitPrecompiledModules -clang-scanner-module-cache-path /Users/admin/builder/spi-builder-workspace/.derivedData/ModuleCache.noindex -sdk-module-cache-path /Users/admin/builder/spi-builder-workspace/.derivedData/SDKExplicitPrecompiledModules -emit-dependencies -emit-module -emit-module-path /Users/admin/builder/spi-builder-workspace/.derivedData/Build/Intermediates.noindex/KaitenSDK.build/Debug-watchos/kaiten-p.build/Objects-normal/arm64_32/kaiten.swiftmodule -serialize-diagnostics -dependency-scan-serialize-diagnostics-path /Users/admin/builder/spi-builder-workspace/.derivedData/Build/Intermediates.noindex/KaitenSDK.build/Debug-watchos/kaiten-p.build/Objects-normal/arm64_32/kaiten-dependency-scan.dia -validate-clang-modules-once -clang-build-session-file /Users/admin/builder/spi-builder-workspace/.derivedData/ModuleCache.noindex/Session.modulevalidation -Xcc -fmodules-prune-interval\=86400 -Xcc -fmodules-prune-after\=345600 -package-name spi_builder_workspace -emit-const-values -const-gather-protocols-list /Users/admin/builder/spi-builder-workspace/.derivedData/Build/Intermediates.noindex/KaitenSDK.build/Debug-watchos/kaiten-p.build/Objects-normal/arm64_32/kaiten_const_extract_protocols.json -Xcc -I/Users/admin/builder/spi-builder-workspace/.dependencies/checkouts/swift-system/Sources/CSystem/include -Xcc -I/Users/admin/builder/spi-builder-workspace/.derivedData/Build/Products/Debug-watchos/include -Xcc -I/Users/admin/builder/spi-builder-workspace/.derivedData/Build/Intermediates.noindex/KaitenSDK.build/Debug-watchos/kaiten-p.build/DerivedSources-normal/arm64_32 -Xcc -I/Users/admin/builder/spi-builder-workspace/.derivedData/Build/Intermediates.noindex/KaitenSDK.build/Debug-watchos/kaiten-p.build/DerivedSources/arm64_32 -Xcc -I/Users/admin/builder/spi-builder-workspace/.derivedData/Build/Intermediates.noindex/KaitenSDK.build/Debug-watchos/kaiten-p.build/DerivedSources -Xcc -DSWIFT_PACKAGE -Xcc -DDEBUG\=1 -working-directory /Users/admin/builder/spi-builder-workspace/.swiftpm/xcode -experimental-emit-module-separately -disable-cmo
SwiftDriver kaiten normal arm64 com.apple.xcode.tools.swift.compiler (in target 'kaiten-product' from project 'KaitenSDK')
cd /Users/admin/builder/spi-builder-workspace/.swiftpm/xcode
builtin-SwiftDriver -- /Applications/Xcode-27.0.0.app/Contents/Developer/Toolchains/XcodeDefault.xctoolchain/usr/bin/swiftc -parse-as-library -module-name kaiten -Onone @/Users/admin/builder/spi-builder-workspace/.derivedData/Build/Intermediates.noindex/KaitenSDK.build/Debug-watchos/kaiten-p.build/Objects-normal/arm64/kaiten.SwiftFileList -DSWIFT_PACKAGE -DDEBUG -Xcc -fmodule-map-file\=/Users/admin/builder/spi-builder-workspace/.dependencies/checkouts/swift-system/Sources/CSystem/include/module.modulemap -DXcode -plugin-path /Applications/Xcode-27.0.0.app/Contents/Developer/Toolchains/XcodeDefault.xctoolchain/usr/lib/swift/host/plugins/testing -enable-experimental-feature DebugDescriptionMacro -sdk /Applications/Xcode-27.0.0.app/Contents/Developer/Platforms/WatchOS.platform/Developer/SDKs/WatchOS27.0.sdk -target arm64-apple-watchos11.0 -g -module-cache-path /Users/admin/builder/spi-builder-workspace/.derivedData/ModuleCache.noindex -Xfrontend -serialize-debugging-options -profile-coverage-mapping -profile-generate -enable-testing -index-store-path /Users/admin/builder/spi-builder-workspace/.derivedData/Index.noindex/DataStore -Xcc -D_LIBCPP_HARDENING_MODE\=_LIBCPP_HARDENING_MODE_DEBUG -swift-version 6 -I /Users/admin/builder/spi-builder-workspace/.derivedData/Build/Products/Debug-watchos -Isystem /Applications/Xcode-27.0.0.app/Contents/Developer/Platforms/WatchOS.platform/Developer/usr/lib -F /Users/admin/builder/spi-builder-workspace/.derivedData/Build/Products/Debug-watchos/PackageFrameworks -F /Users/admin/builder/spi-builder-workspace/.derivedData/Build/Products/Debug-watchos -F /Applications/Xcode-27.0.0.app/Contents/Developer/Platforms/WatchOS.platform/Developer/Library/Frameworks -F /Applications/Xcode-27.0.0.app/Contents/Developer/Platforms/WatchOS.platform/Developer/SDKs/WatchOS27.0.sdk/Developer/Library/Frameworks -c -j10 -enable-batch-mode -incremental -Xcc -ivfsstatcache -Xcc /Users/admin/builder/spi-builder-workspace/.derivedData/SDKStatCaches.noindex/watchos27.0-24R360-e829b21a6f8c9b70876ba0858053c044b9db9bc9c079ee3c7b5f3373b13d10bc.sdkstatcache -output-file-map /Users/admin/builder/spi-builder-workspace/.derivedData/Build/Intermediates.noindex/KaitenSDK.build/Debug-watchos/kaiten-p.build/Objects-normal/arm64/kaiten-OutputFileMap.json -save-temps -no-color-diagnostics -explicit-module-build -module-cache-path /Users/admin/builder/spi-builder-workspace/.derivedData/Build/Intermediates.noindex/SwiftExplicitPrecompiledModules -clang-scanner-module-cache-path /Users/admin/builder/spi-builder-workspace/.derivedData/ModuleCache.noindex -sdk-module-cache-path /Users/admin/builder/spi-builder-workspace/.derivedData/SDKExplicitPrecompiledModules -emit-dependencies -emit-module -emit-module-path /Users/admin/builder/spi-builder-workspace/.derivedData/Build/Intermediates.noindex/KaitenSDK.build/Debug-watchos/kaiten-p.build/Objects-normal/arm64/kaiten.swiftmodule -serialize-diagnostics -dependency-scan-serialize-diagnostics-path /Users/admin/builder/spi-builder-workspace/.derivedData/Build/Intermediates.noindex/KaitenSDK.build/Debug-watchos/kaiten-p.build/Objects-normal/arm64/kaiten-dependency-scan.dia -validate-clang-modules-once -clang-build-session-file /Users/admin/builder/spi-builder-workspace/.derivedData/ModuleCache.noindex/Session.modulevalidation -Xcc -fmodules-prune-interval\=86400 -Xcc -fmodules-prune-after\=345600 -package-name spi_builder_workspace -emit-const-values -const-gather-protocols-list /Users/admin/builder/spi-builder-workspace/.derivedData/Build/Intermediates.noindex/KaitenSDK.build/Debug-watchos/kaiten-p.build/Objects-normal/arm64/kaiten_const_extract_protocols.json -Xcc -I/Users/admin/builder/spi-builder-workspace/.dependencies/checkouts/swift-system/Sources/CSystem/include -Xcc -I/Users/admin/builder/spi-builder-workspace/.derivedData/Build/Products/Debug-watchos/include -Xcc -I/Users/admin/builder/spi-builder-workspace/.derivedData/Build/Intermediates.noindex/KaitenSDK.build/Debug-watchos/kaiten-p.build/DerivedSources-normal/arm64 -Xcc -I/Users/admin/builder/spi-builder-workspace/.derivedData/Build/Intermediates.noindex/KaitenSDK.build/Debug-watchos/kaiten-p.build/DerivedSources/arm64 -Xcc -I/Users/admin/builder/spi-builder-workspace/.derivedData/Build/Intermediates.noindex/KaitenSDK.build/Debug-watchos/kaiten-p.build/DerivedSources -Xcc -DSWIFT_PACKAGE -Xcc -DDEBUG\=1 -working-directory /Users/admin/builder/spi-builder-workspace/.swiftpm/xcode -experimental-emit-module-separately -disable-cmo
SwiftDriver KaitenSDK normal arm64_32 com.apple.xcode.tools.swift.compiler (in target 'KaitenSDK' from project 'KaitenSDK')
cd /Users/admin/builder/spi-builder-workspace/.swiftpm/xcode
builtin-SwiftDriver -- /Applications/Xcode-27.0.0.app/Contents/Developer/Toolchains/XcodeDefault.xctoolchain/usr/bin/swiftc -parse-as-library -module-name KaitenSDK -Onone @/Users/admin/builder/spi-builder-workspace/.derivedData/Build/Intermediates.noindex/KaitenSDK.build/Debug-watchos/KaitenSDK-t.build/Objects-normal/arm64_32/KaitenSDK.SwiftFileList -DSWIFT_PACKAGE -DDEBUG -DSWIFT_MODULE_RESOURCE_BUNDLE_UNAVAILABLE -DXcode -plugin-path /Applications/Xcode-27.0.0.app/Contents/Developer/Toolchains/XcodeDefault.xctoolchain/usr/lib/swift/host/plugins/testing -enable-experimental-feature DebugDescriptionMacro -sdk /Applications/Xcode-27.0.0.app/Contents/Developer/Platforms/WatchOS.platform/Developer/SDKs/WatchOS27.0.sdk -target arm64_32-apple-watchos11.0 -g -module-cache-path /Users/admin/builder/spi-builder-workspace/.derivedData/ModuleCache.noindex -Xfrontend -serialize-debugging-options -profile-coverage-mapping -profile-generate -enable-testing -index-store-path /Users/admin/builder/spi-builder-workspace/.derivedData/Index.noindex/DataStore -Xcc -D_LIBCPP_HARDENING_MODE\=_LIBCPP_HARDENING_MODE_DEBUG -swift-version 6 -I /Users/admin/builder/spi-builder-workspace/.derivedData/Build/Products/Debug-watchos -Isystem /Applications/Xcode-27.0.0.app/Contents/Developer/Platforms/WatchOS.platform/Developer/usr/lib -F /Users/admin/builder/spi-builder-workspace/.derivedData/Build/Products/Debug-watchos/PackageFrameworks -F /Users/admin/builder/spi-builder-workspace/.derivedData/Build/Products/Debug-watchos -F /Applications/Xcode-27.0.0.app/Contents/Developer/Platforms/WatchOS.platform/Developer/Library/Frameworks -F /Applications/Xcode-27.0.0.app/Contents/Developer/Platforms/WatchOS.platform/Developer/SDKs/WatchOS27.0.sdk/Developer/Library/Frameworks -c -j10 -enable-batch-mode -incremental -Xcc -ivfsstatcache -Xcc /Users/admin/builder/spi-builder-workspace/.derivedData/SDKStatCaches.noindex/watchos27.0-24R360-e829b21a6f8c9b70876ba0858053c044b9db9bc9c079ee3c7b5f3373b13d10bc.sdkstatcache -output-file-map /Users/admin/builder/spi-builder-workspace/.derivedData/Build/Intermediates.noindex/KaitenSDK.build/Debug-watchos/KaitenSDK-t.build/Objects-normal/arm64_32/KaitenSDK-OutputFileMap.json -save-temps -no-color-diagnostics -explicit-module-build -module-cache-path /Users/admin/builder/spi-builder-workspace/.derivedData/Build/Intermediates.noindex/SwiftExplicitPrecompiledModules -clang-scanner-module-cache-path /Users/admin/builder/spi-builder-workspace/.derivedData/ModuleCache.noindex -sdk-module-cache-path /Users/admin/builder/spi-builder-workspace/.derivedData/SDKExplicitPrecompiledModules -emit-dependencies -emit-module -emit-module-path /Users/admin/builder/spi-builder-workspace/.derivedData/Build/Intermediates.noindex/KaitenSDK.build/Debug-watchos/KaitenSDK-t.build/Objects-normal/arm64_32/KaitenSDK.swiftmodule -serialize-diagnostics -dependency-scan-serialize-diagnostics-path /Users/admin/builder/spi-builder-workspace/.derivedData/Build/Intermediates.noindex/KaitenSDK.build/Debug-watchos/KaitenSDK-t.build/Objects-normal/arm64_32/KaitenSDK-dependency-scan.dia -validate-clang-modules-once -clang-build-session-file /Users/admin/builder/spi-builder-workspace/.derivedData/ModuleCache.noindex/Session.modulevalidation -Xcc -fmodules-prune-interval\=86400 -Xcc -fmodules-prune-after\=345600 -package-name spi_builder_workspace -emit-const-values -const-gather-protocols-list /Users/admin/builder/spi-builder-workspace/.derivedData/Build/Intermediates.noindex/KaitenSDK.build/Debug-watchos/KaitenSDK-t.build/Objects-normal/arm64_32/KaitenSDK_const_extract_protocols.json -Xcc -I/Users/admin/builder/spi-builder-workspace/.derivedData/Build/Products/Debug-watchos/include -Xcc -I/Users/admin/builder/spi-builder-workspace/.derivedData/Build/Intermediates.noindex/KaitenSDK.build/Debug-watchos/KaitenSDK-t.build/DerivedSources-normal/arm64_32 -Xcc -I/Users/admin/builder/spi-builder-workspace/.derivedData/Build/Intermediates.noindex/KaitenSDK.build/Debug-watchos/KaitenSDK-t.build/DerivedSources/arm64_32 -Xcc -I/Users/admin/builder/spi-builder-workspace/.derivedData/Build/Intermediates.noindex/KaitenSDK.build/Debug-watchos/KaitenSDK-t.build/DerivedSources -Xcc -DSWIFT_PACKAGE -Xcc -DDEBUG\=1 -emit-objc-header -emit-objc-header-path /Users/admin/builder/spi-builder-workspace/.derivedData/Build/Intermediates.noindex/KaitenSDK.build/Debug-watchos/KaitenSDK-t.build/Objects-normal/arm64_32/KaitenSDK-Swift.h -working-directory /Users/admin/builder/spi-builder-workspace/.swiftpm/xcode -experimental-emit-module-separately -disable-cmo
SwiftDriver KaitenSDK normal arm64 com.apple.xcode.tools.swift.compiler (in target 'KaitenSDK' from project 'KaitenSDK')
cd /Users/admin/builder/spi-builder-workspace/.swiftpm/xcode
builtin-SwiftDriver -- /Applications/Xcode-27.0.0.app/Contents/Developer/Toolchains/XcodeDefault.xctoolchain/usr/bin/swiftc -parse-as-library -module-name KaitenSDK -Onone @/Users/admin/builder/spi-builder-workspace/.derivedData/Build/Intermediates.noindex/KaitenSDK.build/Debug-watchos/KaitenSDK-t.build/Objects-normal/arm64/KaitenSDK.SwiftFileList -DSWIFT_PACKAGE -DDEBUG -DSWIFT_MODULE_RESOURCE_BUNDLE_UNAVAILABLE -DXcode -plugin-path /Applications/Xcode-27.0.0.app/Contents/Developer/Toolchains/XcodeDefault.xctoolchain/usr/lib/swift/host/plugins/testing -enable-experimental-feature DebugDescriptionMacro -sdk /Applications/Xcode-27.0.0.app/Contents/Developer/Platforms/WatchOS.platform/Developer/SDKs/WatchOS27.0.sdk -target arm64-apple-watchos11.0 -g -module-cache-path /Users/admin/builder/spi-builder-workspace/.derivedData/ModuleCache.noindex -Xfrontend -serialize-debugging-options -profile-coverage-mapping -profile-generate -enable-testing -index-store-path /Users/admin/builder/spi-builder-workspace/.derivedData/Index.noindex/DataStore -Xcc -D_LIBCPP_HARDENING_MODE\=_LIBCPP_HARDENING_MODE_DEBUG -swift-version 6 -I /Users/admin/builder/spi-builder-workspace/.derivedData/Build/Products/Debug-watchos -Isystem /Applications/Xcode-27.0.0.app/Contents/Developer/Platforms/WatchOS.platform/Developer/usr/lib -F /Users/admin/builder/spi-builder-workspace/.derivedData/Build/Products/Debug-watchos/PackageFrameworks -F /Users/admin/builder/spi-builder-workspace/.derivedData/Build/Products/Debug-watchos -F /Applications/Xcode-27.0.0.app/Contents/Developer/Platforms/WatchOS.platform/Developer/Library/Frameworks -F /Applications/Xcode-27.0.0.app/Contents/Developer/Platforms/WatchOS.platform/Developer/SDKs/WatchOS27.0.sdk/Developer/Library/Frameworks -c -j10 -enable-batch-mode -incremental -Xcc -ivfsstatcache -Xcc /Users/admin/builder/spi-builder-workspace/.derivedData/SDKStatCaches.noindex/watchos27.0-24R360-e829b21a6f8c9b70876ba0858053c044b9db9bc9c079ee3c7b5f3373b13d10bc.sdkstatcache -output-file-map /Users/admin/builder/spi-builder-workspace/.derivedData/Build/Intermediates.noindex/KaitenSDK.build/Debug-watchos/KaitenSDK-t.build/Objects-normal/arm64/KaitenSDK-OutputFileMap.json -save-temps -no-color-diagnostics -explicit-module-build -module-cache-path /Users/admin/builder/spi-builder-workspace/.derivedData/Build/Intermediates.noindex/SwiftExplicitPrecompiledModules -clang-scanner-module-cache-path /Users/admin/builder/spi-builder-workspace/.derivedData/ModuleCache.noindex -sdk-module-cache-path /Users/admin/builder/spi-builder-workspace/.derivedData/SDKExplicitPrecompiledModules -emit-dependencies -emit-module -emit-module-path /Users/admin/builder/spi-builder-workspace/.derivedData/Build/Intermediates.noindex/KaitenSDK.build/Debug-watchos/KaitenSDK-t.build/Objects-normal/arm64/KaitenSDK.swiftmodule -serialize-diagnostics -dependency-scan-serialize-diagnostics-path /Users/admin/builder/spi-builder-workspace/.derivedData/Build/Intermediates.noindex/KaitenSDK.build/Debug-watchos/KaitenSDK-t.build/Objects-normal/arm64/KaitenSDK-dependency-scan.dia -validate-clang-modules-once -clang-build-session-file /Users/admin/builder/spi-builder-workspace/.derivedData/ModuleCache.noindex/Session.modulevalidation -Xcc -fmodules-prune-interval\=86400 -Xcc -fmodules-prune-after\=345600 -package-name spi_builder_workspace -emit-const-values -const-gather-protocols-list /Users/admin/builder/spi-builder-workspace/.derivedData/Build/Intermediates.noindex/KaitenSDK.build/Debug-watchos/KaitenSDK-t.build/Objects-normal/arm64/KaitenSDK_const_extract_protocols.json -Xcc -I/Users/admin/builder/spi-builder-workspace/.derivedData/Build/Products/Debug-watchos/include -Xcc -I/Users/admin/builder/spi-builder-workspace/.derivedData/Build/Intermediates.noindex/KaitenSDK.build/Debug-watchos/KaitenSDK-t.build/DerivedSources-normal/arm64 -Xcc -I/Users/admin/builder/spi-builder-workspace/.derivedData/Build/Intermediates.noindex/KaitenSDK.build/Debug-watchos/KaitenSDK-t.build/DerivedSources/arm64 -Xcc -I/Users/admin/builder/spi-builder-workspace/.derivedData/Build/Intermediates.noindex/KaitenSDK.build/Debug-watchos/KaitenSDK-t.build/DerivedSources -Xcc -DSWIFT_PACKAGE -Xcc -DDEBUG\=1 -emit-objc-header -emit-objc-header-path /Users/admin/builder/spi-builder-workspace/.derivedData/Build/Intermediates.noindex/KaitenSDK.build/Debug-watchos/KaitenSDK-t.build/Objects-normal/arm64/KaitenSDK-Swift.h -working-directory /Users/admin/builder/spi-builder-workspace/.swiftpm/xcode -experimental-emit-module-separately -disable-cmo
SwiftCompile normal arm64 Compiling\ CardBlockerCategorieCommands.swift,\ CardBlockerUserCommands.swift,\ CardFileCommands.swift,\ CardServiceDeskExternalRecipientCommands.swift,\ CardSlaCommands.swift,\ CardTimeLogCommands.swift,\ CardTypeTreeEntitieCommands.swift /Users/admin/builder/spi-builder-workspace/Sources/kaiten/CardBlockerCategories/CardBlockerCategorieCommands.swift /Users/admin/builder/spi-builder-workspace/Sources/kaiten/CardBlockerUsers/CardBlockerUserCommands.swift /Users/admin/builder/spi-builder-workspace/Sources/kaiten/CardFiles/CardFileCommands.swift /Users/admin/builder/spi-builder-workspace/Sources/kaiten/CardServiceDeskExternalRecipients/CardServiceDeskExternalRecipientCommands.swift /Users/admin/builder/spi-builder-workspace/Sources/kaiten/CardSla/CardSlaCommands.swift /Users/admin/builder/spi-builder-workspace/Sources/kaiten/CardTimeLogs/CardTimeLogCommands.swift /Users/admin/builder/spi-builder-workspace/Sources/kaiten/CardTypeTreeEntities/CardTypeTreeEntitieCommands.swift (in target 'kaiten-product' from project 'KaitenSDK')
SwiftCompile normal arm64 /Users/admin/builder/spi-builder-workspace/Sources/kaiten/CardBlockerCategories/CardBlockerCategorieCommands.swift (in target 'kaiten-product' from project 'KaitenSDK')
cd /Users/admin/builder/spi-builder-workspace/.swiftpm/xcode
builtin-SwiftPerFileCompile CardBlockerCategorieCommands.swift
SwiftCompile normal arm64 /Users/admin/builder/spi-builder-workspace/Sources/kaiten/CardBlockerUsers/CardBlockerUserCommands.swift (in target 'kaiten-product' from project 'KaitenSDK')
cd /Users/admin/builder/spi-builder-workspace/.swiftpm/xcode
builtin-SwiftPerFileCompile CardBlockerUserCommands.swift
SwiftCompile normal arm64 /Users/admin/builder/spi-builder-workspace/Sources/kaiten/CardFiles/CardFileCommands.swift (in target 'kaiten-product' from project 'KaitenSDK')
cd /Users/admin/builder/spi-builder-workspace/.swiftpm/xcode
builtin-SwiftPerFileCompile CardFileCommands.swift
SwiftCompile normal arm64 /Users/admin/builder/spi-builder-workspace/Sources/kaiten/CardServiceDeskExternalRecipients/CardServiceDeskExternalRecipientCommands.swift (in target 'kaiten-product' from project 'KaitenSDK')
cd /Users/admin/builder/spi-builder-workspace/.swiftpm/xcode
builtin-SwiftPerFileCompile CardServiceDeskExternalRecipientCommands.swift
SwiftCompile normal arm64 /Users/admin/builder/spi-builder-workspace/Sources/kaiten/CardSla/CardSlaCommands.swift (in target 'kaiten-product' from project 'KaitenSDK')
cd /Users/admin/builder/spi-builder-workspace/.swiftpm/xcode
builtin-SwiftPerFileCompile CardSlaCommands.swift
SwiftCompile normal arm64 /Users/admin/builder/spi-builder-workspace/Sources/kaiten/CardTimeLogs/CardTimeLogCommands.swift (in target 'kaiten-product' from project 'KaitenSDK')
cd /Users/admin/builder/spi-builder-workspace/.swiftpm/xcode
builtin-SwiftPerFileCompile CardTimeLogCommands.swift
SwiftCompile normal arm64 /Users/admin/builder/spi-builder-workspace/Sources/kaiten/CardTypeTreeEntities/CardTypeTreeEntitieCommands.swift (in target 'kaiten-product' from project 'KaitenSDK')
cd /Users/admin/builder/spi-builder-workspace/.swiftpm/xcode
builtin-SwiftPerFileCompile CardTypeTreeEntitieCommands.swift
SwiftCompile normal arm64 Compiling\ ExternalLinkCommands.swift,\ HistoryCommands.swift,\ MemberCommands.swift,\ ChecklistItemCommands.swift,\ ChecklistsCommands.swift,\ CompanyUserCommands.swift,\ CustomDirectoryCommands.swift /Users/admin/builder/spi-builder-workspace/Sources/kaiten/Cards/ExternalLinkCommands.swift /Users/admin/builder/spi-builder-workspace/Sources/kaiten/Cards/HistoryCommands.swift /Users/admin/builder/spi-builder-workspace/Sources/kaiten/Cards/MemberCommands.swift /Users/admin/builder/spi-builder-workspace/Sources/kaiten/ChecklistItems/ChecklistItemCommands.swift /Users/admin/builder/spi-builder-workspace/Sources/kaiten/Checklists/ChecklistsCommands.swift /Users/admin/builder/spi-builder-workspace/Sources/kaiten/CompanyUsers/CompanyUserCommands.swift /Users/admin/builder/spi-builder-workspace/Sources/kaiten/CustomDirectories/CustomDirectoryCommands.swift (in target 'kaiten-product' from project 'KaitenSDK')
SwiftCompile normal arm64 /Users/admin/builder/spi-builder-workspace/Sources/kaiten/Cards/ExternalLinkCommands.swift (in target 'kaiten-product' from project 'KaitenSDK')
cd /Users/admin/builder/spi-builder-workspace/.swiftpm/xcode
builtin-SwiftPerFileCompile ExternalLinkCommands.swift
SwiftCompile normal arm64 /Users/admin/builder/spi-builder-workspace/Sources/kaiten/Cards/HistoryCommands.swift (in target 'kaiten-product' from project 'KaitenSDK')
cd /Users/admin/builder/spi-builder-workspace/.swiftpm/xcode
builtin-SwiftPerFileCompile HistoryCommands.swift
SwiftCompile normal arm64 /Users/admin/builder/spi-builder-workspace/Sources/kaiten/Cards/MemberCommands.swift (in target 'kaiten-product' from project 'KaitenSDK')
cd /Users/admin/builder/spi-builder-workspace/.swiftpm/xcode
builtin-SwiftPerFileCompile MemberCommands.swift
SwiftCompile normal arm64 /Users/admin/builder/spi-builder-workspace/Sources/kaiten/ChecklistItems/ChecklistItemCommands.swift (in target 'kaiten-product' from project 'KaitenSDK')
cd /Users/admin/builder/spi-builder-workspace/.swiftpm/xcode
builtin-SwiftPerFileCompile ChecklistItemCommands.swift
SwiftCompile normal arm64 /Users/admin/builder/spi-builder-workspace/Sources/kaiten/Checklists/ChecklistsCommands.swift (in target 'kaiten-product' from project 'KaitenSDK')
cd /Users/admin/builder/spi-builder-workspace/.swiftpm/xcode
builtin-SwiftPerFileCompile ChecklistsCommands.swift
SwiftCompile normal arm64 /Users/admin/builder/spi-builder-workspace/Sources/kaiten/CompanyUsers/CompanyUserCommands.swift (in target 'kaiten-product' from project 'KaitenSDK')
cd /Users/admin/builder/spi-builder-workspace/.swiftpm/xcode
builtin-SwiftPerFileCompile CompanyUserCommands.swift
SwiftCompile normal arm64 /Users/admin/builder/spi-builder-workspace/Sources/kaiten/CustomDirectories/CustomDirectoryCommands.swift (in target 'kaiten-product' from project 'KaitenSDK')
cd /Users/admin/builder/spi-builder-workspace/.swiftpm/xcode
builtin-SwiftPerFileCompile CustomDirectoryCommands.swift
SwiftCompile normal arm64 Compiling\ CustomDirectoryFieldCommands.swift,\ CustomDirectoryRecordCommands.swift,\ CustomPropertyCommands.swift,\ CustomPropertyCatalogValueCommands.swift,\ CustomPropertyCollectiveScoreValueCommands.swift,\ CustomPropertyCollectiveVoteValueCommands.swift,\ CustomPropertySelectValueCommands.swift /Users/admin/builder/spi-builder-workspace/Sources/kaiten/CustomDirectoryFields/CustomDirectoryFieldCommands.swift /Users/admin/builder/spi-builder-workspace/Sources/kaiten/CustomDirectoryRecords/CustomDirectoryRecordCommands.swift /Users/admin/builder/spi-builder-workspace/Sources/kaiten/CustomProperties/CustomPropertyCommands.swift /Users/admin/builder/spi-builder-workspace/Sources/kaiten/CustomPropertyCatalogValues/CustomPropertyCatalogValueCommands.swift /Users/admin/builder/spi-builder-workspace/Sources/kaiten/CustomPropertyCollectiveScoreValues/CustomPropertyCollectiveScoreValueCommands.swift /Users/admin/builder/spi-builder-workspace/Sources/kaiten/CustomPropertyCollectiveVoteValues/CustomPropertyCollectiveVoteValueCommands.swift /Users/admin/builder/spi-builder-workspace/Sources/kaiten/CustomPropertySelectValues/CustomPropertySelectValueCommands.swift (in target 'kaiten-product' from project 'KaitenSDK')
SwiftCompile normal arm64 /Users/admin/builder/spi-builder-workspace/Sources/kaiten/CustomDirectoryFields/CustomDirectoryFieldCommands.swift (in target 'kaiten-product' from project 'KaitenSDK')
cd /Users/admin/builder/spi-builder-workspace/.swiftpm/xcode
builtin-SwiftPerFileCompile CustomDirectoryFieldCommands.swift
SwiftCompile normal arm64 /Users/admin/builder/spi-builder-workspace/Sources/kaiten/CustomDirectoryRecords/CustomDirectoryRecordCommands.swift (in target 'kaiten-product' from project 'KaitenSDK')
cd /Users/admin/builder/spi-builder-workspace/.swiftpm/xcode
builtin-SwiftPerFileCompile CustomDirectoryRecordCommands.swift
SwiftCompile normal arm64 /Users/admin/builder/spi-builder-workspace/Sources/kaiten/CustomProperties/CustomPropertyCommands.swift (in target 'kaiten-product' from project 'KaitenSDK')
cd /Users/admin/builder/spi-builder-workspace/.swiftpm/xcode
builtin-SwiftPerFileCompile CustomPropertyCommands.swift
SwiftCompile normal arm64 /Users/admin/builder/spi-builder-workspace/Sources/kaiten/CustomPropertyCatalogValues/CustomPropertyCatalogValueCommands.swift (in target 'kaiten-product' from project 'KaitenSDK')
cd /Users/admin/builder/spi-builder-workspace/.swiftpm/xcode
builtin-SwiftPerFileCompile CustomPropertyCatalogValueCommands.swift
SwiftCompile normal arm64 /Users/admin/builder/spi-builder-workspace/Sources/kaiten/CustomPropertyCollectiveScoreValues/CustomPropertyCollectiveScoreValueCommands.swift (in target 'kaiten-product' from project 'KaitenSDK')
cd /Users/admin/builder/spi-builder-workspace/.swiftpm/xcode
builtin-SwiftPerFileCompile CustomPropertyCollectiveScoreValueCommands.swift
SwiftCompile normal arm64 /Users/admin/builder/spi-builder-workspace/Sources/kaiten/CustomPropertyCollectiveVoteValues/CustomPropertyCollectiveVoteValueCommands.swift (in target 'kaiten-product' from project 'KaitenSDK')
cd /Users/admin/builder/spi-builder-workspace/.swiftpm/xcode
builtin-SwiftPerFileCompile CustomPropertyCollectiveVoteValueCommands.swift
SwiftCompile normal arm64 /Users/admin/builder/spi-builder-workspace/Sources/kaiten/CustomPropertySelectValues/CustomPropertySelectValueCommands.swift (in target 'kaiten-product' from project 'KaitenSDK')
cd /Users/admin/builder/spi-builder-workspace/.swiftpm/xcode
builtin-SwiftPerFileCompile CustomPropertySelectValueCommands.swift
SwiftCompile normal arm64 Compiling\ CustomPropertyTreeEntitieCommands.swift,\ DateParsing.swift,\ DocumentGroupCommands.swift,\ DocumentSchemaCommands.swift,\ DocumentCommands.swift,\ GroupAdminCommands.swift,\ GroupEntitieCommands.swift /Users/admin/builder/spi-builder-workspace/Sources/kaiten/CustomPropertyTreeEntities/CustomPropertyTreeEntitieCommands.swift /Users/admin/builder/spi-builder-workspace/Sources/kaiten/DateParsing.swift /Users/admin/builder/spi-builder-workspace/Sources/kaiten/DocumentGroups/DocumentGroupCommands.swift /Users/admin/builder/spi-builder-workspace/Sources/kaiten/DocumentSchemas/DocumentSchemaCommands.swift /Users/admin/builder/spi-builder-workspace/Sources/kaiten/Documents/DocumentCommands.swift /Users/admin/builder/spi-builder-workspace/Sources/kaiten/GroupAdmins/GroupAdminCommands.swift /Users/admin/builder/spi-builder-workspace/Sources/kaiten/GroupEntities/GroupEntitieCommands.swift (in target 'kaiten-product' from project 'KaitenSDK')
SwiftCompile normal arm64 /Users/admin/builder/spi-builder-workspace/Sources/kaiten/CustomPropertyTreeEntities/CustomPropertyTreeEntitieCommands.swift (in target 'kaiten-product' from project 'KaitenSDK')
cd /Users/admin/builder/spi-builder-workspace/.swiftpm/xcode
builtin-SwiftPerFileCompile CustomPropertyTreeEntitieCommands.swift
SwiftCompile normal arm64 /Users/admin/builder/spi-builder-workspace/Sources/kaiten/DateParsing.swift (in target 'kaiten-product' from project 'KaitenSDK')
cd /Users/admin/builder/spi-builder-workspace/.swiftpm/xcode
builtin-SwiftPerFileCompile DateParsing.swift
SwiftCompile normal arm64 /Users/admin/builder/spi-builder-workspace/Sources/kaiten/DocumentGroups/DocumentGroupCommands.swift (in target 'kaiten-product' from project 'KaitenSDK')
cd /Users/admin/builder/spi-builder-workspace/.swiftpm/xcode
builtin-SwiftPerFileCompile DocumentGroupCommands.swift
SwiftCompile normal arm64 /Users/admin/builder/spi-builder-workspace/Sources/kaiten/DocumentSchemas/DocumentSchemaCommands.swift (in target 'kaiten-product' from project 'KaitenSDK')
cd /Users/admin/builder/spi-builder-workspace/.swiftpm/xcode
builtin-SwiftPerFileCompile DocumentSchemaCommands.swift
SwiftCompile normal arm64 /Users/admin/builder/spi-builder-workspace/Sources/kaiten/Documents/DocumentCommands.swift (in target 'kaiten-product' from project 'KaitenSDK')
cd /Users/admin/builder/spi-builder-workspace/.swiftpm/xcode
builtin-SwiftPerFileCompile DocumentCommands.swift
SwiftCompile normal arm64 /Users/admin/builder/spi-builder-workspace/Sources/kaiten/GroupAdmins/GroupAdminCommands.swift (in target 'kaiten-product' from project 'KaitenSDK')
cd /Users/admin/builder/spi-builder-workspace/.swiftpm/xcode
builtin-SwiftPerFileCompile GroupAdminCommands.swift
SwiftCompile normal arm64 /Users/admin/builder/spi-builder-workspace/Sources/kaiten/GroupEntities/GroupEntitieCommands.swift (in target 'kaiten-product' from project 'KaitenSDK')
cd /Users/admin/builder/spi-builder-workspace/.swiftpm/xcode
builtin-SwiftPerFileCompile GroupEntitieCommands.swift
SwiftCompile normal arm64 Compiling\ CardTypeCommands.swift,\ BaselineCommands.swift,\ BlockerCommands.swift,\ CardCommands.swift,\ CardTagCommands.swift,\ ChecklistCommands.swift,\ ChildCommands.swift /Users/admin/builder/spi-builder-workspace/Sources/kaiten/CardTypes/CardTypeCommands.swift /Users/admin/builder/spi-builder-workspace/Sources/kaiten/Cards/BaselineCommands.swift /Users/admin/builder/spi-builder-workspace/Sources/kaiten/Cards/BlockerCommands.swift /Users/admin/builder/spi-builder-workspace/Sources/kaiten/Cards/CardCommands.swift /Users/admin/builder/spi-builder-workspace/Sources/kaiten/Cards/CardTagCommands.swift /Users/admin/builder/spi-builder-workspace/Sources/kaiten/Cards/ChecklistCommands.swift /Users/admin/builder/spi-builder-workspace/Sources/kaiten/Cards/ChildCommands.swift (in target 'kaiten-product' from project 'KaitenSDK')
/Users/admin/builder/spi-builder-workspace/Sources/kaiten/CardTypes/CardTypeCommands.swift:112:33: warning: 'createCardType(letter:name:color:properties:cardProperties:suggestFields:)' is deprecated: Kaiten deprecated card type properties. Use cardProperties instead. [#DeprecatedDeclaration]
110 |
111 | let client = try await global.makeClient()
112 | let type = try await client.createCardType(
| `- warning: 'createCardType(letter:name:color:properties:cardProperties:suggestFields:)' is deprecated: Kaiten deprecated card type properties. Use cardProperties instead. [#DeprecatedDeclaration]
113 | letter: letter,
114 | name: name,
SwiftCompile normal arm64 /Users/admin/builder/spi-builder-workspace/Sources/kaiten/CardTypes/CardTypeCommands.swift (in target 'kaiten-product' from project 'KaitenSDK')
cd /Users/admin/builder/spi-builder-workspace/.swiftpm/xcode
builtin-SwiftPerFileCompile CardTypeCommands.swift
SwiftCompile normal arm64 /Users/admin/builder/spi-builder-workspace/Sources/kaiten/Cards/BaselineCommands.swift (in target 'kaiten-product' from project 'KaitenSDK')
cd /Users/admin/builder/spi-builder-workspace/.swiftpm/xcode
builtin-SwiftPerFileCompile BaselineCommands.swift
SwiftCompile normal arm64 /Users/admin/builder/spi-builder-workspace/Sources/kaiten/Cards/BlockerCommands.swift (in target 'kaiten-product' from project 'KaitenSDK')
cd /Users/admin/builder/spi-builder-workspace/.swiftpm/xcode
builtin-SwiftPerFileCompile BlockerCommands.swift
SwiftCompile normal arm64 /Users/admin/builder/spi-builder-workspace/Sources/kaiten/Cards/CardCommands.swift (in target 'kaiten-product' from project 'KaitenSDK')
cd /Users/admin/builder/spi-builder-workspace/.swiftpm/xcode
builtin-SwiftPerFileCompile CardCommands.swift
SwiftCompile normal arm64 /Users/admin/builder/spi-builder-workspace/Sources/kaiten/Cards/CardTagCommands.swift (in target 'kaiten-product' from project 'KaitenSDK')
cd /Users/admin/builder/spi-builder-workspace/.swiftpm/xcode
builtin-SwiftPerFileCompile CardTagCommands.swift
SwiftCompile normal arm64 /Users/admin/builder/spi-builder-workspace/Sources/kaiten/Cards/ChecklistCommands.swift (in target 'kaiten-product' from project 'KaitenSDK')
cd /Users/admin/builder/spi-builder-workspace/.swiftpm/xcode
builtin-SwiftPerFileCompile ChecklistCommands.swift
SwiftCompile normal arm64 /Users/admin/builder/spi-builder-workspace/Sources/kaiten/Cards/ChildCommands.swift (in target 'kaiten-product' from project 'KaitenSDK')
cd /Users/admin/builder/spi-builder-workspace/.swiftpm/xcode
builtin-SwiftPerFileCompile ChildCommands.swift
SwiftCompile normal arm64 Compiling\ GroupUserCommands.swift,\ GroupCommands.swift,\ IterationCommands.swift,\ JSONOutput.swift,\ Kaiten.swift,\ PrivateCardFileCommands.swift /Users/admin/builder/spi-builder-workspace/Sources/kaiten/GroupUsers/GroupUserCommands.swift /Users/admin/builder/spi-builder-workspace/Sources/kaiten/Groups/GroupCommands.swift /Users/admin/builder/spi-builder-workspace/Sources/kaiten/Iterations/IterationCommands.swift /Users/admin/builder/spi-builder-workspace/Sources/kaiten/JSONOutput.swift /Users/admin/builder/spi-builder-workspace/Sources/kaiten/Kaiten.swift /Users/admin/builder/spi-builder-workspace/Sources/kaiten/PrivateCardFiles/PrivateCardFileCommands.swift (in target 'kaiten-product' from project 'KaitenSDK')
/Users/admin/builder/spi-builder-workspace/Sources/kaiten/Kaiten.swift:327:36: error: 'homeDirectoryForCurrentUser' is unavailable in watchOS
325 |
326 | static var defaultConfigPath: String {
327 | let home = FileManager.default.homeDirectoryForCurrentUser
| `- error: 'homeDirectoryForCurrentUser' is unavailable in watchOS
328 | return home.appendingPathComponent(".config/kaiten/config.json").path
329 | }
/Applications/Xcode-27.0.0.app/Contents/Developer/Platforms/WatchOS.platform/Developer/SDKs/WatchOS27.0.sdk/System/Library/Frameworks/Foundation.framework/Headers/NSFileManager.h:1004:35: note: 'homeDirectoryForCurrentUser' has been explicitly marked unavailable here
1002 |
1003 | /// The home directory for the current user.
1004 | @property (readonly, copy) NSURL *homeDirectoryForCurrentUser API_AVAILABLE(macosx(10.12)) API_UNAVAILABLE(ios, watchos, tvos);
| `- note: 'homeDirectoryForCurrentUser' has been explicitly marked unavailable here
1005 | /// The temporary directory for the current user.
1006 | @property (readonly, copy) NSURL *temporaryDirectory API_AVAILABLE(macosx(10.12), ios(10.0), watchos(3.0), tvos(10.0));
Failed frontend command:
/Applications/Xcode-27.0.0.app/Contents/Developer/Toolchains/XcodeDefault.xctoolchain/usr/bin/swift-frontend -frontend -c /Users/admin/builder/spi-builder-workspace/Sources/kaiten/AuditLogs/AuditLogCommands.swift /Users/admin/builder/spi-builder-workspace/Sources/kaiten/Automations/AutomationCommands.swift /Users/admin/builder/spi-builder-workspace/Sources/kaiten/Boards/BoardCRUDCommands.swift /Users/admin/builder/spi-builder-workspace/Sources/kaiten/Boards/BoardCommands.swift /Users/admin/builder/spi-builder-workspace/Sources/kaiten/Boards/ColumnCommands.swift /Users/admin/builder/spi-builder-workspace/Sources/kaiten/Boards/LaneCommands.swift /Users/admin/builder/spi-builder-workspace/Sources/kaiten/CardAllowedUsers/CardAllowedUserCommands.swift /Users/admin/builder/spi-builder-workspace/Sources/kaiten/CardBlockerCategories/CardBlockerCategorieCommands.swift /Users/admin/builder/spi-builder-workspace/Sources/kaiten/CardBlockerUsers/CardBlockerUserCommands.swift /Users/admin/builder/spi-builder-workspace/Sources/kaiten/CardFiles/CardFileCommands.swift /Users/admin/builder/spi-builder-workspace/Sources/kaiten/CardServiceDeskExternalRecipients/CardServiceDeskExternalRecipientCommands.swift /Users/admin/builder/spi-builder-workspace/Sources/kaiten/CardSla/CardSlaCommands.swift /Users/admin/builder/spi-builder-workspace/Sources/kaiten/CardTimeLogs/CardTimeLogCommands.swift /Users/admin/builder/spi-builder-workspace/Sources/kaiten/CardTypeTreeEntities/CardTypeTreeEntitieCommands.swift /Users/admin/builder/spi-builder-workspace/Sources/kaiten/CardTypes/CardTypeCommands.swift /Users/admin/builder/spi-builder-workspace/Sources/kaiten/Cards/BaselineCommands.swift /Users/admin/builder/spi-builder-workspace/Sources/kaiten/Cards/BlockerCommands.swift /Users/admin/builder/spi-builder-workspace/Sources/kaiten/Cards/CardCommands.swift /Users/admin/builder/spi-builder-workspace/Sources/kaiten/Cards/CardTagCommands.swift /Users/admin/builder/spi-builder-workspace/Sources/kaiten/Cards/ChecklistCommands.swift /Users/admin/builder/spi-builder-workspace/Sources/kaiten/Cards/ChildCommands.swift /Users/admin/builder/spi-builder-workspace/Sources/kaiten/Cards/ExternalLinkCommands.swift /Users/admin/builder/spi-builder-workspace/Sources/kaiten/Cards/HistoryCommands.swift /Users/admin/builder/spi-builder-workspace/Sources/kaiten/Cards/MemberCommands.swift /Users/admin/builder/spi-builder-workspace/Sources/kaiten/ChecklistItems/ChecklistItemCommands.swift /Users/admin/builder/spi-builder-workspace/Sources/kaiten/Checklists/ChecklistsCommands.swift /Users/admin/builder/spi-builder-workspace/Sources/kaiten/CompanyUsers/CompanyUserCommands.swift /Users/admin/builder/spi-builder-workspace/Sources/kaiten/CustomDirectories/CustomDirectoryCommands.swift /Users/admin/builder/spi-builder-workspace/Sources/kaiten/CustomDirectoryFields/CustomDirectoryFieldCommands.swift /Users/admin/builder/spi-builder-workspace/Sources/kaiten/CustomDirectoryRecords/CustomDirectoryRecordCommands.swift /Users/admin/builder/spi-builder-workspace/Sources/kaiten/CustomProperties/CustomPropertyCommands.swift /Users/admin/builder/spi-builder-workspace/Sources/kaiten/CustomPropertyCatalogValues/CustomPropertyCatalogValueCommands.swift /Users/admin/builder/spi-builder-workspace/Sources/kaiten/CustomPropertyCollectiveScoreValues/CustomPropertyCollectiveScoreValueCommands.swift /Users/admin/builder/spi-builder-workspace/Sources/kaiten/CustomPropertyCollectiveVoteValues/CustomPropertyCollectiveVoteValueCommands.swift /Users/admin/builder/spi-builder-workspace/Sources/kaiten/CustomPropertySelectValues/CustomPropertySelectValueCommands.swift /Users/admin/builder/spi-builder-workspace/Sources/kaiten/CustomPropertyTreeEntities/CustomPropertyTreeEntitieCommands.swift /Users/admin/builder/spi-builder-workspace/Sources/kaiten/DateParsing.swift /Users/admin/builder/spi-builder-workspace/Sources/kaiten/DocumentGroups/DocumentGroupCommands.swift /Users/admin/builder/spi-builder-workspace/Sources/kaiten/DocumentSchemas/DocumentSchemaCommands.swift /Users/admin/builder/spi-builder-workspace/Sources/kaiten/Documents/DocumentCommands.swift /Users/admin/builder/spi-builder-workspace/Sources/kaiten/GroupAdmins/GroupAdminCommands.swift /Users/admin/builder/spi-builder-workspace/Sources/kaiten/GroupEntities/GroupEntitieCommands.swift -primary-file /Users/admin/builder/spi-builder-workspace/Sources/kaiten/GroupUsers/GroupUserCommands.swift -primary-file /Users/admin/builder/spi-builder-workspace/Sources/kaiten/Groups/GroupCommands.swift -primary-file /Users/admin/builder/spi-builder-workspace/Sources/kaiten/Iterations/IterationCommands.swift -primary-file /Users/admin/builder/spi-builder-workspace/Sources/kaiten/JSONOutput.swift -primary-file /Users/admin/builder/spi-builder-workspace/Sources/kaiten/Kaiten.swift -primary-file /Users/admin/builder/spi-builder-workspace/Sources/kaiten/PrivateCardFiles/PrivateCardFileCommands.swift /Users/admin/builder/spi-builder-workspace/Sources/kaiten/PrivateCommentFiles/PrivateCommentFileCommands.swift /Users/admin/builder/spi-builder-workspace/Sources/kaiten/PrivateCustomPropertyFiles/PrivateCustomPropertyFileCommands.swift /Users/admin/builder/spi-builder-workspace/Sources/kaiten/ServiceDeskServices/ServiceDeskServiceCommands.swift /Users/admin/builder/spi-builder-workspace/Sources/kaiten/SpaceBoards/SpaceBoardCommands.swift /Users/admin/builder/spi-builder-workspace/Sources/kaiten/SpaceTemplateChecklist/SpaceTemplateChecklistCommands.swift /Users/admin/builder/spi-builder-workspace/Sources/kaiten/SpaceTemplateChecklistItems/SpaceTemplateChecklistItemCommands.swift /Users/admin/builder/spi-builder-workspace/Sources/kaiten/SpaceUsers/SpaceUserCommands.swift /Users/admin/builder/spi-builder-workspace/Sources/kaiten/Spaces/SpaceCRUDCommands.swift /Users/admin/builder/spi-builder-workspace/Sources/kaiten/Spaces/SpaceCommands.swift /Users/admin/builder/spi-builder-workspace/Sources/kaiten/Sprints/SprintCommands.swift /Users/admin/builder/spi-builder-workspace/Sources/kaiten/Sprints/SprintSummaryCommand.swift /Users/admin/builder/spi-builder-workspace/Sources/kaiten/Tags/TagCommands.swift /Users/admin/builder/spi-builder-workspace/Sources/kaiten/Timesheet/TimesheetCommands.swift /Users/admin/builder/spi-builder-workspace/Sources/kaiten/TreeEntities/TreeEntitieCommands.swift /Users/admin/builder/spi-builder-workspace/Sources/kaiten/TreeEntityRoles/TreeEntityRoleCommands.swift /Users/admin/builder/spi-builder-workspace/Sources/kaiten/UserRoles/UserRoleCommands.swift /Users/admin/builder/spi-builder-workspace/Sources/kaiten/Users/UserCommands.swift /Users/admin/builder/spi-builder-workspace/Sources/kaiten/Version.swift -supplementary-output-file-map /Users/admin/builder/spi-builder-workspace/.derivedData/Build/Intermediates.noindex/KaitenSDK.build/Debug-watchos/kaiten-p.build/Objects-normal/arm64/supplementaryOutputs-14 -target arm64-apple-watchos11.0 -disable-cross-import-overlay-search -load-resolved-plugin /Applications/Xcode-27.0.0.app/Contents/Developer/Platforms/WatchOS.platform/Developer/usr/lib/swift/host/plugins/libFoundationMacros.dylib\#/Applications/Xcode-27.0.0.app/Contents/Developer/Platforms/WatchOS.platform/Developer/usr/bin/swift-plugin-server\#FoundationMacros -load-resolved-plugin /Applications/Xcode-27.0.0.app/Contents/Developer/Platforms/WatchOS.platform/Developer/usr/lib/swift/host/plugins/libObservationMacros.dylib\#/Applications/Xcode-27.0.0.app/Contents/Developer/Platforms/WatchOS.platform/Developer/usr/bin/swift-plugin-server\#ObservationMacros -load-resolved-plugin /Applications/Xcode-27.0.0.app/Contents/Developer/Platforms/WatchOS.platform/Developer/usr/lib/swift/host/plugins/libSwiftMacros.dylib\#/Applications/Xcode-27.0.0.app/Contents/Developer/Platforms/WatchOS.platform/Developer/usr/bin/swift-plugin-server\#SwiftMacros -disable-implicit-swift-modules -Xcc -fno-implicit-modules -Xcc -fno-implicit-module-maps -explicit-swift-module-map-file /Users/admin/builder/spi-builder-workspace/.derivedData/Build/Intermediates.noindex/KaitenSDK.build/Debug-watchos/kaiten-p.build/Objects-normal/arm64/kaiten-dependencies-2.json -Xllvm -aarch64-use-tbi -enable-objc-interop -stack-check -sdk /Applications/Xcode-27.0.0.app/Contents/Developer/Platforms/WatchOS.platform/Developer/SDKs/WatchOS27.0.sdk -I /Users/admin/builder/spi-builder-workspace/.derivedData/Build/Products/Debug-watchos -Isystem /Applications/Xcode-27.0.0.app/Contents/Developer/Platforms/WatchOS.platform/Developer/usr/lib -F /Users/admin/builder/spi-builder-workspace/.derivedData/Build/Products/Debug-watchos/PackageFrameworks -F /Users/admin/builder/spi-builder-workspace/.derivedData/Build/Products/Debug-watchos -F /Applications/Xcode-27.0.0.app/Contents/Developer/Platforms/WatchOS.platform/Developer/Library/Frameworks -F /Applications/Xcode-27.0.0.app/Contents/Developer/Platforms/WatchOS.platform/Developer/SDKs/WatchOS27.0.sdk/Developer/Library/Frameworks -module-cache-path /Users/admin/builder/spi-builder-workspace/.derivedData/Build/Intermediates.noindex/SwiftExplicitPrecompiledModules -no-color-diagnostics -Xcc -fno-color-diagnostics -enable-testing -g -debug-info-format\=dwarf -dwarf-version\=5 -profile-generate -profile-coverage-mapping -swift-version 6 -Onone -D SWIFT_PACKAGE -D DEBUG -D Xcode -serialize-debugging-options -enable-experimental-feature DebugDescriptionMacro -empty-abi-descriptor -validate-clang-modules-once -clang-build-session-file /Users/admin/builder/spi-builder-workspace/.derivedData/ModuleCache.noindex/Session.modulevalidation -Xcc -working-directory -Xcc /Users/admin/builder/spi-builder-workspace/.swiftpm/xcode -enable-anonymous-context-mangled-names -file-compilation-dir /Users/admin/builder/spi-builder-workspace/.swiftpm/xcode -Xcc -fmodule-map-file\=/Users/admin/builder/spi-builder-workspace/.dependencies/checkouts/swift-system/Sources/CSystem/include/module.modulemap -Xcc -D_LIBCPP_HARDENING_MODE\=_LIBCPP_HARDENING_MODE_DEBUG -Xcc -ivfsstatcache -Xcc /Users/admin/builder/spi-builder-workspace/.derivedData/SDKStatCaches.noindex/watchos27.0-24R360-e829b21a6f8c9b70876ba0858053c044b9db9bc9c079ee3c7b5f3373b13d10bc.sdkstatcache -Xcc -fmodules-prune-interval\=86400 -Xcc -fmodules-prune-after\=345600 -Xcc -I/Users/admin/builder/spi-builder-workspace/.dependencies/checkouts/swift-system/Sources/CSystem/include -Xcc -I/Users/admin/builder/spi-builder-workspace/.derivedData/Build/Products/Debug-watchos/include -Xcc -I/Users/admin/builder/spi-builder-workspace/.derivedData/Build/Intermediates.noindex/KaitenSDK.build/Debug-watchos/kaiten-p.build/DerivedSources-normal/arm64 -Xcc -I/Users/admin/builder/spi-builder-workspace/.derivedData/Build/Intermediates.noindex/KaitenSDK.build/Debug-watchos/kaiten-p.build/DerivedSources/arm64 -Xcc -I/Users/admin/builder/spi-builder-workspace/.derivedData/Build/Intermediates.noindex/KaitenSDK.build/Debug-watchos/kaiten-p.build/DerivedSources -Xcc -DSWIFT_PACKAGE -Xcc -DDEBUG\=1 -no-auto-bridging-header-chaining -module-name kaiten -package-name spi_builder_workspace -const-gather-protocols-file /Users/admin/builder/spi-builder-workspace/.derivedData/Build/Intermediates.noindex/KaitenSDK.build/Debug-watchos/kaiten-p.build/Objects-normal/arm64/kaiten_const_extract_protocols.json -disable-clang-spi -clang-target arm64-apple-watchos27.0 -target-sdk-version 27.0 -target-sdk-name watchos27.0 -in-process-plugin-server-path /Applications/Xcode-27.0.0.app/Contents/Developer/Toolchains/XcodeDefault.xctoolchain/usr/lib/swift/host/libSwiftInProcPluginServer.dylib -parse-as-library -o /Users/admin/builder/spi-builder-workspace/.derivedData/Build/Intermediates.noindex/KaitenSDK.build/Debug-watchos/kaiten-p.build/Objects-normal/arm64/GroupUserCommands.o -o /Users/admin/builder/spi-builder-workspace/.derivedData/Build/Intermediates.noindex/KaitenSDK.build/Debug-watchos/kaiten-p.build/Objects-normal/arm64/GroupCommands.o -o /Users/admin/builder/spi-builder-workspace/.derivedData/Build/Intermediates.noindex/KaitenSDK.build/Debug-watchos/kaiten-p.build/Objects-normal/arm64/IterationCommands.o -o /Users/admin/builder/spi-builder-workspace/.derivedData/Build/Intermediates.noindex/KaitenSDK.build/Debug-watchos/kaiten-p.build/Objects-normal/arm64/JSONOutput.o -o /Users/admin/builder/spi-builder-workspace/.derivedData/Build/Intermediates.noindex/KaitenSDK.build/Debug-watchos/kaiten-p.build/Objects-normal/arm64/Kaiten.o -o /Users/admin/builder/spi-builder-workspace/.derivedData/Build/Intermediates.noindex/KaitenSDK.build/Debug-watchos/kaiten-p.build/Objects-normal/arm64/PrivateCardFileCommands.o -debug-module-path /Users/admin/builder/spi-builder-workspace/.derivedData/Build/Intermediates.noindex/KaitenSDK.build/Debug-watchos/kaiten-p.build/Objects-normal/arm64/kaiten.swiftmodule -index-unit-output-path /KaitenSDK.build/Debug-watchos/kaiten-p.build/Objects-normal/arm64/GroupUserCommands.o -index-unit-output-path /KaitenSDK.build/Debug-watchos/kaiten-p.build/Objects-normal/arm64/GroupCommands.o -index-unit-output-path /KaitenSDK.build/Debug-watchos/kaiten-p.build/Objects-normal/arm64/IterationCommands.o -index-unit-output-path /KaitenSDK.build/Debug-watchos/kaiten-p.build/Objects-normal/arm64/JSONOutput.o -index-unit-output-path /KaitenSDK.build/Debug-watchos/kaiten-p.build/Objects-normal/arm64/Kaiten.o -index-unit-output-path /KaitenSDK.build/Debug-watchos/kaiten-p.build/Objects-normal/arm64/PrivateCardFileCommands.o -index-store-path /Users/admin/builder/spi-builder-workspace/.derivedData/Index.noindex/DataStore -index-system-modules
SwiftCompile normal arm64 /Users/admin/builder/spi-builder-workspace/Sources/kaiten/GroupUsers/GroupUserCommands.swift (in target 'kaiten-product' from project 'KaitenSDK')
cd /Users/admin/builder/spi-builder-workspace/.swiftpm/xcode
builtin-SwiftPerFileCompile GroupUserCommands.swift
SwiftCompile normal arm64 /Users/admin/builder/spi-builder-workspace/Sources/kaiten/Groups/GroupCommands.swift (in target 'kaiten-product' from project 'KaitenSDK')
cd /Users/admin/builder/spi-builder-workspace/.swiftpm/xcode
builtin-SwiftPerFileCompile GroupCommands.swift
SwiftCompile normal arm64 /Users/admin/builder/spi-builder-workspace/Sources/kaiten/Iterations/IterationCommands.swift (in target 'kaiten-product' from project 'KaitenSDK')
cd /Users/admin/builder/spi-builder-workspace/.swiftpm/xcode
builtin-SwiftPerFileCompile IterationCommands.swift
SwiftCompile normal arm64 /Users/admin/builder/spi-builder-workspace/Sources/kaiten/JSONOutput.swift (in target 'kaiten-product' from project 'KaitenSDK')
cd /Users/admin/builder/spi-builder-workspace/.swiftpm/xcode
builtin-SwiftPerFileCompile JSONOutput.swift
SwiftCompile normal arm64 /Users/admin/builder/spi-builder-workspace/Sources/kaiten/Kaiten.swift (in target 'kaiten-product' from project 'KaitenSDK')
cd /Users/admin/builder/spi-builder-workspace/.swiftpm/xcode
builtin-SwiftPerFileCompile Kaiten.swift
SwiftCompile normal arm64 /Users/admin/builder/spi-builder-workspace/Sources/kaiten/PrivateCardFiles/PrivateCardFileCommands.swift (in target 'kaiten-product' from project 'KaitenSDK')
cd /Users/admin/builder/spi-builder-workspace/.swiftpm/xcode
builtin-SwiftPerFileCompile PrivateCardFileCommands.swift
SwiftEmitModule normal arm64 Emitting\ module\ for\ kaiten (in target 'kaiten-product' from project 'KaitenSDK')
SwiftCompile normal arm64 (in target 'kaiten-product' from project 'KaitenSDK')
cd /Users/admin/builder/spi-builder-workspace/.swiftpm/xcode
SwiftEmitModule normal arm64_32 Emitting\ module\ for\ kaiten (in target 'kaiten-product' from project 'KaitenSDK')
SwiftCompile normal arm64_32 (in target 'kaiten-product' from project 'KaitenSDK')
cd /Users/admin/builder/spi-builder-workspace/.swiftpm/xcode
SwiftCompile normal arm64_32 Compiling\ CustomPropertyTreeEntitieCommands.swift,\ DateParsing.swift,\ DocumentGroupCommands.swift,\ DocumentSchemaCommands.swift,\ DocumentCommands.swift,\ GroupAdminCommands.swift,\ GroupEntitieCommands.swift /Users/admin/builder/spi-builder-workspace/Sources/kaiten/CustomPropertyTreeEntities/CustomPropertyTreeEntitieCommands.swift /Users/admin/builder/spi-builder-workspace/Sources/kaiten/DateParsing.swift /Users/admin/builder/spi-builder-workspace/Sources/kaiten/DocumentGroups/DocumentGroupCommands.swift /Users/admin/builder/spi-builder-workspace/Sources/kaiten/DocumentSchemas/DocumentSchemaCommands.swift /Users/admin/builder/spi-builder-workspace/Sources/kaiten/Documents/DocumentCommands.swift /Users/admin/builder/spi-builder-workspace/Sources/kaiten/GroupAdmins/GroupAdminCommands.swift /Users/admin/builder/spi-builder-workspace/Sources/kaiten/GroupEntities/GroupEntitieCommands.swift (in target 'kaiten-product' from project 'KaitenSDK')
SwiftCompile normal arm64_32 /Users/admin/builder/spi-builder-workspace/Sources/kaiten/CustomPropertyTreeEntities/CustomPropertyTreeEntitieCommands.swift (in target 'kaiten-product' from project 'KaitenSDK')
cd /Users/admin/builder/spi-builder-workspace/.swiftpm/xcode
builtin-SwiftPerFileCompile CustomPropertyTreeEntitieCommands.swift
SwiftCompile normal arm64_32 /Users/admin/builder/spi-builder-workspace/Sources/kaiten/DateParsing.swift (in target 'kaiten-product' from project 'KaitenSDK')
cd /Users/admin/builder/spi-builder-workspace/.swiftpm/xcode
builtin-SwiftPerFileCompile DateParsing.swift
SwiftCompile normal arm64_32 /Users/admin/builder/spi-builder-workspace/Sources/kaiten/DocumentGroups/DocumentGroupCommands.swift (in target 'kaiten-product' from project 'KaitenSDK')
cd /Users/admin/builder/spi-builder-workspace/.swiftpm/xcode
builtin-SwiftPerFileCompile DocumentGroupCommands.swift
SwiftCompile normal arm64_32 /Users/admin/builder/spi-builder-workspace/Sources/kaiten/DocumentSchemas/DocumentSchemaCommands.swift (in target 'kaiten-product' from project 'KaitenSDK')
cd /Users/admin/builder/spi-builder-workspace/.swiftpm/xcode
builtin-SwiftPerFileCompile DocumentSchemaCommands.swift
SwiftCompile normal arm64_32 /Users/admin/builder/spi-builder-workspace/Sources/kaiten/Documents/DocumentCommands.swift (in target 'kaiten-product' from project 'KaitenSDK')
cd /Users/admin/builder/spi-builder-workspace/.swiftpm/xcode
builtin-SwiftPerFileCompile DocumentCommands.swift
SwiftCompile normal arm64_32 /Users/admin/builder/spi-builder-workspace/Sources/kaiten/GroupAdmins/GroupAdminCommands.swift (in target 'kaiten-product' from project 'KaitenSDK')
cd /Users/admin/builder/spi-builder-workspace/.swiftpm/xcode
builtin-SwiftPerFileCompile GroupAdminCommands.swift
SwiftCompile normal arm64_32 /Users/admin/builder/spi-builder-workspace/Sources/kaiten/GroupEntities/GroupEntitieCommands.swift (in target 'kaiten-product' from project 'KaitenSDK')
cd /Users/admin/builder/spi-builder-workspace/.swiftpm/xcode
builtin-SwiftPerFileCompile GroupEntitieCommands.swift
SwiftCompile normal arm64_32 Compiling\ CustomDirectoryFieldCommands.swift,\ CustomDirectoryRecordCommands.swift,\ CustomPropertyCommands.swift,\ CustomPropertyCatalogValueCommands.swift,\ CustomPropertyCollectiveScoreValueCommands.swift,\ CustomPropertyCollectiveVoteValueCommands.swift,\ CustomPropertySelectValueCommands.swift /Users/admin/builder/spi-builder-workspace/Sources/kaiten/CustomDirectoryFields/CustomDirectoryFieldCommands.swift /Users/admin/builder/spi-builder-workspace/Sources/kaiten/CustomDirectoryRecords/CustomDirectoryRecordCommands.swift /Users/admin/builder/spi-builder-workspace/Sources/kaiten/CustomProperties/CustomPropertyCommands.swift /Users/admin/builder/spi-builder-workspace/Sources/kaiten/CustomPropertyCatalogValues/CustomPropertyCatalogValueCommands.swift /Users/admin/builder/spi-builder-workspace/Sources/kaiten/CustomPropertyCollectiveScoreValues/CustomPropertyCollectiveScoreValueCommands.swift /Users/admin/builder/spi-builder-workspace/Sources/kaiten/CustomPropertyCollectiveVoteValues/CustomPropertyCollectiveVoteValueCommands.swift /Users/admin/builder/spi-builder-workspace/Sources/kaiten/CustomPropertySelectValues/CustomPropertySelectValueCommands.swift (in target 'kaiten-product' from project 'KaitenSDK')
SwiftCompile normal arm64_32 /Users/admin/builder/spi-builder-workspace/Sources/kaiten/CustomDirectoryFields/CustomDirectoryFieldCommands.swift (in target 'kaiten-product' from project 'KaitenSDK')
cd /Users/admin/builder/spi-builder-workspace/.swiftpm/xcode
builtin-SwiftPerFileCompile CustomDirectoryFieldCommands.swift
SwiftCompile normal arm64_32 /Users/admin/builder/spi-builder-workspace/Sources/kaiten/CustomDirectoryRecords/CustomDirectoryRecordCommands.swift (in target 'kaiten-product' from project 'KaitenSDK')
cd /Users/admin/builder/spi-builder-workspace/.swiftpm/xcode
builtin-SwiftPerFileCompile CustomDirectoryRecordCommands.swift
SwiftCompile normal arm64_32 /Users/admin/builder/spi-builder-workspace/Sources/kaiten/CustomProperties/CustomPropertyCommands.swift (in target 'kaiten-product' from project 'KaitenSDK')
cd /Users/admin/builder/spi-builder-workspace/.swiftpm/xcode
builtin-SwiftPerFileCompile CustomPropertyCommands.swift
SwiftCompile normal arm64_32 /Users/admin/builder/spi-builder-workspace/Sources/kaiten/CustomPropertyCatalogValues/CustomPropertyCatalogValueCommands.swift (in target 'kaiten-product' from project 'KaitenSDK')
cd /Users/admin/builder/spi-builder-workspace/.swiftpm/xcode
builtin-SwiftPerFileCompile CustomPropertyCatalogValueCommands.swift
SwiftCompile normal arm64_32 /Users/admin/builder/spi-builder-workspace/Sources/kaiten/CustomPropertyCollectiveScoreValues/CustomPropertyCollectiveScoreValueCommands.swift (in target 'kaiten-product' from project 'KaitenSDK')
cd /Users/admin/builder/spi-builder-workspace/.swiftpm/xcode
builtin-SwiftPerFileCompile CustomPropertyCollectiveScoreValueCommands.swift
SwiftCompile normal arm64_32 /Users/admin/builder/spi-builder-workspace/Sources/kaiten/CustomPropertyCollectiveVoteValues/CustomPropertyCollectiveVoteValueCommands.swift (in target 'kaiten-product' from project 'KaitenSDK')
cd /Users/admin/builder/spi-builder-workspace/.swiftpm/xcode
builtin-SwiftPerFileCompile CustomPropertyCollectiveVoteValueCommands.swift
SwiftCompile normal arm64_32 /Users/admin/builder/spi-builder-workspace/Sources/kaiten/CustomPropertySelectValues/CustomPropertySelectValueCommands.swift (in target 'kaiten-product' from project 'KaitenSDK')
cd /Users/admin/builder/spi-builder-workspace/.swiftpm/xcode
builtin-SwiftPerFileCompile CustomPropertySelectValueCommands.swift
SwiftEmitModule normal arm64 Emitting\ module\ for\ KaitenSDK (in target 'KaitenSDK' from project 'KaitenSDK')
SwiftCompile normal arm64 (in target 'KaitenSDK' from project 'KaitenSDK')
cd /Users/admin/builder/spi-builder-workspace/.swiftpm/xcode
PruneExplicitPrecompiledModules /Users/admin/builder/spi-builder-workspace/.derivedData/SDKExplicitPrecompiledModules
PruneExplicitPrecompiledModules /Users/admin/builder/spi-builder-workspace/.derivedData/Build/Intermediates.noindex/SwiftExplicitPrecompiledModules
PruneExplicitPrecompiledModules /Users/admin/builder/spi-builder-workspace/.derivedData/Build/Intermediates.noindex/ExplicitPrecompiledModules
2026-10-10 07:20:04.433 xcodebuild[2373:13465] [MT] IDERunDestination: Supported platforms for the buildables in the current scheme is empty.
** BUILD FAILED **
The following build commands failed:
SwiftCompile normal arm64 Compiling\ GroupUserCommands.swift,\ GroupCommands.swift,\ IterationCommands.swift,\ JSONOutput.swift,\ Kaiten.swift,\ PrivateCardFileCommands.swift /Users/admin/builder/spi-builder-workspace/Sources/kaiten/GroupUsers/GroupUserCommands.swift /Users/admin/builder/spi-builder-workspace/Sources/kaiten/Groups/GroupCommands.swift /Users/admin/builder/spi-builder-workspace/Sources/kaiten/Iterations/IterationCommands.swift /Users/admin/builder/spi-builder-workspace/Sources/kaiten/JSONOutput.swift /Users/admin/builder/spi-builder-workspace/Sources/kaiten/Kaiten.swift /Users/admin/builder/spi-builder-workspace/Sources/kaiten/PrivateCardFiles/PrivateCardFileCommands.swift (in target 'kaiten-product' from project 'KaitenSDK')
SwiftCompile normal arm64 /Users/admin/builder/spi-builder-workspace/Sources/kaiten/Kaiten.swift (in target 'kaiten-product' from project 'KaitenSDK')
Building workspace KaitenSDK with scheme KaitenSDK-Package
(3 failures)
BUILD FAILURE 6.4 watchOS