Build Information
Failed to build SwPSSH, reference master (f7c15f), with Swift 6.4 for tvOS using Xcode 27.0 on 24 Sep 2026 22:07:40 UTC.
Build Command
env DEVELOPER_DIR=/Applications/Xcode-27.0.0-Release.Candidate.app xcrun xcodebuild -IDEClonedSourcePackagesDirPathOverride=$PWD/.dependencies -skipMacroValidation -skipPackagePluginValidation -derivedDataPath $PWD/.derivedData build -scheme SwPSSH -destination generic/platform=tvOSBuild Log
========================================
RunAll
========================================
Builder version: 5.1.0
Interrupt handler set up.
========================================
Checkout
========================================
Clone URL: https://github.com/mIwr/SwPSSH.git
Reference: master
Initialized empty Git repository in /Users/admin/builder/spi-builder-workspace/.git/
From https://github.com/mIwr/SwPSSH
* branch master -> FETCH_HEAD
* [new branch] master -> origin/master
HEAD is now at f7c15fa ref: Swift 6 support (Strict Concurrency); chore: Bump dependencies
Cloned https://github.com/mIwr/SwPSSH.git
Revision (git rev-parse @):
f7c15fae2229e5989bc9058324c6507b9384dbb7
SUCCESS checkout https://github.com/mIwr/SwPSSH.git at master
========================================
Build
========================================
Selected platform: tvOS
Swift version: 6.4
Building package at path: $PWD
https://github.com/mIwr/SwPSSH.git
Command line invocation:
/Applications/Xcode-27.0.0-Release.Candidate.app/Contents/Developer/usr/bin/xcodebuild -IDEClonedSourcePackagesDirPathOverride=/Users/admin/builder/spi-builder-workspace/.dependencies -resolvePackageDependencies
Resolve Package Graph
Fetching from https://github.com/apple/swift-protobuf.git
Creating working copy of package ‘swift-protobuf’
Checking out 1.38.1 of package ‘swift-protobuf’
Resolved source packages:
SwiftProtobuf: https://github.com/apple/swift-protobuf.git @ 1.38.1
resolved source packages: SwiftProtobuf
{
"dependencies" : [
{
"identity" : "swift-protobuf",
"requirement" : {
"range" : [
{
"lower_bound" : "1.36.1",
"upper_bound" : "2.0.0"
}
]
},
"type" : "sourceControl",
"url" : "https://github.com/apple/swift-protobuf.git"
}
],
"manifest_display_name" : "SwPSSH",
"name" : "SwPSSH",
"path" : "/Users/admin/builder/spi-builder-workspace",
"platforms" : [
{
"name" : "macos",
"version" : "10.13"
},
{
"name" : "maccatalyst",
"version" : "13.0"
},
{
"name" : "ios",
"version" : "11.0"
},
{
"name" : "tvos",
"version" : "11.0"
},
{
"name" : "watchos",
"version" : "5.0"
},
{
"name" : "visionos",
"version" : "1.0"
}
],
"products" : [
{
"name" : "SwPSSH",
"targets" : [
"SwPSSH"
],
"type" : {
"library" : [
"automatic"
]
}
}
],
"swift_languages_versions" : [
"5",
"6"
],
"targets" : [
{
"c99name" : "SwPSSHTests",
"module_type" : "SwiftTarget",
"name" : "SwPSSHTests",
"path" : "Tests/SwPSSHTests",
"sources" : [
"Model/UnitNagraPSSHData.swift",
"Model/UnitPSSHBox.swift",
"Model/UnitPlayReadyHeaderKey.swift",
"Model/UnitPlayReadyPSSHData.swift",
"Model/UnitWdvPSSHData.swift",
"TestConstants.swift",
"Util/UnitPSSHBinaryUtil.swift"
],
"target_dependencies" : [
"SwPSSH"
],
"type" : "test"
},
{
"c99name" : "SwPSSH",
"module_type" : "SwiftTarget",
"name" : "SwPSSH",
"path" : "Sources/SwPSSH",
"product_dependencies" : [
"SwiftProtobuf"
],
"product_memberships" : [
"SwPSSH"
],
"resources" : [
{
"path" : "/Users/admin/builder/spi-builder-workspace/Sources/SwPSSH/PrivacyInfo.xcprivacy",
"rule" : {
"copy" : {
}
}
}
],
"sources" : [
"Generated/License.pb.swift",
"Model/Nagra/NagraPsshData+WDVConverter.swift",
"Model/Nagra/NagraPsshData.swift",
"Model/PSSHBinaryIntegerExt.swift",
"Model/PSSHBox+Nagra.swift",
"Model/PSSHBox+PlayReady.swift",
"Model/PSSHBox+Wdv.swift",
"Model/PSSHBox.swift",
"Model/PlayReady/Header/PlayReadyRecordHeader.swift",
"Model/PlayReady/Header/PlayReadyRecordHeaderKey.swift",
"Model/PlayReady/Header/PlayReadyRecordHeaderKeyAlgo.swift",
"Model/PlayReady/Header/PlayReadyRecordHeaderXmlParser.swift",
"Model/PlayReady/PlayReadyPsshData.swift",
"Model/PlayReady/PlayReadyRecord.swift",
"Model/PlayReady/PlayReadyRecordType.swift",
"PSSHConstants.swift",
"Util/PSSHBinaryUtil.swift",
"Util/PSSHCryptoUtil.swift"
],
"type" : "library"
}
],
"tools_version" : "6.0"
}
warning: 'spi-builder-workspace': /Users/admin/builder/spi-builder-workspace/Package.swift:25:15: warning: 'init(name:defaultLocalization:platforms:pkgConfig:providers:products:dependencies:targets:swiftLanguageVersions:cLanguageStandard:cxxLanguageStandard:)' is deprecated: replaced by 'init(name:defaultLocalization:platforms:pkgConfig:providers:products:dependencies:targets:swiftLanguageModes:cLanguageStandard:cxxLanguageStandard:)' [#DeprecatedDeclaration]
23 | #endif
24 |
25 | let package = Package(
| |- warning: 'init(name:defaultLocalization:platforms:pkgConfig:providers:products:dependencies:targets:swiftLanguageVersions:cLanguageStandard:cxxLanguageStandard:)' is deprecated: replaced by 'init(name:defaultLocalization:platforms:pkgConfig:providers:products:dependencies:targets:swiftLanguageModes:cLanguageStandard:cxxLanguageStandard:)' [#DeprecatedDeclaration]
| `- note: use 'init(name:defaultLocalization:platforms:pkgConfig:providers:products:dependencies:targets:swiftLanguageModes:cLanguageStandard:cxxLanguageStandard:)' instead
26 | name: "SwPSSH",
27 | platforms: [
/Users/admin/builder/spi-builder-workspace/Package.swift:28:52: warning: 'v11' is deprecated: iOS 15.0 is the oldest supported version [#DeprecatedDeclaration]
26 | name: "SwPSSH",
27 | platforms: [
28 | .macOS(.v10_13), .macCatalyst(.v13), .iOS(.v11), .tvOS(.v11), .watchOS(.v5), .visionOS(.v1)
| `- warning: 'v11' is deprecated: iOS 15.0 is the oldest supported version [#DeprecatedDeclaration]
29 | ],
30 | products: [
/Users/admin/builder/spi-builder-workspace/Package.swift:28:65: warning: 'v11' is deprecated: tvOS 15.0 is the oldest supported version [#DeprecatedDeclaration]
26 | name: "SwPSSH",
27 | platforms: [
28 | .macOS(.v10_13), .macCatalyst(.v13), .iOS(.v11), .tvOS(.v11), .watchOS(.v5), .visionOS(.v1)
| `- warning: 'v11' is deprecated: tvOS 15.0 is the oldest supported version [#DeprecatedDeclaration]
29 | ],
30 | products: [
[#DeprecatedDeclaration]: <https://docs.swift.org/compiler/documentation/diagnostics/deprecated-declaration>
{
"project" : {
"configurations" : [
"Debug",
"Release"
],
"name" : "SwPSSH",
"schemes" : [
"SwPSSH"
],
"targets" : [
"SwPSSH",
"SwPSSHTests"
]
}
}
Running build ...
env DEVELOPER_DIR=/Applications/Xcode-27.0.0-Release.Candidate.app xcrun xcodebuild -IDEClonedSourcePackagesDirPathOverride=$PWD/.dependencies -skipMacroValidation -skipPackagePluginValidation -derivedDataPath $PWD/.derivedData build -scheme SwPSSH -destination generic/platform=tvOS
Command line invocation:
/Applications/Xcode-27.0.0-Release.Candidate.app/Contents/Developer/usr/bin/xcodebuild -IDEClonedSourcePackagesDirPathOverride=/Users/admin/builder/spi-builder-workspace/.dependencies -skipMacroValidation -skipPackagePluginValidation -derivedDataPath /Users/admin/builder/spi-builder-workspace/.derivedData build -scheme SwPSSH -destination generic/platform=tvOS
Resolve Package Graph
Resolved source packages:
SwiftProtobuf: https://github.com/apple/swift-protobuf.git @ 1.38.1
ComputePackagePrebuildTargetDependencyGraph
Prepare packages
CreateBuildRequest
SendProjectDescription
CreateBuildOperation
ComputeTargetDependencyGraph
note: Building targets in dependency order
note: Target dependency graph (4 targets)
Target 'SwPSSH' in project 'SwPSSH'
➜ Explicit dependency on target 'SwiftProtobuf-product' in project 'SwiftProtobuf'
Target 'SwiftProtobuf-product' in project 'SwiftProtobuf'
➜ Explicit dependency on target 'SwiftProtobuf' in project 'SwiftProtobuf'
➜ Explicit dependency on target 'SwiftProtobuf_SwiftProtobuf' in project 'SwiftProtobuf'
Target 'SwiftProtobuf' in project 'SwiftProtobuf'
➜ Explicit dependency on target 'SwiftProtobuf_SwiftProtobuf' in project 'SwiftProtobuf'
Target 'SwiftProtobuf_SwiftProtobuf' in project 'SwiftProtobuf' (no dependencies)
GatherProvisioningInputs
CreateBuildDescription
ExecuteExternalTool /Applications/Xcode-27.0.0-Release.Candidate.app/Contents/Developer/Toolchains/XcodeDefault.xctoolchain/usr/bin/clang -v -E -dM -isysroot /Applications/Xcode-27.0.0-Release.Candidate.app/Contents/Developer/Platforms/AppleTVOS.platform/Developer/SDKs/AppleTVOS27.0.sdk -x c -c /dev/null
ExecuteExternalTool /Applications/Xcode-27.0.0-Release.Candidate.app/Contents/Developer/Toolchains/XcodeDefault.xctoolchain/usr/bin/clang -v -E -dM -arch arm64 -isysroot /Applications/Xcode-27.0.0-Release.Candidate.app/Contents/Developer/Platforms/AppleTVOS.platform/Developer/SDKs/AppleTVOS27.0.sdk -x c -c /dev/null
ExecuteExternalTool /Applications/Xcode-27.0.0-Release.Candidate.app/Contents/Developer/Toolchains/XcodeDefault.xctoolchain/usr/bin/swiftc --version
ExecuteExternalTool /Applications/Xcode-27.0.0-Release.Candidate.app/Contents/Developer/Toolchains/XcodeDefault.xctoolchain/usr/bin/ld -version_details
ReadFileContents /Applications/Xcode-27.0.0-Release.Candidate.app/Contents/Developer/Toolchains/XcodeDefault.xctoolchain/usr/share/docc/features.json
Build description signature: 47418c912f0138a7fcace79412e2c308
Build description path: /Users/admin/builder/spi-builder-workspace/.derivedData/Build/Intermediates.noindex/XCBuildData/47418c912f0138a7fcace79412e2c308.xcbuilddata
/Users/admin/builder/spi-builder-workspace/SwPSSH.xcodeproj: error: The tvOS deployment target 'TVOS_DEPLOYMENT_TARGET' is set to 12.0, but the range of supported deployment target versions is 15.0 to 27.0.x. (in target 'SwPSSH' from project 'SwPSSH')
2026-09-24 18:07:32.958 xcodebuild[714:4304] [MT] IDERunDestination: Supported platforms for the buildables in the current scheme is empty.
** BUILD FAILED **
The following build commands failed:
Building project SwPSSH with scheme SwPSSH
(1 failure)
Command line invocation:
/Applications/Xcode-27.0.0-Release.Candidate.app/Contents/Developer/usr/bin/xcodebuild -IDEClonedSourcePackagesDirPathOverride=/Users/admin/builder/spi-builder-workspace/.dependencies -resolvePackageDependencies
Resolve Package Graph
Resolved source packages:
SwiftProtobuf: https://github.com/apple/swift-protobuf.git @ 1.38.1
resolved source packages: SwiftProtobuf
{
"dependencies" : [
{
"identity" : "swift-protobuf",
"requirement" : {
"range" : [
{
"lower_bound" : "1.36.1",
"upper_bound" : "2.0.0"
}
]
},
"type" : "sourceControl",
"url" : "https://github.com/apple/swift-protobuf.git"
}
],
"manifest_display_name" : "SwPSSH",
"name" : "SwPSSH",
"path" : "/Users/admin/builder/spi-builder-workspace",
"platforms" : [
{
"name" : "macos",
"version" : "10.13"
},
{
"name" : "maccatalyst",
"version" : "13.0"
},
{
"name" : "ios",
"version" : "11.0"
},
{
"name" : "tvos",
"version" : "11.0"
},
{
"name" : "watchos",
"version" : "5.0"
},
{
"name" : "visionos",
"version" : "1.0"
}
],
"products" : [
{
"name" : "SwPSSH",
"targets" : [
"SwPSSH"
],
"type" : {
"library" : [
"automatic"
]
}
}
],
"swift_languages_versions" : [
"5",
"6"
],
"targets" : [
{
"c99name" : "SwPSSHTests",
"module_type" : "SwiftTarget",
"name" : "SwPSSHTests",
"path" : "Tests/SwPSSHTests",
"sources" : [
"Model/UnitNagraPSSHData.swift",
"Model/UnitPSSHBox.swift",
"Model/UnitPlayReadyHeaderKey.swift",
"Model/UnitPlayReadyPSSHData.swift",
"Model/UnitWdvPSSHData.swift",
"TestConstants.swift",
"Util/UnitPSSHBinaryUtil.swift"
],
"target_dependencies" : [
"SwPSSH"
],
"type" : "test"
},
{
"c99name" : "SwPSSH",
"module_type" : "SwiftTarget",
"name" : "SwPSSH",
"path" : "Sources/SwPSSH",
"product_dependencies" : [
"SwiftProtobuf"
],
"product_memberships" : [
"SwPSSH"
],
"resources" : [
{
"path" : "/Users/admin/builder/spi-builder-workspace/Sources/SwPSSH/PrivacyInfo.xcprivacy",
"rule" : {
"copy" : {
}
}
}
],
"sources" : [
"Generated/License.pb.swift",
"Model/Nagra/NagraPsshData+WDVConverter.swift",
"Model/Nagra/NagraPsshData.swift",
"Model/PSSHBinaryIntegerExt.swift",
"Model/PSSHBox+Nagra.swift",
"Model/PSSHBox+PlayReady.swift",
"Model/PSSHBox+Wdv.swift",
"Model/PSSHBox.swift",
"Model/PlayReady/Header/PlayReadyRecordHeader.swift",
"Model/PlayReady/Header/PlayReadyRecordHeaderKey.swift",
"Model/PlayReady/Header/PlayReadyRecordHeaderKeyAlgo.swift",
"Model/PlayReady/Header/PlayReadyRecordHeaderXmlParser.swift",
"Model/PlayReady/PlayReadyPsshData.swift",
"Model/PlayReady/PlayReadyRecord.swift",
"Model/PlayReady/PlayReadyRecordType.swift",
"PSSHConstants.swift",
"Util/PSSHBinaryUtil.swift",
"Util/PSSHCryptoUtil.swift"
],
"type" : "library"
}
],
"tools_version" : "6.0"
}
{
"project" : {
"configurations" : [
"Debug",
"Release"
],
"name" : "SwPSSH",
"schemes" : [
"SwPSSH"
],
"targets" : [
"SwPSSH",
"SwPSSHTests"
]
}
}
Running build ...
env DEVELOPER_DIR=/Applications/Xcode-27.0.0-Release.Candidate.app xcrun xcodebuild -IDEClonedSourcePackagesDirPathOverride=$PWD/.dependencies -skipMacroValidation -skipPackagePluginValidation -derivedDataPath $PWD/.derivedData build -scheme SwPSSH -destination generic/platform=tvOS
Command line invocation:
/Applications/Xcode-27.0.0-Release.Candidate.app/Contents/Developer/usr/bin/xcodebuild -IDEClonedSourcePackagesDirPathOverride=/Users/admin/builder/spi-builder-workspace/.dependencies -skipMacroValidation -skipPackagePluginValidation -derivedDataPath /Users/admin/builder/spi-builder-workspace/.derivedData build -scheme SwPSSH -destination generic/platform=tvOS
Resolve Package Graph
Resolved source packages:
SwiftProtobuf: https://github.com/apple/swift-protobuf.git @ 1.38.1
ComputePackagePrebuildTargetDependencyGraph
Prepare packages
CreateBuildRequest
SendProjectDescription
CreateBuildOperation
ComputeTargetDependencyGraph
note: Building targets in dependency order
note: Target dependency graph (4 targets)
Target 'SwPSSH' in project 'SwPSSH'
➜ Explicit dependency on target 'SwiftProtobuf-product' in project 'SwiftProtobuf'
Target 'SwiftProtobuf-product' in project 'SwiftProtobuf'
➜ Explicit dependency on target 'SwiftProtobuf' in project 'SwiftProtobuf'
➜ Explicit dependency on target 'SwiftProtobuf_SwiftProtobuf' in project 'SwiftProtobuf'
Target 'SwiftProtobuf' in project 'SwiftProtobuf'
➜ Explicit dependency on target 'SwiftProtobuf_SwiftProtobuf' in project 'SwiftProtobuf'
Target 'SwiftProtobuf_SwiftProtobuf' in project 'SwiftProtobuf' (no dependencies)
GatherProvisioningInputs
CreateBuildDescription
/Users/admin/builder/spi-builder-workspace/SwPSSH.xcodeproj: error: The tvOS deployment target 'TVOS_DEPLOYMENT_TARGET' is set to 12.0, but the range of supported deployment target versions is 15.0 to 27.0.x. (in target 'SwPSSH' from project 'SwPSSH')
2026-09-24 18:07:39.442 xcodebuild[742:4519] [MT] IDERunDestination: Supported platforms for the buildables in the current scheme is empty.
** BUILD FAILED **
The following build commands failed:
Building project SwPSSH with scheme SwPSSH
(1 failure)
BUILD FAILURE 6.4 tvOS