The Swift Package Index logo.Swift Package Index

Build Information

Failed to build PMJSON, reference v4.0.0 (84b1e0), with Swift 6.4 for watchOS using Xcode 27.0 on 16 Sep 2026 20:17:42 UTC.

Build Command

env DEVELOPER_DIR=/Applications/Xcode-27.0.0-Release.Candidate.app xcrun xcodebuild -IDEClonedSourcePackagesDirPathOverride=$PWD/.dependencies -skipMacroValidation -skipPackagePluginValidation -derivedDataPath $PWD/.derivedData build -scheme PMJSON -destination generic/platform=watchOS

Build Log

========================================
RunAll
========================================
Builder version: 5.1.0
Interrupt handler set up.
========================================
Checkout
========================================
Clone URL: https://github.com/postmates/PMJSON.git
Reference: v4.0.0
Initialized empty Git repository in /Users/admin/builder/spi-builder-workspace/.git/
From https://github.com/postmates/PMJSON
 * tag               v4.0.0     -> FETCH_HEAD
HEAD is now at 84b1e0d Bump version to v4.0.0
Cloned https://github.com/postmates/PMJSON.git
Revision (git rev-parse @):
84b1e0df65fda0b41c58592ca9e2b4e33d7ea5f3
SUCCESS checkout https://github.com/postmates/PMJSON.git at v4.0.0
========================================
Build
========================================
Selected platform:         watchOS
Swift version:             6.4
Building package at path:  $PWD
https://github.com/postmates/PMJSON.git
Command line invocation:
    /Applications/Xcode-27.0.0-Release.Candidate.app/Contents/Developer/usr/bin/xcodebuild -IDEClonedSourcePackagesDirPathOverride=/Users/admin/builder/spi-builder-workspace/.dependencies -resolvePackageDependencies
resolved source packages:
{
  "dependencies" : [
  ],
  "manifest_display_name" : "PMJSON",
  "name" : "PMJSON",
  "path" : "/Users/admin/builder/spi-builder-workspace",
  "platforms" : [
  ],
  "products" : [
    {
      "name" : "PMJSON",
      "targets" : [
        "PMJSON"
      ],
      "type" : {
        "library" : [
          "automatic"
        ]
      }
    }
  ],
  "targets" : [
    {
      "c99name" : "PMJSONTests",
      "module_type" : "SwiftTarget",
      "name" : "PMJSONTests",
      "path" : "Tests/PMJSONTests",
      "sources" : [
        "JSONAccessorTests.swift",
        "JSONDecoderTests.swift",
        "JSONEncoderTests.swift",
        "JSONParserTests.swift",
        "JSONTestSuite.swift",
        "SwiftCodableTests.swift",
        "SwiftDecoderTests.swift",
        "SwiftEncoderTests.swift"
      ],
      "target_dependencies" : [
        "PMJSON"
      ],
      "type" : "test"
    },
    {
      "c99name" : "PMJSON",
      "module_type" : "SwiftTarget",
      "name" : "PMJSON",
      "path" : "Sources",
      "product_memberships" : [
        "PMJSON"
      ],
      "sources" : [
        "Accessors.swift",
        "Codable.swift",
        "Coders/CombineSupport.swift",
        "Coders/JSONKey.swift",
        "Coders/SwiftDecoder.swift",
        "Coders/SwiftEncoder.swift",
        "DecimalNumber.swift",
        "Decoder.swift",
        "Deprecations.swift",
        "Encoder.swift",
        "Foundation.swift",
        "JSON.swift",
        "JSONError.swift",
        "JSONObject.swift",
        "Parser.swift"
      ],
      "type" : "library"
    }
  ],
  "tools_version" : "5.0"
}
{
  "project" : {
    "configurations" : [
      "Debug",
      "Release"
    ],
    "name" : "PMJSON",
    "schemes" : [
      "PMJSON"
    ],
    "targets" : [
      "PMJSON",
      "PMJSONTests"
    ]
  }
}
Running build ...
env DEVELOPER_DIR=/Applications/Xcode-27.0.0-Release.Candidate.app xcrun xcodebuild -IDEClonedSourcePackagesDirPathOverride=$PWD/.dependencies -skipMacroValidation -skipPackagePluginValidation -derivedDataPath $PWD/.derivedData build -scheme PMJSON -destination generic/platform=watchOS
Command line invocation:
    /Applications/Xcode-27.0.0-Release.Candidate.app/Contents/Developer/usr/bin/xcodebuild -IDEClonedSourcePackagesDirPathOverride=/Users/admin/builder/spi-builder-workspace/.dependencies -skipMacroValidation -skipPackagePluginValidation -derivedDataPath /Users/admin/builder/spi-builder-workspace/.derivedData build -scheme PMJSON -destination generic/platform=watchOS
ComputePackagePrebuildTargetDependencyGraph
Prepare packages
CreateBuildRequest
SendProjectDescription
CreateBuildOperation
ComputeTargetDependencyGraph
note: Building targets in dependency order
note: Target dependency graph (1 target)
    Target 'PMJSON' in project 'PMJSON' (no dependencies)
GatherProvisioningInputs
CreateBuildDescription
ExecuteExternalTool /Applications/Xcode-27.0.0-Release.Candidate.app/Contents/Developer/Toolchains/XcodeDefault.xctoolchain/usr/bin/clang -v -E -dM -isysroot /Applications/Xcode-27.0.0-Release.Candidate.app/Contents/Developer/Platforms/WatchOS.platform/Developer/SDKs/WatchOS27.0.sdk -x c -c /dev/null
ExecuteExternalTool /Applications/Xcode-27.0.0-Release.Candidate.app/Contents/Developer/Toolchains/XcodeDefault.xctoolchain/usr/bin/clang -v -E -dM -arch arm64 -isysroot /Applications/Xcode-27.0.0-Release.Candidate.app/Contents/Developer/Platforms/WatchOS.platform/Developer/SDKs/WatchOS27.0.sdk -x c -c /dev/null
ExecuteExternalTool /Applications/Xcode-27.0.0-Release.Candidate.app/Contents/Developer/Toolchains/XcodeDefault.xctoolchain/usr/bin/swiftc --version
ExecuteExternalTool /Applications/Xcode-27.0.0-Release.Candidate.app/Contents/Developer/Toolchains/XcodeDefault.xctoolchain/usr/bin/ld -version_details
ExecuteExternalTool /Applications/Xcode-27.0.0-Release.Candidate.app/Contents/Developer/Toolchains/XcodeDefault.xctoolchain/usr/bin/clang -v -E -dM -arch arm64_32 -isysroot /Applications/Xcode-27.0.0-Release.Candidate.app/Contents/Developer/Platforms/WatchOS.platform/Developer/SDKs/WatchOS27.0.sdk -x c -c /dev/null
Build description signature: e1fe1dcd944699111420d9328f69d2d8
Build description path: /Users/admin/builder/spi-builder-workspace/.derivedData/Build/Intermediates.noindex/XCBuildData/e1fe1dcd944699111420d9328f69d2d8.xcbuilddata
/Users/admin/builder/spi-builder-workspace/PMJSON.xcodeproj: error: The watchOS deployment target 'WATCHOS_DEPLOYMENT_TARGET' is set to 2.0, but the range of supported deployment target versions is 9.0 to 27.0.x. (in target 'PMJSON' from project 'PMJSON')
error: The armv7k architecture is deprecated. You should update your ARCHS build setting to remove the armv7k architecture. (in target 'PMJSON' from project 'PMJSON')
** BUILD FAILED **
The following build commands failed:
	Building project PMJSON with scheme PMJSON
(1 failure)
Command line invocation:
    /Applications/Xcode-27.0.0-Release.Candidate.app/Contents/Developer/usr/bin/xcodebuild -IDEClonedSourcePackagesDirPathOverride=/Users/admin/builder/spi-builder-workspace/.dependencies -resolvePackageDependencies
resolved source packages:
{
  "dependencies" : [
  ],
  "manifest_display_name" : "PMJSON",
  "name" : "PMJSON",
  "path" : "/Users/admin/builder/spi-builder-workspace",
  "platforms" : [
  ],
  "products" : [
    {
      "name" : "PMJSON",
      "targets" : [
        "PMJSON"
      ],
      "type" : {
        "library" : [
          "automatic"
        ]
      }
    }
  ],
  "targets" : [
    {
      "c99name" : "PMJSONTests",
      "module_type" : "SwiftTarget",
      "name" : "PMJSONTests",
      "path" : "Tests/PMJSONTests",
      "sources" : [
        "JSONAccessorTests.swift",
        "JSONDecoderTests.swift",
        "JSONEncoderTests.swift",
        "JSONParserTests.swift",
        "JSONTestSuite.swift",
        "SwiftCodableTests.swift",
        "SwiftDecoderTests.swift",
        "SwiftEncoderTests.swift"
      ],
      "target_dependencies" : [
        "PMJSON"
      ],
      "type" : "test"
    },
    {
      "c99name" : "PMJSON",
      "module_type" : "SwiftTarget",
      "name" : "PMJSON",
      "path" : "Sources",
      "product_memberships" : [
        "PMJSON"
      ],
      "sources" : [
        "Accessors.swift",
        "Codable.swift",
        "Coders/CombineSupport.swift",
        "Coders/JSONKey.swift",
        "Coders/SwiftDecoder.swift",
        "Coders/SwiftEncoder.swift",
        "DecimalNumber.swift",
        "Decoder.swift",
        "Deprecations.swift",
        "Encoder.swift",
        "Foundation.swift",
        "JSON.swift",
        "JSONError.swift",
        "JSONObject.swift",
        "Parser.swift"
      ],
      "type" : "library"
    }
  ],
  "tools_version" : "5.0"
}
{
  "project" : {
    "configurations" : [
      "Debug",
      "Release"
    ],
    "name" : "PMJSON",
    "schemes" : [
      "PMJSON"
    ],
    "targets" : [
      "PMJSON",
      "PMJSONTests"
    ]
  }
}
Running build ...
env DEVELOPER_DIR=/Applications/Xcode-27.0.0-Release.Candidate.app xcrun xcodebuild -IDEClonedSourcePackagesDirPathOverride=$PWD/.dependencies -skipMacroValidation -skipPackagePluginValidation -derivedDataPath $PWD/.derivedData build -scheme PMJSON -destination generic/platform=watchOS
Command line invocation:
    /Applications/Xcode-27.0.0-Release.Candidate.app/Contents/Developer/usr/bin/xcodebuild -IDEClonedSourcePackagesDirPathOverride=/Users/admin/builder/spi-builder-workspace/.dependencies -skipMacroValidation -skipPackagePluginValidation -derivedDataPath /Users/admin/builder/spi-builder-workspace/.derivedData build -scheme PMJSON -destination generic/platform=watchOS
ComputePackagePrebuildTargetDependencyGraph
Prepare packages
CreateBuildRequest
SendProjectDescription
CreateBuildOperation
ComputeTargetDependencyGraph
note: Building targets in dependency order
note: Target dependency graph (1 target)
    Target 'PMJSON' in project 'PMJSON' (no dependencies)
GatherProvisioningInputs
CreateBuildDescription
error: The armv7k architecture is deprecated. You should update your ARCHS build setting to remove the armv7k architecture. (in target 'PMJSON' from project 'PMJSON')
/Users/admin/builder/spi-builder-workspace/PMJSON.xcodeproj: error: The watchOS deployment target 'WATCHOS_DEPLOYMENT_TARGET' is set to 2.0, but the range of supported deployment target versions is 9.0 to 27.0.x. (in target 'PMJSON' from project 'PMJSON')
** BUILD FAILED **
The following build commands failed:
	Building project PMJSON with scheme PMJSON
(1 failure)
BUILD FAILURE 6.4 watchOS