The Swift Package Index logo.Swift Package Index

Build Information

Failed to build SFSymbolsMacro, reference main (05b444), with Swift 6.4 for Android on 24 Sep 2026 02:28:42 UTC.

Build Command

bash -c docker run --pull=always --rm -v "checkouts-54344844-2":/host -w "$PWD" -e JAVA_HOME="/root/.sdkman/candidates/java/current" -e SPI_BUILD="1" -e SPI_PROCESSING="1" registry.gitlab.com/saguaro1/spi-images:android-6.4-latest swift build --swift-sdk aarch64-unknown-linux-android28 2>&1

Build Log

========================================
RunAll
========================================
Builder version: 5.1.0
Interrupt handler set up.
========================================
Checkout
========================================
Clone URL: https://github.com/lukepistrol/SFSymbolsMacro.git
Reference: main
Initialized empty Git repository in /host/spi-builder-workspace/.git/
hint: Using 'master' as the name for the initial branch. This default branch name
hint: is subject to change. To configure the initial branch name to use in all
hint: of your new repositories, which will suppress this warning, call:
hint:
hint: 	git config --global init.defaultBranch <name>
hint:
hint: Names commonly chosen instead of 'master' are 'main', 'trunk' and
hint: 'development'. The just-created branch can be renamed via this command:
hint:
hint: 	git branch -m <name>
From https://github.com/lukepistrol/SFSymbolsMacro
 * branch            main       -> FETCH_HEAD
 * [new branch]      main       -> origin/main
HEAD is now at 05b4446 Updating swift syntax to latest (#8)
Cloned https://github.com/lukepistrol/SFSymbolsMacro.git
Revision (git rev-parse @):
05b44462ee757451a543f754e2104ec42f19733b
SUCCESS checkout https://github.com/lukepistrol/SFSymbolsMacro.git at main
========================================
Build
========================================
Selected platform:         android
Swift version:             6.4
Building package at path:  $PWD
https://github.com/lukepistrol/SFSymbolsMacro.git
Running build ...
bash -c docker run --pull=always --rm -v "checkouts-54344844-2":/host -w "$PWD" -e JAVA_HOME="/root/.sdkman/candidates/java/current" -e SPI_BUILD="1" -e SPI_PROCESSING="1" registry.gitlab.com/saguaro1/spi-images:android-6.4-latest swift build --swift-sdk aarch64-unknown-linux-android28 2>&1
android-6.4-latest: Pulling from saguaro1/spi-images
Digest: sha256:abadcff584c273feba50641b454858d377ba30b35ea7287a94f45ebd8afd0ea0
Status: Image is up to date for registry.gitlab.com/saguaro1/spi-images:android-6.4-latest
Fetching https://github.com/swiftlang/swift-syntax
[1/80027] Fetching swift-syntax
Fetched https://github.com/swiftlang/swift-syntax (3.89s)
Computing version for https://github.com/swiftlang/swift-syntax
Computed https://github.com/swiftlang/swift-syntax at 602.0.0 (5.08s)
Creating working copy for https://github.com/swiftlang/swift-syntax
Working copy of https://github.com/swiftlang/swift-syntax resolved at 602.0.0
Building for debugging...
[Computing dependencies]
[Pre-planning 1 / 591]
[Planning deferred tasks]
[Starting]
[12 / 249]
[125 / 255] SwiftSyntax602
[134 / 264] _SwiftSyntaxCShims
[162 / 265] SwiftSyntax
[165 / 274] SwiftSyntax601
[167 / 275] SwiftSyntax601
[169 / 276] SwiftSyntax601
[171 / 276] SwiftSyntax601
[176 / 279] SwiftSyntax600
[181 / 279] SwiftSyntax602
[184 / 279] SwiftSyntax
[186 / 279]
[186 / 279] SwiftSyntax
[194 / 282] SwiftBasicFormat
[198 / 298] SwiftDiagnostics
[198 / 307] SwiftDiagnostics
[202 / 307] SwiftDiagnostics
[208 / 307] SwiftDiagnostics
[209 / 307] SwiftBasicFormat
[213 / 307] SwiftBasicFormat
[214 / 307] SwiftParser
[215 / 307] SwiftParser
[217 / 307] SwiftParser
[221 / 307] SwiftParser
[223 / 307] SwiftDiagnostics
[224 / 307] SwiftDiagnostics
[225 / 307] SwiftDiagnostics
[226 / 307] SwiftOperators
[227 / 307] SwiftOperators
[229 / 307] SwiftBasicFormat
[231 / 308] SwiftParserDiagnostics
[232 / 308] SwiftDiagnostics
[234 / 308] SwiftDiagnostics
[236 / 308] SwiftBasicFormat
[237 / 309] SwiftParser
[239 / 319] SwiftParser
[241 / 319] SwiftParserDiagnostics
[242 / 319] SwiftParserDiagnostics
[243 / 319] SwiftParserDiagnostics
[244 / 319] SwiftParserDiagnostics
[246 / 320] SwiftParserDiagnostics
[248 / 320] SwiftParserDiagnostics
[252 / 320] SwiftParserDiagnostics
[254 / 320] SwiftSyntaxBuilder
[258 / 330] SwiftOperators
[260 / 330] SwiftOperators
[261 / 330] SwiftOperators
[263 / 330] SwiftOperators
[269 / 330] SwiftOperators
[270 / 330]
[271 / 332] SwiftSyntaxBuilder
[273 / 340] SwiftSyntaxBuilder
[274 / 340] SwiftSyntaxBuilder
[275 / 341] SwiftSyntaxBuilder
[276 / 341] SwiftSyntaxBuilder
[279 / 341] SwiftSyntaxBuilder
[283 / 342] SwiftSyntaxBuilder
[284 / 342] SwiftSyntaxMacros
[285 / 342] SwiftSyntaxMacros
[287 / 342]
[288 / 342] SwiftOperators
[294 / 352] SwiftSyntaxMacros
[295 / 352] SwiftSyntaxMacros
[297 / 352] SwiftSyntaxMacros
[301 / 353] SwiftSyntaxMacros
[306 / 354]
[309 / 363] SwiftSyntaxMacroExpansion
[311 / 363] SwiftSyntaxMacroExpansion
[312 / 363] SwiftSyntaxMacroExpansion
[313 / 364] SwiftSyntaxMacros
[314 / 364] SwiftSyntaxMacroExpansion
[317 / 364] SwiftSyntaxMacroExpansion
[319 / 364] SwiftSyntaxMacroExpansion
[326 / 374] SwiftCompilerPluginMessageHandling
[326 / 374] SwiftSyntaxMacroExpansion
[329 / 374] SwiftCompilerPluginMessageHandling
[331 / 374] SwiftCompilerPluginMessageHandling
[334 / 374] SwiftCompilerPluginMessageHandling
[336 / 374] SwiftCompilerPluginMessageHandling
[338 / 374] SwiftCompilerPluginMessageHandling
[339 / 375] SwiftSyntaxMacroExpansion
[342 / 378] SwiftSyntaxMacroExpansion
[348 / 378] SwiftCompilerPluginMessageHandling
[348 / 378] SwiftCompilerPlugin
[348 / 379] SwiftCompilerPlugin
[350 / 379] SwiftCompilerPluginMessageHandling
[352 / 380] SwiftSyntax
[354 / 381] SwiftSyntax
[355 / 381] SwiftSyntax
[361 / 381]
[370 / 382] SFSymbolsMacroImpl
error: SwiftCompile normal x86_64 /host/spi-builder-workspace/Sources/SFSymbolsMacroImpl/SFSymbolsDiagnostic.swift failed with a nonzero exit code. Command line:     cd /host
    builtin-SwiftPerFileCompile SFSymbolsDiagnostic.swift
/host/spi-builder-workspace/Sources/SFSymbolsMacroImpl/SFSymbolsMacro.swift:11:8: error: no such module 'SwiftUI'
  9 | import SwiftSyntax
 10 | import SwiftSyntaxMacros
 11 | import SwiftUI
    |        `- error: no such module 'SwiftUI'
 12 |
 13 | public struct SFSymbolMacro: MemberMacro {
Failed frontend command:
/root/.local/share/swiftly/toolchains/6.4.x-snapshot-2026-09-04/usr/bin/swift-frontend -frontend -c -primary-file /host/spi-builder-workspace/Sources/SFSymbolsMacroImpl/SFSymbolsDiagnostic.swift /host/spi-builder-workspace/Sources/SFSymbolsMacroImpl/SFSymbolsMacro.swift /host/spi-builder-workspace/Sources/SFSymbolsMacroImpl/SFSymbolsMacroPlugin.swift -emit-dependencies-path /host/spi-builder-workspace/.build/out/Intermediates.noindex/SFSymbolsMacro.build/Debug-linux-x86_64/SFSymbolsMacroImpl-t.build/Objects-normal/x86_64/SFSymbolsDiagnostic.d -emit-const-values-path /host/spi-builder-workspace/.build/out/Intermediates.noindex/SFSymbolsMacro.build/Debug-linux-x86_64/SFSymbolsMacroImpl-t.build/Objects-normal/x86_64/SFSymbolsDiagnostic.swiftconstvalues -emit-reference-dependencies-path /host/spi-builder-workspace/.build/out/Intermediates.noindex/SFSymbolsMacro.build/Debug-linux-x86_64/SFSymbolsMacroImpl-t.build/Objects-normal/x86_64/SFSymbolsDiagnostic.swiftdeps -serialize-diagnostics-path /host/spi-builder-workspace/.build/out/Intermediates.noindex/SFSymbolsMacro.build/Debug-linux-x86_64/SFSymbolsMacroImpl-t.build/Objects-normal/x86_64/SFSymbolsDiagnostic.dia -target x86_64-unknown-linux-gnu -disable-objc-interop -I /host/spi-builder-workspace/.build/out/Products/Debug-linux-x86_64 -module-cache-path /host/spi-builder-workspace/.build/out/ModuleCache.noindex -color-diagnostics -Xcc -fcolor-diagnostics -enable-testing -g -debug-info-format\=dwarf -dwarf-version\=4 -swift-version 5 -Onone -D SWIFT_PACKAGE -D DEBUG -D Xcode -serialize-debugging-options -enable-experimental-feature DebugDescriptionMacro -empty-abi-descriptor -external-plugin-path /root/.local/share/swiftly/toolchains/6.4.x-snapshot-2026-09-04/usr/lib/swift/host/plugins/testing\#/root/.local/share/swiftly/toolchains/6.4.x-snapshot-2026-09-04/usr/bin/swift-plugin-server -validate-clang-modules-once -clang-build-session-file /host/spi-builder-workspace/.build/out/ModuleCache.noindex/Session.modulevalidation -Xcc -working-directory -Xcc /host -enable-anonymous-context-mangled-names -file-compilation-dir /host -Xcc -fmodule-map-file\=/host/spi-builder-workspace/.build/checkouts/swift-syntax/Sources/_SwiftSyntaxCShims/include/module.modulemap -Xcc -fno-omit-frame-pointer -Xcc -D_LIBCPP_HARDENING_MODE\=_LIBCPP_HARDENING_MODE_DEBUG -Xcc -fmodules-prune-interval\=86400 -Xcc -fmodules-prune-after\=345600 -Xcc -I/host/spi-builder-workspace/.build/checkouts/swift-syntax/Sources/_SwiftSyntaxCShims/include -Xcc -I/host/spi-builder-workspace/.build/out/Products/Debug-linux-x86_64/include -Xcc -I/host/spi-builder-workspace/.build/out/Intermediates.noindex/SFSymbolsMacro.build/Debug-linux-x86_64/SFSymbolsMacroImpl-t.build/DerivedSources-normal/x86_64 -Xcc -I/host/spi-builder-workspace/.build/out/Intermediates.noindex/SFSymbolsMacro.build/Debug-linux-x86_64/SFSymbolsMacroImpl-t.build/DerivedSources/x86_64 -Xcc -I/host/spi-builder-workspace/.build/out/Intermediates.noindex/SFSymbolsMacro.build/Debug-linux-x86_64/SFSymbolsMacroImpl-t.build/DerivedSources -Xcc -DSWIFT_PACKAGE -Xcc -DDEBUG\=1 -no-auto-bridging-header-chaining -module-name SFSymbolsMacroImpl -package-name spi_builder_workspace -const-gather-protocols-file /host/spi-builder-workspace/.build/out/Intermediates.noindex/SFSymbolsMacro.build/Debug-linux-x86_64/SFSymbolsMacroImpl-t.build/Objects-normal/x86_64/SFSymbolsMacroImpl_const_extract_protocols.json -in-process-plugin-server-path /root/.local/share/swiftly/toolchains/6.4.x-snapshot-2026-09-04/usr/lib/swift/host/libSwiftInProcPluginServer.so -plugin-path /root/.local/share/swiftly/toolchains/6.4.x-snapshot-2026-09-04/usr/lib/swift/host/plugins -plugin-path /root/.local/share/swiftly/toolchains/6.4.x-snapshot-2026-09-04/usr/local/lib/swift/host/plugins -parse-as-library -o /host/spi-builder-workspace/.build/out/Intermediates.noindex/SFSymbolsMacro.build/Debug-linux-x86_64/SFSymbolsMacroImpl-t.build/Objects-normal/x86_64/SFSymbolsDiagnostic.o -index-unit-output-path /SFSymbolsMacro.build/Debug-linux-x86_64/SFSymbolsMacroImpl-t.build/Objects-normal/x86_64/SFSymbolsDiagnostic.o -index-store-path /host/spi-builder-workspace/.build/out -index-system-modules
error: SwiftCompile normal x86_64 /host/spi-builder-workspace/Sources/SFSymbolsMacroImpl/SFSymbolsMacroPlugin.swift failed with a nonzero exit code. Command line:     cd /host
    builtin-SwiftPerFileCompile SFSymbolsMacroPlugin.swift
/host/spi-builder-workspace/Sources/SFSymbolsMacroImpl/SFSymbolsMacro.swift:11:8: error: no such module 'SwiftUI'
  9 | import SwiftSyntax
 10 | import SwiftSyntaxMacros
 11 | import SwiftUI
    |        `- error: no such module 'SwiftUI'
 12 |
 13 | public struct SFSymbolMacro: MemberMacro {
Failed frontend command:
/root/.local/share/swiftly/toolchains/6.4.x-snapshot-2026-09-04/usr/bin/swift-frontend -frontend -c /host/spi-builder-workspace/Sources/SFSymbolsMacroImpl/SFSymbolsDiagnostic.swift /host/spi-builder-workspace/Sources/SFSymbolsMacroImpl/SFSymbolsMacro.swift -primary-file /host/spi-builder-workspace/Sources/SFSymbolsMacroImpl/SFSymbolsMacroPlugin.swift -emit-dependencies-path /host/spi-builder-workspace/.build/out/Intermediates.noindex/SFSymbolsMacro.build/Debug-linux-x86_64/SFSymbolsMacroImpl-t.build/Objects-normal/x86_64/SFSymbolsMacroPlugin.d -emit-const-values-path /host/spi-builder-workspace/.build/out/Intermediates.noindex/SFSymbolsMacro.build/Debug-linux-x86_64/SFSymbolsMacroImpl-t.build/Objects-normal/x86_64/SFSymbolsMacroPlugin.swiftconstvalues -emit-reference-dependencies-path /host/spi-builder-workspace/.build/out/Intermediates.noindex/SFSymbolsMacro.build/Debug-linux-x86_64/SFSymbolsMacroImpl-t.build/Objects-normal/x86_64/SFSymbolsMacroPlugin.swiftdeps -serialize-diagnostics-path /host/spi-builder-workspace/.build/out/Intermediates.noindex/SFSymbolsMacro.build/Debug-linux-x86_64/SFSymbolsMacroImpl-t.build/Objects-normal/x86_64/SFSymbolsMacroPlugin.dia -target x86_64-unknown-linux-gnu -disable-objc-interop -I /host/spi-builder-workspace/.build/out/Products/Debug-linux-x86_64 -module-cache-path /host/spi-builder-workspace/.build/out/ModuleCache.noindex -color-diagnostics -Xcc -fcolor-diagnostics -enable-testing -g -debug-info-format\=dwarf -dwarf-version\=4 -swift-version 5 -Onone -D SWIFT_PACKAGE -D DEBUG -D Xcode -serialize-debugging-options -enable-experimental-feature DebugDescriptionMacro -empty-abi-descriptor -external-plugin-path /root/.local/share/swiftly/toolchains/6.4.x-snapshot-2026-09-04/usr/lib/swift/host/plugins/testing\#/root/.local/share/swiftly/toolchains/6.4.x-snapshot-2026-09-04/usr/bin/swift-plugin-server -validate-clang-modules-once -clang-build-session-file /host/spi-builder-workspace/.build/out/ModuleCache.noindex/Session.modulevalidation -Xcc -working-directory -Xcc /host -enable-anonymous-context-mangled-names -file-compilation-dir /host -Xcc -fmodule-map-file\=/host/spi-builder-workspace/.build/checkouts/swift-syntax/Sources/_SwiftSyntaxCShims/include/module.modulemap -Xcc -fno-omit-frame-pointer -Xcc -D_LIBCPP_HARDENING_MODE\=_LIBCPP_HARDENING_MODE_DEBUG -Xcc -fmodules-prune-interval\=86400 -Xcc -fmodules-prune-after\=345600 -Xcc -I/host/spi-builder-workspace/.build/checkouts/swift-syntax/Sources/_SwiftSyntaxCShims/include -Xcc -I/host/spi-builder-workspace/.build/out/Products/Debug-linux-x86_64/include -Xcc -I/host/spi-builder-workspace/.build/out/Intermediates.noindex/SFSymbolsMacro.build/Debug-linux-x86_64/SFSymbolsMacroImpl-t.build/DerivedSources-normal/x86_64 -Xcc -I/host/spi-builder-workspace/.build/out/Intermediates.noindex/SFSymbolsMacro.build/Debug-linux-x86_64/SFSymbolsMacroImpl-t.build/DerivedSources/x86_64 -Xcc -I/host/spi-builder-workspace/.build/out/Intermediates.noindex/SFSymbolsMacro.build/Debug-linux-x86_64/SFSymbolsMacroImpl-t.build/DerivedSources -Xcc -DSWIFT_PACKAGE -Xcc -DDEBUG\=1 -no-auto-bridging-header-chaining -module-name SFSymbolsMacroImpl -package-name spi_builder_workspace -const-gather-protocols-file /host/spi-builder-workspace/.build/out/Intermediates.noindex/SFSymbolsMacro.build/Debug-linux-x86_64/SFSymbolsMacroImpl-t.build/Objects-normal/x86_64/SFSymbolsMacroImpl_const_extract_protocols.json -in-process-plugin-server-path /root/.local/share/swiftly/toolchains/6.4.x-snapshot-2026-09-04/usr/lib/swift/host/libSwiftInProcPluginServer.so -plugin-path /root/.local/share/swiftly/toolchains/6.4.x-snapshot-2026-09-04/usr/lib/swift/host/plugins -plugin-path /root/.local/share/swiftly/toolchains/6.4.x-snapshot-2026-09-04/usr/local/lib/swift/host/plugins -parse-as-library -o /host/spi-builder-workspace/.build/out/Intermediates.noindex/SFSymbolsMacro.build/Debug-linux-x86_64/SFSymbolsMacroImpl-t.build/Objects-normal/x86_64/SFSymbolsMacroPlugin.o -index-unit-output-path /SFSymbolsMacro.build/Debug-linux-x86_64/SFSymbolsMacroImpl-t.build/Objects-normal/x86_64/SFSymbolsMacroPlugin.o -index-store-path /host/spi-builder-workspace/.build/out -index-system-modules
error: Build failed
BUILD FAILURE 6.4 android