Build Information
Failed to build FBAudienceNetwork, reference 6.22.0 (26100d), with Swift 6.1 for visionOS using Xcode 16.3 on 11 Aug 2026 08:27:18 UTC.
Build Command
env DEVELOPER_DIR=/Applications/Xcode-16.3.0.app xcrun xcodebuild -IDEClonedSourcePackagesDirPathOverride=$PWD/.dependencies -skipMacroValidation -skipPackagePluginValidation -derivedDataPath $PWD/.derivedData build -scheme FBAudienceNetwork -destination generic/platform=xrOSBuild Log
========================================
RunAll
========================================
Builder version: undefined version: run 'make version' to update
Interrupt handler set up.
========================================
Checkout
========================================
Clone URL: https://github.com/facebook/FBAudienceNetwork.git
Reference: 6.22.0
Initialized empty Git repository in /Users/admin/builder/spi-builder-workspace/.git/
From https://github.com/facebook/FBAudienceNetwork
* tag 6.22.0 -> FETCH_HEAD
HEAD is now at 26100d2 Fix: https://github.com/facebook/FBAudienceNetwork/issues/4
Cloned https://github.com/facebook/FBAudienceNetwork.git
Revision (git rev-parse @):
26100d29de1cdb6753d7c602391f6fc6d29f6507
SUCCESS checkout https://github.com/facebook/FBAudienceNetwork.git at 6.22.0
========================================
Build
========================================
Selected platform: visionOS
Swift version: 6.1
Building package at path: $PWD
https://github.com/facebook/FBAudienceNetwork.git
https://github.com/facebook/FBAudienceNetwork.git
{
"dependencies" : [
],
"manifest_display_name" : "FBAudienceNetwork",
"name" : "FBAudienceNetwork",
"path" : "/Users/admin/builder/spi-builder-workspace",
"platforms" : [
{
"name" : "ios",
"version" : "15.0"
}
],
"products" : [
{
"name" : "FBAudienceNetwork",
"targets" : [
"FBAudienceNetwork"
],
"type" : {
"library" : [
"automatic"
]
}
}
],
"targets" : [
{
"c99name" : "FBAudienceNetwork",
"module_type" : "BinaryTarget",
"name" : "FBAudienceNetwork",
"path" : "remote/archive/FBAudienceNetwork-6.22.0-SPM.zip",
"product_memberships" : [
"FBAudienceNetwork"
],
"sources" : [
],
"type" : "binary"
}
],
"tools_version" : "5.5"
}
Command line invocation:
/Applications/Xcode-16.3.0.app/Contents/Developer/usr/bin/xcodebuild -IDEClonedSourcePackagesDirPathOverride=/Users/admin/builder/spi-builder-workspace/.dependencies -resolvePackageDependencies
Resolve Package Graph
Resolve Package Graph
Resolved source packages:
FBAudienceNetwork: /Users/admin/builder/spi-builder-workspace
resolved source packages: FBAudienceNetwork
{
"dependencies" : [
],
"manifest_display_name" : "FBAudienceNetwork",
"name" : "FBAudienceNetwork",
"path" : "/Users/admin/builder/spi-builder-workspace",
"platforms" : [
{
"name" : "ios",
"version" : "15.0"
}
],
"products" : [
{
"name" : "FBAudienceNetwork",
"targets" : [
"FBAudienceNetwork"
],
"type" : {
"library" : [
"automatic"
]
}
}
],
"targets" : [
{
"c99name" : "FBAudienceNetwork",
"module_type" : "BinaryTarget",
"name" : "FBAudienceNetwork",
"path" : "remote/archive/FBAudienceNetwork-6.22.0-SPM.zip",
"product_memberships" : [
"FBAudienceNetwork"
],
"sources" : [
],
"type" : "binary"
}
],
"tools_version" : "5.5"
}
{
"workspace" : {
"name" : "spi-builder-workspace",
"schemes" : [
"FBAudienceNetwork"
]
}
}
Running build ...
env DEVELOPER_DIR=/Applications/Xcode-16.3.0.app xcrun xcodebuild -IDEClonedSourcePackagesDirPathOverride=$PWD/.dependencies -skipMacroValidation -skipPackagePluginValidation -derivedDataPath $PWD/.derivedData build -scheme FBAudienceNetwork -destination generic/platform=xrOS OTHER_SWIFT_FLAGS=-stats-output-dir .stats -strict-concurrency=complete -enable-upcoming-feature StrictConcurrency -enable-upcoming-feature DisableOutwardActorInference -enable-upcoming-feature GlobalActorIsolatedTypesUsability -enable-upcoming-feature InferSendableFromCaptures
Command line invocation:
/Applications/Xcode-16.3.0.app/Contents/Developer/usr/bin/xcodebuild -IDEClonedSourcePackagesDirPathOverride=/Users/admin/builder/spi-builder-workspace/.dependencies -skipMacroValidation -skipPackagePluginValidation -derivedDataPath /Users/admin/builder/spi-builder-workspace/.derivedData build -scheme FBAudienceNetwork -destination generic/platform=xrOS "OTHER_SWIFT_FLAGS=-stats-output-dir .stats -strict-concurrency=complete -enable-upcoming-feature StrictConcurrency -enable-upcoming-feature DisableOutwardActorInference -enable-upcoming-feature GlobalActorIsolatedTypesUsability -enable-upcoming-feature InferSendableFromCaptures"
Build settings from command line:
OTHER_SWIFT_FLAGS = -stats-output-dir .stats -strict-concurrency=complete -enable-upcoming-feature StrictConcurrency -enable-upcoming-feature DisableOutwardActorInference -enable-upcoming-feature GlobalActorIsolatedTypesUsability -enable-upcoming-feature InferSendableFromCaptures
Resolve Package Graph
Resolved source packages:
FBAudienceNetwork: /Users/admin/builder/spi-builder-workspace
ComputePackagePrebuildTargetDependencyGraph
Prepare packages
CreateBuildRequest
SendProjectDescription
CreateBuildOperation
ComputeTargetDependencyGraph
note: Building targets in dependency order
note: Target dependency graph (1 target)
Target 'FBAudienceNetwork' in project 'FBAudienceNetwork' (no dependencies)
GatherProvisioningInputs
CreateBuildDescription
ExecuteExternalTool /Applications/Xcode-16.3.0.app/Contents/Developer/Toolchains/XcodeDefault.xctoolchain/usr/bin/clang -v -E -dM -isysroot /Applications/Xcode-16.3.0.app/Contents/Developer/Platforms/XROS.platform/Developer/SDKs/XROS2.4.sdk -x c -c /dev/null
Build description signature: 7199f407ec09a0f16cff2cf3b6141a8c
Build description path: /Users/admin/builder/spi-builder-workspace/.derivedData/Build/Intermediates.noindex/XCBuildData/7199f407ec09a0f16cff2cf3b6141a8c.xcbuilddata
/Users/admin/builder/spi-builder-workspace/.dependencies/artifacts/spi-builder-workspace/FBAudienceNetwork/FBAudienceNetwork.xcframework:1:1: error: While building for visionOS, no library for this platform was found in '/Users/admin/builder/spi-builder-workspace/.dependencies/artifacts/spi-builder-workspace/FBAudienceNetwork/FBAudienceNetwork.xcframework'. (in target 'FBAudienceNetwork' from project 'FBAudienceNetwork')
** BUILD FAILED **
The following build commands failed:
Building workspace spi-builder-workspace with scheme FBAudienceNetwork
(1 failure)
Command line invocation:
/Applications/Xcode-16.3.0.app/Contents/Developer/usr/bin/xcodebuild -IDEClonedSourcePackagesDirPathOverride=/Users/admin/builder/spi-builder-workspace/.dependencies -resolvePackageDependencies
Resolve Package Graph
Resolved source packages:
FBAudienceNetwork: /Users/admin/builder/spi-builder-workspace
resolved source packages: FBAudienceNetwork
{
"dependencies" : [
],
"manifest_display_name" : "FBAudienceNetwork",
"name" : "FBAudienceNetwork",
"path" : "/Users/admin/builder/spi-builder-workspace",
"platforms" : [
{
"name" : "ios",
"version" : "15.0"
}
],
"products" : [
{
"name" : "FBAudienceNetwork",
"targets" : [
"FBAudienceNetwork"
],
"type" : {
"library" : [
"automatic"
]
}
}
],
"targets" : [
{
"c99name" : "FBAudienceNetwork",
"module_type" : "BinaryTarget",
"name" : "FBAudienceNetwork",
"path" : "remote/archive/FBAudienceNetwork-6.22.0-SPM.zip",
"product_memberships" : [
"FBAudienceNetwork"
],
"sources" : [
],
"type" : "binary"
}
],
"tools_version" : "5.5"
}
{
"workspace" : {
"name" : "spi-builder-workspace",
"schemes" : [
"FBAudienceNetwork"
]
}
}
Running build ...
env DEVELOPER_DIR=/Applications/Xcode-16.3.0.app xcrun xcodebuild -IDEClonedSourcePackagesDirPathOverride=$PWD/.dependencies -skipMacroValidation -skipPackagePluginValidation -derivedDataPath $PWD/.derivedData build -scheme FBAudienceNetwork -destination generic/platform=xrOS
Command line invocation:
/Applications/Xcode-16.3.0.app/Contents/Developer/usr/bin/xcodebuild -IDEClonedSourcePackagesDirPathOverride=/Users/admin/builder/spi-builder-workspace/.dependencies -skipMacroValidation -skipPackagePluginValidation -derivedDataPath /Users/admin/builder/spi-builder-workspace/.derivedData build -scheme FBAudienceNetwork -destination generic/platform=xrOS
Resolve Package Graph
Resolved source packages:
FBAudienceNetwork: /Users/admin/builder/spi-builder-workspace
ComputePackagePrebuildTargetDependencyGraph
Prepare packages
CreateBuildRequest
SendProjectDescription
CreateBuildOperation
ComputeTargetDependencyGraph
note: Building targets in dependency order
note: Target dependency graph (1 target)
Target 'FBAudienceNetwork' in project 'FBAudienceNetwork' (no dependencies)
GatherProvisioningInputs
CreateBuildDescription
ExecuteExternalTool /Applications/Xcode-16.3.0.app/Contents/Developer/Toolchains/XcodeDefault.xctoolchain/usr/bin/clang -v -E -dM -isysroot /Applications/Xcode-16.3.0.app/Contents/Developer/Platforms/XROS.platform/Developer/SDKs/XROS2.4.sdk -x c -c /dev/null
Build description signature: 2f7dff6df27a61fcc65d5442f3c8fe95
Build description path: /Users/admin/builder/spi-builder-workspace/.derivedData/Build/Intermediates.noindex/XCBuildData/2f7dff6df27a61fcc65d5442f3c8fe95.xcbuilddata
/Users/admin/builder/spi-builder-workspace/.dependencies/artifacts/spi-builder-workspace/FBAudienceNetwork/FBAudienceNetwork.xcframework:1:1: error: While building for visionOS, no library for this platform was found in '/Users/admin/builder/spi-builder-workspace/.dependencies/artifacts/spi-builder-workspace/FBAudienceNetwork/FBAudienceNetwork.xcframework'. (in target 'FBAudienceNetwork' from project 'FBAudienceNetwork')
** BUILD FAILED **
The following build commands failed:
Building workspace spi-builder-workspace with scheme FBAudienceNetwork
(1 failure)
BUILD FAILURE 6.1 visionOS