The Swift Package Index logo.Swift Package Index

Build Information

Failed to build AllCache, reference master (2fe87f), with Swift 6.4 for Wasm on 17 Sep 2026 06:13:45 UTC.

Build Command

bash -c docker run --pull=always --rm -v "checkouts-54344847-0":/host -w "$PWD" -e JAVA_HOME="/root/.sdkman/candidates/java/current" -e SPI_BUILD="1" -e SPI_PROCESSING="1" registry.gitlab.com/saguaro1/spi-images:wasm-6.4-latest swift build --swift-sdk swift-6.4.x-DEVELOPMENT-SNAPSHOT-2026-09-04-a_wasm 2>&1

Build Log

========================================
RunAll
========================================
Builder version: 5.1.0
Interrupt handler set up.
========================================
Checkout
========================================
Clone URL: https://github.com/JuanjoArreola/AllCache.git
Reference: master
Initialized empty Git repository in /host/spi-builder-workspace/.git/
hint: Using 'master' as the name for the initial branch. This default branch name
hint: is subject to change. To configure the initial branch name to use in all
hint: of your new repositories, which will suppress this warning, call:
hint:
hint: 	git config --global init.defaultBranch <name>
hint:
hint: Names commonly chosen instead of 'master' are 'main', 'trunk' and
hint: 'development'. The just-created branch can be renamed via this command:
hint:
hint: 	git branch -m <name>
From https://github.com/JuanjoArreola/AllCache
 * branch            master     -> FETCH_HEAD
 * [new branch]      master     -> origin/master
HEAD is now at 2fe87f2 Merge branch 'new'
Cloned https://github.com/JuanjoArreola/AllCache.git
Revision (git rev-parse @):
2fe87f2690c13cb7a012f5346cf3824477aec512
SUCCESS checkout https://github.com/JuanjoArreola/AllCache.git at master
========================================
Build
========================================
Selected platform:         wasm
Swift version:             6.4
Building package at path:  $PWD
https://github.com/JuanjoArreola/AllCache.git
Running build ...
bash -c docker run --pull=always --rm -v "checkouts-54344847-0":/host -w "$PWD" -e JAVA_HOME="/root/.sdkman/candidates/java/current" -e SPI_BUILD="1" -e SPI_PROCESSING="1" registry.gitlab.com/saguaro1/spi-images:wasm-6.4-latest swift build --swift-sdk swift-6.4.x-DEVELOPMENT-SNAPSHOT-2026-09-04-a_wasm 2>&1
wasm-6.4-latest: Pulling from saguaro1/spi-images
Digest: sha256:4328fdb43c680d205c1d6761b1e3267aa38277eefdda9ddfb17b6a0f1a77857a
Status: Image is up to date for registry.gitlab.com/saguaro1/spi-images:wasm-6.4-latest
Fetching https://github.com/JuanjoArreola/Logg.git
Fetching https://github.com/JuanjoArreola/ShallowPromises.git
[1/63] Fetching shallowpromises
[64/222] Fetching shallowpromises, logg
Fetched https://github.com/JuanjoArreola/ShallowPromises.git (0.67s)
Fetched https://github.com/JuanjoArreola/Logg.git (0.67s)
Computing version for https://github.com/JuanjoArreola/ShallowPromises.git
Computed https://github.com/JuanjoArreola/ShallowPromises.git at 0.7.1 (0.86s)
Computing version for https://github.com/JuanjoArreola/Logg.git
Computed https://github.com/JuanjoArreola/Logg.git at 2.4.1 (0.18s)
Creating working copy for https://github.com/JuanjoArreola/ShallowPromises.git
Working copy of https://github.com/JuanjoArreola/ShallowPromises.git resolved at 0.7.1
Creating working copy for https://github.com/JuanjoArreola/Logg.git
Working copy of https://github.com/JuanjoArreola/Logg.git resolved at 2.4.1
Building for debugging...
[Pre-planning 1 / 155]
[43 / 77] Logg
error: SwiftCompile normal wasm32 failed with a nonzero exit code. Command line:     cd /host

/host/spi-builder-workspace/.build/checkouts/ShallowPromises/Sources/ShallowPromises/Futures.swift:16:68: error: cannot find type 'DispatchQueue' in scope
14 |     private var finallyFutures: [FinallyFuture] = []
15 |
16 |     func appendSuccess(_ closure: @escaping (T) -> Void, in queue: DispatchQueue?) {
   |                                                                    `- error: cannot find type 'DispatchQueue' in scope
17 |         successFutures.append(Future(closure: closure, queue: queue))
18 |     }
/host/spi-builder-workspace/.build/checkouts/ShallowPromises/Sources/ShallowPromises/Futures.swift:20:70: error: cannot find type 'DispatchQueue' in scope
18 |     }
19 |
20 |     func appendError(_ closure: @escaping (Error) -> Void, in queue: DispatchQueue?) {
   |                                                                      `- error: cannot find type 'DispatchQueue' in scope
21 |         errorFutures.append(Future(closure: closure, queue: queue))
22 |     }
/host/spi-builder-workspace/.build/checkouts/ShallowPromises/Sources/ShallowPromises/Futures.swift:24:67: error: cannot find type 'DispatchQueue' in scope
22 |     }
23 |
24 |     func appendFinally(_ closure: @escaping () -> Void, in queue: DispatchQueue?) {
   |                                                                   `- error: cannot find type 'DispatchQueue' in scope
25 |         finallyFutures.append(FinallyFuture(closure: closure, queue: queue))
26 |     }
/host/spi-builder-workspace/.build/checkouts/ShallowPromises/Sources/ShallowPromises/Futures.swift:28:44: error: cannot find type 'DispatchQueue' in scope
26 |     }
27 |
28 |     func fulfill(with result: T, in queue: DispatchQueue?) {
   |                                            `- error: cannot find type 'DispatchQueue' in scope
29 |         complete(futures: successFutures, with: result, in: queue)
30 |     }
/host/spi-builder-workspace/.build/checkouts/ShallowPromises/Sources/ShallowPromises/Futures.swift:32:48: error: cannot find type 'DispatchQueue' in scope
30 |     }
31 |
32 |     func complete(with error: Error, in queue: DispatchQueue?) {
   |                                                `- error: cannot find type 'DispatchQueue' in scope
33 |         complete(futures: errorFutures, with: error, in: queue)
34 |     }
/host/spi-builder-workspace/.build/checkouts/ShallowPromises/Sources/ShallowPromises/Futures.swift:36:78: error: cannot find type 'DispatchQueue' in scope
34 |     }
35 |
36 |     private func complete<U>(futures: [Future<U>], with result: U, in queue: DispatchQueue?) {
   |                                                                              `- error: cannot find type 'DispatchQueue' in scope
37 |         futures.forEach { future in
38 |             let queue = future.queue ?? queue
/host/spi-builder-workspace/.build/checkouts/ShallowPromises/Sources/ShallowPromises/Futures.swift:46:37: error: cannot find type 'DispatchQueue' in scope
44 |     }
45 |
46 |     private func finalize(in queue: DispatchQueue?) {
   |                                     `- error: cannot find type 'DispatchQueue' in scope
47 |         finallyFutures.forEach { future in
48 |             let queue = future.queue ?? queue
/host/spi-builder-workspace/.build/checkouts/ShallowPromises/Sources/ShallowPromises/Futures.swift:58:16: error: cannot find type 'DispatchQueue' in scope
56 | struct Future<T> {
57 |     let closure: (T) -> Void
58 |     let queue: DispatchQueue?
   |                `- error: cannot find type 'DispatchQueue' in scope
59 | }
60 |
/host/spi-builder-workspace/.build/checkouts/ShallowPromises/Sources/ShallowPromises/Futures.swift:63:16: error: cannot find type 'DispatchQueue' in scope
61 | struct FinallyFuture {
62 |     let closure: () -> Void
63 |     let queue: DispatchQueue?
   |                `- error: cannot find type 'DispatchQueue' in scope
64 | }
65 |
/host/spi-builder-workspace/.build/checkouts/ShallowPromises/Sources/ShallowPromises/Promise.swift:10:25: error: cannot find 'DispatchQueue' in scope
  8 | import Foundation
  9 |
 10 | private let syncQueue = DispatchQueue(label: "com.shallowpromises.SyncQueue", attributes: [])
    |                         `- error: cannot find 'DispatchQueue' in scope
 11 |
 12 | open class Promise<U>: Cancellable {
/host/spi-builder-workspace/.build/checkouts/ShallowPromises/Sources/ShallowPromises/Promise.swift:27:71: error: cannot find type 'DispatchQueue' in scope
 25 |     }
 26 |
 27 |     public required init(successClosure: ((U) -> Void)? = nil, queue: DispatchQueue? = nil, littlePromise: Cancellable? = nil) {
    |                                                                       `- error: cannot find type 'DispatchQueue' in scope
 28 |         if let closure = successClosure {
 29 |             futures?.appendSuccess(closure, in: queue)
/host/spi-builder-workspace/.build/checkouts/ShallowPromises/Sources/ShallowPromises/Promise.swift:53:51: error: cannot find type 'DispatchQueue' in scope
 51 |
 52 |     @discardableResult
 53 |     public func fulfill(with result: U, in queue: DispatchQueue? = nil) -> Self {
    |                                                   `- error: cannot find type 'DispatchQueue' in scope
 54 |         setResult(result, error: nil)?.fulfill(with: result, in: queue)
 55 |         return self
/host/spi-builder-workspace/.build/checkouts/ShallowPromises/Sources/ShallowPromises/Promise.swift:59:55: error: cannot find type 'DispatchQueue' in scope
 57 |
 58 |     @discardableResult
 59 |     public func complete(with error: Error, in queue: DispatchQueue? = nil) -> Self {
    |                                                       `- error: cannot find type 'DispatchQueue' in scope
 60 |         setResult(nil, error: error)?.complete(with: error, in: queue)
 61 |         return self
/host/spi-builder-workspace/.build/checkouts/ShallowPromises/Sources/ShallowPromises/Promise.swift:64:92: error: cannot find type 'DispatchQueue' in scope
 62 |     }
 63 |
 64 |     private func getResultOrRegisterThen<V>(_ next: @escaping (U) -> Promise<V>, in queue: DispatchQueue? = nil) -> Any {
    |                                                                                            `- error: cannot find type 'DispatchQueue' in scope
 65 |         syncQueue.sync {
 66 |             if let result = result {
/host/spi-builder-workspace/.build/checkouts/ShallowPromises/Sources/ShallowPromises/Promise.swift:76:81: error: cannot find type 'DispatchQueue' in scope
 74 |     }
 75 |
 76 |     private func registerNext<V>(_ next: @escaping (U) -> Promise<V>, in queue: DispatchQueue?) -> Promise<V> {
    |                                                                                 `- error: cannot find type 'DispatchQueue' in scope
 77 |         let promise = Promise<V>(littlePromise: self)
 78 |         futures?.appendSuccess({ result in
/host/spi-builder-workspace/.build/checkouts/ShallowPromises/Sources/ShallowPromises/Promise.swift:94:35: error: cannot find type 'DispatchQueue' in scope
 92 |     }
 93 |
 94 |     public func then<V>(in queue: DispatchQueue? = nil, _ next: @escaping (U) -> Promise<V>) -> Promise<V> {
    |                                   `- error: cannot find type 'DispatchQueue' in scope
 95 |         switch getResultOrRegisterThen(next, in: queue) {
 96 |         case let result as U:
/host/spi-builder-workspace/.build/checkouts/ShallowPromises/Sources/ShallowPromises/Promise.swift:108:37: error: cannot find type 'DispatchQueue' in scope
106 |
107 |     @discardableResult
108 |     public func onSuccess(in queue: DispatchQueue? = nil, _ closure: @escaping (U) -> Void) -> Self {
    |                                     `- error: cannot find type 'DispatchQueue' in scope
109 |         var safeResult: U?
110 |         syncQueue.sync {
/host/spi-builder-workspace/.build/checkouts/ShallowPromises/Sources/ShallowPromises/Promise.swift:126:35: error: cannot find type 'DispatchQueue' in scope
124 |
125 |     @discardableResult
126 |     public func onError(in queue: DispatchQueue? = nil, _ closure: @escaping (Error) -> Void) -> Self {
    |                                   `- error: cannot find type 'DispatchQueue' in scope
127 |         var safeError: Error?
128 |         syncQueue.sync {
/host/spi-builder-workspace/.build/checkouts/ShallowPromises/Sources/ShallowPromises/Promise.swift:144:35: error: cannot find type 'DispatchQueue' in scope
142 |
143 |     @discardableResult
144 |     public func finally(in queue: DispatchQueue? = nil, _ closure: @escaping () -> Void) -> Self {
    |                                   `- error: cannot find type 'DispatchQueue' in scope
145 |         var isCompleted = false
146 |         syncQueue.sync {
/host/spi-builder-workspace/.build/checkouts/ShallowPromises/Sources/ShallowPromises/Promise.swift:160:33: error: cannot find type 'DispatchQueue' in scope
158 |     }
159 |
160 |     public func proxy(in queue: DispatchQueue? = nil) -> Self {
    |                                 `- error: cannot find type 'DispatchQueue' in scope
161 |         let proxy = Self()
162 |         onSuccess { proxy.fulfill(with: $0, in: queue) }
Failed frontend command:
/usr/bin/swift-frontend -frontend -emit-module -experimental-skip-non-inlinable-function-bodies-without-types /host/spi-builder-workspace/.build/checkouts/ShallowPromises/Sources/ShallowPromises/Cancellable.swift /host/spi-builder-workspace/.build/checkouts/ShallowPromises/Sources/ShallowPromises/Futures.swift /host/spi-builder-workspace/.build/checkouts/ShallowPromises/Sources/ShallowPromises/Promise.swift /host/spi-builder-workspace/.build/checkouts/ShallowPromises/Sources/ShallowPromises/PromiseFailure.swift -target wasm32-unknown-wasip1 -disable-objc-interop -sdk /root/.swiftpm/swift-sdks/swift-6.4.x-DEVELOPMENT-SNAPSHOT-2026-09-04-a_wasm.artifactbundle/swift-6.4.x-DEVELOPMENT-SNAPSHOT-2026-09-04-a_wasm/wasm32-unknown-wasip1/WASI.sdk -sysroot /root/.swiftpm/swift-sdks/swift-6.4.x-DEVELOPMENT-SNAPSHOT-2026-09-04-a_wasm.artifactbundle/swift-6.4.x-DEVELOPMENT-SNAPSHOT-2026-09-04-a_wasm/wasm32-unknown-wasip1/WASI.sdk -I /host/spi-builder-workspace/.build/out/Products/Debug-webassembly-wasm32 -module-cache-path /host/spi-builder-workspace/.build/out/ModuleCache.noindex -color-diagnostics -Xcc -fcolor-diagnostics -enable-testing -g -debug-info-format\=dwarf -dwarf-version\=4 -suppress-warnings -swift-version 5 -Onone -D SWIFT_PACKAGE -D DEBUG -D SWIFT_MODULE_RESOURCE_BUNDLE_UNAVAILABLE -D Xcode -serialize-debugging-options -enable-experimental-feature DebugDescriptionMacro -empty-abi-descriptor -external-plugin-path /usr/lib/swift/host/plugins/testing\#/usr/bin/swift-plugin-server -validate-clang-modules-once -clang-build-session-file /host/spi-builder-workspace/.build/out/ModuleCache.noindex/Session.modulevalidation -Xcc -working-directory -Xcc /host -resource-dir /root/.swiftpm/swift-sdks/swift-6.4.x-DEVELOPMENT-SNAPSHOT-2026-09-04-a_wasm.artifactbundle/swift-6.4.x-DEVELOPMENT-SNAPSHOT-2026-09-04-a_wasm/wasm32-unknown-wasip1/swift.xctoolchain/usr/lib/swift_static -use-static-resource-dir -enable-anonymous-context-mangled-names -file-compilation-dir /host -Xcc -resource-dir -Xcc /root/.swiftpm/swift-sdks/swift-6.4.x-DEVELOPMENT-SNAPSHOT-2026-09-04-a_wasm.artifactbundle/swift-6.4.x-DEVELOPMENT-SNAPSHOT-2026-09-04-a_wasm/wasm32-unknown-wasip1/swift.xctoolchain/usr/lib/swift_static/clang -Xcc -D_LIBCPP_HARDENING_MODE\=_LIBCPP_HARDENING_MODE_DEBUG -Xcc -fmodules-prune-interval\=86400 -Xcc -fmodules-prune-after\=345600 -Xcc -I/host/spi-builder-workspace/.build/out/Products/Debug-webassembly-wasm32/include -Xcc -I/host/spi-builder-workspace/.build/out/Intermediates.noindex/ShallowPromises.build/Debug-webassembly-wasm32/ShallowPromises-t.build/DerivedSources-normal/wasm32 -Xcc -I/host/spi-builder-workspace/.build/out/Intermediates.noindex/ShallowPromises.build/Debug-webassembly-wasm32/ShallowPromises-t.build/DerivedSources/wasm32 -Xcc -I/host/spi-builder-workspace/.build/out/Intermediates.noindex/ShallowPromises.build/Debug-webassembly-wasm32/ShallowPromises-t.build/DerivedSources -Xcc -DSWIFT_PACKAGE -Xcc -DDEBUG\=1 -no-auto-bridging-header-chaining -module-name ShallowPromises -const-gather-protocols-file /host/spi-builder-workspace/.build/out/Intermediates.noindex/ShallowPromises.build/Debug-webassembly-wasm32/ShallowPromises-t.build/Objects-normal/wasm32/ShallowPromises_const_extract_protocols.json -in-process-plugin-server-path /usr/lib/swift/host/libSwiftInProcPluginServer.so -plugin-path /usr/lib/swift/host/plugins -plugin-path /usr/local/lib/swift/host/plugins -emit-module-doc-path /host/spi-builder-workspace/.build/out/Intermediates.noindex/ShallowPromises.build/Debug-webassembly-wasm32/ShallowPromises-t.build/Objects-normal/wasm32/Modules/ShallowPromises.swiftdoc -emit-module-source-info-path /host/spi-builder-workspace/.build/out/Intermediates.noindex/ShallowPromises.build/Debug-webassembly-wasm32/ShallowPromises-t.build/Objects-normal/wasm32/Modules/ShallowPromises.swiftsourceinfo -emit-objc-header-path /host/spi-builder-workspace/.build/out/Intermediates.noindex/ShallowPromises.build/Debug-webassembly-wasm32/ShallowPromises-t.build/Objects-normal/wasm32/ShallowPromises-Swift.h -serialize-diagnostics-path /host/spi-builder-workspace/.build/out/Intermediates.noindex/ShallowPromises.build/Debug-webassembly-wasm32/ShallowPromises-t.build/Objects-normal/wasm32/ShallowPromises-primary-emit-module.dia -emit-dependencies-path /host/spi-builder-workspace/.build/out/Intermediates.noindex/ShallowPromises.build/Debug-webassembly-wasm32/ShallowPromises-t.build/Objects-normal/wasm32/ShallowPromises-primary-emit-module.d -parse-as-library -o /host/spi-builder-workspace/.build/out/Intermediates.noindex/ShallowPromises.build/Debug-webassembly-wasm32/ShallowPromises-t.build/Objects-normal/wasm32/Modules/ShallowPromises.swiftmodule
error: Build failed
BUILD FAILURE 6.4 wasm