Build Information
Failed to build Feedbacks, reference main (e31d30), with Swift 6.4 for watchOS using Xcode 27.0 on 17 Sep 2026 18:11:46 UTC.
Build Command
env DEVELOPER_DIR=/Applications/Xcode-27.0.0-Release.Candidate.app xcrun xcodebuild -IDEClonedSourcePackagesDirPathOverride=$PWD/.dependencies -skipMacroValidation -skipPackagePluginValidation -derivedDataPath $PWD/.derivedData build -scheme Feedbacks-Package -destination generic/platform=watchOSBuild Log
WriteAuxiliaryFile /Users/admin/builder/spi-builder-workspace/.derivedData/Build/Intermediates.noindex/Feedbacks.build/Debug-watchos/FeedbacksTest-t.build/Objects-normal/arm64/FeedbacksTest_const_extract_protocols.json (in target 'FeedbacksTest' from project 'Feedbacks')
cd /Users/admin/builder/spi-builder-workspace
write-file /Users/admin/builder/spi-builder-workspace/.derivedData/Build/Intermediates.noindex/Feedbacks.build/Debug-watchos/FeedbacksTest-t.build/Objects-normal/arm64/FeedbacksTest_const_extract_protocols.json
WriteAuxiliaryFile /Users/admin/builder/spi-builder-workspace/.derivedData/Build/Intermediates.noindex/Feedbacks.build/Debug-watchos/FeedbacksTest-t.build/Objects-normal/arm64/FeedbacksTest.SwiftConstValuesFileList (in target 'FeedbacksTest' from project 'Feedbacks')
cd /Users/admin/builder/spi-builder-workspace
write-file /Users/admin/builder/spi-builder-workspace/.derivedData/Build/Intermediates.noindex/Feedbacks.build/Debug-watchos/FeedbacksTest-t.build/Objects-normal/arm64/FeedbacksTest.SwiftConstValuesFileList
WriteAuxiliaryFile /Users/admin/builder/spi-builder-workspace/.derivedData/Build/Intermediates.noindex/Feedbacks.build/Debug-watchos/FeedbacksTest-t.build/Objects-normal/arm64/FeedbacksTest.SwiftFileList (in target 'FeedbacksTest' from project 'Feedbacks')
cd /Users/admin/builder/spi-builder-workspace
write-file /Users/admin/builder/spi-builder-workspace/.derivedData/Build/Intermediates.noindex/Feedbacks.build/Debug-watchos/FeedbacksTest-t.build/Objects-normal/arm64/FeedbacksTest.SwiftFileList
WriteAuxiliaryFile /Users/admin/builder/spi-builder-workspace/.derivedData/Build/Intermediates.noindex/Feedbacks.build/Debug-watchos/FeedbacksTest-t.build/Objects-normal/arm64/FeedbacksTest.LinkFileList (in target 'FeedbacksTest' from project 'Feedbacks')
cd /Users/admin/builder/spi-builder-workspace
write-file /Users/admin/builder/spi-builder-workspace/.derivedData/Build/Intermediates.noindex/Feedbacks.build/Debug-watchos/FeedbacksTest-t.build/Objects-normal/arm64/FeedbacksTest.LinkFileList
WriteAuxiliaryFile /Users/admin/builder/spi-builder-workspace/.derivedData/Build/Intermediates.noindex/Feedbacks.build/Debug-watchos/FeedbacksTest-t.build/FeedbacksTest.modulemap (in target 'FeedbacksTest' from project 'Feedbacks')
cd /Users/admin/builder/spi-builder-workspace
write-file /Users/admin/builder/spi-builder-workspace/.derivedData/Build/Intermediates.noindex/Feedbacks.build/Debug-watchos/FeedbacksTest-t.build/FeedbacksTest.modulemap
WriteAuxiliaryFile /Users/admin/builder/spi-builder-workspace/.derivedData/Build/Intermediates.noindex/Feedbacks.build/Debug-watchos/FeedbacksTest-t.build/Objects-normal/arm64/FeedbacksTest-OutputFileMap.json (in target 'FeedbacksTest' from project 'Feedbacks')
cd /Users/admin/builder/spi-builder-workspace
write-file /Users/admin/builder/spi-builder-workspace/.derivedData/Build/Intermediates.noindex/Feedbacks.build/Debug-watchos/FeedbacksTest-t.build/Objects-normal/arm64/FeedbacksTest-OutputFileMap.json
WriteAuxiliaryFile /Users/admin/builder/spi-builder-workspace/.derivedData/Build/Intermediates.noindex/Feedbacks.build/Debug-watchos/FeedbacksTest-t.build/FeedbacksTest.DependencyStaticMetadataFileList (in target 'FeedbacksTest' from project 'Feedbacks')
cd /Users/admin/builder/spi-builder-workspace
write-file /Users/admin/builder/spi-builder-workspace/.derivedData/Build/Intermediates.noindex/Feedbacks.build/Debug-watchos/FeedbacksTest-t.build/FeedbacksTest.DependencyStaticMetadataFileList
WriteAuxiliaryFile /Users/admin/builder/spi-builder-workspace/.derivedData/Build/Intermediates.noindex/Feedbacks.build/Debug-watchos/FeedbacksTest-t.build/FeedbacksTest.DependencyMetadataFileList (in target 'FeedbacksTest' from project 'Feedbacks')
cd /Users/admin/builder/spi-builder-workspace
write-file /Users/admin/builder/spi-builder-workspace/.derivedData/Build/Intermediates.noindex/Feedbacks.build/Debug-watchos/FeedbacksTest-t.build/FeedbacksTest.DependencyMetadataFileList
WriteAuxiliaryFile /Users/admin/builder/spi-builder-workspace/.derivedData/Build/Intermediates.noindex/Feedbacks.build/Debug-watchos/Feedbacks-t.build/Objects-normal/arm64_32/Feedbacks.SwiftFileList (in target 'Feedbacks' from project 'Feedbacks')
cd /Users/admin/builder/spi-builder-workspace
write-file /Users/admin/builder/spi-builder-workspace/.derivedData/Build/Intermediates.noindex/Feedbacks.build/Debug-watchos/Feedbacks-t.build/Objects-normal/arm64_32/Feedbacks.SwiftFileList
WriteAuxiliaryFile /Users/admin/builder/spi-builder-workspace/.derivedData/Build/Intermediates.noindex/Feedbacks.build/Debug-watchos/Feedbacks-t.build/Objects-normal/arm64_32/Feedbacks.SwiftConstValuesFileList (in target 'Feedbacks' from project 'Feedbacks')
cd /Users/admin/builder/spi-builder-workspace
write-file /Users/admin/builder/spi-builder-workspace/.derivedData/Build/Intermediates.noindex/Feedbacks.build/Debug-watchos/Feedbacks-t.build/Objects-normal/arm64_32/Feedbacks.SwiftConstValuesFileList
WriteAuxiliaryFile /Users/admin/builder/spi-builder-workspace/.derivedData/Build/Intermediates.noindex/Feedbacks.build/Debug-watchos/Feedbacks-t.build/Objects-normal/arm64_32/Feedbacks.LinkFileList (in target 'Feedbacks' from project 'Feedbacks')
cd /Users/admin/builder/spi-builder-workspace
write-file /Users/admin/builder/spi-builder-workspace/.derivedData/Build/Intermediates.noindex/Feedbacks.build/Debug-watchos/Feedbacks-t.build/Objects-normal/arm64_32/Feedbacks.LinkFileList
WriteAuxiliaryFile /Users/admin/builder/spi-builder-workspace/.derivedData/Build/Intermediates.noindex/Feedbacks.build/Debug-watchos/Feedbacks-t.build/Objects-normal/arm64/Feedbacks.SwiftFileList (in target 'Feedbacks' from project 'Feedbacks')
cd /Users/admin/builder/spi-builder-workspace
write-file /Users/admin/builder/spi-builder-workspace/.derivedData/Build/Intermediates.noindex/Feedbacks.build/Debug-watchos/Feedbacks-t.build/Objects-normal/arm64/Feedbacks.SwiftFileList
WriteAuxiliaryFile /Users/admin/builder/spi-builder-workspace/.derivedData/Build/Intermediates.noindex/Feedbacks.build/Debug-watchos/Feedbacks-t.build/Objects-normal/arm64/Feedbacks.SwiftConstValuesFileList (in target 'Feedbacks' from project 'Feedbacks')
cd /Users/admin/builder/spi-builder-workspace
write-file /Users/admin/builder/spi-builder-workspace/.derivedData/Build/Intermediates.noindex/Feedbacks.build/Debug-watchos/Feedbacks-t.build/Objects-normal/arm64/Feedbacks.SwiftConstValuesFileList
WriteAuxiliaryFile /Users/admin/builder/spi-builder-workspace/.derivedData/Build/Intermediates.noindex/Feedbacks.build/Debug-watchos/Feedbacks-t.build/Objects-normal/arm64/Feedbacks.LinkFileList (in target 'Feedbacks' from project 'Feedbacks')
cd /Users/admin/builder/spi-builder-workspace
write-file /Users/admin/builder/spi-builder-workspace/.derivedData/Build/Intermediates.noindex/Feedbacks.build/Debug-watchos/Feedbacks-t.build/Objects-normal/arm64/Feedbacks.LinkFileList
WriteAuxiliaryFile /Users/admin/builder/spi-builder-workspace/.derivedData/Build/Intermediates.noindex/Feedbacks.build/Debug-watchos/Feedbacks-t.build/Feedbacks.DependencyStaticMetadataFileList (in target 'Feedbacks' from project 'Feedbacks')
cd /Users/admin/builder/spi-builder-workspace
write-file /Users/admin/builder/spi-builder-workspace/.derivedData/Build/Intermediates.noindex/Feedbacks.build/Debug-watchos/Feedbacks-t.build/Feedbacks.DependencyStaticMetadataFileList
WriteAuxiliaryFile /Users/admin/builder/spi-builder-workspace/.derivedData/Build/Intermediates.noindex/Feedbacks.build/Debug-watchos/Feedbacks-t.build/Feedbacks.DependencyMetadataFileList (in target 'Feedbacks' from project 'Feedbacks')
cd /Users/admin/builder/spi-builder-workspace
write-file /Users/admin/builder/spi-builder-workspace/.derivedData/Build/Intermediates.noindex/Feedbacks.build/Debug-watchos/Feedbacks-t.build/Feedbacks.DependencyMetadataFileList
Copy /Users/admin/builder/spi-builder-workspace/.derivedData/Build/Intermediates.noindex/GeneratedModuleMaps-watchos/FeedbacksTest.modulemap /Users/admin/builder/spi-builder-workspace/.derivedData/Build/Intermediates.noindex/Feedbacks.build/Debug-watchos/FeedbacksTest-t.build/FeedbacksTest.modulemap (in target 'FeedbacksTest' from project 'Feedbacks')
cd /Users/admin/builder/spi-builder-workspace
builtin-copy -exclude .DS_Store -exclude CVS -exclude .svn -exclude .git -exclude .hg -resolve-src-symlinks /Users/admin/builder/spi-builder-workspace/.derivedData/Build/Intermediates.noindex/Feedbacks.build/Debug-watchos/FeedbacksTest-t.build/FeedbacksTest.modulemap /Users/admin/builder/spi-builder-workspace/.derivedData/Build/Intermediates.noindex/GeneratedModuleMaps-watchos
Copy /Users/admin/builder/spi-builder-workspace/.derivedData/Build/Intermediates.noindex/GeneratedModuleMaps-watchos/Feedbacks.modulemap /Users/admin/builder/spi-builder-workspace/.derivedData/Build/Intermediates.noindex/Feedbacks.build/Debug-watchos/Feedbacks-t.build/Feedbacks.modulemap (in target 'Feedbacks' from project 'Feedbacks')
cd /Users/admin/builder/spi-builder-workspace
builtin-copy -exclude .DS_Store -exclude CVS -exclude .svn -exclude .git -exclude .hg -resolve-src-symlinks /Users/admin/builder/spi-builder-workspace/.derivedData/Build/Intermediates.noindex/Feedbacks.build/Debug-watchos/Feedbacks-t.build/Feedbacks.modulemap /Users/admin/builder/spi-builder-workspace/.derivedData/Build/Intermediates.noindex/GeneratedModuleMaps-watchos
WriteAuxiliaryFile /Users/admin/builder/spi-builder-workspace/.derivedData/Build/Intermediates.noindex/CombineExt.build/Debug-watchos/CombineExt-t.build/Objects-normal/arm64_32/CombineExt_const_extract_protocols.json (in target 'CombineExt' from project 'CombineExt')
cd /Users/admin/builder/spi-builder-workspace/.dependencies/checkouts/CombineExt
write-file /Users/admin/builder/spi-builder-workspace/.derivedData/Build/Intermediates.noindex/CombineExt.build/Debug-watchos/CombineExt-t.build/Objects-normal/arm64_32/CombineExt_const_extract_protocols.json
WriteAuxiliaryFile /Users/admin/builder/spi-builder-workspace/.derivedData/Build/Intermediates.noindex/CombineExt.build/Debug-watchos/CombineExt-t.build/Objects-normal/arm64_32/CombineExt.SwiftFileList (in target 'CombineExt' from project 'CombineExt')
cd /Users/admin/builder/spi-builder-workspace/.dependencies/checkouts/CombineExt
write-file /Users/admin/builder/spi-builder-workspace/.derivedData/Build/Intermediates.noindex/CombineExt.build/Debug-watchos/CombineExt-t.build/Objects-normal/arm64_32/CombineExt.SwiftFileList
WriteAuxiliaryFile /Users/admin/builder/spi-builder-workspace/.derivedData/Build/Intermediates.noindex/CombineExt.build/Debug-watchos/CombineExt-t.build/Objects-normal/arm64_32/CombineExt.SwiftConstValuesFileList (in target 'CombineExt' from project 'CombineExt')
cd /Users/admin/builder/spi-builder-workspace/.dependencies/checkouts/CombineExt
write-file /Users/admin/builder/spi-builder-workspace/.derivedData/Build/Intermediates.noindex/CombineExt.build/Debug-watchos/CombineExt-t.build/Objects-normal/arm64_32/CombineExt.SwiftConstValuesFileList
WriteAuxiliaryFile /Users/admin/builder/spi-builder-workspace/.derivedData/Build/Intermediates.noindex/CombineExt.build/Debug-watchos/CombineExt-t.build/Objects-normal/arm64_32/CombineExt.LinkFileList (in target 'CombineExt' from project 'CombineExt')
cd /Users/admin/builder/spi-builder-workspace/.dependencies/checkouts/CombineExt
write-file /Users/admin/builder/spi-builder-workspace/.derivedData/Build/Intermediates.noindex/CombineExt.build/Debug-watchos/CombineExt-t.build/Objects-normal/arm64_32/CombineExt.LinkFileList
WriteAuxiliaryFile /Users/admin/builder/spi-builder-workspace/.derivedData/Build/Intermediates.noindex/CombineExt.build/Debug-watchos/CombineExt-t.build/Objects-normal/arm64_32/CombineExt-OutputFileMap.json (in target 'CombineExt' from project 'CombineExt')
cd /Users/admin/builder/spi-builder-workspace/.dependencies/checkouts/CombineExt
write-file /Users/admin/builder/spi-builder-workspace/.derivedData/Build/Intermediates.noindex/CombineExt.build/Debug-watchos/CombineExt-t.build/Objects-normal/arm64_32/CombineExt-OutputFileMap.json
WriteAuxiliaryFile /Users/admin/builder/spi-builder-workspace/.derivedData/Build/Intermediates.noindex/CombineExt.build/Debug-watchos/CombineExt-t.build/Objects-normal/arm64/CombineExt_const_extract_protocols.json (in target 'CombineExt' from project 'CombineExt')
cd /Users/admin/builder/spi-builder-workspace/.dependencies/checkouts/CombineExt
write-file /Users/admin/builder/spi-builder-workspace/.derivedData/Build/Intermediates.noindex/CombineExt.build/Debug-watchos/CombineExt-t.build/Objects-normal/arm64/CombineExt_const_extract_protocols.json
WriteAuxiliaryFile /Users/admin/builder/spi-builder-workspace/.derivedData/Build/Intermediates.noindex/CombineExt.build/Debug-watchos/CombineExt-t.build/Objects-normal/arm64/CombineExt.SwiftFileList (in target 'CombineExt' from project 'CombineExt')
cd /Users/admin/builder/spi-builder-workspace/.dependencies/checkouts/CombineExt
write-file /Users/admin/builder/spi-builder-workspace/.derivedData/Build/Intermediates.noindex/CombineExt.build/Debug-watchos/CombineExt-t.build/Objects-normal/arm64/CombineExt.SwiftFileList
WriteAuxiliaryFile /Users/admin/builder/spi-builder-workspace/.derivedData/Build/Intermediates.noindex/CombineExt.build/Debug-watchos/CombineExt-t.build/Objects-normal/arm64/CombineExt.SwiftConstValuesFileList (in target 'CombineExt' from project 'CombineExt')
cd /Users/admin/builder/spi-builder-workspace/.dependencies/checkouts/CombineExt
write-file /Users/admin/builder/spi-builder-workspace/.derivedData/Build/Intermediates.noindex/CombineExt.build/Debug-watchos/CombineExt-t.build/Objects-normal/arm64/CombineExt.SwiftConstValuesFileList
WriteAuxiliaryFile /Users/admin/builder/spi-builder-workspace/.derivedData/Build/Intermediates.noindex/CombineExt.build/Debug-watchos/CombineExt-t.build/Objects-normal/arm64/CombineExt.LinkFileList (in target 'CombineExt' from project 'CombineExt')
cd /Users/admin/builder/spi-builder-workspace/.dependencies/checkouts/CombineExt
write-file /Users/admin/builder/spi-builder-workspace/.derivedData/Build/Intermediates.noindex/CombineExt.build/Debug-watchos/CombineExt-t.build/Objects-normal/arm64/CombineExt.LinkFileList
WriteAuxiliaryFile /Users/admin/builder/spi-builder-workspace/.derivedData/Build/Intermediates.noindex/CombineExt.build/Debug-watchos/CombineExt-t.build/Objects-normal/arm64/CombineExt-OutputFileMap.json (in target 'CombineExt' from project 'CombineExt')
cd /Users/admin/builder/spi-builder-workspace/.dependencies/checkouts/CombineExt
write-file /Users/admin/builder/spi-builder-workspace/.derivedData/Build/Intermediates.noindex/CombineExt.build/Debug-watchos/CombineExt-t.build/Objects-normal/arm64/CombineExt-OutputFileMap.json
WriteAuxiliaryFile /Users/admin/builder/spi-builder-workspace/.derivedData/Build/Intermediates.noindex/CombineExt.build/Debug-watchos/CombineExt-t.build/CombineExt.modulemap (in target 'CombineExt' from project 'CombineExt')
cd /Users/admin/builder/spi-builder-workspace/.dependencies/checkouts/CombineExt
write-file /Users/admin/builder/spi-builder-workspace/.derivedData/Build/Intermediates.noindex/CombineExt.build/Debug-watchos/CombineExt-t.build/CombineExt.modulemap
WriteAuxiliaryFile /Users/admin/builder/spi-builder-workspace/.derivedData/Build/Intermediates.noindex/CombineExt.build/Debug-watchos/CombineExt-t.build/CombineExt.DependencyMetadataFileList (in target 'CombineExt' from project 'CombineExt')
cd /Users/admin/builder/spi-builder-workspace/.dependencies/checkouts/CombineExt
write-file /Users/admin/builder/spi-builder-workspace/.derivedData/Build/Intermediates.noindex/CombineExt.build/Debug-watchos/CombineExt-t.build/CombineExt.DependencyMetadataFileList
WriteAuxiliaryFile /Users/admin/builder/spi-builder-workspace/.derivedData/Build/Intermediates.noindex/CombineExt.build/Debug-watchos/CombineExt-t.build/CombineExt.DependencyStaticMetadataFileList (in target 'CombineExt' from project 'CombineExt')
cd /Users/admin/builder/spi-builder-workspace/.dependencies/checkouts/CombineExt
write-file /Users/admin/builder/spi-builder-workspace/.derivedData/Build/Intermediates.noindex/CombineExt.build/Debug-watchos/CombineExt-t.build/CombineExt.DependencyStaticMetadataFileList
Copy /Users/admin/builder/spi-builder-workspace/.derivedData/Build/Intermediates.noindex/GeneratedModuleMaps-watchos/CombineExt.modulemap /Users/admin/builder/spi-builder-workspace/.derivedData/Build/Intermediates.noindex/CombineExt.build/Debug-watchos/CombineExt-t.build/CombineExt.modulemap (in target 'CombineExt' from project 'CombineExt')
cd /Users/admin/builder/spi-builder-workspace/.dependencies/checkouts/CombineExt
builtin-copy -exclude .DS_Store -exclude CVS -exclude .svn -exclude .git -exclude .hg -resolve-src-symlinks /Users/admin/builder/spi-builder-workspace/.derivedData/Build/Intermediates.noindex/CombineExt.build/Debug-watchos/CombineExt-t.build/CombineExt.modulemap /Users/admin/builder/spi-builder-workspace/.derivedData/Build/Intermediates.noindex/GeneratedModuleMaps-watchos
SwiftDriver CombineExt normal arm64_32 com.apple.xcode.tools.swift.compiler (in target 'CombineExt' from project 'CombineExt')
cd /Users/admin/builder/spi-builder-workspace/.swiftpm/xcode
builtin-SwiftDriver -- /Applications/Xcode-27.0.0-Release.Candidate.app/Contents/Developer/Toolchains/XcodeDefault.xctoolchain/usr/bin/swiftc -parse-as-library -module-name CombineExt -Onone @/Users/admin/builder/spi-builder-workspace/.derivedData/Build/Intermediates.noindex/CombineExt.build/Debug-watchos/CombineExt-t.build/Objects-normal/arm64_32/CombineExt.SwiftFileList -DSWIFT_PACKAGE -DDEBUG -DSWIFT_MODULE_RESOURCE_BUNDLE_UNAVAILABLE -DXcode -plugin-path /Applications/Xcode-27.0.0-Release.Candidate.app/Contents/Developer/Toolchains/XcodeDefault.xctoolchain/usr/lib/swift/host/plugins/testing -enable-experimental-feature DebugDescriptionMacro -sdk /Applications/Xcode-27.0.0-Release.Candidate.app/Contents/Developer/Platforms/WatchOS.platform/Developer/SDKs/WatchOS27.0.sdk -target arm64_32-apple-watchos9.0 -g -module-cache-path /Users/admin/builder/spi-builder-workspace/.derivedData/ModuleCache.noindex -Xfrontend -serialize-debugging-options -profile-coverage-mapping -profile-generate -enable-testing -suppress-warnings -index-store-path /Users/admin/builder/spi-builder-workspace/.derivedData/Index.noindex/DataStore -Xcc -D_LIBCPP_HARDENING_MODE\=_LIBCPP_HARDENING_MODE_DEBUG -swift-version 5 -I /Users/admin/builder/spi-builder-workspace/.derivedData/Build/Products/Debug-watchos -Isystem /Applications/Xcode-27.0.0-Release.Candidate.app/Contents/Developer/Platforms/WatchOS.platform/Developer/usr/lib -F /Users/admin/builder/spi-builder-workspace/.derivedData/Build/Products/Debug-watchos -F /Applications/Xcode-27.0.0-Release.Candidate.app/Contents/Developer/Platforms/WatchOS.platform/Developer/Library/Frameworks -F /Applications/Xcode-27.0.0-Release.Candidate.app/Contents/Developer/Platforms/WatchOS.platform/Developer/SDKs/WatchOS27.0.sdk/Developer/Library/Frameworks -c -j10 -enable-batch-mode -incremental -Xcc -ivfsstatcache -Xcc /Users/admin/builder/spi-builder-workspace/.derivedData/SDKStatCaches.noindex/watchos27.0-24R360-e829b21a6f8c9b70876ba0858053c04477534ef55a1706bf4c1112bbb242f0a2.sdkstatcache -output-file-map /Users/admin/builder/spi-builder-workspace/.derivedData/Build/Intermediates.noindex/CombineExt.build/Debug-watchos/CombineExt-t.build/Objects-normal/arm64_32/CombineExt-OutputFileMap.json -save-temps -no-color-diagnostics -explicit-module-build -module-cache-path /Users/admin/builder/spi-builder-workspace/.derivedData/Build/Intermediates.noindex/SwiftExplicitPrecompiledModules -clang-scanner-module-cache-path /Users/admin/builder/spi-builder-workspace/.derivedData/ModuleCache.noindex -sdk-module-cache-path /Users/admin/builder/spi-builder-workspace/.derivedData/SDKExplicitPrecompiledModules -emit-dependencies -emit-module -emit-module-path /Users/admin/builder/spi-builder-workspace/.derivedData/Build/Intermediates.noindex/CombineExt.build/Debug-watchos/CombineExt-t.build/Objects-normal/arm64_32/CombineExt.swiftmodule -serialize-diagnostics -dependency-scan-serialize-diagnostics-path /Users/admin/builder/spi-builder-workspace/.derivedData/Build/Intermediates.noindex/CombineExt.build/Debug-watchos/CombineExt-t.build/Objects-normal/arm64_32/CombineExt-dependency-scan.dia -validate-clang-modules-once -clang-build-session-file /Users/admin/builder/spi-builder-workspace/.derivedData/ModuleCache.noindex/Session.modulevalidation -Xcc -fmodules-prune-interval\=86400 -Xcc -fmodules-prune-after\=345600 -emit-const-values -const-gather-protocols-list /Users/admin/builder/spi-builder-workspace/.derivedData/Build/Intermediates.noindex/CombineExt.build/Debug-watchos/CombineExt-t.build/Objects-normal/arm64_32/CombineExt_const_extract_protocols.json -Xcc -I/Users/admin/builder/spi-builder-workspace/.derivedData/Build/Products/Debug-watchos/include -Xcc -I/Users/admin/builder/spi-builder-workspace/.derivedData/Build/Intermediates.noindex/CombineExt.build/Debug-watchos/CombineExt-t.build/DerivedSources-normal/arm64_32 -Xcc -I/Users/admin/builder/spi-builder-workspace/.derivedData/Build/Intermediates.noindex/CombineExt.build/Debug-watchos/CombineExt-t.build/DerivedSources/arm64_32 -Xcc -I/Users/admin/builder/spi-builder-workspace/.derivedData/Build/Intermediates.noindex/CombineExt.build/Debug-watchos/CombineExt-t.build/DerivedSources -Xcc -DSWIFT_PACKAGE -Xcc -DDEBUG\=1 -emit-objc-header -emit-objc-header-path /Users/admin/builder/spi-builder-workspace/.derivedData/Build/Intermediates.noindex/CombineExt.build/Debug-watchos/CombineExt-t.build/Objects-normal/arm64_32/CombineExt-Swift.h -working-directory /Users/admin/builder/spi-builder-workspace/.swiftpm/xcode -experimental-emit-module-separately -disable-cmo
SwiftDriver CombineExt normal arm64 com.apple.xcode.tools.swift.compiler (in target 'CombineExt' from project 'CombineExt')
cd /Users/admin/builder/spi-builder-workspace/.swiftpm/xcode
builtin-SwiftDriver -- /Applications/Xcode-27.0.0-Release.Candidate.app/Contents/Developer/Toolchains/XcodeDefault.xctoolchain/usr/bin/swiftc -parse-as-library -module-name CombineExt -Onone @/Users/admin/builder/spi-builder-workspace/.derivedData/Build/Intermediates.noindex/CombineExt.build/Debug-watchos/CombineExt-t.build/Objects-normal/arm64/CombineExt.SwiftFileList -DSWIFT_PACKAGE -DDEBUG -DSWIFT_MODULE_RESOURCE_BUNDLE_UNAVAILABLE -DXcode -plugin-path /Applications/Xcode-27.0.0-Release.Candidate.app/Contents/Developer/Toolchains/XcodeDefault.xctoolchain/usr/lib/swift/host/plugins/testing -enable-experimental-feature DebugDescriptionMacro -sdk /Applications/Xcode-27.0.0-Release.Candidate.app/Contents/Developer/Platforms/WatchOS.platform/Developer/SDKs/WatchOS27.0.sdk -target arm64-apple-watchos9.0 -g -module-cache-path /Users/admin/builder/spi-builder-workspace/.derivedData/ModuleCache.noindex -Xfrontend -serialize-debugging-options -profile-coverage-mapping -profile-generate -enable-testing -suppress-warnings -index-store-path /Users/admin/builder/spi-builder-workspace/.derivedData/Index.noindex/DataStore -Xcc -D_LIBCPP_HARDENING_MODE\=_LIBCPP_HARDENING_MODE_DEBUG -swift-version 5 -I /Users/admin/builder/spi-builder-workspace/.derivedData/Build/Products/Debug-watchos -Isystem /Applications/Xcode-27.0.0-Release.Candidate.app/Contents/Developer/Platforms/WatchOS.platform/Developer/usr/lib -F /Users/admin/builder/spi-builder-workspace/.derivedData/Build/Products/Debug-watchos -F /Applications/Xcode-27.0.0-Release.Candidate.app/Contents/Developer/Platforms/WatchOS.platform/Developer/Library/Frameworks -F /Applications/Xcode-27.0.0-Release.Candidate.app/Contents/Developer/Platforms/WatchOS.platform/Developer/SDKs/WatchOS27.0.sdk/Developer/Library/Frameworks -c -j10 -enable-batch-mode -incremental -Xcc -ivfsstatcache -Xcc /Users/admin/builder/spi-builder-workspace/.derivedData/SDKStatCaches.noindex/watchos27.0-24R360-e829b21a6f8c9b70876ba0858053c04477534ef55a1706bf4c1112bbb242f0a2.sdkstatcache -output-file-map /Users/admin/builder/spi-builder-workspace/.derivedData/Build/Intermediates.noindex/CombineExt.build/Debug-watchos/CombineExt-t.build/Objects-normal/arm64/CombineExt-OutputFileMap.json -save-temps -no-color-diagnostics -explicit-module-build -module-cache-path /Users/admin/builder/spi-builder-workspace/.derivedData/Build/Intermediates.noindex/SwiftExplicitPrecompiledModules -clang-scanner-module-cache-path /Users/admin/builder/spi-builder-workspace/.derivedData/ModuleCache.noindex -sdk-module-cache-path /Users/admin/builder/spi-builder-workspace/.derivedData/SDKExplicitPrecompiledModules -emit-dependencies -emit-module -emit-module-path /Users/admin/builder/spi-builder-workspace/.derivedData/Build/Intermediates.noindex/CombineExt.build/Debug-watchos/CombineExt-t.build/Objects-normal/arm64/CombineExt.swiftmodule -serialize-diagnostics -dependency-scan-serialize-diagnostics-path /Users/admin/builder/spi-builder-workspace/.derivedData/Build/Intermediates.noindex/CombineExt.build/Debug-watchos/CombineExt-t.build/Objects-normal/arm64/CombineExt-dependency-scan.dia -validate-clang-modules-once -clang-build-session-file /Users/admin/builder/spi-builder-workspace/.derivedData/ModuleCache.noindex/Session.modulevalidation -Xcc -fmodules-prune-interval\=86400 -Xcc -fmodules-prune-after\=345600 -emit-const-values -const-gather-protocols-list /Users/admin/builder/spi-builder-workspace/.derivedData/Build/Intermediates.noindex/CombineExt.build/Debug-watchos/CombineExt-t.build/Objects-normal/arm64/CombineExt_const_extract_protocols.json -Xcc -I/Users/admin/builder/spi-builder-workspace/.derivedData/Build/Products/Debug-watchos/include -Xcc -I/Users/admin/builder/spi-builder-workspace/.derivedData/Build/Intermediates.noindex/CombineExt.build/Debug-watchos/CombineExt-t.build/DerivedSources-normal/arm64 -Xcc -I/Users/admin/builder/spi-builder-workspace/.derivedData/Build/Intermediates.noindex/CombineExt.build/Debug-watchos/CombineExt-t.build/DerivedSources/arm64 -Xcc -I/Users/admin/builder/spi-builder-workspace/.derivedData/Build/Intermediates.noindex/CombineExt.build/Debug-watchos/CombineExt-t.build/DerivedSources -Xcc -DSWIFT_PACKAGE -Xcc -DDEBUG\=1 -emit-objc-header -emit-objc-header-path /Users/admin/builder/spi-builder-workspace/.derivedData/Build/Intermediates.noindex/CombineExt.build/Debug-watchos/CombineExt-t.build/Objects-normal/arm64/CombineExt-Swift.h -working-directory /Users/admin/builder/spi-builder-workspace/.swiftpm/xcode -experimental-emit-module-separately -disable-cmo
SwiftExplicitDependencyGeneratePcm arm64_32 /Users/admin/builder/spi-builder-workspace/.derivedData/SDKExplicitPrecompiledModules/_Builtin_stdarg-D305JG44A2WPI6CJY37X3QJE8.pcm
SwiftExplicitDependencyGeneratePcm arm64_32 /Users/admin/builder/spi-builder-workspace/.derivedData/SDKExplicitPrecompiledModules/_SwiftConcurrencyShims-6RTBPQ03V7BM9SPRK8SUE055H.pcm
SwiftExplicitDependencyGeneratePcm arm64_32 /Users/admin/builder/spi-builder-workspace/.derivedData/SDKExplicitPrecompiledModules/ptrauth-BFXF358ME5AK535N5A9Z766WU.pcm
SwiftExplicitDependencyGeneratePcm arm64_32 /Users/admin/builder/spi-builder-workspace/.derivedData/SDKExplicitPrecompiledModules/_Builtin_stddef-H44EFHQX6XSS5MZ7QP6YJZ76.pcm
SwiftExplicitDependencyGeneratePcm arm64_32 /Users/admin/builder/spi-builder-workspace/.derivedData/SDKExplicitPrecompiledModules/ptrcheck-7ELIH9BTIGVKX3UBITM9N72WD.pcm
SwiftExplicitDependencyGeneratePcm arm64_32 /Users/admin/builder/spi-builder-workspace/.derivedData/SDKExplicitPrecompiledModules/_Builtin_stdbool-A967K8W8YUYEC9SN52KJ7OO88.pcm
SwiftExplicitDependencyGeneratePcm arm64_32 /Users/admin/builder/spi-builder-workspace/.derivedData/SDKExplicitPrecompiledModules/_AvailabilityInternal-244WAN3Z1QBT7PIA64EZEFY1R.pcm
SwiftExplicitDependencyGeneratePcm arm64_32 /Users/admin/builder/spi-builder-workspace/.derivedData/SDKExplicitPrecompiledModules/SwiftShims-9CQQGWTSNTN9EB5NSHDWUJICH.pcm
SwiftExplicitDependencyGeneratePcm arm64 /Users/admin/builder/spi-builder-workspace/.derivedData/SDKExplicitPrecompiledModules/_Builtin_stdbool-83J96QSOFE9VX04AAS6310UAE.pcm
SwiftExplicitDependencyGeneratePcm arm64 /Users/admin/builder/spi-builder-workspace/.derivedData/SDKExplicitPrecompiledModules/ptrcheck-AIF0NDOYZ8ORBNHQAQR5NNB8M.pcm
SwiftExplicitDependencyGeneratePcm arm64 /Users/admin/builder/spi-builder-workspace/.derivedData/SDKExplicitPrecompiledModules/_SwiftConcurrencyShims-659N52XSKR5F0QSB880BH2FJR.pcm
SwiftExplicitDependencyGeneratePcm arm64 /Users/admin/builder/spi-builder-workspace/.derivedData/SDKExplicitPrecompiledModules/ptrauth-3TZ9WJCGLYD25HQPWH4968ONX.pcm
SwiftExplicitDependencyGeneratePcm arm64 /Users/admin/builder/spi-builder-workspace/.derivedData/SDKExplicitPrecompiledModules/_Builtin_stddef-1FU30Y8SWFB7OUUHMJQH5J6FM.pcm
SwiftExplicitDependencyGeneratePcm arm64 /Users/admin/builder/spi-builder-workspace/.derivedData/SDKExplicitPrecompiledModules/SwiftShims-4MXFZPV6FEB0XBYXCGPWAMQGL.pcm
SwiftExplicitDependencyGeneratePcm arm64_32 /Users/admin/builder/spi-builder-workspace/.derivedData/SDKExplicitPrecompiledModules/_Builtin_float-6KO8O3PEWRCA4WC6PPLOYO6WJ.pcm
SwiftExplicitDependencyGeneratePcm arm64 /Users/admin/builder/spi-builder-workspace/.derivedData/SDKExplicitPrecompiledModules/_Builtin_float-C0CW5Q4HGBQYKE77TC42IAFB5.pcm
SwiftExplicitDependencyGeneratePcm arm64 /Users/admin/builder/spi-builder-workspace/.derivedData/SDKExplicitPrecompiledModules/_Builtin_stdarg-A7UU8LE6MP85SM26YO7PBZNUQ.pcm
SwiftExplicitDependencyGeneratePcm arm64 /Users/admin/builder/spi-builder-workspace/.derivedData/SDKExplicitPrecompiledModules/_AvailabilityInternal-BUNV3UXM65NT37THI4W1AM0SF.pcm
SwiftExplicitDependencyGeneratePcm arm64_32 /Users/admin/builder/spi-builder-workspace/.derivedData/SDKExplicitPrecompiledModules/_DarwinFoundation1-2GWF9RFMPLQW4PDHS3NARVI3G.pcm
SwiftExplicitDependencyGeneratePcm arm64 /Users/admin/builder/spi-builder-workspace/.derivedData/SDKExplicitPrecompiledModules/_DarwinFoundation1-7SPX3MD0HMP55E4OLNCPNDQ53.pcm
SwiftExplicitDependencyGeneratePcm arm64_32 /Users/admin/builder/spi-builder-workspace/.derivedData/SDKExplicitPrecompiledModules/_DarwinFoundation2-9MY8GOSYRO0M9MKNXF6D3MBNK.pcm
SwiftExplicitDependencyGeneratePcm arm64_32 /Users/admin/builder/spi-builder-workspace/.derivedData/SDKExplicitPrecompiledModules/_Builtin_limits-3VKBU2AFTD65PAJZ5CJ3LHFM2.pcm
SwiftExplicitDependencyGeneratePcm arm64 /Users/admin/builder/spi-builder-workspace/.derivedData/SDKExplicitPrecompiledModules/_DarwinFoundation2-D0XAPJU49S5E9XMKYOFGSTB1Q.pcm
SwiftExplicitDependencyGeneratePcm arm64 /Users/admin/builder/spi-builder-workspace/.derivedData/SDKExplicitPrecompiledModules/_Builtin_limits-9GWPA2B0H20DYUNYHYCWKABJG.pcm
SwiftExplicitDependencyGeneratePcm arm64_32 /Users/admin/builder/spi-builder-workspace/.derivedData/SDKExplicitPrecompiledModules/string_h-BFVLUQUSBZWYMLCU9QI7VZALW.pcm
SwiftExplicitDependencyGeneratePcm arm64_32 /Users/admin/builder/spi-builder-workspace/.derivedData/SDKExplicitPrecompiledModules/sys_types-8TLLMW08ZJWDGIIPKOYFGHHZW.pcm
SwiftExplicitDependencyGeneratePcm arm64_32 /Users/admin/builder/spi-builder-workspace/.derivedData/SDKExplicitPrecompiledModules/_Builtin_stdint-1HMXWI3V0V4TXHRWZOMZGZ80Y.pcm
SwiftExplicitDependencyGeneratePcm arm64 /Users/admin/builder/spi-builder-workspace/.derivedData/SDKExplicitPrecompiledModules/_Builtin_stdint-8XMILLJZEGRN2XG7XZUXZ5RLX.pcm
SwiftExplicitDependencyGeneratePcm arm64 /Users/admin/builder/spi-builder-workspace/.derivedData/SDKExplicitPrecompiledModules/string_h-E6PRXK75PHIPCZFWOFCQ3QBMK.pcm
SwiftExplicitDependencyGeneratePcm arm64 /Users/admin/builder/spi-builder-workspace/.derivedData/SDKExplicitPrecompiledModules/sys_types-2KXQLI78OUCDP779AE68GZJ2.pcm
SwiftExplicitDependencyGeneratePcm arm64_32 /Users/admin/builder/spi-builder-workspace/.derivedData/SDKExplicitPrecompiledModules/_DarwinFoundation3-3DUTYQDQSD9HUAAVY947NMWOI.pcm
SwiftExplicitDependencyGeneratePcm arm64 /Users/admin/builder/spi-builder-workspace/.derivedData/SDKExplicitPrecompiledModules/_DarwinFoundation3-B97LRG0E9GON2NUE65TVG81HU.pcm
SwiftExplicitDependencyGeneratePcm arm64_32 /Users/admin/builder/spi-builder-workspace/.derivedData/SDKExplicitPrecompiledModules/_Builtin_inttypes-D2KPCR4PEX9AQA33NGLUT5SBR.pcm
SwiftExplicitDependencyGeneratePcm arm64 /Users/admin/builder/spi-builder-workspace/.derivedData/SDKExplicitPrecompiledModules/_Builtin_inttypes-3UQSCM7WNM9EK4HZML8TY5J3D.pcm
SwiftExplicitDependencyGeneratePcm arm64 /Users/admin/builder/spi-builder-workspace/.derivedData/SDKExplicitPrecompiledModules/Darwin-3984OXKFNSPE77NT743WK8SEX.pcm
SwiftExplicitDependencyGeneratePcm arm64_32 /Users/admin/builder/spi-builder-workspace/.derivedData/SDKExplicitPrecompiledModules/Darwin-3FVT1SKLN2ZQ5RVOABMTQBB34.pcm
SwiftExplicitDependencyGeneratePcm arm64_32 /Users/admin/builder/spi-builder-workspace/.derivedData/SDKExplicitPrecompiledModules/ObjectiveC-6IJNELR2E80E7LUKESVCP2KET.pcm
SwiftExplicitDependencyGeneratePcm arm64 /Users/admin/builder/spi-builder-workspace/.derivedData/SDKExplicitPrecompiledModules/ObjectiveC-72IVD3VS2RS8Q28D9PIMY0KQP.pcm
SwiftExplicitDependencyGeneratePcm arm64_32 /Users/admin/builder/spi-builder-workspace/.derivedData/SDKExplicitPrecompiledModules/os_object-5YWTC6L4756IWSTPGXS5NM0D0.pcm
SwiftExplicitDependencyGeneratePcm arm64 /Users/admin/builder/spi-builder-workspace/.derivedData/SDKExplicitPrecompiledModules/os_object-3SDKD7F87FTZ26OON37DRYT6O.pcm
SwiftExplicitDependencyGeneratePcm arm64_32 /Users/admin/builder/spi-builder-workspace/.derivedData/SDKExplicitPrecompiledModules/os_workgroup-5JHTPDMNBUNHLJI8LPHKQK1JK.pcm
SwiftExplicitDependencyGeneratePcm arm64 /Users/admin/builder/spi-builder-workspace/.derivedData/SDKExplicitPrecompiledModules/os_workgroup-89GG5G7YC2D0ZTK6AZXXQ20DH.pcm
SwiftExplicitDependencyGeneratePcm arm64_32 /Users/admin/builder/spi-builder-workspace/.derivedData/SDKExplicitPrecompiledModules/Dispatch-2P62F1T4XV63S4P99TUDTOK2Q.pcm
SwiftExplicitDependencyGeneratePcm arm64 /Users/admin/builder/spi-builder-workspace/.derivedData/SDKExplicitPrecompiledModules/Dispatch-1NLJOVAK60XP0DUB05XA59EIM.pcm
SwiftExplicitDependencyGeneratePcm arm64 /Users/admin/builder/spi-builder-workspace/.derivedData/SDKExplicitPrecompiledModules/XPC-40DR0X1DHKGCV4J1IOLFS8MOU.pcm
SwiftExplicitDependencyGeneratePcm arm64 /Users/admin/builder/spi-builder-workspace/.derivedData/SDKExplicitPrecompiledModules/CoreFoundation-8T2L24YC5NU7WO6WQJWRY7W08.pcm
SwiftExplicitDependencyGeneratePcm arm64_32 /Users/admin/builder/spi-builder-workspace/.derivedData/SDKExplicitPrecompiledModules/CoreFoundation-8E6Y4BA3EXYKUGJ24GT9LGV3N.pcm
SwiftExplicitDependencyGeneratePcm arm64_32 /Users/admin/builder/spi-builder-workspace/.derivedData/SDKExplicitPrecompiledModules/XPC-81Y45QFY96XYYFCW2GT6FY8S4.pcm
SwiftExplicitDependencyGeneratePcm arm64_32 /Users/admin/builder/spi-builder-workspace/.derivedData/SDKExplicitPrecompiledModules/Security-D7TOWF88VWF67TB9HAFP5UWB1.pcm
SwiftExplicitDependencyGeneratePcm arm64 /Users/admin/builder/spi-builder-workspace/.derivedData/SDKExplicitPrecompiledModules/Security-6RZ6YBRU8WCUHRFFRVUK5WKMM.pcm
SwiftExplicitDependencyGeneratePcm arm64 /Users/admin/builder/spi-builder-workspace/.derivedData/SDKExplicitPrecompiledModules/Foundation-DLBKUSGXN8QHAT8W0OARR9S8A.pcm
SwiftExplicitDependencyGeneratePcm arm64_32 /Users/admin/builder/spi-builder-workspace/.derivedData/SDKExplicitPrecompiledModules/Foundation-BJ2VQGI3OGR34500MEQ1VKHPH.pcm
SwiftEmitModule normal arm64 Emitting\ module\ for\ CombineExt (in target 'CombineExt' from project 'CombineExt')
SwiftCompile normal arm64 (in target 'CombineExt' from project 'CombineExt')
cd /Users/admin/builder/spi-builder-workspace/.swiftpm/xcode
SwiftCompile normal arm64 Compiling\ SetOutputType.swift,\ ShareReplay.swift,\ Toggle.swift /Users/admin/builder/spi-builder-workspace/.dependencies/checkouts/CombineExt/Sources/Operators/SetOutputType.swift /Users/admin/builder/spi-builder-workspace/.dependencies/checkouts/CombineExt/Sources/Operators/ShareReplay.swift /Users/admin/builder/spi-builder-workspace/.dependencies/checkouts/CombineExt/Sources/Operators/Toggle.swift (in target 'CombineExt' from project 'CombineExt')
SwiftCompile normal arm64 /Users/admin/builder/spi-builder-workspace/.dependencies/checkouts/CombineExt/Sources/Operators/SetOutputType.swift (in target 'CombineExt' from project 'CombineExt')
cd /Users/admin/builder/spi-builder-workspace/.swiftpm/xcode
builtin-SwiftPerFileCompile SetOutputType.swift
SwiftCompile normal arm64 /Users/admin/builder/spi-builder-workspace/.dependencies/checkouts/CombineExt/Sources/Operators/ShareReplay.swift (in target 'CombineExt' from project 'CombineExt')
cd /Users/admin/builder/spi-builder-workspace/.swiftpm/xcode
builtin-SwiftPerFileCompile ShareReplay.swift
SwiftCompile normal arm64 /Users/admin/builder/spi-builder-workspace/.dependencies/checkouts/CombineExt/Sources/Operators/Toggle.swift (in target 'CombineExt' from project 'CombineExt')
cd /Users/admin/builder/spi-builder-workspace/.swiftpm/xcode
builtin-SwiftPerFileCompile Toggle.swift
SwiftCompile normal arm64 Compiling\ CombineLatestMany.swift,\ Create.swift,\ Dematerialize.swift,\ FilterMany.swift /Users/admin/builder/spi-builder-workspace/.dependencies/checkouts/CombineExt/Sources/Operators/CombineLatestMany.swift /Users/admin/builder/spi-builder-workspace/.dependencies/checkouts/CombineExt/Sources/Operators/Create.swift /Users/admin/builder/spi-builder-workspace/.dependencies/checkouts/CombineExt/Sources/Operators/Dematerialize.swift /Users/admin/builder/spi-builder-workspace/.dependencies/checkouts/CombineExt/Sources/Operators/FilterMany.swift (in target 'CombineExt' from project 'CombineExt')
SwiftCompile normal arm64 /Users/admin/builder/spi-builder-workspace/.dependencies/checkouts/CombineExt/Sources/Operators/CombineLatestMany.swift (in target 'CombineExt' from project 'CombineExt')
cd /Users/admin/builder/spi-builder-workspace/.swiftpm/xcode
builtin-SwiftPerFileCompile CombineLatestMany.swift
SwiftCompile normal arm64 /Users/admin/builder/spi-builder-workspace/.dependencies/checkouts/CombineExt/Sources/Operators/Create.swift (in target 'CombineExt' from project 'CombineExt')
cd /Users/admin/builder/spi-builder-workspace/.swiftpm/xcode
builtin-SwiftPerFileCompile Create.swift
SwiftCompile normal arm64 /Users/admin/builder/spi-builder-workspace/.dependencies/checkouts/CombineExt/Sources/Operators/Dematerialize.swift (in target 'CombineExt' from project 'CombineExt')
cd /Users/admin/builder/spi-builder-workspace/.swiftpm/xcode
builtin-SwiftPerFileCompile Dematerialize.swift
SwiftCompile normal arm64 /Users/admin/builder/spi-builder-workspace/.dependencies/checkouts/CombineExt/Sources/Operators/FilterMany.swift (in target 'CombineExt' from project 'CombineExt')
cd /Users/admin/builder/spi-builder-workspace/.swiftpm/xcode
builtin-SwiftPerFileCompile FilterMany.swift
SwiftCompile normal arm64 Compiling\ ObjectOwnership.swift,\ Amb.swift,\ AssignOwnership.swift,\ AssignToMany.swift /Users/admin/builder/spi-builder-workspace/.dependencies/checkouts/CombineExt/Sources/Models/ObjectOwnership.swift /Users/admin/builder/spi-builder-workspace/.dependencies/checkouts/CombineExt/Sources/Operators/Amb.swift /Users/admin/builder/spi-builder-workspace/.dependencies/checkouts/CombineExt/Sources/Operators/AssignOwnership.swift /Users/admin/builder/spi-builder-workspace/.dependencies/checkouts/CombineExt/Sources/Operators/AssignToMany.swift (in target 'CombineExt' from project 'CombineExt')
SwiftCompile normal arm64 /Users/admin/builder/spi-builder-workspace/.dependencies/checkouts/CombineExt/Sources/Models/ObjectOwnership.swift (in target 'CombineExt' from project 'CombineExt')
cd /Users/admin/builder/spi-builder-workspace/.swiftpm/xcode
builtin-SwiftPerFileCompile ObjectOwnership.swift
SwiftCompile normal arm64 /Users/admin/builder/spi-builder-workspace/.dependencies/checkouts/CombineExt/Sources/Operators/Amb.swift (in target 'CombineExt' from project 'CombineExt')
cd /Users/admin/builder/spi-builder-workspace/.swiftpm/xcode
builtin-SwiftPerFileCompile Amb.swift
SwiftCompile normal arm64 /Users/admin/builder/spi-builder-workspace/.dependencies/checkouts/CombineExt/Sources/Operators/AssignOwnership.swift (in target 'CombineExt' from project 'CombineExt')
cd /Users/admin/builder/spi-builder-workspace/.swiftpm/xcode
builtin-SwiftPerFileCompile AssignOwnership.swift
SwiftCompile normal arm64 /Users/admin/builder/spi-builder-workspace/.dependencies/checkouts/CombineExt/Sources/Operators/AssignToMany.swift (in target 'CombineExt' from project 'CombineExt')
cd /Users/admin/builder/spi-builder-workspace/.swiftpm/xcode
builtin-SwiftPerFileCompile AssignToMany.swift
SwiftCompile normal arm64 Compiling\ WithLatestFrom.swift,\ ZipMany.swift,\ CurrentValueRelay.swift /Users/admin/builder/spi-builder-workspace/.dependencies/checkouts/CombineExt/Sources/Operators/WithLatestFrom.swift /Users/admin/builder/spi-builder-workspace/.dependencies/checkouts/CombineExt/Sources/Operators/ZipMany.swift /Users/admin/builder/spi-builder-workspace/.dependencies/checkouts/CombineExt/Sources/Relays/CurrentValueRelay.swift (in target 'CombineExt' from project 'CombineExt')
SwiftCompile normal arm64 /Users/admin/builder/spi-builder-workspace/.dependencies/checkouts/CombineExt/Sources/Operators/WithLatestFrom.swift (in target 'CombineExt' from project 'CombineExt')
cd /Users/admin/builder/spi-builder-workspace/.swiftpm/xcode
builtin-SwiftPerFileCompile WithLatestFrom.swift
SwiftCompile normal arm64 /Users/admin/builder/spi-builder-workspace/.dependencies/checkouts/CombineExt/Sources/Operators/ZipMany.swift (in target 'CombineExt' from project 'CombineExt')
cd /Users/admin/builder/spi-builder-workspace/.swiftpm/xcode
builtin-SwiftPerFileCompile ZipMany.swift
SwiftCompile normal arm64 /Users/admin/builder/spi-builder-workspace/.dependencies/checkouts/CombineExt/Sources/Relays/CurrentValueRelay.swift (in target 'CombineExt' from project 'CombineExt')
cd /Users/admin/builder/spi-builder-workspace/.swiftpm/xcode
builtin-SwiftPerFileCompile CurrentValueRelay.swift
SwiftCompile normal arm64 Compiling\ DemandBuffer.swift,\ Sink.swift,\ Optional.swift,\ Event.swift /Users/admin/builder/spi-builder-workspace/.dependencies/checkouts/CombineExt/Sources/Common/DemandBuffer.swift /Users/admin/builder/spi-builder-workspace/.dependencies/checkouts/CombineExt/Sources/Common/Sink.swift /Users/admin/builder/spi-builder-workspace/.dependencies/checkouts/CombineExt/Sources/Convenience/Optional.swift /Users/admin/builder/spi-builder-workspace/.dependencies/checkouts/CombineExt/Sources/Models/Event.swift (in target 'CombineExt' from project 'CombineExt')
SwiftCompile normal arm64 /Users/admin/builder/spi-builder-workspace/.dependencies/checkouts/CombineExt/Sources/Common/DemandBuffer.swift (in target 'CombineExt' from project 'CombineExt')
cd /Users/admin/builder/spi-builder-workspace/.swiftpm/xcode
builtin-SwiftPerFileCompile DemandBuffer.swift
SwiftCompile normal arm64 /Users/admin/builder/spi-builder-workspace/.dependencies/checkouts/CombineExt/Sources/Common/Sink.swift (in target 'CombineExt' from project 'CombineExt')
cd /Users/admin/builder/spi-builder-workspace/.swiftpm/xcode
builtin-SwiftPerFileCompile Sink.swift
SwiftCompile normal arm64 /Users/admin/builder/spi-builder-workspace/.dependencies/checkouts/CombineExt/Sources/Convenience/Optional.swift (in target 'CombineExt' from project 'CombineExt')
cd /Users/admin/builder/spi-builder-workspace/.swiftpm/xcode
builtin-SwiftPerFileCompile Optional.swift
SwiftCompile normal arm64 /Users/admin/builder/spi-builder-workspace/.dependencies/checkouts/CombineExt/Sources/Models/Event.swift (in target 'CombineExt' from project 'CombineExt')
cd /Users/admin/builder/spi-builder-workspace/.swiftpm/xcode
builtin-SwiftPerFileCompile Event.swift
SwiftCompile normal arm64 Compiling\ FlatMapBatches.swift,\ FlatMapLatest.swift,\ IgnoreFailure.swift,\ IgnoreOutputSetOutputType.swift /Users/admin/builder/spi-builder-workspace/.dependencies/checkouts/CombineExt/Sources/Operators/FlatMapBatches.swift /Users/admin/builder/spi-builder-workspace/.dependencies/checkouts/CombineExt/Sources/Operators/FlatMapLatest.swift /Users/admin/builder/spi-builder-workspace/.dependencies/checkouts/CombineExt/Sources/Operators/IgnoreFailure.swift /Users/admin/builder/spi-builder-workspace/.dependencies/checkouts/CombineExt/Sources/Operators/IgnoreOutputSetOutputType.swift (in target 'CombineExt' from project 'CombineExt')
SwiftCompile normal arm64 /Users/admin/builder/spi-builder-workspace/.dependencies/checkouts/CombineExt/Sources/Operators/FlatMapBatches.swift (in target 'CombineExt' from project 'CombineExt')
cd /Users/admin/builder/spi-builder-workspace/.swiftpm/xcode
builtin-SwiftPerFileCompile FlatMapBatches.swift
SwiftCompile normal arm64 /Users/admin/builder/spi-builder-workspace/.dependencies/checkouts/CombineExt/Sources/Operators/FlatMapLatest.swift (in target 'CombineExt' from project 'CombineExt')
cd /Users/admin/builder/spi-builder-workspace/.swiftpm/xcode
builtin-SwiftPerFileCompile FlatMapLatest.swift
SwiftCompile normal arm64 /Users/admin/builder/spi-builder-workspace/.dependencies/checkouts/CombineExt/Sources/Operators/IgnoreFailure.swift (in target 'CombineExt' from project 'CombineExt')
cd /Users/admin/builder/spi-builder-workspace/.swiftpm/xcode
builtin-SwiftPerFileCompile IgnoreFailure.swift
SwiftCompile normal arm64 /Users/admin/builder/spi-builder-workspace/.dependencies/checkouts/CombineExt/Sources/Operators/IgnoreOutputSetOutputType.swift (in target 'CombineExt' from project 'CombineExt')
cd /Users/admin/builder/spi-builder-workspace/.swiftpm/xcode
builtin-SwiftPerFileCompile IgnoreOutputSetOutputType.swift
SwiftCompile normal arm64 Compiling\ Partition.swift,\ PrefixDuration.swift,\ RemoveAllDuplicates.swift /Users/admin/builder/spi-builder-workspace/.dependencies/checkouts/CombineExt/Sources/Operators/Partition.swift /Users/admin/builder/spi-builder-workspace/.dependencies/checkouts/CombineExt/Sources/Operators/PrefixDuration.swift /Users/admin/builder/spi-builder-workspace/.dependencies/checkouts/CombineExt/Sources/Operators/RemoveAllDuplicates.swift (in target 'CombineExt' from project 'CombineExt')
SwiftCompile normal arm64 /Users/admin/builder/spi-builder-workspace/.dependencies/checkouts/CombineExt/Sources/Operators/Partition.swift (in target 'CombineExt' from project 'CombineExt')
cd /Users/admin/builder/spi-builder-workspace/.swiftpm/xcode
builtin-SwiftPerFileCompile Partition.swift
SwiftCompile normal arm64 /Users/admin/builder/spi-builder-workspace/.dependencies/checkouts/CombineExt/Sources/Operators/PrefixDuration.swift (in target 'CombineExt' from project 'CombineExt')
cd /Users/admin/builder/spi-builder-workspace/.swiftpm/xcode
builtin-SwiftPerFileCompile PrefixDuration.swift
SwiftCompile normal arm64 /Users/admin/builder/spi-builder-workspace/.dependencies/checkouts/CombineExt/Sources/Operators/RemoveAllDuplicates.swift (in target 'CombineExt' from project 'CombineExt')
cd /Users/admin/builder/spi-builder-workspace/.swiftpm/xcode
builtin-SwiftPerFileCompile RemoveAllDuplicates.swift
SwiftCompile normal arm64 Compiling\ Lock.swift,\ Timer.swift,\ MapMany.swift /Users/admin/builder/spi-builder-workspace/.dependencies/checkouts/CombineExt/Sources/Operators/Internal/Lock.swift /Users/admin/builder/spi-builder-workspace/.dependencies/checkouts/CombineExt/Sources/Operators/Internal/Timer.swift /Users/admin/builder/spi-builder-workspace/.dependencies/checkouts/CombineExt/Sources/Operators/MapMany.swift (in target 'CombineExt' from project 'CombineExt')
SwiftCompile normal arm64 /Users/admin/builder/spi-builder-workspace/.dependencies/checkouts/CombineExt/Sources/Operators/Internal/Lock.swift (in target 'CombineExt' from project 'CombineExt')
cd /Users/admin/builder/spi-builder-workspace/.swiftpm/xcode
builtin-SwiftPerFileCompile Lock.swift
SwiftCompile normal arm64 /Users/admin/builder/spi-builder-workspace/.dependencies/checkouts/CombineExt/Sources/Operators/Internal/Timer.swift (in target 'CombineExt' from project 'CombineExt')
cd /Users/admin/builder/spi-builder-workspace/.swiftpm/xcode
builtin-SwiftPerFileCompile Timer.swift
SwiftCompile normal arm64 /Users/admin/builder/spi-builder-workspace/.dependencies/checkouts/CombineExt/Sources/Operators/MapMany.swift (in target 'CombineExt' from project 'CombineExt')
cd /Users/admin/builder/spi-builder-workspace/.swiftpm/xcode
builtin-SwiftPerFileCompile MapMany.swift
SwiftCompile normal arm64 Compiling\ Materialize.swift,\ MergeMany.swift,\ Nwise.swift /Users/admin/builder/spi-builder-workspace/.dependencies/checkouts/CombineExt/Sources/Operators/Materialize.swift /Users/admin/builder/spi-builder-workspace/.dependencies/checkouts/CombineExt/Sources/Operators/MergeMany.swift /Users/admin/builder/spi-builder-workspace/.dependencies/checkouts/CombineExt/Sources/Operators/Nwise.swift (in target 'CombineExt' from project 'CombineExt')
SwiftCompile normal arm64 /Users/admin/builder/spi-builder-workspace/.dependencies/checkouts/CombineExt/Sources/Operators/Materialize.swift (in target 'CombineExt' from project 'CombineExt')
cd /Users/admin/builder/spi-builder-workspace/.swiftpm/xcode
builtin-SwiftPerFileCompile Materialize.swift
SwiftCompile normal arm64 /Users/admin/builder/spi-builder-workspace/.dependencies/checkouts/CombineExt/Sources/Operators/MergeMany.swift (in target 'CombineExt' from project 'CombineExt')
cd /Users/admin/builder/spi-builder-workspace/.swiftpm/xcode
builtin-SwiftPerFileCompile MergeMany.swift
SwiftCompile normal arm64 /Users/admin/builder/spi-builder-workspace/.dependencies/checkouts/CombineExt/Sources/Operators/Nwise.swift (in target 'CombineExt' from project 'CombineExt')
cd /Users/admin/builder/spi-builder-workspace/.swiftpm/xcode
builtin-SwiftPerFileCompile Nwise.swift
SwiftEmitModule normal arm64_32 Emitting\ module\ for\ CombineExt (in target 'CombineExt' from project 'CombineExt')
SwiftCompile normal arm64_32 (in target 'CombineExt' from project 'CombineExt')
cd /Users/admin/builder/spi-builder-workspace/.swiftpm/xcode
SwiftDriverJobDiscovery normal arm64 Emitting module for CombineExt (in target 'CombineExt' from project 'CombineExt')
SwiftDriver\ Compilation\ Requirements CombineExt normal arm64 com.apple.xcode.tools.swift.compiler (in target 'CombineExt' from project 'CombineExt')
cd /Users/admin/builder/spi-builder-workspace/.swiftpm/xcode
builtin-Swift-Compilation-Requirements -- /Applications/Xcode-27.0.0-Release.Candidate.app/Contents/Developer/Toolchains/XcodeDefault.xctoolchain/usr/bin/swiftc -parse-as-library -module-name CombineExt -Onone @/Users/admin/builder/spi-builder-workspace/.derivedData/Build/Intermediates.noindex/CombineExt.build/Debug-watchos/CombineExt-t.build/Objects-normal/arm64/CombineExt.SwiftFileList -DSWIFT_PACKAGE -DDEBUG -DSWIFT_MODULE_RESOURCE_BUNDLE_UNAVAILABLE -DXcode -plugin-path /Applications/Xcode-27.0.0-Release.Candidate.app/Contents/Developer/Toolchains/XcodeDefault.xctoolchain/usr/lib/swift/host/plugins/testing -enable-experimental-feature DebugDescriptionMacro -sdk /Applications/Xcode-27.0.0-Release.Candidate.app/Contents/Developer/Platforms/WatchOS.platform/Developer/SDKs/WatchOS27.0.sdk -target arm64-apple-watchos9.0 -g -module-cache-path /Users/admin/builder/spi-builder-workspace/.derivedData/ModuleCache.noindex -Xfrontend -serialize-debugging-options -profile-coverage-mapping -profile-generate -enable-testing -suppress-warnings -index-store-path /Users/admin/builder/spi-builder-workspace/.derivedData/Index.noindex/DataStore -Xcc -D_LIBCPP_HARDENING_MODE\=_LIBCPP_HARDENING_MODE_DEBUG -swift-version 5 -I /Users/admin/builder/spi-builder-workspace/.derivedData/Build/Products/Debug-watchos -Isystem /Applications/Xcode-27.0.0-Release.Candidate.app/Contents/Developer/Platforms/WatchOS.platform/Developer/usr/lib -F /Users/admin/builder/spi-builder-workspace/.derivedData/Build/Products/Debug-watchos -F /Applications/Xcode-27.0.0-Release.Candidate.app/Contents/Developer/Platforms/WatchOS.platform/Developer/Library/Frameworks -F /Applications/Xcode-27.0.0-Release.Candidate.app/Contents/Developer/Platforms/WatchOS.platform/Developer/SDKs/WatchOS27.0.sdk/Developer/Library/Frameworks -c -j10 -enable-batch-mode -incremental -Xcc -ivfsstatcache -Xcc /Users/admin/builder/spi-builder-workspace/.derivedData/SDKStatCaches.noindex/watchos27.0-24R360-e829b21a6f8c9b70876ba0858053c04477534ef55a1706bf4c1112bbb242f0a2.sdkstatcache -output-file-map /Users/admin/builder/spi-builder-workspace/.derivedData/Build/Intermediates.noindex/CombineExt.build/Debug-watchos/CombineExt-t.build/Objects-normal/arm64/CombineExt-OutputFileMap.json -save-temps -no-color-diagnostics -explicit-module-build -module-cache-path /Users/admin/builder/spi-builder-workspace/.derivedData/Build/Intermediates.noindex/SwiftExplicitPrecompiledModules -clang-scanner-module-cache-path /Users/admin/builder/spi-builder-workspace/.derivedData/ModuleCache.noindex -sdk-module-cache-path /Users/admin/builder/spi-builder-workspace/.derivedData/SDKExplicitPrecompiledModules -emit-dependencies -emit-module -emit-module-path /Users/admin/builder/spi-builder-workspace/.derivedData/Build/Intermediates.noindex/CombineExt.build/Debug-watchos/CombineExt-t.build/Objects-normal/arm64/CombineExt.swiftmodule -serialize-diagnostics -dependency-scan-serialize-diagnostics-path /Users/admin/builder/spi-builder-workspace/.derivedData/Build/Intermediates.noindex/CombineExt.build/Debug-watchos/CombineExt-t.build/Objects-normal/arm64/CombineExt-dependency-scan.dia -validate-clang-modules-once -clang-build-session-file /Users/admin/builder/spi-builder-workspace/.derivedData/ModuleCache.noindex/Session.modulevalidation -Xcc -fmodules-prune-interval\=86400 -Xcc -fmodules-prune-after\=345600 -emit-const-values -const-gather-protocols-list /Users/admin/builder/spi-builder-workspace/.derivedData/Build/Intermediates.noindex/CombineExt.build/Debug-watchos/CombineExt-t.build/Objects-normal/arm64/CombineExt_const_extract_protocols.json -Xcc -I/Users/admin/builder/spi-builder-workspace/.derivedData/Build/Products/Debug-watchos/include -Xcc -I/Users/admin/builder/spi-builder-workspace/.derivedData/Build/Intermediates.noindex/CombineExt.build/Debug-watchos/CombineExt-t.build/DerivedSources-normal/arm64 -Xcc -I/Users/admin/builder/spi-builder-workspace/.derivedData/Build/Intermediates.noindex/CombineExt.build/Debug-watchos/CombineExt-t.build/DerivedSources/arm64 -Xcc -I/Users/admin/builder/spi-builder-workspace/.derivedData/Build/Intermediates.noindex/CombineExt.build/Debug-watchos/CombineExt-t.build/DerivedSources -Xcc -DSWIFT_PACKAGE -Xcc -DDEBUG\=1 -emit-objc-header -emit-objc-header-path /Users/admin/builder/spi-builder-workspace/.derivedData/Build/Intermediates.noindex/CombineExt.build/Debug-watchos/CombineExt-t.build/Objects-normal/arm64/CombineExt-Swift.h -working-directory /Users/admin/builder/spi-builder-workspace/.swiftpm/xcode -experimental-emit-module-separately -disable-cmo
SwiftDriverJobDiscovery normal arm64_32 Emitting module for CombineExt (in target 'CombineExt' from project 'CombineExt')
SwiftDriver\ Compilation\ Requirements CombineExt normal arm64_32 com.apple.xcode.tools.swift.compiler (in target 'CombineExt' from project 'CombineExt')
cd /Users/admin/builder/spi-builder-workspace/.swiftpm/xcode
builtin-Swift-Compilation-Requirements -- /Applications/Xcode-27.0.0-Release.Candidate.app/Contents/Developer/Toolchains/XcodeDefault.xctoolchain/usr/bin/swiftc -parse-as-library -module-name CombineExt -Onone @/Users/admin/builder/spi-builder-workspace/.derivedData/Build/Intermediates.noindex/CombineExt.build/Debug-watchos/CombineExt-t.build/Objects-normal/arm64_32/CombineExt.SwiftFileList -DSWIFT_PACKAGE -DDEBUG -DSWIFT_MODULE_RESOURCE_BUNDLE_UNAVAILABLE -DXcode -plugin-path /Applications/Xcode-27.0.0-Release.Candidate.app/Contents/Developer/Toolchains/XcodeDefault.xctoolchain/usr/lib/swift/host/plugins/testing -enable-experimental-feature DebugDescriptionMacro -sdk /Applications/Xcode-27.0.0-Release.Candidate.app/Contents/Developer/Platforms/WatchOS.platform/Developer/SDKs/WatchOS27.0.sdk -target arm64_32-apple-watchos9.0 -g -module-cache-path /Users/admin/builder/spi-builder-workspace/.derivedData/ModuleCache.noindex -Xfrontend -serialize-debugging-options -profile-coverage-mapping -profile-generate -enable-testing -suppress-warnings -index-store-path /Users/admin/builder/spi-builder-workspace/.derivedData/Index.noindex/DataStore -Xcc -D_LIBCPP_HARDENING_MODE\=_LIBCPP_HARDENING_MODE_DEBUG -swift-version 5 -I /Users/admin/builder/spi-builder-workspace/.derivedData/Build/Products/Debug-watchos -Isystem /Applications/Xcode-27.0.0-Release.Candidate.app/Contents/Developer/Platforms/WatchOS.platform/Developer/usr/lib -F /Users/admin/builder/spi-builder-workspace/.derivedData/Build/Products/Debug-watchos -F /Applications/Xcode-27.0.0-Release.Candidate.app/Contents/Developer/Platforms/WatchOS.platform/Developer/Library/Frameworks -F /Applications/Xcode-27.0.0-Release.Candidate.app/Contents/Developer/Platforms/WatchOS.platform/Developer/SDKs/WatchOS27.0.sdk/Developer/Library/Frameworks -c -j10 -enable-batch-mode -incremental -Xcc -ivfsstatcache -Xcc /Users/admin/builder/spi-builder-workspace/.derivedData/SDKStatCaches.noindex/watchos27.0-24R360-e829b21a6f8c9b70876ba0858053c04477534ef55a1706bf4c1112bbb242f0a2.sdkstatcache -output-file-map /Users/admin/builder/spi-builder-workspace/.derivedData/Build/Intermediates.noindex/CombineExt.build/Debug-watchos/CombineExt-t.build/Objects-normal/arm64_32/CombineExt-OutputFileMap.json -save-temps -no-color-diagnostics -explicit-module-build -module-cache-path /Users/admin/builder/spi-builder-workspace/.derivedData/Build/Intermediates.noindex/SwiftExplicitPrecompiledModules -clang-scanner-module-cache-path /Users/admin/builder/spi-builder-workspace/.derivedData/ModuleCache.noindex -sdk-module-cache-path /Users/admin/builder/spi-builder-workspace/.derivedData/SDKExplicitPrecompiledModules -emit-dependencies -emit-module -emit-module-path /Users/admin/builder/spi-builder-workspace/.derivedData/Build/Intermediates.noindex/CombineExt.build/Debug-watchos/CombineExt-t.build/Objects-normal/arm64_32/CombineExt.swiftmodule -serialize-diagnostics -dependency-scan-serialize-diagnostics-path /Users/admin/builder/spi-builder-workspace/.derivedData/Build/Intermediates.noindex/CombineExt.build/Debug-watchos/CombineExt-t.build/Objects-normal/arm64_32/CombineExt-dependency-scan.dia -validate-clang-modules-once -clang-build-session-file /Users/admin/builder/spi-builder-workspace/.derivedData/ModuleCache.noindex/Session.modulevalidation -Xcc -fmodules-prune-interval\=86400 -Xcc -fmodules-prune-after\=345600 -emit-const-values -const-gather-protocols-list /Users/admin/builder/spi-builder-workspace/.derivedData/Build/Intermediates.noindex/CombineExt.build/Debug-watchos/CombineExt-t.build/Objects-normal/arm64_32/CombineExt_const_extract_protocols.json -Xcc -I/Users/admin/builder/spi-builder-workspace/.derivedData/Build/Products/Debug-watchos/include -Xcc -I/Users/admin/builder/spi-builder-workspace/.derivedData/Build/Intermediates.noindex/CombineExt.build/Debug-watchos/CombineExt-t.build/DerivedSources-normal/arm64_32 -Xcc -I/Users/admin/builder/spi-builder-workspace/.derivedData/Build/Intermediates.noindex/CombineExt.build/Debug-watchos/CombineExt-t.build/DerivedSources/arm64_32 -Xcc -I/Users/admin/builder/spi-builder-workspace/.derivedData/Build/Intermediates.noindex/CombineExt.build/Debug-watchos/CombineExt-t.build/DerivedSources -Xcc -DSWIFT_PACKAGE -Xcc -DDEBUG\=1 -emit-objc-header -emit-objc-header-path /Users/admin/builder/spi-builder-workspace/.derivedData/Build/Intermediates.noindex/CombineExt.build/Debug-watchos/CombineExt-t.build/Objects-normal/arm64_32/CombineExt-Swift.h -working-directory /Users/admin/builder/spi-builder-workspace/.swiftpm/xcode -experimental-emit-module-separately -disable-cmo
SwiftCompile normal arm64_32 Compiling\ CombineLatestMany.swift,\ Create.swift,\ Dematerialize.swift,\ FilterMany.swift /Users/admin/builder/spi-builder-workspace/.dependencies/checkouts/CombineExt/Sources/Operators/CombineLatestMany.swift /Users/admin/builder/spi-builder-workspace/.dependencies/checkouts/CombineExt/Sources/Operators/Create.swift /Users/admin/builder/spi-builder-workspace/.dependencies/checkouts/CombineExt/Sources/Operators/Dematerialize.swift /Users/admin/builder/spi-builder-workspace/.dependencies/checkouts/CombineExt/Sources/Operators/FilterMany.swift (in target 'CombineExt' from project 'CombineExt')
SwiftCompile normal arm64_32 /Users/admin/builder/spi-builder-workspace/.dependencies/checkouts/CombineExt/Sources/Operators/CombineLatestMany.swift (in target 'CombineExt' from project 'CombineExt')
cd /Users/admin/builder/spi-builder-workspace/.swiftpm/xcode
builtin-SwiftPerFileCompile CombineLatestMany.swift
SwiftCompile normal arm64_32 /Users/admin/builder/spi-builder-workspace/.dependencies/checkouts/CombineExt/Sources/Operators/Create.swift (in target 'CombineExt' from project 'CombineExt')
cd /Users/admin/builder/spi-builder-workspace/.swiftpm/xcode
builtin-SwiftPerFileCompile Create.swift
SwiftCompile normal arm64_32 /Users/admin/builder/spi-builder-workspace/.dependencies/checkouts/CombineExt/Sources/Operators/Dematerialize.swift (in target 'CombineExt' from project 'CombineExt')
cd /Users/admin/builder/spi-builder-workspace/.swiftpm/xcode
builtin-SwiftPerFileCompile Dematerialize.swift
SwiftCompile normal arm64_32 /Users/admin/builder/spi-builder-workspace/.dependencies/checkouts/CombineExt/Sources/Operators/FilterMany.swift (in target 'CombineExt' from project 'CombineExt')
cd /Users/admin/builder/spi-builder-workspace/.swiftpm/xcode
builtin-SwiftPerFileCompile FilterMany.swift
SwiftMergeGeneratedHeaders /Users/admin/builder/spi-builder-workspace/.derivedData/Build/Intermediates.noindex/GeneratedModuleMaps-watchos/CombineExt-Swift.h /Users/admin/builder/spi-builder-workspace/.derivedData/Build/Intermediates.noindex/CombineExt.build/Debug-watchos/CombineExt-t.build/Objects-normal/arm64/CombineExt-Swift.h /Users/admin/builder/spi-builder-workspace/.derivedData/Build/Intermediates.noindex/CombineExt.build/Debug-watchos/CombineExt-t.build/Objects-normal/arm64_32/CombineExt-Swift.h (in target 'CombineExt' from project 'CombineExt')
cd /Users/admin/builder/spi-builder-workspace/.dependencies/checkouts/CombineExt
builtin-swiftHeaderTool -arch arm64 /Users/admin/builder/spi-builder-workspace/.derivedData/Build/Intermediates.noindex/CombineExt.build/Debug-watchos/CombineExt-t.build/Objects-normal/arm64/CombineExt-Swift.h -arch arm64_32 /Users/admin/builder/spi-builder-workspace/.derivedData/Build/Intermediates.noindex/CombineExt.build/Debug-watchos/CombineExt-t.build/Objects-normal/arm64_32/CombineExt-Swift.h -o /Users/admin/builder/spi-builder-workspace/.derivedData/Build/Intermediates.noindex/GeneratedModuleMaps-watchos/CombineExt-Swift.h
SwiftDriverJobDiscovery normal arm64 Compiling SetOutputType.swift, ShareReplay.swift, Toggle.swift (in target 'CombineExt' from project 'CombineExt')
Copy /Users/admin/builder/spi-builder-workspace/.derivedData/Build/Products/Debug-watchos/CombineExt.swiftmodule/arm64_32-apple-watchos.swiftmodule /Users/admin/builder/spi-builder-workspace/.derivedData/Build/Intermediates.noindex/CombineExt.build/Debug-watchos/CombineExt-t.build/Objects-normal/arm64_32/CombineExt.swiftmodule (in target 'CombineExt' from project 'CombineExt')
cd /Users/admin/builder/spi-builder-workspace/.dependencies/checkouts/CombineExt
builtin-copy -exclude .DS_Store -exclude CVS -exclude .svn -exclude .git -exclude .hg -resolve-src-symlinks -rename /Users/admin/builder/spi-builder-workspace/.derivedData/Build/Intermediates.noindex/CombineExt.build/Debug-watchos/CombineExt-t.build/Objects-normal/arm64_32/CombineExt.swiftmodule /Users/admin/builder/spi-builder-workspace/.derivedData/Build/Products/Debug-watchos/CombineExt.swiftmodule/arm64_32-apple-watchos.swiftmodule
Copy /Users/admin/builder/spi-builder-workspace/.derivedData/Build/Products/Debug-watchos/CombineExt.swiftmodule/arm64_32-apple-watchos.swiftdoc /Users/admin/builder/spi-builder-workspace/.derivedData/Build/Intermediates.noindex/CombineExt.build/Debug-watchos/CombineExt-t.build/Objects-normal/arm64_32/CombineExt.swiftdoc (in target 'CombineExt' from project 'CombineExt')
cd /Users/admin/builder/spi-builder-workspace/.dependencies/checkouts/CombineExt
builtin-copy -exclude .DS_Store -exclude CVS -exclude .svn -exclude .git -exclude .hg -resolve-src-symlinks -rename /Users/admin/builder/spi-builder-workspace/.derivedData/Build/Intermediates.noindex/CombineExt.build/Debug-watchos/CombineExt-t.build/Objects-normal/arm64_32/CombineExt.swiftdoc /Users/admin/builder/spi-builder-workspace/.derivedData/Build/Products/Debug-watchos/CombineExt.swiftmodule/arm64_32-apple-watchos.swiftdoc
Copy /Users/admin/builder/spi-builder-workspace/.derivedData/Build/Products/Debug-watchos/CombineExt.swiftmodule/arm64_32-apple-watchos.abi.json /Users/admin/builder/spi-builder-workspace/.derivedData/Build/Intermediates.noindex/CombineExt.build/Debug-watchos/CombineExt-t.build/Objects-normal/arm64_32/CombineExt.abi.json (in target 'CombineExt' from project 'CombineExt')
cd /Users/admin/builder/spi-builder-workspace/.dependencies/checkouts/CombineExt
builtin-copy -exclude .DS_Store -exclude CVS -exclude .svn -exclude .git -exclude .hg -resolve-src-symlinks -rename /Users/admin/builder/spi-builder-workspace/.derivedData/Build/Intermediates.noindex/CombineExt.build/Debug-watchos/CombineExt-t.build/Objects-normal/arm64_32/CombineExt.abi.json /Users/admin/builder/spi-builder-workspace/.derivedData/Build/Products/Debug-watchos/CombineExt.swiftmodule/arm64_32-apple-watchos.abi.json
SwiftDriverJobDiscovery normal arm64 Compiling Materialize.swift, MergeMany.swift, Nwise.swift (in target 'CombineExt' from project 'CombineExt')
Copy /Users/admin/builder/spi-builder-workspace/.derivedData/Build/Products/Debug-watchos/CombineExt.swiftmodule/arm64-apple-watchos.swiftmodule /Users/admin/builder/spi-builder-workspace/.derivedData/Build/Intermediates.noindex/CombineExt.build/Debug-watchos/CombineExt-t.build/Objects-normal/arm64/CombineExt.swiftmodule (in target 'CombineExt' from project 'CombineExt')
cd /Users/admin/builder/spi-builder-workspace/.dependencies/checkouts/CombineExt
builtin-copy -exclude .DS_Store -exclude CVS -exclude .svn -exclude .git -exclude .hg -resolve-src-symlinks -rename /Users/admin/builder/spi-builder-workspace/.derivedData/Build/Intermediates.noindex/CombineExt.build/Debug-watchos/CombineExt-t.build/Objects-normal/arm64/CombineExt.swiftmodule /Users/admin/builder/spi-builder-workspace/.derivedData/Build/Products/Debug-watchos/CombineExt.swiftmodule/arm64-apple-watchos.swiftmodule
Copy /Users/admin/builder/spi-builder-workspace/.derivedData/Build/Products/Debug-watchos/CombineExt.swiftmodule/arm64-apple-watchos.swiftdoc /Users/admin/builder/spi-builder-workspace/.derivedData/Build/Intermediates.noindex/CombineExt.build/Debug-watchos/CombineExt-t.build/Objects-normal/arm64/CombineExt.swiftdoc (in target 'CombineExt' from project 'CombineExt')
cd /Users/admin/builder/spi-builder-workspace/.dependencies/checkouts/CombineExt
builtin-copy -exclude .DS_Store -exclude CVS -exclude .svn -exclude .git -exclude .hg -resolve-src-symlinks -rename /Users/admin/builder/spi-builder-workspace/.derivedData/Build/Intermediates.noindex/CombineExt.build/Debug-watchos/CombineExt-t.build/Objects-normal/arm64/CombineExt.swiftdoc /Users/admin/builder/spi-builder-workspace/.derivedData/Build/Products/Debug-watchos/CombineExt.swiftmodule/arm64-apple-watchos.swiftdoc
Copy /Users/admin/builder/spi-builder-workspace/.derivedData/Build/Products/Debug-watchos/CombineExt.swiftmodule/arm64-apple-watchos.abi.json /Users/admin/builder/spi-builder-workspace/.derivedData/Build/Intermediates.noindex/CombineExt.build/Debug-watchos/CombineExt-t.build/Objects-normal/arm64/CombineExt.abi.json (in target 'CombineExt' from project 'CombineExt')
cd /Users/admin/builder/spi-builder-workspace/.dependencies/checkouts/CombineExt
builtin-copy -exclude .DS_Store -exclude CVS -exclude .svn -exclude .git -exclude .hg -resolve-src-symlinks -rename /Users/admin/builder/spi-builder-workspace/.derivedData/Build/Intermediates.noindex/CombineExt.build/Debug-watchos/CombineExt-t.build/Objects-normal/arm64/CombineExt.abi.json /Users/admin/builder/spi-builder-workspace/.derivedData/Build/Products/Debug-watchos/CombineExt.swiftmodule/arm64-apple-watchos.abi.json
SwiftDriverJobDiscovery normal arm64 Compiling FlatMapBatches.swift, FlatMapLatest.swift, IgnoreFailure.swift, IgnoreOutputSetOutputType.swift (in target 'CombineExt' from project 'CombineExt')
Copy /Users/admin/builder/spi-builder-workspace/.derivedData/Build/Products/Debug-watchos/CombineExt.swiftmodule/Project/arm64_32-apple-watchos.swiftsourceinfo /Users/admin/builder/spi-builder-workspace/.derivedData/Build/Intermediates.noindex/CombineExt.build/Debug-watchos/CombineExt-t.build/Objects-normal/arm64_32/CombineExt.swiftsourceinfo (in target 'CombineExt' from project 'CombineExt')
cd /Users/admin/builder/spi-builder-workspace/.dependencies/checkouts/CombineExt
builtin-copy -exclude .DS_Store -exclude CVS -exclude .svn -exclude .git -exclude .hg -resolve-src-symlinks -rename /Users/admin/builder/spi-builder-workspace/.derivedData/Build/Intermediates.noindex/CombineExt.build/Debug-watchos/CombineExt-t.build/Objects-normal/arm64_32/CombineExt.swiftsourceinfo /Users/admin/builder/spi-builder-workspace/.derivedData/Build/Products/Debug-watchos/CombineExt.swiftmodule/Project/arm64_32-apple-watchos.swiftsourceinfo
Copy /Users/admin/builder/spi-builder-workspace/.derivedData/Build/Products/Debug-watchos/CombineExt.swiftmodule/Project/arm64-apple-watchos.swiftsourceinfo /Users/admin/builder/spi-builder-workspace/.derivedData/Build/Intermediates.noindex/CombineExt.build/Debug-watchos/CombineExt-t.build/Objects-normal/arm64/CombineExt.swiftsourceinfo (in target 'CombineExt' from project 'CombineExt')
cd /Users/admin/builder/spi-builder-workspace/.dependencies/checkouts/CombineExt
builtin-copy -exclude .DS_Store -exclude CVS -exclude .svn -exclude .git -exclude .hg -resolve-src-symlinks -rename /Users/admin/builder/spi-builder-workspace/.derivedData/Build/Intermediates.noindex/CombineExt.build/Debug-watchos/CombineExt-t.build/Objects-normal/arm64/CombineExt.swiftsourceinfo /Users/admin/builder/spi-builder-workspace/.derivedData/Build/Products/Debug-watchos/CombineExt.swiftmodule/Project/arm64-apple-watchos.swiftsourceinfo
SwiftCompile normal arm64_32 Compiling\ DemandBuffer.swift,\ Sink.swift,\ Optional.swift,\ Event.swift /Users/admin/builder/spi-builder-workspace/.dependencies/checkouts/CombineExt/Sources/Common/DemandBuffer.swift /Users/admin/builder/spi-builder-workspace/.dependencies/checkouts/CombineExt/Sources/Common/Sink.swift /Users/admin/builder/spi-builder-workspace/.dependencies/checkouts/CombineExt/Sources/Convenience/Optional.swift /Users/admin/builder/spi-builder-workspace/.dependencies/checkouts/CombineExt/Sources/Models/Event.swift (in target 'CombineExt' from project 'CombineExt')
SwiftCompile normal arm64_32 /Users/admin/builder/spi-builder-workspace/.dependencies/checkouts/CombineExt/Sources/Common/DemandBuffer.swift (in target 'CombineExt' from project 'CombineExt')
cd /Users/admin/builder/spi-builder-workspace/.swiftpm/xcode
builtin-SwiftPerFileCompile DemandBuffer.swift
SwiftCompile normal arm64_32 /Users/admin/builder/spi-builder-workspace/.dependencies/checkouts/CombineExt/Sources/Common/Sink.swift (in target 'CombineExt' from project 'CombineExt')
cd /Users/admin/builder/spi-builder-workspace/.swiftpm/xcode
builtin-SwiftPerFileCompile Sink.swift
SwiftCompile normal arm64_32 /Users/admin/builder/spi-builder-workspace/.dependencies/checkouts/CombineExt/Sources/Convenience/Optional.swift (in target 'CombineExt' from project 'CombineExt')
cd /Users/admin/builder/spi-builder-workspace/.swiftpm/xcode
builtin-SwiftPerFileCompile Optional.swift
SwiftCompile normal arm64_32 /Users/admin/builder/spi-builder-workspace/.dependencies/checkouts/CombineExt/Sources/Models/Event.swift (in target 'CombineExt' from project 'CombineExt')
cd /Users/admin/builder/spi-builder-workspace/.swiftpm/xcode
builtin-SwiftPerFileCompile Event.swift
SwiftDriverJobDiscovery normal arm64 Compiling WithLatestFrom.swift, ZipMany.swift, CurrentValueRelay.swift (in target 'CombineExt' from project 'CombineExt')
SwiftCompile normal arm64_32 Compiling\ Partition.swift,\ PrefixDuration.swift,\ RemoveAllDuplicates.swift /Users/admin/builder/spi-builder-workspace/.dependencies/checkouts/CombineExt/Sources/Operators/Partition.swift /Users/admin/builder/spi-builder-workspace/.dependencies/checkouts/CombineExt/Sources/Operators/PrefixDuration.swift /Users/admin/builder/spi-builder-workspace/.dependencies/checkouts/CombineExt/Sources/Operators/RemoveAllDuplicates.swift (in target 'CombineExt' from project 'CombineExt')
SwiftCompile normal arm64_32 /Users/admin/builder/spi-builder-workspace/.dependencies/checkouts/CombineExt/Sources/Operators/Partition.swift (in target 'CombineExt' from project 'CombineExt')
cd /Users/admin/builder/spi-builder-workspace/.swiftpm/xcode
builtin-SwiftPerFileCompile Partition.swift
SwiftCompile normal arm64_32 /Users/admin/builder/spi-builder-workspace/.dependencies/checkouts/CombineExt/Sources/Operators/PrefixDuration.swift (in target 'CombineExt' from project 'CombineExt')
cd /Users/admin/builder/spi-builder-workspace/.swiftpm/xcode
builtin-SwiftPerFileCompile PrefixDuration.swift
SwiftCompile normal arm64_32 /Users/admin/builder/spi-builder-workspace/.dependencies/checkouts/CombineExt/Sources/Operators/RemoveAllDuplicates.swift (in target 'CombineExt' from project 'CombineExt')
cd /Users/admin/builder/spi-builder-workspace/.swiftpm/xcode
builtin-SwiftPerFileCompile RemoveAllDuplicates.swift
SwiftCompile normal arm64_32 Compiling\ SetOutputType.swift,\ ShareReplay.swift,\ Toggle.swift /Users/admin/builder/spi-builder-workspace/.dependencies/checkouts/CombineExt/Sources/Operators/SetOutputType.swift /Users/admin/builder/spi-builder-workspace/.dependencies/checkouts/CombineExt/Sources/Operators/ShareReplay.swift /Users/admin/builder/spi-builder-workspace/.dependencies/checkouts/CombineExt/Sources/Operators/Toggle.swift (in target 'CombineExt' from project 'CombineExt')
SwiftCompile normal arm64_32 /Users/admin/builder/spi-builder-workspace/.dependencies/checkouts/CombineExt/Sources/Operators/SetOutputType.swift (in target 'CombineExt' from project 'CombineExt')
cd /Users/admin/builder/spi-builder-workspace/.swiftpm/xcode
builtin-SwiftPerFileCompile SetOutputType.swift
SwiftCompile normal arm64_32 /Users/admin/builder/spi-builder-workspace/.dependencies/checkouts/CombineExt/Sources/Operators/ShareReplay.swift (in target 'CombineExt' from project 'CombineExt')
cd /Users/admin/builder/spi-builder-workspace/.swiftpm/xcode
builtin-SwiftPerFileCompile ShareReplay.swift
SwiftCompile normal arm64_32 /Users/admin/builder/spi-builder-workspace/.dependencies/checkouts/CombineExt/Sources/Operators/Toggle.swift (in target 'CombineExt' from project 'CombineExt')
cd /Users/admin/builder/spi-builder-workspace/.swiftpm/xcode
builtin-SwiftPerFileCompile Toggle.swift
SwiftCompile normal arm64_32 Compiling\ ObjectOwnership.swift,\ Amb.swift,\ AssignOwnership.swift,\ AssignToMany.swift /Users/admin/builder/spi-builder-workspace/.dependencies/checkouts/CombineExt/Sources/Models/ObjectOwnership.swift /Users/admin/builder/spi-builder-workspace/.dependencies/checkouts/CombineExt/Sources/Operators/Amb.swift /Users/admin/builder/spi-builder-workspace/.dependencies/checkouts/CombineExt/Sources/Operators/AssignOwnership.swift /Users/admin/builder/spi-builder-workspace/.dependencies/checkouts/CombineExt/Sources/Operators/AssignToMany.swift (in target 'CombineExt' from project 'CombineExt')
SwiftCompile normal arm64_32 /Users/admin/builder/spi-builder-workspace/.dependencies/checkouts/CombineExt/Sources/Models/ObjectOwnership.swift (in target 'CombineExt' from project 'CombineExt')
cd /Users/admin/builder/spi-builder-workspace/.swiftpm/xcode
builtin-SwiftPerFileCompile ObjectOwnership.swift
SwiftCompile normal arm64_32 /Users/admin/builder/spi-builder-workspace/.dependencies/checkouts/CombineExt/Sources/Operators/Amb.swift (in target 'CombineExt' from project 'CombineExt')
cd /Users/admin/builder/spi-builder-workspace/.swiftpm/xcode
builtin-SwiftPerFileCompile Amb.swift
SwiftCompile normal arm64_32 /Users/admin/builder/spi-builder-workspace/.dependencies/checkouts/CombineExt/Sources/Operators/AssignOwnership.swift (in target 'CombineExt' from project 'CombineExt')
cd /Users/admin/builder/spi-builder-workspace/.swiftpm/xcode
builtin-SwiftPerFileCompile AssignOwnership.swift
SwiftCompile normal arm64_32 /Users/admin/builder/spi-builder-workspace/.dependencies/checkouts/CombineExt/Sources/Operators/AssignToMany.swift (in target 'CombineExt' from project 'CombineExt')
cd /Users/admin/builder/spi-builder-workspace/.swiftpm/xcode
builtin-SwiftPerFileCompile AssignToMany.swift
SwiftDriverJobDiscovery normal arm64_32 Compiling SetOutputType.swift, ShareReplay.swift, Toggle.swift (in target 'CombineExt' from project 'CombineExt')
SwiftCompile normal arm64 Compiling\ PassthroughRelay.swift,\ Relay.swift,\ ReplaySubject.swift /Users/admin/builder/spi-builder-workspace/.dependencies/checkouts/CombineExt/Sources/Relays/PassthroughRelay.swift /Users/admin/builder/spi-builder-workspace/.dependencies/checkouts/CombineExt/Sources/Relays/Relay.swift /Users/admin/builder/spi-builder-workspace/.dependencies/checkouts/CombineExt/Sources/Subjects/ReplaySubject.swift (in target 'CombineExt' from project 'CombineExt')
SwiftCompile normal arm64 /Users/admin/builder/spi-builder-workspace/.dependencies/checkouts/CombineExt/Sources/Relays/PassthroughRelay.swift (in target 'CombineExt' from project 'CombineExt')
cd /Users/admin/builder/spi-builder-workspace/.swiftpm/xcode
builtin-SwiftPerFileCompile PassthroughRelay.swift
SwiftCompile normal arm64 /Users/admin/builder/spi-builder-workspace/.dependencies/checkouts/CombineExt/Sources/Relays/Relay.swift (in target 'CombineExt' from project 'CombineExt')
cd /Users/admin/builder/spi-builder-workspace/.swiftpm/xcode
builtin-SwiftPerFileCompile Relay.swift
SwiftCompile normal arm64 /Users/admin/builder/spi-builder-workspace/.dependencies/checkouts/CombineExt/Sources/Subjects/ReplaySubject.swift (in target 'CombineExt' from project 'CombineExt')
cd /Users/admin/builder/spi-builder-workspace/.swiftpm/xcode
builtin-SwiftPerFileCompile ReplaySubject.swift
SwiftDriverJobDiscovery normal arm64 Compiling ObjectOwnership.swift, Amb.swift, AssignOwnership.swift, AssignToMany.swift (in target 'CombineExt' from project 'CombineExt')
SwiftCompile normal arm64_32 Compiling\ WithLatestFrom.swift,\ ZipMany.swift,\ CurrentValueRelay.swift /Users/admin/builder/spi-builder-workspace/.dependencies/checkouts/CombineExt/Sources/Operators/WithLatestFrom.swift /Users/admin/builder/spi-builder-workspace/.dependencies/checkouts/CombineExt/Sources/Operators/ZipMany.swift /Users/admin/builder/spi-builder-workspace/.dependencies/checkouts/CombineExt/Sources/Relays/CurrentValueRelay.swift (in target 'CombineExt' from project 'CombineExt')
SwiftCompile normal arm64_32 /Users/admin/builder/spi-builder-workspace/.dependencies/checkouts/CombineExt/Sources/Operators/WithLatestFrom.swift (in target 'CombineExt' from project 'CombineExt')
cd /Users/admin/builder/spi-builder-workspace/.swiftpm/xcode
builtin-SwiftPerFileCompile WithLatestFrom.swift
SwiftCompile normal arm64_32 /Users/admin/builder/spi-builder-workspace/.dependencies/checkouts/CombineExt/Sources/Operators/ZipMany.swift (in target 'CombineExt' from project 'CombineExt')
cd /Users/admin/builder/spi-builder-workspace/.swiftpm/xcode
builtin-SwiftPerFileCompile ZipMany.swift
SwiftCompile normal arm64_32 /Users/admin/builder/spi-builder-workspace/.dependencies/checkouts/CombineExt/Sources/Relays/CurrentValueRelay.swift (in target 'CombineExt' from project 'CombineExt')
cd /Users/admin/builder/spi-builder-workspace/.swiftpm/xcode
builtin-SwiftPerFileCompile CurrentValueRelay.swift
SwiftDriverJobDiscovery normal arm64 Compiling Partition.swift, PrefixDuration.swift, RemoveAllDuplicates.swift (in target 'CombineExt' from project 'CombineExt')
SwiftCompile normal arm64_32 Compiling\ FlatMapBatches.swift,\ FlatMapLatest.swift,\ IgnoreFailure.swift,\ IgnoreOutputSetOutputType.swift /Users/admin/builder/spi-builder-workspace/.dependencies/checkouts/CombineExt/Sources/Operators/FlatMapBatches.swift /Users/admin/builder/spi-builder-workspace/.dependencies/checkouts/CombineExt/Sources/Operators/FlatMapLatest.swift /Users/admin/builder/spi-builder-workspace/.dependencies/checkouts/CombineExt/Sources/Operators/IgnoreFailure.swift /Users/admin/builder/spi-builder-workspace/.dependencies/checkouts/CombineExt/Sources/Operators/IgnoreOutputSetOutputType.swift (in target 'CombineExt' from project 'CombineExt')
SwiftCompile normal arm64_32 /Users/admin/builder/spi-builder-workspace/.dependencies/checkouts/CombineExt/Sources/Operators/FlatMapBatches.swift (in target 'CombineExt' from project 'CombineExt')
cd /Users/admin/builder/spi-builder-workspace/.swiftpm/xcode
builtin-SwiftPerFileCompile FlatMapBatches.swift
SwiftCompile normal arm64_32 /Users/admin/builder/spi-builder-workspace/.dependencies/checkouts/CombineExt/Sources/Operators/FlatMapLatest.swift (in target 'CombineExt' from project 'CombineExt')
cd /Users/admin/builder/spi-builder-workspace/.swiftpm/xcode
builtin-SwiftPerFileCompile FlatMapLatest.swift
SwiftCompile normal arm64_32 /Users/admin/builder/spi-builder-workspace/.dependencies/checkouts/CombineExt/Sources/Operators/IgnoreFailure.swift (in target 'CombineExt' from project 'CombineExt')
cd /Users/admin/builder/spi-builder-workspace/.swiftpm/xcode
builtin-SwiftPerFileCompile IgnoreFailure.swift
SwiftCompile normal arm64_32 /Users/admin/builder/spi-builder-workspace/.dependencies/checkouts/CombineExt/Sources/Operators/IgnoreOutputSetOutputType.swift (in target 'CombineExt' from project 'CombineExt')
cd /Users/admin/builder/spi-builder-workspace/.swiftpm/xcode
builtin-SwiftPerFileCompile IgnoreOutputSetOutputType.swift
SwiftDriverJobDiscovery normal arm64 Compiling Lock.swift, Timer.swift, MapMany.swift (in target 'CombineExt' from project 'CombineExt')
SwiftCompile normal arm64_32 Compiling\ Lock.swift,\ Timer.swift,\ MapMany.swift /Users/admin/builder/spi-builder-workspace/.dependencies/checkouts/CombineExt/Sources/Operators/Internal/Lock.swift /Users/admin/builder/spi-builder-workspace/.dependencies/checkouts/CombineExt/Sources/Operators/Internal/Timer.swift /Users/admin/builder/spi-builder-workspace/.dependencies/checkouts/CombineExt/Sources/Operators/MapMany.swift (in target 'CombineExt' from project 'CombineExt')
SwiftCompile normal arm64_32 /Users/admin/builder/spi-builder-workspace/.dependencies/checkouts/CombineExt/Sources/Operators/Internal/Lock.swift (in target 'CombineExt' from project 'CombineExt')
cd /Users/admin/builder/spi-builder-workspace/.swiftpm/xcode
builtin-SwiftPerFileCompile Lock.swift
SwiftCompile normal arm64_32 /Users/admin/builder/spi-builder-workspace/.dependencies/checkouts/CombineExt/Sources/Operators/Internal/Timer.swift (in target 'CombineExt' from project 'CombineExt')
cd /Users/admin/builder/spi-builder-workspace/.swiftpm/xcode
builtin-SwiftPerFileCompile Timer.swift
SwiftCompile normal arm64_32 /Users/admin/builder/spi-builder-workspace/.dependencies/checkouts/CombineExt/Sources/Operators/MapMany.swift (in target 'CombineExt' from project 'CombineExt')
cd /Users/admin/builder/spi-builder-workspace/.swiftpm/xcode
builtin-SwiftPerFileCompile MapMany.swift
SwiftCompile normal arm64_32 Compiling\ PassthroughRelay.swift,\ Relay.swift,\ ReplaySubject.swift /Users/admin/builder/spi-builder-workspace/.dependencies/checkouts/CombineExt/Sources/Relays/PassthroughRelay.swift /Users/admin/builder/spi-builder-workspace/.dependencies/checkouts/CombineExt/Sources/Relays/Relay.swift /Users/admin/builder/spi-builder-workspace/.dependencies/checkouts/CombineExt/Sources/Subjects/ReplaySubject.swift (in target 'CombineExt' from project 'CombineExt')
SwiftCompile normal arm64_32 /Users/admin/builder/spi-builder-workspace/.dependencies/checkouts/CombineExt/Sources/Relays/PassthroughRelay.swift (in target 'CombineExt' from project 'CombineExt')
cd /Users/admin/builder/spi-builder-workspace/.swiftpm/xcode
builtin-SwiftPerFileCompile PassthroughRelay.swift
SwiftCompile normal arm64_32 /Users/admin/builder/spi-builder-workspace/.dependencies/checkouts/CombineExt/Sources/Relays/Relay.swift (in target 'CombineExt' from project 'CombineExt')
cd /Users/admin/builder/spi-builder-workspace/.swiftpm/xcode
builtin-SwiftPerFileCompile Relay.swift
SwiftCompile normal arm64_32 /Users/admin/builder/spi-builder-workspace/.dependencies/checkouts/CombineExt/Sources/Subjects/ReplaySubject.swift (in target 'CombineExt' from project 'CombineExt')
cd /Users/admin/builder/spi-builder-workspace/.swiftpm/xcode
builtin-SwiftPerFileCompile ReplaySubject.swift
SwiftDriverJobDiscovery normal arm64 Compiling DemandBuffer.swift, Sink.swift, Optional.swift, Event.swift (in target 'CombineExt' from project 'CombineExt')
SwiftDriverJobDiscovery normal arm64 Compiling CombineLatestMany.swift, Create.swift, Dematerialize.swift, FilterMany.swift (in target 'CombineExt' from project 'CombineExt')
SwiftCompile normal arm64_32 Compiling\ Materialize.swift,\ MergeMany.swift,\ Nwise.swift /Users/admin/builder/spi-builder-workspace/.dependencies/checkouts/CombineExt/Sources/Operators/Materialize.swift /Users/admin/builder/spi-builder-workspace/.dependencies/checkouts/CombineExt/Sources/Operators/MergeMany.swift /Users/admin/builder/spi-builder-workspace/.dependencies/checkouts/CombineExt/Sources/Operators/Nwise.swift (in target 'CombineExt' from project 'CombineExt')
SwiftCompile normal arm64_32 /Users/admin/builder/spi-builder-workspace/.dependencies/checkouts/CombineExt/Sources/Operators/Materialize.swift (in target 'CombineExt' from project 'CombineExt')
cd /Users/admin/builder/spi-builder-workspace/.swiftpm/xcode
builtin-SwiftPerFileCompile Materialize.swift
SwiftCompile normal arm64_32 /Users/admin/builder/spi-builder-workspace/.dependencies/checkouts/CombineExt/Sources/Operators/MergeMany.swift (in target 'CombineExt' from project 'CombineExt')
cd /Users/admin/builder/spi-builder-workspace/.swiftpm/xcode
builtin-SwiftPerFileCompile MergeMany.swift
SwiftCompile normal arm64_32 /Users/admin/builder/spi-builder-workspace/.dependencies/checkouts/CombineExt/Sources/Operators/Nwise.swift (in target 'CombineExt' from project 'CombineExt')
cd /Users/admin/builder/spi-builder-workspace/.swiftpm/xcode
builtin-SwiftPerFileCompile Nwise.swift
SwiftDriverJobDiscovery normal arm64 Compiling PassthroughRelay.swift, Relay.swift, ReplaySubject.swift (in target 'CombineExt' from project 'CombineExt')
SwiftDriver\ Compilation CombineExt normal arm64 com.apple.xcode.tools.swift.compiler (in target 'CombineExt' from project 'CombineExt')
cd /Users/admin/builder/spi-builder-workspace/.swiftpm/xcode
builtin-Swift-Compilation -- /Applications/Xcode-27.0.0-Release.Candidate.app/Contents/Developer/Toolchains/XcodeDefault.xctoolchain/usr/bin/swiftc -parse-as-library -module-name CombineExt -Onone @/Users/admin/builder/spi-builder-workspace/.derivedData/Build/Intermediates.noindex/CombineExt.build/Debug-watchos/CombineExt-t.build/Objects-normal/arm64/CombineExt.SwiftFileList -DSWIFT_PACKAGE -DDEBUG -DSWIFT_MODULE_RESOURCE_BUNDLE_UNAVAILABLE -DXcode -plugin-path /Applications/Xcode-27.0.0-Release.Candidate.app/Contents/Developer/Toolchains/XcodeDefault.xctoolchain/usr/lib/swift/host/plugins/testing -enable-experimental-feature DebugDescriptionMacro -sdk /Applications/Xcode-27.0.0-Release.Candidate.app/Contents/Developer/Platforms/WatchOS.platform/Developer/SDKs/WatchOS27.0.sdk -target arm64-apple-watchos9.0 -g -module-cache-path /Users/admin/builder/spi-builder-workspace/.derivedData/ModuleCache.noindex -Xfrontend -serialize-debugging-options -profile-coverage-mapping -profile-generate -enable-testing -suppress-warnings -index-store-path /Users/admin/builder/spi-builder-workspace/.derivedData/Index.noindex/DataStore -Xcc -D_LIBCPP_HARDENING_MODE\=_LIBCPP_HARDENING_MODE_DEBUG -swift-version 5 -I /Users/admin/builder/spi-builder-workspace/.derivedData/Build/Products/Debug-watchos -Isystem /Applications/Xcode-27.0.0-Release.Candidate.app/Contents/Developer/Platforms/WatchOS.platform/Developer/usr/lib -F /Users/admin/builder/spi-builder-workspace/.derivedData/Build/Products/Debug-watchos -F /Applications/Xcode-27.0.0-Release.Candidate.app/Contents/Developer/Platforms/WatchOS.platform/Developer/Library/Frameworks -F /Applications/Xcode-27.0.0-Release.Candidate.app/Contents/Developer/Platforms/WatchOS.platform/Developer/SDKs/WatchOS27.0.sdk/Developer/Library/Frameworks -c -j10 -enable-batch-mode -incremental -Xcc -ivfsstatcache -Xcc /Users/admin/builder/spi-builder-workspace/.derivedData/SDKStatCaches.noindex/watchos27.0-24R360-e829b21a6f8c9b70876ba0858053c04477534ef55a1706bf4c1112bbb242f0a2.sdkstatcache -output-file-map /Users/admin/builder/spi-builder-workspace/.derivedData/Build/Intermediates.noindex/CombineExt.build/Debug-watchos/CombineExt-t.build/Objects-normal/arm64/CombineExt-OutputFileMap.json -save-temps -no-color-diagnostics -explicit-module-build -module-cache-path /Users/admin/builder/spi-builder-workspace/.derivedData/Build/Intermediates.noindex/SwiftExplicitPrecompiledModules -clang-scanner-module-cache-path /Users/admin/builder/spi-builder-workspace/.derivedData/ModuleCache.noindex -sdk-module-cache-path /Users/admin/builder/spi-builder-workspace/.derivedData/SDKExplicitPrecompiledModules -emit-dependencies -emit-module -emit-module-path /Users/admin/builder/spi-builder-workspace/.derivedData/Build/Intermediates.noindex/CombineExt.build/Debug-watchos/CombineExt-t.build/Objects-normal/arm64/CombineExt.swiftmodule -serialize-diagnostics -dependency-scan-serialize-diagnostics-path /Users/admin/builder/spi-builder-workspace/.derivedData/Build/Intermediates.noindex/CombineExt.build/Debug-watchos/CombineExt-t.build/Objects-normal/arm64/CombineExt-dependency-scan.dia -validate-clang-modules-once -clang-build-session-file /Users/admin/builder/spi-builder-workspace/.derivedData/ModuleCache.noindex/Session.modulevalidation -Xcc -fmodules-prune-interval\=86400 -Xcc -fmodules-prune-after\=345600 -emit-const-values -const-gather-protocols-list /Users/admin/builder/spi-builder-workspace/.derivedData/Build/Intermediates.noindex/CombineExt.build/Debug-watchos/CombineExt-t.build/Objects-normal/arm64/CombineExt_const_extract_protocols.json -Xcc -I/Users/admin/builder/spi-builder-workspace/.derivedData/Build/Products/Debug-watchos/include -Xcc -I/Users/admin/builder/spi-builder-workspace/.derivedData/Build/Intermediates.noindex/CombineExt.build/Debug-watchos/CombineExt-t.build/DerivedSources-normal/arm64 -Xcc -I/Users/admin/builder/spi-builder-workspace/.derivedData/Build/Intermediates.noindex/CombineExt.build/Debug-watchos/CombineExt-t.build/DerivedSources/arm64 -Xcc -I/Users/admin/builder/spi-builder-workspace/.derivedData/Build/Intermediates.noindex/CombineExt.build/Debug-watchos/CombineExt-t.build/DerivedSources -Xcc -DSWIFT_PACKAGE -Xcc -DDEBUG\=1 -emit-objc-header -emit-objc-header-path /Users/admin/builder/spi-builder-workspace/.derivedData/Build/Intermediates.noindex/CombineExt.build/Debug-watchos/CombineExt-t.build/Objects-normal/arm64/CombineExt-Swift.h -working-directory /Users/admin/builder/spi-builder-workspace/.swiftpm/xcode -experimental-emit-module-separately -disable-cmo
Ld /Users/admin/builder/spi-builder-workspace/.derivedData/Build/Intermediates.noindex/CombineExt.build/Debug-watchos/CombineExt-t.build/Objects-normal/arm64/Binary/CombineExt.o normal arm64 (in target 'CombineExt' from project 'CombineExt')
cd /Users/admin/builder/spi-builder-workspace/.dependencies/checkouts/CombineExt
/Applications/Xcode-27.0.0-Release.Candidate.app/Contents/Developer/Toolchains/XcodeDefault.xctoolchain/usr/bin/clang -Xlinker -reproducible -target arm64-apple-watchos9.0 -r -isysroot /Applications/Xcode-27.0.0-Release.Candidate.app/Contents/Developer/Platforms/WatchOS.platform/Developer/SDKs/WatchOS27.0.sdk -O0 -w -Xlinker -no_warn_duplicate_libraries -F/Users/admin/builder/spi-builder-workspace/.derivedData/Build/Intermediates.noindex/EagerLinkingTBDs/Debug-watchos -F/Users/admin/builder/spi-builder-workspace/.derivedData/Build/Products/Debug-watchos -iframework /Applications/Xcode-27.0.0-Release.Candidate.app/Contents/Developer/Platforms/WatchOS.platform/Developer/Library/Frameworks -iframework /Applications/Xcode-27.0.0-Release.Candidate.app/Contents/Developer/Platforms/WatchOS.platform/Developer/SDKs/WatchOS27.0.sdk/Developer/Library/Frameworks -filelist /Users/admin/builder/spi-builder-workspace/.derivedData/Build/Intermediates.noindex/CombineExt.build/Debug-watchos/CombineExt-t.build/Objects-normal/arm64/CombineExt.LinkFileList -nostdlib -Xlinker -object_path_lto -Xlinker /Users/admin/builder/spi-builder-workspace/.derivedData/Build/Intermediates.noindex/CombineExt.build/Debug-watchos/CombineExt-t.build/Objects-normal/arm64/CombineExt_lto.o -Xlinker -no_deduplicate -Xlinker -debug_variant -Xlinker -dependency_info -Xlinker /Users/admin/builder/spi-builder-workspace/.derivedData/Build/Intermediates.noindex/CombineExt.build/Debug-watchos/CombineExt-t.build/Objects-normal/arm64/CombineExt_dependency_info.dat -fobjc-link-runtime -L/Applications/Xcode-27.0.0-Release.Candidate.app/Contents/Developer/Toolchains/XcodeDefault.xctoolchain/usr/lib/swift/watchos -L/usr/lib/swift -Xlinker -add_ast_path -Xlinker /Users/admin/builder/spi-builder-workspace/.derivedData/Build/Intermediates.noindex/CombineExt.build/Debug-watchos/CombineExt-t.build/Objects-normal/arm64/CombineExt.swiftmodule -o /Users/admin/builder/spi-builder-workspace/.derivedData/Build/Intermediates.noindex/CombineExt.build/Debug-watchos/CombineExt-t.build/Objects-normal/arm64/Binary/CombineExt.o
SwiftDriverJobDiscovery normal arm64_32 Compiling FlatMapBatches.swift, FlatMapLatest.swift, IgnoreFailure.swift, IgnoreOutputSetOutputType.swift (in target 'CombineExt' from project 'CombineExt')
SwiftDriver Feedbacks normal arm64 com.apple.xcode.tools.swift.compiler (in target 'Feedbacks' from project 'Feedbacks')
cd /Users/admin/builder/spi-builder-workspace/.swiftpm/xcode
builtin-SwiftDriver -- /Applications/Xcode-27.0.0-Release.Candidate.app/Contents/Developer/Toolchains/XcodeDefault.xctoolchain/usr/bin/swiftc -parse-as-library -module-name Feedbacks -Onone @/Users/admin/builder/spi-builder-workspace/.derivedData/Build/Intermediates.noindex/Feedbacks.build/Debug-watchos/Feedbacks-t.build/Objects-normal/arm64/Feedbacks.SwiftFileList -DSWIFT_PACKAGE -DDEBUG -DSWIFT_MODULE_RESOURCE_BUNDLE_UNAVAILABLE -DXcode -plugin-path /Applications/Xcode-27.0.0-Release.Candidate.app/Contents/Developer/Toolchains/XcodeDefault.xctoolchain/usr/lib/swift/host/plugins/testing -enable-experimental-feature DebugDescriptionMacro -sdk /Applications/Xcode-27.0.0-Release.Candidate.app/Contents/Developer/Platforms/WatchOS.platform/Developer/SDKs/WatchOS27.0.sdk -target arm64-apple-watchos9.0 -g -module-cache-path /Users/admin/builder/spi-builder-workspace/.derivedData/ModuleCache.noindex -Xfrontend -serialize-debugging-options -profile-coverage-mapping -profile-generate -enable-testing -index-store-path /Users/admin/builder/spi-builder-workspace/.derivedData/Index.noindex/DataStore -Xcc -D_LIBCPP_HARDENING_MODE\=_LIBCPP_HARDENING_MODE_DEBUG -swift-version 5 -I /Users/admin/builder/spi-builder-workspace/.derivedData/Build/Products/Debug-watchos -Isystem /Applications/Xcode-27.0.0-Release.Candidate.app/Contents/Developer/Platforms/WatchOS.platform/Developer/usr/lib -F /Users/admin/builder/spi-builder-workspace/.derivedData/Build/Products/Debug-watchos/PackageFrameworks -F /Users/admin/builder/spi-builder-workspace/.derivedData/Build/Products/Debug-watchos -F /Applications/Xcode-27.0.0-Release.Candidate.app/Contents/Developer/Platforms/WatchOS.platform/Developer/Library/Frameworks -F /Applications/Xcode-27.0.0-Release.Candidate.app/Contents/Developer/Platforms/WatchOS.platform/Developer/SDKs/WatchOS27.0.sdk/Developer/Library/Frameworks -c -j10 -enable-batch-mode -incremental -Xcc -ivfsstatcache -Xcc /Users/admin/builder/spi-builder-workspace/.derivedData/SDKStatCaches.noindex/watchos27.0-24R360-e829b21a6f8c9b70876ba0858053c04477534ef55a1706bf4c1112bbb242f0a2.sdkstatcache -output-file-map /Users/admin/builder/spi-builder-workspace/.derivedData/Build/Intermediates.noindex/Feedbacks.build/Debug-watchos/Feedbacks-t.build/Objects-normal/arm64/Feedbacks-OutputFileMap.json -save-temps -no-color-diagnostics -explicit-module-build -module-cache-path /Users/admin/builder/spi-builder-workspace/.derivedData/Build/Intermediates.noindex/SwiftExplicitPrecompiledModules -clang-scanner-module-cache-path /Users/admin/builder/spi-builder-workspace/.derivedData/ModuleCache.noindex -sdk-module-cache-path /Users/admin/builder/spi-builder-workspace/.derivedData/SDKExplicitPrecompiledModules -emit-dependencies -emit-module -emit-module-path /Users/admin/builder/spi-builder-workspace/.derivedData/Build/Intermediates.noindex/Feedbacks.build/Debug-watchos/Feedbacks-t.build/Objects-normal/arm64/Feedbacks.swiftmodule -serialize-diagnostics -dependency-scan-serialize-diagnostics-path /Users/admin/builder/spi-builder-workspace/.derivedData/Build/Intermediates.noindex/Feedbacks.build/Debug-watchos/Feedbacks-t.build/Objects-normal/arm64/Feedbacks-dependency-scan.dia -validate-clang-modules-once -clang-build-session-file /Users/admin/builder/spi-builder-workspace/.derivedData/ModuleCache.noindex/Session.modulevalidation -Xcc -fmodules-prune-interval\=86400 -Xcc -fmodules-prune-after\=345600 -emit-const-values -const-gather-protocols-list /Users/admin/builder/spi-builder-workspace/.derivedData/Build/Intermediates.noindex/Feedbacks.build/Debug-watchos/Feedbacks-t.build/Objects-normal/arm64/Feedbacks_const_extract_protocols.json -Xcc -I/Users/admin/builder/spi-builder-workspace/.derivedData/Build/Products/Debug-watchos/include -Xcc -I/Users/admin/builder/spi-builder-workspace/.derivedData/Build/Intermediates.noindex/Feedbacks.build/Debug-watchos/Feedbacks-t.build/DerivedSources-normal/arm64 -Xcc -I/Users/admin/builder/spi-builder-workspace/.derivedData/Build/Intermediates.noindex/Feedbacks.build/Debug-watchos/Feedbacks-t.build/DerivedSources/arm64 -Xcc -I/Users/admin/builder/spi-builder-workspace/.derivedData/Build/Intermediates.noindex/Feedbacks.build/Debug-watchos/Feedbacks-t.build/DerivedSources -Xcc -DSWIFT_PACKAGE -Xcc -DDEBUG\=1 -emit-objc-header -emit-objc-header-path /Users/admin/builder/spi-builder-workspace/.derivedData/Build/Intermediates.noindex/Feedbacks.build/Debug-watchos/Feedbacks-t.build/Objects-normal/arm64/Feedbacks-Swift.h -working-directory /Users/admin/builder/spi-builder-workspace/.swiftpm/xcode -experimental-emit-module-separately -disable-cmo
/Users/admin/builder/spi-builder-workspace/Sources/Feedbacks/Feedbacks/Feedbacks.swift:160:2: warning: '@_functionBuilder' has been renamed to '@resultBuilder' (in target 'Feedbacks' from project 'Feedbacks')
/Users/admin/builder/spi-builder-workspace/Sources/Feedbacks/System/System.swift:242:2: warning: '@_functionBuilder' has been renamed to '@resultBuilder' (in target 'Feedbacks' from project 'Feedbacks')
/Users/admin/builder/spi-builder-workspace/Sources/Feedbacks/Transitions/ArrayBuilder.swift:8:2: warning: '@_functionBuilder' has been renamed to '@resultBuilder' (in target 'Feedbacks' from project 'Feedbacks')
SwiftDriver Feedbacks normal arm64_32 com.apple.xcode.tools.swift.compiler (in target 'Feedbacks' from project 'Feedbacks')
cd /Users/admin/builder/spi-builder-workspace/.swiftpm/xcode
builtin-SwiftDriver -- /Applications/Xcode-27.0.0-Release.Candidate.app/Contents/Developer/Toolchains/XcodeDefault.xctoolchain/usr/bin/swiftc -parse-as-library -module-name Feedbacks -Onone @/Users/admin/builder/spi-builder-workspace/.derivedData/Build/Intermediates.noindex/Feedbacks.build/Debug-watchos/Feedbacks-t.build/Objects-normal/arm64_32/Feedbacks.SwiftFileList -DSWIFT_PACKAGE -DDEBUG -DSWIFT_MODULE_RESOURCE_BUNDLE_UNAVAILABLE -DXcode -plugin-path /Applications/Xcode-27.0.0-Release.Candidate.app/Contents/Developer/Toolchains/XcodeDefault.xctoolchain/usr/lib/swift/host/plugins/testing -enable-experimental-feature DebugDescriptionMacro -sdk /Applications/Xcode-27.0.0-Release.Candidate.app/Contents/Developer/Platforms/WatchOS.platform/Developer/SDKs/WatchOS27.0.sdk -target arm64_32-apple-watchos9.0 -g -module-cache-path /Users/admin/builder/spi-builder-workspace/.derivedData/ModuleCache.noindex -Xfrontend -serialize-debugging-options -profile-coverage-mapping -profile-generate -enable-testing -index-store-path /Users/admin/builder/spi-builder-workspace/.derivedData/Index.noindex/DataStore -Xcc -D_LIBCPP_HARDENING_MODE\=_LIBCPP_HARDENING_MODE_DEBUG -swift-version 5 -I /Users/admin/builder/spi-builder-workspace/.derivedData/Build/Products/Debug-watchos -Isystem /Applications/Xcode-27.0.0-Release.Candidate.app/Contents/Developer/Platforms/WatchOS.platform/Developer/usr/lib -F /Users/admin/builder/spi-builder-workspace/.derivedData/Build/Products/Debug-watchos/PackageFrameworks -F /Users/admin/builder/spi-builder-workspace/.derivedData/Build/Products/Debug-watchos -F /Applications/Xcode-27.0.0-Release.Candidate.app/Contents/Developer/Platforms/WatchOS.platform/Developer/Library/Frameworks -F /Applications/Xcode-27.0.0-Release.Candidate.app/Contents/Developer/Platforms/WatchOS.platform/Developer/SDKs/WatchOS27.0.sdk/Developer/Library/Frameworks -c -j10 -enable-batch-mode -incremental -Xcc -ivfsstatcache -Xcc /Users/admin/builder/spi-builder-workspace/.derivedData/SDKStatCaches.noindex/watchos27.0-24R360-e829b21a6f8c9b70876ba0858053c04477534ef55a1706bf4c1112bbb242f0a2.sdkstatcache -output-file-map /Users/admin/builder/spi-builder-workspace/.derivedData/Build/Intermediates.noindex/Feedbacks.build/Debug-watchos/Feedbacks-t.build/Objects-normal/arm64_32/Feedbacks-OutputFileMap.json -save-temps -no-color-diagnostics -explicit-module-build -module-cache-path /Users/admin/builder/spi-builder-workspace/.derivedData/Build/Intermediates.noindex/SwiftExplicitPrecompiledModules -clang-scanner-module-cache-path /Users/admin/builder/spi-builder-workspace/.derivedData/ModuleCache.noindex -sdk-module-cache-path /Users/admin/builder/spi-builder-workspace/.derivedData/SDKExplicitPrecompiledModules -emit-dependencies -emit-module -emit-module-path /Users/admin/builder/spi-builder-workspace/.derivedData/Build/Intermediates.noindex/Feedbacks.build/Debug-watchos/Feedbacks-t.build/Objects-normal/arm64_32/Feedbacks.swiftmodule -serialize-diagnostics -dependency-scan-serialize-diagnostics-path /Users/admin/builder/spi-builder-workspace/.derivedData/Build/Intermediates.noindex/Feedbacks.build/Debug-watchos/Feedbacks-t.build/Objects-normal/arm64_32/Feedbacks-dependency-scan.dia -validate-clang-modules-once -clang-build-session-file /Users/admin/builder/spi-builder-workspace/.derivedData/ModuleCache.noindex/Session.modulevalidation -Xcc -fmodules-prune-interval\=86400 -Xcc -fmodules-prune-after\=345600 -emit-const-values -const-gather-protocols-list /Users/admin/builder/spi-builder-workspace/.derivedData/Build/Intermediates.noindex/Feedbacks.build/Debug-watchos/Feedbacks-t.build/Objects-normal/arm64_32/Feedbacks_const_extract_protocols.json -Xcc -I/Users/admin/builder/spi-builder-workspace/.derivedData/Build/Products/Debug-watchos/include -Xcc -I/Users/admin/builder/spi-builder-workspace/.derivedData/Build/Intermediates.noindex/Feedbacks.build/Debug-watchos/Feedbacks-t.build/DerivedSources-normal/arm64_32 -Xcc -I/Users/admin/builder/spi-builder-workspace/.derivedData/Build/Intermediates.noindex/Feedbacks.build/Debug-watchos/Feedbacks-t.build/DerivedSources/arm64_32 -Xcc -I/Users/admin/builder/spi-builder-workspace/.derivedData/Build/Intermediates.noindex/Feedbacks.build/Debug-watchos/Feedbacks-t.build/DerivedSources -Xcc -DSWIFT_PACKAGE -Xcc -DDEBUG\=1 -emit-objc-header -emit-objc-header-path /Users/admin/builder/spi-builder-workspace/.derivedData/Build/Intermediates.noindex/Feedbacks.build/Debug-watchos/Feedbacks-t.build/Objects-normal/arm64_32/Feedbacks-Swift.h -working-directory /Users/admin/builder/spi-builder-workspace/.swiftpm/xcode -experimental-emit-module-separately -disable-cmo
/Users/admin/builder/spi-builder-workspace/Sources/Feedbacks/Feedbacks/Feedbacks.swift:160:2: warning: '@_functionBuilder' has been renamed to '@resultBuilder' (in target 'Feedbacks' from project 'Feedbacks')
/Users/admin/builder/spi-builder-workspace/Sources/Feedbacks/System/System.swift:242:2: warning: '@_functionBuilder' has been renamed to '@resultBuilder' (in target 'Feedbacks' from project 'Feedbacks')
/Users/admin/builder/spi-builder-workspace/Sources/Feedbacks/Transitions/ArrayBuilder.swift:8:2: warning: '@_functionBuilder' has been renamed to '@resultBuilder' (in target 'Feedbacks' from project 'Feedbacks')
SwiftDriverJobDiscovery normal arm64_32 Compiling CombineLatestMany.swift, Create.swift, Dematerialize.swift, FilterMany.swift (in target 'CombineExt' from project 'CombineExt')
SwiftDriverJobDiscovery normal arm64_32 Compiling Partition.swift, PrefixDuration.swift, RemoveAllDuplicates.swift (in target 'CombineExt' from project 'CombineExt')
SwiftDriverJobDiscovery normal arm64_32 Compiling Materialize.swift, MergeMany.swift, Nwise.swift (in target 'CombineExt' from project 'CombineExt')
SwiftDriverJobDiscovery normal arm64_32 Compiling WithLatestFrom.swift, ZipMany.swift, CurrentValueRelay.swift (in target 'CombineExt' from project 'CombineExt')
SwiftDriverJobDiscovery normal arm64_32 Compiling PassthroughRelay.swift, Relay.swift, ReplaySubject.swift (in target 'CombineExt' from project 'CombineExt')
SwiftDriverJobDiscovery normal arm64_32 Compiling Lock.swift, Timer.swift, MapMany.swift (in target 'CombineExt' from project 'CombineExt')
SwiftDriverJobDiscovery normal arm64_32 Compiling DemandBuffer.swift, Sink.swift, Optional.swift, Event.swift (in target 'CombineExt' from project 'CombineExt')
SwiftDriverJobDiscovery normal arm64_32 Compiling ObjectOwnership.swift, Amb.swift, AssignOwnership.swift, AssignToMany.swift (in target 'CombineExt' from project 'CombineExt')
SwiftDriver\ Compilation CombineExt normal arm64_32 com.apple.xcode.tools.swift.compiler (in target 'CombineExt' from project 'CombineExt')
cd /Users/admin/builder/spi-builder-workspace/.swiftpm/xcode
builtin-Swift-Compilation -- /Applications/Xcode-27.0.0-Release.Candidate.app/Contents/Developer/Toolchains/XcodeDefault.xctoolchain/usr/bin/swiftc -parse-as-library -module-name CombineExt -Onone @/Users/admin/builder/spi-builder-workspace/.derivedData/Build/Intermediates.noindex/CombineExt.build/Debug-watchos/CombineExt-t.build/Objects-normal/arm64_32/CombineExt.SwiftFileList -DSWIFT_PACKAGE -DDEBUG -DSWIFT_MODULE_RESOURCE_BUNDLE_UNAVAILABLE -DXcode -plugin-path /Applications/Xcode-27.0.0-Release.Candidate.app/Contents/Developer/Toolchains/XcodeDefault.xctoolchain/usr/lib/swift/host/plugins/testing -enable-experimental-feature DebugDescriptionMacro -sdk /Applications/Xcode-27.0.0-Release.Candidate.app/Contents/Developer/Platforms/WatchOS.platform/Developer/SDKs/WatchOS27.0.sdk -target arm64_32-apple-watchos9.0 -g -module-cache-path /Users/admin/builder/spi-builder-workspace/.derivedData/ModuleCache.noindex -Xfrontend -serialize-debugging-options -profile-coverage-mapping -profile-generate -enable-testing -suppress-warnings -index-store-path /Users/admin/builder/spi-builder-workspace/.derivedData/Index.noindex/DataStore -Xcc -D_LIBCPP_HARDENING_MODE\=_LIBCPP_HARDENING_MODE_DEBUG -swift-version 5 -I /Users/admin/builder/spi-builder-workspace/.derivedData/Build/Products/Debug-watchos -Isystem /Applications/Xcode-27.0.0-Release.Candidate.app/Contents/Developer/Platforms/WatchOS.platform/Developer/usr/lib -F /Users/admin/builder/spi-builder-workspace/.derivedData/Build/Products/Debug-watchos -F /Applications/Xcode-27.0.0-Release.Candidate.app/Contents/Developer/Platforms/WatchOS.platform/Developer/Library/Frameworks -F /Applications/Xcode-27.0.0-Release.Candidate.app/Contents/Developer/Platforms/WatchOS.platform/Developer/SDKs/WatchOS27.0.sdk/Developer/Library/Frameworks -c -j10 -enable-batch-mode -incremental -Xcc -ivfsstatcache -Xcc /Users/admin/builder/spi-builder-workspace/.derivedData/SDKStatCaches.noindex/watchos27.0-24R360-e829b21a6f8c9b70876ba0858053c04477534ef55a1706bf4c1112bbb242f0a2.sdkstatcache -output-file-map /Users/admin/builder/spi-builder-workspace/.derivedData/Build/Intermediates.noindex/CombineExt.build/Debug-watchos/CombineExt-t.build/Objects-normal/arm64_32/CombineExt-OutputFileMap.json -save-temps -no-color-diagnostics -explicit-module-build -module-cache-path /Users/admin/builder/spi-builder-workspace/.derivedData/Build/Intermediates.noindex/SwiftExplicitPrecompiledModules -clang-scanner-module-cache-path /Users/admin/builder/spi-builder-workspace/.derivedData/ModuleCache.noindex -sdk-module-cache-path /Users/admin/builder/spi-builder-workspace/.derivedData/SDKExplicitPrecompiledModules -emit-dependencies -emit-module -emit-module-path /Users/admin/builder/spi-builder-workspace/.derivedData/Build/Intermediates.noindex/CombineExt.build/Debug-watchos/CombineExt-t.build/Objects-normal/arm64_32/CombineExt.swiftmodule -serialize-diagnostics -dependency-scan-serialize-diagnostics-path /Users/admin/builder/spi-builder-workspace/.derivedData/Build/Intermediates.noindex/CombineExt.build/Debug-watchos/CombineExt-t.build/Objects-normal/arm64_32/CombineExt-dependency-scan.dia -validate-clang-modules-once -clang-build-session-file /Users/admin/builder/spi-builder-workspace/.derivedData/ModuleCache.noindex/Session.modulevalidation -Xcc -fmodules-prune-interval\=86400 -Xcc -fmodules-prune-after\=345600 -emit-const-values -const-gather-protocols-list /Users/admin/builder/spi-builder-workspace/.derivedData/Build/Intermediates.noindex/CombineExt.build/Debug-watchos/CombineExt-t.build/Objects-normal/arm64_32/CombineExt_const_extract_protocols.json -Xcc -I/Users/admin/builder/spi-builder-workspace/.derivedData/Build/Products/Debug-watchos/include -Xcc -I/Users/admin/builder/spi-builder-workspace/.derivedData/Build/Intermediates.noindex/CombineExt.build/Debug-watchos/CombineExt-t.build/DerivedSources-normal/arm64_32 -Xcc -I/Users/admin/builder/spi-builder-workspace/.derivedData/Build/Intermediates.noindex/CombineExt.build/Debug-watchos/CombineExt-t.build/DerivedSources/arm64_32 -Xcc -I/Users/admin/builder/spi-builder-workspace/.derivedData/Build/Intermediates.noindex/CombineExt.build/Debug-watchos/CombineExt-t.build/DerivedSources -Xcc -DSWIFT_PACKAGE -Xcc -DDEBUG\=1 -emit-objc-header -emit-objc-header-path /Users/admin/builder/spi-builder-workspace/.derivedData/Build/Intermediates.noindex/CombineExt.build/Debug-watchos/CombineExt-t.build/Objects-normal/arm64_32/CombineExt-Swift.h -working-directory /Users/admin/builder/spi-builder-workspace/.swiftpm/xcode -experimental-emit-module-separately -disable-cmo
Ld /Users/admin/builder/spi-builder-workspace/.derivedData/Build/Intermediates.noindex/CombineExt.build/Debug-watchos/CombineExt-t.build/Objects-normal/arm64_32/Binary/CombineExt.o normal arm64_32 (in target 'CombineExt' from project 'CombineExt')
cd /Users/admin/builder/spi-builder-workspace/.dependencies/checkouts/CombineExt
/Applications/Xcode-27.0.0-Release.Candidate.app/Contents/Developer/Toolchains/XcodeDefault.xctoolchain/usr/bin/clang -Xlinker -reproducible -target arm64_32-apple-watchos9.0 -r -isysroot /Applications/Xcode-27.0.0-Release.Candidate.app/Contents/Developer/Platforms/WatchOS.platform/Developer/SDKs/WatchOS27.0.sdk -O0 -w -Xlinker -no_warn_duplicate_libraries -F/Users/admin/builder/spi-builder-workspace/.derivedData/Build/Intermediates.noindex/EagerLinkingTBDs/Debug-watchos -F/Users/admin/builder/spi-builder-workspace/.derivedData/Build/Products/Debug-watchos -iframework /Applications/Xcode-27.0.0-Release.Candidate.app/Contents/Developer/Platforms/WatchOS.platform/Developer/Library/Frameworks -iframework /Applications/Xcode-27.0.0-Release.Candidate.app/Contents/Developer/Platforms/WatchOS.platform/Developer/SDKs/WatchOS27.0.sdk/Developer/Library/Frameworks -filelist /Users/admin/builder/spi-builder-workspace/.derivedData/Build/Intermediates.noindex/CombineExt.build/Debug-watchos/CombineExt-t.build/Objects-normal/arm64_32/CombineExt.LinkFileList -nostdlib -Xlinker -object_path_lto -Xlinker /Users/admin/builder/spi-builder-workspace/.derivedData/Build/Intermediates.noindex/CombineExt.build/Debug-watchos/CombineExt-t.build/Objects-normal/arm64_32/CombineExt_lto.o -Xlinker -no_deduplicate -Xlinker -debug_variant -Xlinker -dependency_info -Xlinker /Users/admin/builder/spi-builder-workspace/.derivedData/Build/Intermediates.noindex/CombineExt.build/Debug-watchos/CombineExt-t.build/Objects-normal/arm64_32/CombineExt_dependency_info.dat -fobjc-link-runtime -L/Applications/Xcode-27.0.0-Release.Candidate.app/Contents/Developer/Toolchains/XcodeDefault.xctoolchain/usr/lib/swift/watchos -L/usr/lib/swift -Xlinker -add_ast_path -Xlinker /Users/admin/builder/spi-builder-workspace/.derivedData/Build/Intermediates.noindex/CombineExt.build/Debug-watchos/CombineExt-t.build/Objects-normal/arm64_32/CombineExt.swiftmodule -o /Users/admin/builder/spi-builder-workspace/.derivedData/Build/Intermediates.noindex/CombineExt.build/Debug-watchos/CombineExt-t.build/Objects-normal/arm64_32/Binary/CombineExt.o
CreateUniversalBinary /Users/admin/builder/spi-builder-workspace/.derivedData/Build/Products/Debug-watchos/CombineExt.o normal arm64\ arm64_32 (in target 'CombineExt' from project 'CombineExt')
cd /Users/admin/builder/spi-builder-workspace/.dependencies/checkouts/CombineExt
/Applications/Xcode-27.0.0-Release.Candidate.app/Contents/Developer/Toolchains/XcodeDefault.xctoolchain/usr/bin/lipo -create /Users/admin/builder/spi-builder-workspace/.derivedData/Build/Intermediates.noindex/CombineExt.build/Debug-watchos/CombineExt-t.build/Objects-normal/arm64/Binary/CombineExt.o /Users/admin/builder/spi-builder-workspace/.derivedData/Build/Intermediates.noindex/CombineExt.build/Debug-watchos/CombineExt-t.build/Objects-normal/arm64_32/Binary/CombineExt.o -output /Users/admin/builder/spi-builder-workspace/.derivedData/Build/Products/Debug-watchos/CombineExt.o
ExtractAppIntentsMetadata (in target 'CombineExt' from project 'CombineExt')
cd /Users/admin/builder/spi-builder-workspace/.dependencies/checkouts/CombineExt
/Applications/Xcode-27.0.0-Release.Candidate.app/Contents/Developer/Toolchains/XcodeDefault.xctoolchain/usr/bin/appintentsmetadataprocessor --toolchain-dir /var/run/com.apple.security.cryptexd/mnt/com.apple.MobileAsset.MetalToolchain-v27.1.266.1.TWB4WN/Metal.xctoolchain --module-name CombineExt --sdk-root /Applications/Xcode-27.0.0-Release.Candidate.app/Contents/Developer/Platforms/WatchOS.platform/Developer/SDKs/WatchOS27.0.sdk --xcode-version 27A266a --platform-family watchOS --deployment-target 9.0 --bundle-identifier combineext.CombineExt --output /Users/admin/builder/spi-builder-workspace/.derivedData/Build/Products/Debug-watchos/CombineExt.appintents --target-triple arm64-apple-watchos9.0 --target-triple arm64_32-apple-watchos9.0 --binary-file /Users/admin/builder/spi-builder-workspace/.derivedData/Build/Products/Debug-watchos/CombineExt.o --dependency-file /Users/admin/builder/spi-builder-workspace/.derivedData/Build/Intermediates.noindex/CombineExt.build/Debug-watchos/CombineExt-t.build/Objects-normal/arm64/CombineExt_dependency_info.dat --dependency-file /Users/admin/builder/spi-builder-workspace/.derivedData/Build/Intermediates.noindex/CombineExt.build/Debug-watchos/CombineExt-t.build/Objects-normal/arm64_32/CombineExt_dependency_info.dat --stringsdata-file /Users/admin/builder/spi-builder-workspace/.derivedData/Build/Intermediates.noindex/CombineExt.build/Debug-watchos/CombineExt-t.build/Objects-normal/arm64/ExtractedAppShortcutsMetadata.stringsdata --stringsdata-file /Users/admin/builder/spi-builder-workspace/.derivedData/Build/Intermediates.noindex/CombineExt.build/Debug-watchos/CombineExt-t.build/Objects-normal/arm64_32/ExtractedAppShortcutsMetadata.stringsdata --source-file-list /Users/admin/builder/spi-builder-workspace/.derivedData/Build/Intermediates.noindex/CombineExt.build/Debug-watchos/CombineExt-t.build/Objects-normal/arm64/CombineExt.SwiftFileList --source-file-list /Users/admin/builder/spi-builder-workspace/.derivedData/Build/Intermediates.noindex/CombineExt.build/Debug-watchos/CombineExt-t.build/Objects-normal/arm64_32/CombineExt.SwiftFileList --metadata-file-list /Users/admin/builder/spi-builder-workspace/.derivedData/Build/Intermediates.noindex/CombineExt.build/Debug-watchos/CombineExt-t.build/CombineExt.DependencyMetadataFileList --static-metadata-file-list /Users/admin/builder/spi-builder-workspace/.derivedData/Build/Intermediates.noindex/CombineExt.build/Debug-watchos/CombineExt-t.build/CombineExt.DependencyStaticMetadataFileList --swift-const-vals-list /Users/admin/builder/spi-builder-workspace/.derivedData/Build/Intermediates.noindex/CombineExt.build/Debug-watchos/CombineExt-t.build/Objects-normal/arm64/CombineExt.SwiftConstValuesFileList --swift-const-vals-list /Users/admin/builder/spi-builder-workspace/.derivedData/Build/Intermediates.noindex/CombineExt.build/Debug-watchos/CombineExt-t.build/Objects-normal/arm64_32/CombineExt.SwiftConstValuesFileList --force --compile-time-extraction --deployment-aware-processing --no-app-shortcuts-localization
2026-09-17 14:11:39.393 appintentsmetadataprocessor[833:5106] Starting appintentsmetadataprocessor export
2026-09-17 14:11:39.509 appintentsmetadataprocessor[833:5106] Extracted no relevant App Intents symbols, skipping writing output
SwiftExplicitDependencyGeneratePcm arm64 /Users/admin/builder/spi-builder-workspace/.derivedData/SDKExplicitPrecompiledModules/_LocationEssentials-5ZZDGDXB6HLQUC72SJW7YJ7MK.pcm
SwiftExplicitDependencyGeneratePcm arm64 /Users/admin/builder/spi-builder-workspace/.derivedData/SDKExplicitPrecompiledModules/DataDetection-7BNVI1SZW5ISQL5SX4WL2X7I5.pcm
SwiftExplicitDependencyGeneratePcm arm64 /Users/admin/builder/spi-builder-workspace/.derivedData/SDKExplicitPrecompiledModules/_Builtin_stdatomic-7JEFA3KBJJJN6TKJWY3OG1VG5.pcm
SwiftExplicitDependencyGeneratePcm arm64 /Users/admin/builder/spi-builder-workspace/.derivedData/SDKExplicitPrecompiledModules/CoreGraphics-DWNZ73GEH98SBJXZ7DEXB420K.pcm
SwiftExplicitDependencyGeneratePcm arm64 /Users/admin/builder/spi-builder-workspace/.derivedData/SDKExplicitPrecompiledModules/Symbols-3EFABTJ9L5PQDJ7RQCYQWEJMM.pcm
SwiftExplicitDependencyGeneratePcm arm64 /Users/admin/builder/spi-builder-workspace/.derivedData/SDKExplicitPrecompiledModules/UserNotifications-ARAH8MEQ0C2L0FBO39HITJMAO.pcm
SwiftExplicitDependencyGeneratePcm arm64 /Users/admin/builder/spi-builder-workspace/.derivedData/SDKExplicitPrecompiledModules/UniformTypeIdentifiers-8L08Q8DQJV8C4AW84YVGFGTRN.pcm
SwiftExplicitDependencyGeneratePcm arm64 /Users/admin/builder/spi-builder-workspace/.derivedData/SDKExplicitPrecompiledModules/DeveloperToolsSupport-E7CNISCB36UE8XQ9IOHK9XDX1.pcm
SwiftExplicitDependencyGeneratePcm arm64 /Users/admin/builder/spi-builder-workspace/.derivedData/SDKExplicitPrecompiledModules/_Builtin_tgmath-8NQ96OZ0YHXEC24JI95P01UF8.pcm
SwiftExplicitDependencyGeneratePcm arm64 /Users/admin/builder/spi-builder-workspace/.derivedData/SDKExplicitPrecompiledModules/_Builtin_intrinsics-75960HIPCIYA06IUW8FIIPQT.pcm
SwiftExplicitDependencyGeneratePcm arm64_32 /Users/admin/builder/spi-builder-workspace/.derivedData/SDKExplicitPrecompiledModules/DataDetection-U9BF7WHFVA6BZGFXXXP272PS.pcm
SwiftExplicitDependencyGeneratePcm arm64_32 /Users/admin/builder/spi-builder-workspace/.derivedData/SDKExplicitPrecompiledModules/UserNotifications-6TBN8TEAKO014N1T2QD926XED.pcm
SwiftExplicitDependencyGeneratePcm arm64_32 /Users/admin/builder/spi-builder-workspace/.derivedData/SDKExplicitPrecompiledModules/UIUtilities-9YFVNIMRC5HRVOIARNWHP1E3H.pcm
SwiftExplicitDependencyGeneratePcm arm64_32 /Users/admin/builder/spi-builder-workspace/.derivedData/SDKExplicitPrecompiledModules/CoreData-7AU1AFQWUH88EAPDKVMLJPKVD.pcm
SwiftExplicitDependencyGeneratePcm arm64_32 /Users/admin/builder/spi-builder-workspace/.derivedData/SDKExplicitPrecompiledModules/_Builtin_stdatomic-1TY035TURL76BF2U98PZPPZRX.pcm
SwiftExplicitDependencyGeneratePcm arm64_32 /Users/admin/builder/spi-builder-workspace/.derivedData/SDKExplicitPrecompiledModules/CoreTransferable-5D4IR6X37682FPHJ5CBPTKQV6.pcm
SwiftExplicitDependencyGeneratePcm arm64_32 /Users/admin/builder/spi-builder-workspace/.derivedData/SDKExplicitPrecompiledModules/UniformTypeIdentifiers-CJZ3NTHPSBH4XWX5EVOG56UZS.pcm
SwiftExplicitDependencyGeneratePcm arm64_32 /Users/admin/builder/spi-builder-workspace/.derivedData/SDKExplicitPrecompiledModules/_LocationEssentials-AQ1OL9QKC3LQLY5CNSRM1HB53.pcm
SwiftExplicitDependencyGeneratePcm arm64_32 /Users/admin/builder/spi-builder-workspace/.derivedData/SDKExplicitPrecompiledModules/_Builtin_intrinsics-196IIAKDQVU42DLOZP9OQCV76.pcm
SwiftExplicitDependencyGeneratePcm arm64_32 /Users/admin/builder/spi-builder-workspace/.derivedData/SDKExplicitPrecompiledModules/CoreGraphics-9FDXYX6BKBUT6TJ2VF819E7T5.pcm
SwiftExplicitDependencyGeneratePcm arm64 /Users/admin/builder/spi-builder-workspace/.derivedData/SDKExplicitPrecompiledModules/Accessibility-27QMG6ZQ1NKYTNBYFPM1XKNFC.pcm
SwiftExplicitDependencyGeneratePcm arm64_32 /Users/admin/builder/spi-builder-workspace/.derivedData/SDKExplicitPrecompiledModules/CoreAudioTypes-9GVB1DHA32M46R4A9NWSI3I2K.pcm
SwiftExplicitDependencyGeneratePcm arm64 /Users/admin/builder/spi-builder-workspace/.derivedData/SDKExplicitPrecompiledModules/CoreData-9JFJC4UET8BAO5IPV2JU6W9V8.pcm
SwiftExplicitDependencyGeneratePcm arm64_32 /Users/admin/builder/spi-builder-workspace/.derivedData/SDKExplicitPrecompiledModules/_Builtin_tgmath-23PGCKURCQILXMK0MYZRYDCOU.pcm
SwiftExplicitDependencyGeneratePcm arm64_32 /Users/admin/builder/spi-builder-workspace/.derivedData/SDKExplicitPrecompiledModules/DeveloperToolsSupport-DZU5G1OCMNWU0AQRULIFHUJ1Z.pcm
SwiftExplicitDependencyGeneratePcm arm64_32 /Users/admin/builder/spi-builder-workspace/.derivedData/SDKExplicitPrecompiledModules/CoreLocation-8XU5YMYM4P11RQMYCQAG65ITK.pcm
SwiftExplicitDependencyGeneratePcm arm64 /Users/admin/builder/spi-builder-workspace/.derivedData/SDKExplicitPrecompiledModules/CoreText-970YJN6NIYGK1316L35Z0O8QT.pcm
SwiftExplicitDependencyGeneratePcm arm64_32 /Users/admin/builder/spi-builder-workspace/.derivedData/SDKExplicitPrecompiledModules/MachO-56838ZJ0NC1EBAJ0O6O8QMPDX.pcm
SwiftExplicitDependencyGeneratePcm arm64 /Users/admin/builder/spi-builder-workspace/.derivedData/SDKExplicitPrecompiledModules/UIUtilities-IR7RNW23VAUKYI9MLCS9NL9A.pcm
SwiftExplicitDependencyGeneratePcm arm64_32 /Users/admin/builder/spi-builder-workspace/.derivedData/SDKExplicitPrecompiledModules/Symbols-1H97WMG76HU94F5VGJR19PXFY.pcm
SwiftExplicitDependencyGeneratePcm arm64 /Users/admin/builder/spi-builder-workspace/.derivedData/SDKExplicitPrecompiledModules/CoreVideo-8MRR5MNWUOAW2DBPGUQ8FKK4.pcm
SwiftExplicitDependencyGeneratePcm arm64 /Users/admin/builder/spi-builder-workspace/.derivedData/SDKExplicitPrecompiledModules/MachO-2U90NNSAQILBNBPS1SA4F8TYP.pcm
SwiftExplicitDependencyGeneratePcm arm64 /Users/admin/builder/spi-builder-workspace/.derivedData/SDKExplicitPrecompiledModules/simd-EH08NODU6574T74ZKU61VP9BW.pcm
SwiftExplicitDependencyGeneratePcm arm64_32 /Users/admin/builder/spi-builder-workspace/.derivedData/SDKExplicitPrecompiledModules/Accessibility-F385OMZ5GYBUY5O4QAJB4NRII.pcm
SwiftExplicitDependencyGeneratePcm arm64_32 /Users/admin/builder/spi-builder-workspace/.derivedData/SDKExplicitPrecompiledModules/CoreMotion-1XGTVTE5PP32UHME8AC63TL6.pcm
SwiftExplicitDependencyGeneratePcm arm64_32 /Users/admin/builder/spi-builder-workspace/.derivedData/SDKExplicitPrecompiledModules/CoreVideo-2P8HI0403J99LBDPKNFJ5D4DL.pcm
SwiftExplicitDependencyGeneratePcm arm64_32 /Users/admin/builder/spi-builder-workspace/.derivedData/SDKExplicitPrecompiledModules/CoreText-C9X2REPZN2V5BSU4G80FCETDR.pcm
SwiftExplicitDependencyGeneratePcm arm64 /Users/admin/builder/spi-builder-workspace/.derivedData/SDKExplicitPrecompiledModules/CoreLocation-ACKJ9K7ABI14F97Y46Y6SRR17.pcm
SwiftExplicitDependencyGeneratePcm arm64_32 /Users/admin/builder/spi-builder-workspace/.derivedData/SDKExplicitPrecompiledModules/os-E5IGB442IA6SBB25TTCOLK2OC.pcm
SwiftExplicitDependencyGeneratePcm arm64 /Users/admin/builder/spi-builder-workspace/.derivedData/SDKExplicitPrecompiledModules/QuartzCore-94KFMWNOU7ZLUZNB4T5DLZC9D.pcm
SwiftExplicitDependencyGeneratePcm arm64 /Users/admin/builder/spi-builder-workspace/.derivedData/SDKExplicitPrecompiledModules/CoreTransferable-9PPG3SLJ55T4LITIFYX2M0NOZ.pcm
SwiftExplicitDependencyGeneratePcm arm64 /Users/admin/builder/spi-builder-workspace/.derivedData/SDKExplicitPrecompiledModules/os-5DIL6Z9LFIGLMZAHM7X2T5435.pcm
SwiftExplicitDependencyGeneratePcm arm64_32 /Users/admin/builder/spi-builder-workspace/.derivedData/SDKExplicitPrecompiledModules/CoreAudio-5W6MX6OUPWBMUR8VD5LHT1PZF.pcm
SwiftExplicitDependencyGeneratePcm arm64 /Users/admin/builder/spi-builder-workspace/.derivedData/SDKExplicitPrecompiledModules/CoreAudioTypes-A9MF7N5LT63G21HNFVM6BT14B.pcm
SwiftExplicitDependencyGeneratePcm arm64_32 /Users/admin/builder/spi-builder-workspace/.derivedData/SDKExplicitPrecompiledModules/QuartzCore-6375NPYACK5NYVHPMC1QQ8MC2.pcm
SwiftExplicitDependencyGeneratePcm arm64_32 /Users/admin/builder/spi-builder-workspace/.derivedData/SDKExplicitPrecompiledModules/simd-21UNWYOBUZI1LVSQ99S1XBLMO.pcm
SwiftExplicitDependencyGeneratePcm arm64_32 /Users/admin/builder/spi-builder-workspace/.derivedData/SDKExplicitPrecompiledModules/OSLog-D9AVFY0KWO7RVBIQ73CBIJVCN.pcm
SwiftExplicitDependencyGeneratePcm arm64 /Users/admin/builder/spi-builder-workspace/.derivedData/SDKExplicitPrecompiledModules/CoreMotion-6RD5K48QT1F4L9CATNFD2O7YB.pcm
SwiftExplicitDependencyGeneratePcm arm64_32 /Users/admin/builder/spi-builder-workspace/.derivedData/SDKExplicitPrecompiledModules/CoreMedia-AO387T8CHWTTZODD1DGT0UAFA.pcm
SwiftExplicitDependencyGeneratePcm arm64 /Users/admin/builder/spi-builder-workspace/.derivedData/SDKExplicitPrecompiledModules/OSLog-B7VGO357Y3GJG35TST7DKDSI3.pcm
SwiftExplicitDependencyGeneratePcm arm64 /Users/admin/builder/spi-builder-workspace/.derivedData/SDKExplicitPrecompiledModules/SwiftUICore-C1DST1IX2Z0PTH5SJJZ1IULRB.pcm
SwiftExplicitDependencyGeneratePcm arm64 /Users/admin/builder/spi-builder-workspace/.derivedData/SDKExplicitPrecompiledModules/CoreAudio-1B79RJJTP71GE6UY9WLESAN3C.pcm
SwiftExplicitDependencyGeneratePcm arm64_32 /Users/admin/builder/spi-builder-workspace/.derivedData/SDKExplicitPrecompiledModules/SwiftUICore-3Q7WLRD8MR9R3NGIPUBQCP6F6.pcm
SwiftExplicitDependencyGeneratePcm arm64_32 /Users/admin/builder/spi-builder-workspace/.derivedData/SDKExplicitPrecompiledModules/UIKit-6PPV7YPZ89CZPHYAP072QH8B6.pcm
SwiftExplicitDependencyGeneratePcm arm64 /Users/admin/builder/spi-builder-workspace/.derivedData/SDKExplicitPrecompiledModules/UIKit-27R3P1YMV4C6JLDT661G3MRIA.pcm
SwiftExplicitDependencyGeneratePcm arm64 /Users/admin/builder/spi-builder-workspace/.derivedData/SDKExplicitPrecompiledModules/CoreMedia-1AJVCUZNAO74KIKMFVFUUHWDI.pcm
SwiftExplicitDependencyGeneratePcm arm64 /Users/admin/builder/spi-builder-workspace/.derivedData/SDKExplicitPrecompiledModules/Spatial-44FJGYXFAT2AQAW9Z6T7YS02U.pcm
SwiftExplicitDependencyGeneratePcm arm64 /Users/admin/builder/spi-builder-workspace/.derivedData/SDKExplicitPrecompiledModules/SceneKit-5HZKIL7XETTTD8TOHYPN8JKRJ.pcm
SwiftExplicitDependencyGeneratePcm arm64_32 /Users/admin/builder/spi-builder-workspace/.derivedData/SDKExplicitPrecompiledModules/SceneKit-DKNLHKM5FJBQ79LSNMSSMBUBR.pcm
SwiftExplicitDependencyGeneratePcm arm64_32 /Users/admin/builder/spi-builder-workspace/.derivedData/SDKExplicitPrecompiledModules/Spatial-CWVWNML3T0NXVHZDKVLD3X1YZ.pcm
SwiftExplicitDependencyGeneratePcm arm64 /Users/admin/builder/spi-builder-workspace/.derivedData/SDKExplicitPrecompiledModules/HomeKit-DTS1N4AWILAL1URZ5IOXV5221.pcm
SwiftExplicitDependencyGeneratePcm arm64 /Users/admin/builder/spi-builder-workspace/.derivedData/SDKExplicitPrecompiledModules/MapKit-EJJWC7IL56MPLQMI93GJRE5OG.pcm
SwiftExplicitDependencyGeneratePcm arm64_32 /Users/admin/builder/spi-builder-workspace/.derivedData/SDKExplicitPrecompiledModules/HomeKit-DUDZOMSN3UK8GNTNBNMPIWJRN.pcm
SwiftExplicitDependencyGeneratePcm arm64_32 /Users/admin/builder/spi-builder-workspace/.derivedData/SDKExplicitPrecompiledModules/MapKit-CWGB4YMP1VX1NYQN5FULFD5DR.pcm
SwiftExplicitDependencyGeneratePcm arm64 /Users/admin/builder/spi-builder-workspace/.derivedData/SDKExplicitPrecompiledModules/WatchKit-3VT3K8YON6FJ6OWSUFJMFMP8J.pcm
SwiftExplicitDependencyGeneratePcm arm64_32 /Users/admin/builder/spi-builder-workspace/.derivedData/SDKExplicitPrecompiledModules/WatchKit-FHF6WTKLC2APGK3LA2XJ6516.pcm
SwiftExplicitDependencyGeneratePcm arm64 /Users/admin/builder/spi-builder-workspace/.derivedData/SDKExplicitPrecompiledModules/SwiftUI-APXDH8ULYLM6FD17YRA73TULO.pcm
SwiftExplicitDependencyGeneratePcm arm64_32 /Users/admin/builder/spi-builder-workspace/.derivedData/SDKExplicitPrecompiledModules/SwiftUI-9AYG9OCT5VOJK7V4MX1WYR86T.pcm
SwiftCompile normal arm64_32 Compiling\ AnyEvent.swift,\ AnyState.swift /Users/admin/builder/spi-builder-workspace/Sources/Feedbacks/Transitions/AnyEvent.swift /Users/admin/builder/spi-builder-workspace/Sources/Feedbacks/Transitions/AnyState.swift (in target 'Feedbacks' from project 'Feedbacks')
SwiftCompile normal arm64_32 /Users/admin/builder/spi-builder-workspace/Sources/Feedbacks/Transitions/AnyEvent.swift (in target 'Feedbacks' from project 'Feedbacks')
cd /Users/admin/builder/spi-builder-workspace/.swiftpm/xcode
builtin-SwiftPerFileCompile AnyEvent.swift
SwiftCompile normal arm64_32 /Users/admin/builder/spi-builder-workspace/Sources/Feedbacks/Transitions/AnyState.swift (in target 'Feedbacks' from project 'Feedbacks')
cd /Users/admin/builder/spi-builder-workspace/.swiftpm/xcode
builtin-SwiftPerFileCompile AnyState.swift
SwiftCompile normal arm64_32 Compiling\ Transitions.swift /Users/admin/builder/spi-builder-workspace/Sources/Feedbacks/Transitions/Transitions.swift (in target 'Feedbacks' from project 'Feedbacks')
SwiftCompile normal arm64_32 /Users/admin/builder/spi-builder-workspace/Sources/Feedbacks/Transitions/Transitions.swift (in target 'Feedbacks' from project 'Feedbacks')
cd /Users/admin/builder/spi-builder-workspace/.swiftpm/xcode
builtin-SwiftPerFileCompile Transitions.swift
SwiftCompile normal arm64_32 Compiling\ StaticIdentifiable.swift /Users/admin/builder/spi-builder-workspace/Sources/Feedbacks/Transitions/StaticIdentifiable.swift (in target 'Feedbacks' from project 'Feedbacks')
SwiftCompile normal arm64_32 /Users/admin/builder/spi-builder-workspace/Sources/Feedbacks/Transitions/StaticIdentifiable.swift (in target 'Feedbacks' from project 'Feedbacks')
cd /Users/admin/builder/spi-builder-workspace/.swiftpm/xcode
builtin-SwiftPerFileCompile StaticIdentifiable.swift
SwiftCompile normal arm64_32 Compiling\ ArrayBuilder.swift,\ Event.swift /Users/admin/builder/spi-builder-workspace/Sources/Feedbacks/Transitions/ArrayBuilder.swift /Users/admin/builder/spi-builder-workspace/Sources/Feedbacks/Transitions/Event.swift (in target 'Feedbacks' from project 'Feedbacks')
/Users/admin/builder/spi-builder-workspace/Sources/Feedbacks/Transitions/ArrayBuilder.swift:8:2: warning: '@_functionBuilder' has been renamed to '@resultBuilder'
6 | //
7 |
8 | @_functionBuilder
| `- warning: '@_functionBuilder' has been renamed to '@resultBuilder'
9 | public struct ArrayBuilder<Value> {
10 | public static func buildBlock(_ values: Value...) -> [Value] {
SwiftCompile normal arm64_32 /Users/admin/builder/spi-builder-workspace/Sources/Feedbacks/Transitions/ArrayBuilder.swift (in target 'Feedbacks' from project 'Feedbacks')
cd /Users/admin/builder/spi-builder-workspace/.swiftpm/xcode
builtin-SwiftPerFileCompile ArrayBuilder.swift
SwiftCompile normal arm64_32 /Users/admin/builder/spi-builder-workspace/Sources/Feedbacks/Transitions/Event.swift (in target 'Feedbacks' from project 'Feedbacks')
cd /Users/admin/builder/spi-builder-workspace/.swiftpm/xcode
builtin-SwiftPerFileCompile Event.swift
SwiftCompile normal arm64_32 Compiling\ On.swift,\ State.swift /Users/admin/builder/spi-builder-workspace/Sources/Feedbacks/Transitions/On.swift /Users/admin/builder/spi-builder-workspace/Sources/Feedbacks/Transitions/State.swift (in target 'Feedbacks' from project 'Feedbacks')
SwiftCompile normal arm64_32 /Users/admin/builder/spi-builder-workspace/Sources/Feedbacks/Transitions/On.swift (in target 'Feedbacks' from project 'Feedbacks')
cd /Users/admin/builder/spi-builder-workspace/.swiftpm/xcode
builtin-SwiftPerFileCompile On.swift
SwiftCompile normal arm64_32 /Users/admin/builder/spi-builder-workspace/Sources/Feedbacks/Transitions/State.swift (in target 'Feedbacks' from project 'Feedbacks')
cd /Users/admin/builder/spi-builder-workspace/.swiftpm/xcode
builtin-SwiftPerFileCompile State.swift
SwiftCompile normal arm64_32 Compiling\ From.swift,\ Instantiable.swift /Users/admin/builder/spi-builder-workspace/Sources/Feedbacks/Transitions/From.swift /Users/admin/builder/spi-builder-workspace/Sources/Feedbacks/Transitions/Instantiable.swift (in target 'Feedbacks' from project 'Feedbacks')
SwiftCompile normal arm64_32 /Users/admin/builder/spi-builder-workspace/Sources/Feedbacks/Transitions/From.swift (in target 'Feedbacks' from project 'Feedbacks')
cd /Users/admin/builder/spi-builder-workspace/.swiftpm/xcode
builtin-SwiftPerFileCompile From.swift
SwiftCompile normal arm64_32 /Users/admin/builder/spi-builder-workspace/Sources/Feedbacks/Transitions/Instantiable.swift (in target 'Feedbacks' from project 'Feedbacks')
cd /Users/admin/builder/spi-builder-workspace/.swiftpm/xcode
builtin-SwiftPerFileCompile Instantiable.swift
SwiftCompile normal arm64_32 Compiling\ UISystem+Binding.swift,\ UISystem.swift /Users/admin/builder/spi-builder-workspace/Sources/Feedbacks/System/UISystem+Binding.swift /Users/admin/builder/spi-builder-workspace/Sources/Feedbacks/System/UISystem.swift (in target 'Feedbacks' from project 'Feedbacks')
SwiftCompile normal arm64_32 /Users/admin/builder/spi-builder-workspace/Sources/Feedbacks/System/UISystem+Binding.swift (in target 'Feedbacks' from project 'Feedbacks')
cd /Users/admin/builder/spi-builder-workspace/.swiftpm/xcode
builtin-SwiftPerFileCompile UISystem+Binding.swift
SwiftCompile normal arm64_32 /Users/admin/builder/spi-builder-workspace/Sources/Feedbacks/System/UISystem.swift (in target 'Feedbacks' from project 'Feedbacks')
cd /Users/admin/builder/spi-builder-workspace/.swiftpm/xcode
builtin-SwiftPerFileCompile UISystem.swift
SwiftCompile normal arm64_32 Compiling\ Mediator.swift,\ System.swift /Users/admin/builder/spi-builder-workspace/Sources/Feedbacks/System/Mediator.swift /Users/admin/builder/spi-builder-workspace/Sources/Feedbacks/System/System.swift (in target 'Feedbacks' from project 'Feedbacks')
SwiftCompile normal arm64_32 /Users/admin/builder/spi-builder-workspace/Sources/Feedbacks/System/Mediator.swift (in target 'Feedbacks' from project 'Feedbacks')
cd /Users/admin/builder/spi-builder-workspace/.swiftpm/xcode
builtin-SwiftPerFileCompile Mediator.swift
SwiftCompile normal arm64_32 /Users/admin/builder/spi-builder-workspace/Sources/Feedbacks/System/System.swift (in target 'Feedbacks' from project 'Feedbacks')
cd /Users/admin/builder/spi-builder-workspace/.swiftpm/xcode
builtin-SwiftPerFileCompile System.swift
SwiftEmitModule normal arm64_32 Emitting\ module\ for\ Feedbacks (in target 'Feedbacks' from project 'Feedbacks')
/Users/admin/builder/spi-builder-workspace/Sources/Feedbacks/Feedbacks/Feedbacks.swift:160:2: warning: '@_functionBuilder' has been renamed to '@resultBuilder'
158 | }
159 |
160 | @_functionBuilder
| `- warning: '@_functionBuilder' has been renamed to '@resultBuilder'
161 | public struct FeedbacksBuilder {
162 | public static func buildBlock(_ feedbacks: Feedback...) -> [Feedback] {
/Users/admin/builder/spi-builder-workspace/Sources/Feedbacks/System/System.swift:242:2: warning: '@_functionBuilder' has been renamed to '@resultBuilder'
240 | }
241 |
242 | @_functionBuilder
| `- warning: '@_functionBuilder' has been renamed to '@resultBuilder'
243 | public struct SystemBuilder {
244 | public static func buildBlock(
/Users/admin/builder/spi-builder-workspace/Sources/Feedbacks/Transitions/ArrayBuilder.swift:8:2: warning: '@_functionBuilder' has been renamed to '@resultBuilder'
6 | //
7 |
8 | @_functionBuilder
| `- warning: '@_functionBuilder' has been renamed to '@resultBuilder'
9 | public struct ArrayBuilder<Value> {
10 | public static func buildBlock(_ values: Value...) -> [Value] {
/Users/admin/builder/spi-builder-workspace/Sources/Feedbacks/System/UISystem.swift:54:14: error: initializer does not override a designated initializer from its superclass
52 | }
53 |
54 | override init(initialState: InitialState,
| `- error: initializer does not override a designated initializer from its superclass
55 | feedbacks: Feedbacks,
56 | transitions: Transitions) where PublishedState == RawState {
Failed frontend command:
/Applications/Xcode-27.0.0-Release.Candidate.app/Contents/Developer/Toolchains/XcodeDefault.xctoolchain/usr/bin/swift-frontend -frontend -emit-module -experimental-skip-non-inlinable-function-bodies-without-types /Users/admin/builder/spi-builder-workspace/Sources/Feedbacks/Feedbacks/Feedback.swift /Users/admin/builder/spi-builder-workspace/Sources/Feedbacks/Feedbacks/Feedbacks.swift /Users/admin/builder/spi-builder-workspace/Sources/Feedbacks/Feedbacks/SideEffect.swift /Users/admin/builder/spi-builder-workspace/Sources/Feedbacks/System/InitialState.swift /Users/admin/builder/spi-builder-workspace/Sources/Feedbacks/System/Mediator.swift /Users/admin/builder/spi-builder-workspace/Sources/Feedbacks/System/System.swift /Users/admin/builder/spi-builder-workspace/Sources/Feedbacks/System/UISystem+Binding.swift /Users/admin/builder/spi-builder-workspace/Sources/Feedbacks/System/UISystem.swift /Users/admin/builder/spi-builder-workspace/Sources/Feedbacks/Transitions/AnyEvent.swift /Users/admin/builder/spi-builder-workspace/Sources/Feedbacks/Transitions/AnyState.swift /Users/admin/builder/spi-builder-workspace/Sources/Feedbacks/Transitions/ArrayBuilder.swift /Users/admin/builder/spi-builder-workspace/Sources/Feedbacks/Transitions/Event.swift /Users/admin/builder/spi-builder-workspace/Sources/Feedbacks/Transitions/From.swift /Users/admin/builder/spi-builder-workspace/Sources/Feedbacks/Transitions/Instantiable.swift /Users/admin/builder/spi-builder-workspace/Sources/Feedbacks/Transitions/On.swift /Users/admin/builder/spi-builder-workspace/Sources/Feedbacks/Transitions/State.swift /Users/admin/builder/spi-builder-workspace/Sources/Feedbacks/Transitions/StaticIdentifiable.swift /Users/admin/builder/spi-builder-workspace/Sources/Feedbacks/Transitions/Transitions.swift -target arm64_32-apple-watchos9.0 -module-can-import-version SwiftUI 8.0.84.1 8.0.84 -disable-cross-import-overlay-search -load-resolved-plugin /Applications/Xcode-27.0.0-Release.Candidate.app/Contents/Developer/Platforms/WatchOS.platform/Developer/usr/lib/swift/host/plugins/libFoundationMacros.dylib\#/Applications/Xcode-27.0.0-Release.Candidate.app/Contents/Developer/Platforms/WatchOS.platform/Developer/usr/bin/swift-plugin-server\#FoundationMacros -load-resolved-plugin /Applications/Xcode-27.0.0-Release.Candidate.app/Contents/Developer/Platforms/WatchOS.platform/Developer/usr/lib/swift/host/plugins/libObservationMacros.dylib\#/Applications/Xcode-27.0.0-Release.Candidate.app/Contents/Developer/Platforms/WatchOS.platform/Developer/usr/bin/swift-plugin-server\#ObservationMacros -load-resolved-plugin /Applications/Xcode-27.0.0-Release.Candidate.app/Contents/Developer/Platforms/WatchOS.platform/Developer/usr/lib/swift/host/plugins/libPreviewsMacros.dylib\#/Applications/Xcode-27.0.0-Release.Candidate.app/Contents/Developer/Platforms/WatchOS.platform/Developer/usr/bin/swift-plugin-server\#PreviewsMacros -load-resolved-plugin /Applications/Xcode-27.0.0-Release.Candidate.app/Contents/Developer/Platforms/WatchOS.platform/Developer/usr/lib/swift/host/plugins/libSwiftMacros.dylib\#/Applications/Xcode-27.0.0-Release.Candidate.app/Contents/Developer/Platforms/WatchOS.platform/Developer/usr/bin/swift-plugin-server\#SwiftMacros -load-resolved-plugin /Applications/Xcode-27.0.0-Release.Candidate.app/Contents/Developer/Platforms/WatchOS.platform/Developer/usr/lib/swift/host/plugins/libSwiftUIMacros.dylib\#/Applications/Xcode-27.0.0-Release.Candidate.app/Contents/Developer/Platforms/WatchOS.platform/Developer/usr/bin/swift-plugin-server\#SwiftUIMacros -disable-implicit-swift-modules -Xcc -fno-implicit-modules -Xcc -fno-implicit-module-maps -explicit-swift-module-map-file /Users/admin/builder/spi-builder-workspace/.derivedData/Build/Intermediates.noindex/Feedbacks.build/Debug-watchos/Feedbacks-t.build/Objects-normal/arm64_32/Feedbacks-dependencies-1.json -enable-objc-interop -sdk /Applications/Xcode-27.0.0-Release.Candidate.app/Contents/Developer/Platforms/WatchOS.platform/Developer/SDKs/WatchOS27.0.sdk -I /Users/admin/builder/spi-builder-workspace/.derivedData/Build/Products/Debug-watchos -Isystem /Applications/Xcode-27.0.0-Release.Candidate.app/Contents/Developer/Platforms/WatchOS.platform/Developer/usr/lib -F /Users/admin/builder/spi-builder-workspace/.derivedData/Build/Products/Debug-watchos/PackageFrameworks -F /Users/admin/builder/spi-builder-workspace/.derivedData/Build/Products/Debug-watchos -F /Applications/Xcode-27.0.0-Release.Candidate.app/Contents/Developer/Platforms/WatchOS.platform/Developer/Library/Frameworks -F /Applications/Xcode-27.0.0-Release.Candidate.app/Contents/Developer/Platforms/WatchOS.platform/Developer/SDKs/WatchOS27.0.sdk/Developer/Library/Frameworks -module-cache-path /Users/admin/builder/spi-builder-workspace/.derivedData/Build/Intermediates.noindex/SwiftExplicitPrecompiledModules -no-color-diagnostics -Xcc -fno-color-diagnostics -enable-testing -g -debug-info-format\=dwarf -dwarf-version\=4 -profile-generate -profile-coverage-mapping -swift-version 5 -Onone -D SWIFT_PACKAGE -D DEBUG -D SWIFT_MODULE_RESOURCE_BUNDLE_UNAVAILABLE -D Xcode -serialize-debugging-options -enable-experimental-feature DebugDescriptionMacro -empty-abi-descriptor -validate-clang-modules-once -clang-build-session-file /Users/admin/builder/spi-builder-workspace/.derivedData/ModuleCache.noindex/Session.modulevalidation -Xcc -working-directory -Xcc /Users/admin/builder/spi-builder-workspace/.swiftpm/xcode -enable-anonymous-context-mangled-names -file-compilation-dir /Users/admin/builder/spi-builder-workspace/.swiftpm/xcode -Xcc -D_LIBCPP_HARDENING_MODE\=_LIBCPP_HARDENING_MODE_DEBUG -Xcc -ivfsstatcache -Xcc /Users/admin/builder/spi-builder-workspace/.derivedData/SDKStatCaches.noindex/watchos27.0-24R360-e829b21a6f8c9b70876ba0858053c04477534ef55a1706bf4c1112bbb242f0a2.sdkstatcache -Xcc -fmodules-prune-interval\=86400 -Xcc -fmodules-prune-after\=345600 -Xcc -I/Users/admin/builder/spi-builder-workspace/.derivedData/Build/Products/Debug-watchos/include -Xcc -I/Users/admin/builder/spi-builder-workspace/.derivedData/Build/Intermediates.noindex/Feedbacks.build/Debug-watchos/Feedbacks-t.build/DerivedSources-normal/arm64_32 -Xcc -I/Users/admin/builder/spi-builder-workspace/.derivedData/Build/Intermediates.noindex/Feedbacks.build/Debug-watchos/Feedbacks-t.build/DerivedSources/arm64_32 -Xcc -I/Users/admin/builder/spi-builder-workspace/.derivedData/Build/Intermediates.noindex/Feedbacks.build/Debug-watchos/Feedbacks-t.build/DerivedSources -Xcc -DSWIFT_PACKAGE -Xcc -DDEBUG\=1 -no-auto-bridging-header-chaining -module-name Feedbacks -const-gather-protocols-file /Users/admin/builder/spi-builder-workspace/.derivedData/Build/Intermediates.noindex/Feedbacks.build/Debug-watchos/Feedbacks-t.build/Objects-normal/arm64_32/Feedbacks_const_extract_protocols.json -disable-clang-spi -clang-target arm64_32-apple-watchos27.0 -target-sdk-version 27.0 -target-sdk-name watchos27.0 -in-process-plugin-server-path /Applications/Xcode-27.0.0-Release.Candidate.app/Contents/Developer/Toolchains/XcodeDefault.xctoolchain/usr/lib/swift/host/libSwiftInProcPluginServer.dylib -emit-module-doc-path /Users/admin/builder/spi-builder-workspace/.derivedData/Build/Intermediates.noindex/Feedbacks.build/Debug-watchos/Feedbacks-t.build/Objects-normal/arm64_32/Feedbacks.swiftdoc -emit-module-source-info-path /Users/admin/builder/spi-builder-workspace/.derivedData/Build/Intermediates.noindex/Feedbacks.build/Debug-watchos/Feedbacks-t.build/Objects-normal/arm64_32/Feedbacks.swiftsourceinfo -emit-objc-header-path /Users/admin/builder/spi-builder-workspace/.derivedData/Build/Intermediates.noindex/Feedbacks.build/Debug-watchos/Feedbacks-t.build/Objects-normal/arm64_32/Feedbacks-Swift.h -serialize-diagnostics-path /Users/admin/builder/spi-builder-workspace/.derivedData/Build/Intermediates.noindex/Feedbacks.build/Debug-watchos/Feedbacks-t.build/Objects-normal/arm64_32/Feedbacks-primary-emit-module.dia -emit-dependencies-path /Users/admin/builder/spi-builder-workspace/.derivedData/Build/Intermediates.noindex/Feedbacks.build/Debug-watchos/Feedbacks-t.build/Objects-normal/arm64_32/Feedbacks-primary-emit-module.d -parse-as-library -o /Users/admin/builder/spi-builder-workspace/.derivedData/Build/Intermediates.noindex/Feedbacks.build/Debug-watchos/Feedbacks-t.build/Objects-normal/arm64_32/Feedbacks.swiftmodule -emit-abi-descriptor-path /Users/admin/builder/spi-builder-workspace/.derivedData/Build/Intermediates.noindex/Feedbacks.build/Debug-watchos/Feedbacks-t.build/Objects-normal/arm64_32/Feedbacks.abi.json
SwiftCompile normal arm64_32 (in target 'Feedbacks' from project 'Feedbacks')
cd /Users/admin/builder/spi-builder-workspace/.swiftpm/xcode
SwiftCompile normal arm64_32 Compiling\ Feedback.swift,\ Feedbacks.swift /Users/admin/builder/spi-builder-workspace/Sources/Feedbacks/Feedbacks/Feedback.swift /Users/admin/builder/spi-builder-workspace/Sources/Feedbacks/Feedbacks/Feedbacks.swift (in target 'Feedbacks' from project 'Feedbacks')
SwiftCompile normal arm64_32 /Users/admin/builder/spi-builder-workspace/Sources/Feedbacks/Feedbacks/Feedback.swift (in target 'Feedbacks' from project 'Feedbacks')
cd /Users/admin/builder/spi-builder-workspace/.swiftpm/xcode
builtin-SwiftPerFileCompile Feedback.swift
SwiftCompile normal arm64_32 /Users/admin/builder/spi-builder-workspace/Sources/Feedbacks/Feedbacks/Feedbacks.swift (in target 'Feedbacks' from project 'Feedbacks')
cd /Users/admin/builder/spi-builder-workspace/.swiftpm/xcode
builtin-SwiftPerFileCompile Feedbacks.swift
SwiftEmitModule normal arm64 Emitting\ module\ for\ Feedbacks (in target 'Feedbacks' from project 'Feedbacks')
SwiftCompile normal arm64 (in target 'Feedbacks' from project 'Feedbacks')
cd /Users/admin/builder/spi-builder-workspace/.swiftpm/xcode
SwiftDriverJobDiscovery normal arm64_32 Compiling ArrayBuilder.swift, Event.swift (in target 'Feedbacks' from project 'Feedbacks')
SwiftCompile normal arm64 Compiling\ AnyEvent.swift,\ AnyState.swift /Users/admin/builder/spi-builder-workspace/Sources/Feedbacks/Transitions/AnyEvent.swift /Users/admin/builder/spi-builder-workspace/Sources/Feedbacks/Transitions/AnyState.swift (in target 'Feedbacks' from project 'Feedbacks')
SwiftCompile normal arm64 /Users/admin/builder/spi-builder-workspace/Sources/Feedbacks/Transitions/AnyEvent.swift (in target 'Feedbacks' from project 'Feedbacks')
cd /Users/admin/builder/spi-builder-workspace/.swiftpm/xcode
builtin-SwiftPerFileCompile AnyEvent.swift
SwiftCompile normal arm64 /Users/admin/builder/spi-builder-workspace/Sources/Feedbacks/Transitions/AnyState.swift (in target 'Feedbacks' from project 'Feedbacks')
cd /Users/admin/builder/spi-builder-workspace/.swiftpm/xcode
builtin-SwiftPerFileCompile AnyState.swift
SwiftDriverJobDiscovery normal arm64_32 Compiling AnyEvent.swift, AnyState.swift (in target 'Feedbacks' from project 'Feedbacks')
SwiftCompile normal arm64 Compiling\ Transitions.swift /Users/admin/builder/spi-builder-workspace/Sources/Feedbacks/Transitions/Transitions.swift (in target 'Feedbacks' from project 'Feedbacks')
SwiftCompile normal arm64 /Users/admin/builder/spi-builder-workspace/Sources/Feedbacks/Transitions/Transitions.swift (in target 'Feedbacks' from project 'Feedbacks')
cd /Users/admin/builder/spi-builder-workspace/.swiftpm/xcode
builtin-SwiftPerFileCompile Transitions.swift
SwiftDriverJobDiscovery normal arm64_32 Compiling StaticIdentifiable.swift (in target 'Feedbacks' from project 'Feedbacks')
SwiftCompile normal arm64 Compiling\ Feedback.swift,\ Feedbacks.swift /Users/admin/builder/spi-builder-workspace/Sources/Feedbacks/Feedbacks/Feedback.swift /Users/admin/builder/spi-builder-workspace/Sources/Feedbacks/Feedbacks/Feedbacks.swift (in target 'Feedbacks' from project 'Feedbacks')
SwiftCompile normal arm64 /Users/admin/builder/spi-builder-workspace/Sources/Feedbacks/Feedbacks/Feedback.swift (in target 'Feedbacks' from project 'Feedbacks')
cd /Users/admin/builder/spi-builder-workspace/.swiftpm/xcode
builtin-SwiftPerFileCompile Feedback.swift
SwiftCompile normal arm64 /Users/admin/builder/spi-builder-workspace/Sources/Feedbacks/Feedbacks/Feedbacks.swift (in target 'Feedbacks' from project 'Feedbacks')
cd /Users/admin/builder/spi-builder-workspace/.swiftpm/xcode
builtin-SwiftPerFileCompile Feedbacks.swift
SwiftDriverJobDiscovery normal arm64_32 Compiling On.swift, State.swift (in target 'Feedbacks' from project 'Feedbacks')
SwiftCompile normal arm64 Compiling\ SideEffect.swift,\ InitialState.swift /Users/admin/builder/spi-builder-workspace/Sources/Feedbacks/Feedbacks/SideEffect.swift /Users/admin/builder/spi-builder-workspace/Sources/Feedbacks/System/InitialState.swift (in target 'Feedbacks' from project 'Feedbacks')
SwiftCompile normal arm64 /Users/admin/builder/spi-builder-workspace/Sources/Feedbacks/Feedbacks/SideEffect.swift (in target 'Feedbacks' from project 'Feedbacks')
cd /Users/admin/builder/spi-builder-workspace/.swiftpm/xcode
builtin-SwiftPerFileCompile SideEffect.swift
SwiftCompile normal arm64 /Users/admin/builder/spi-builder-workspace/Sources/Feedbacks/System/InitialState.swift (in target 'Feedbacks' from project 'Feedbacks')
cd /Users/admin/builder/spi-builder-workspace/.swiftpm/xcode
builtin-SwiftPerFileCompile InitialState.swift
PruneExplicitPrecompiledModules /Users/admin/builder/spi-builder-workspace/.derivedData/Build/Intermediates.noindex/ExplicitPrecompiledModules
PruneExplicitPrecompiledModules /Users/admin/builder/spi-builder-workspace/.derivedData/SDKExplicitPrecompiledModules
PruneExplicitPrecompiledModules /Users/admin/builder/spi-builder-workspace/.derivedData/Build/Intermediates.noindex/SwiftExplicitPrecompiledModules
2026-09-17 14:11:32.198 xcodebuild[723:4523] [MT] IDERunDestination: Supported platforms for the buildables in the current scheme is empty.
2026-09-17 14:11:32.300 xcodebuild[723:4523] [MT] IDERunDestination: Supported platforms for the buildables in the current scheme is empty.
** BUILD FAILED **
The following build commands failed:
SwiftEmitModule normal arm64_32 Emitting\ module\ for\ Feedbacks (in target 'Feedbacks' from project 'Feedbacks')
SwiftCompile normal arm64_32 (in target 'Feedbacks' from project 'Feedbacks')
Building workspace Feedbacks with scheme Feedbacks-Package
(3 failures)
Command line invocation:
/Applications/Xcode-27.0.0-Release.Candidate.app/Contents/Developer/usr/bin/xcodebuild -IDEClonedSourcePackagesDirPathOverride=/Users/admin/builder/spi-builder-workspace/.dependencies -resolvePackageDependencies
Resolve Package Graph
Resolved source packages:
CombineExt: https://github.com/CombineCommunity/CombineExt.git @ 1.3.0
combine-schedulers: https://github.com/pointfreeco/combine-schedulers.git @ 0.1.2
Feedbacks: /Users/admin/builder/spi-builder-workspace
resolved source packages: CombineExt, combine-schedulers, Feedbacks
2026-09-17 14:11:42.394 xcodebuild[916:5391] [MT] IDERunDestination: Supported platforms for the buildables in the current scheme is empty.
2026-09-17 14:11:42.497 xcodebuild[916:5391] [MT] IDERunDestination: Supported platforms for the buildables in the current scheme is empty.
{
"dependencies" : [
{
"identity" : "combine-schedulers",
"requirement" : {
"exact" : [
"0.1.2"
]
},
"type" : "sourceControl",
"url" : "https://github.com/pointfreeco/combine-schedulers.git"
},
{
"identity" : "combineext",
"requirement" : {
"exact" : [
"1.3.0"
]
},
"type" : "sourceControl",
"url" : "https://github.com/CombineCommunity/CombineExt.git"
}
],
"manifest_display_name" : "Feedbacks",
"name" : "Feedbacks",
"path" : "/Users/admin/builder/spi-builder-workspace",
"platforms" : [
{
"name" : "macos",
"version" : "10.15"
},
{
"name" : "ios",
"version" : "13.0"
},
{
"name" : "tvos",
"version" : "13.0"
},
{
"name" : "watchos",
"version" : "6.0"
}
],
"products" : [
{
"name" : "Feedbacks",
"targets" : [
"Feedbacks"
],
"type" : {
"library" : [
"automatic"
]
}
},
{
"name" : "FeedbacksTest",
"targets" : [
"FeedbacksTest"
],
"type" : {
"library" : [
"automatic"
]
}
}
],
"targets" : [
{
"c99name" : "FeedbacksTests",
"module_type" : "SwiftTarget",
"name" : "FeedbacksTests",
"path" : "Tests/FeedbacksTests",
"product_dependencies" : [
"CombineSchedulers"
],
"sources" : [
"DispatchQueue+CurrentLabel.swift",
"Feedbacks/FeedbackTests.swift",
"Feedbacks/FeedbacksTests.swift",
"Feedbacks/SideEffectTests.swift",
"System/InitialStateTests.swift",
"System/SystemTests.swift",
"System/UISystem+BindingTests.swift",
"System/UISystemTests.swift",
"Transitions/ArrayBuilderTests.swift",
"Transitions/FromTests.swift",
"Transitions/OnTests.swift",
"Transitions/StaticIdentifiableTests.swift",
"Transitions/TransitionsTests.swift"
],
"target_dependencies" : [
"Feedbacks",
"FeedbacksTest"
],
"type" : "test"
},
{
"c99name" : "FeedbacksTest",
"module_type" : "SwiftTarget",
"name" : "FeedbacksTest",
"path" : "Sources/FeedbacksTest",
"product_memberships" : [
"FeedbacksTest"
],
"sources" : [
"StateMachine/Transitions+AssertThat.swift"
],
"target_dependencies" : [
"Feedbacks"
],
"type" : "library"
},
{
"c99name" : "Feedbacks",
"module_type" : "SwiftTarget",
"name" : "Feedbacks",
"path" : "Sources/Feedbacks",
"product_dependencies" : [
"CombineExt"
],
"product_memberships" : [
"Feedbacks",
"FeedbacksTest"
],
"sources" : [
"Feedbacks/Feedback.swift",
"Feedbacks/Feedbacks.swift",
"Feedbacks/SideEffect.swift",
"System/InitialState.swift",
"System/Mediator.swift",
"System/System.swift",
"System/UISystem+Binding.swift",
"System/UISystem.swift",
"Transitions/AnyEvent.swift",
"Transitions/AnyState.swift",
"Transitions/ArrayBuilder.swift",
"Transitions/Event.swift",
"Transitions/From.swift",
"Transitions/Instantiable.swift",
"Transitions/On.swift",
"Transitions/State.swift",
"Transitions/StaticIdentifiable.swift",
"Transitions/Transitions.swift"
],
"type" : "library"
}
],
"tools_version" : "5.3"
}
{
"workspace" : {
"name" : "Feedbacks",
"schemes" : [
"Feedbacks",
"Feedbacks-Package",
"FeedbacksTest"
]
}
}
2026-09-17 14:11:43.700 xcodebuild[924:5461] [MT] IDERunDestination: Supported platforms for the buildables in the current scheme is empty.
2026-09-17 14:11:43.804 xcodebuild[924:5461] [MT] IDERunDestination: Supported platforms for the buildables in the current scheme is empty.
Running build ...
env DEVELOPER_DIR=/Applications/Xcode-27.0.0-Release.Candidate.app xcrun xcodebuild -IDEClonedSourcePackagesDirPathOverride=$PWD/.dependencies -skipMacroValidation -skipPackagePluginValidation -derivedDataPath $PWD/.derivedData build -scheme Feedbacks-Package -destination generic/platform=watchOS
Command line invocation:
/Applications/Xcode-27.0.0-Release.Candidate.app/Contents/Developer/usr/bin/xcodebuild -IDEClonedSourcePackagesDirPathOverride=/Users/admin/builder/spi-builder-workspace/.dependencies -skipMacroValidation -skipPackagePluginValidation -derivedDataPath /Users/admin/builder/spi-builder-workspace/.derivedData build -scheme Feedbacks-Package -destination generic/platform=watchOS
Resolve Package Graph
Resolved source packages:
Feedbacks: /Users/admin/builder/spi-builder-workspace
combine-schedulers: https://github.com/pointfreeco/combine-schedulers.git @ 0.1.2
CombineExt: https://github.com/CombineCommunity/CombineExt.git @ 1.3.0
ComputePackagePrebuildTargetDependencyGraph
Prepare packages
CreateBuildRequest
SendProjectDescription
CreateBuildOperation
ComputeTargetDependencyGraph
note: Building targets in dependency order
note: Target dependency graph (6 targets)
Target 'FeedbacksTest-product' in project 'Feedbacks'
➜ Explicit dependency on target 'FeedbacksTest' in project 'Feedbacks'
➜ Explicit dependency on target 'Feedbacks' in project 'Feedbacks'
➜ Explicit dependency on target 'CombineExt-product' in project 'CombineExt'
Target 'FeedbacksTest' in project 'Feedbacks'
➜ Explicit dependency on target 'Feedbacks' in project 'Feedbacks'
➜ Explicit dependency on target 'CombineExt-product' in project 'CombineExt'
Target 'Feedbacks-product' in project 'Feedbacks'
➜ Explicit dependency on target 'Feedbacks' in project 'Feedbacks'
➜ Explicit dependency on target 'CombineExt-product' in project 'CombineExt'
Target 'Feedbacks' in project 'Feedbacks'
➜ Explicit dependency on target 'CombineExt-product' in project 'CombineExt'
Target 'CombineExt-product' in project 'CombineExt'
➜ Explicit dependency on target 'CombineExt' in project 'CombineExt'
Target 'CombineExt' in project 'CombineExt' (no dependencies)
GatherProvisioningInputs
CreateBuildDescription
ClangStatCache /Applications/Xcode-27.0.0-Release.Candidate.app/Contents/Developer/Toolchains/XcodeDefault.xctoolchain/usr/bin/clang-stat-cache /Applications/Xcode-27.0.0-Release.Candidate.app/Contents/Developer/Platforms/WatchOS.platform/Developer/SDKs/WatchOS27.0.sdk /Users/admin/builder/spi-builder-workspace/.derivedData/SDKStatCaches.noindex/watchos27.0-24R360-e829b21a6f8c9b70876ba0858053c04477534ef55a1706bf4c1112bbb242f0a2.sdkstatcache
cd /Users/admin/builder/spi-builder-workspace/.swiftpm/xcode
/Applications/Xcode-27.0.0-Release.Candidate.app/Contents/Developer/Toolchains/XcodeDefault.xctoolchain/usr/bin/clang-stat-cache /Applications/Xcode-27.0.0-Release.Candidate.app/Contents/Developer/Platforms/WatchOS.platform/Developer/SDKs/WatchOS27.0.sdk -o /Users/admin/builder/spi-builder-workspace/.derivedData/SDKStatCaches.noindex/watchos27.0-24R360-e829b21a6f8c9b70876ba0858053c04477534ef55a1706bf4c1112bbb242f0a2.sdkstatcache
SwiftDriver Feedbacks normal arm64 com.apple.xcode.tools.swift.compiler (in target 'Feedbacks' from project 'Feedbacks')
cd /Users/admin/builder/spi-builder-workspace/.swiftpm/xcode
builtin-SwiftDriver -- /Applications/Xcode-27.0.0-Release.Candidate.app/Contents/Developer/Toolchains/XcodeDefault.xctoolchain/usr/bin/swiftc -parse-as-library -module-name Feedbacks -Onone @/Users/admin/builder/spi-builder-workspace/.derivedData/Build/Intermediates.noindex/Feedbacks.build/Debug-watchos/Feedbacks-t.build/Objects-normal/arm64/Feedbacks.SwiftFileList -DSWIFT_PACKAGE -DDEBUG -DSWIFT_MODULE_RESOURCE_BUNDLE_UNAVAILABLE -DXcode -plugin-path /Applications/Xcode-27.0.0-Release.Candidate.app/Contents/Developer/Toolchains/XcodeDefault.xctoolchain/usr/lib/swift/host/plugins/testing -enable-experimental-feature DebugDescriptionMacro -sdk /Applications/Xcode-27.0.0-Release.Candidate.app/Contents/Developer/Platforms/WatchOS.platform/Developer/SDKs/WatchOS27.0.sdk -target arm64-apple-watchos9.0 -g -module-cache-path /Users/admin/builder/spi-builder-workspace/.derivedData/ModuleCache.noindex -Xfrontend -serialize-debugging-options -profile-coverage-mapping -profile-generate -enable-testing -index-store-path /Users/admin/builder/spi-builder-workspace/.derivedData/Index.noindex/DataStore -Xcc -D_LIBCPP_HARDENING_MODE\=_LIBCPP_HARDENING_MODE_DEBUG -swift-version 5 -I /Users/admin/builder/spi-builder-workspace/.derivedData/Build/Products/Debug-watchos -Isystem /Applications/Xcode-27.0.0-Release.Candidate.app/Contents/Developer/Platforms/WatchOS.platform/Developer/usr/lib -F /Users/admin/builder/spi-builder-workspace/.derivedData/Build/Products/Debug-watchos/PackageFrameworks -F /Users/admin/builder/spi-builder-workspace/.derivedData/Build/Products/Debug-watchos -F /Applications/Xcode-27.0.0-Release.Candidate.app/Contents/Developer/Platforms/WatchOS.platform/Developer/Library/Frameworks -F /Applications/Xcode-27.0.0-Release.Candidate.app/Contents/Developer/Platforms/WatchOS.platform/Developer/SDKs/WatchOS27.0.sdk/Developer/Library/Frameworks -c -j10 -enable-batch-mode -incremental -Xcc -ivfsstatcache -Xcc /Users/admin/builder/spi-builder-workspace/.derivedData/SDKStatCaches.noindex/watchos27.0-24R360-e829b21a6f8c9b70876ba0858053c04477534ef55a1706bf4c1112bbb242f0a2.sdkstatcache -output-file-map /Users/admin/builder/spi-builder-workspace/.derivedData/Build/Intermediates.noindex/Feedbacks.build/Debug-watchos/Feedbacks-t.build/Objects-normal/arm64/Feedbacks-OutputFileMap.json -save-temps -no-color-diagnostics -explicit-module-build -module-cache-path /Users/admin/builder/spi-builder-workspace/.derivedData/Build/Intermediates.noindex/SwiftExplicitPrecompiledModules -clang-scanner-module-cache-path /Users/admin/builder/spi-builder-workspace/.derivedData/ModuleCache.noindex -sdk-module-cache-path /Users/admin/builder/spi-builder-workspace/.derivedData/SDKExplicitPrecompiledModules -emit-dependencies -emit-module -emit-module-path /Users/admin/builder/spi-builder-workspace/.derivedData/Build/Intermediates.noindex/Feedbacks.build/Debug-watchos/Feedbacks-t.build/Objects-normal/arm64/Feedbacks.swiftmodule -serialize-diagnostics -dependency-scan-serialize-diagnostics-path /Users/admin/builder/spi-builder-workspace/.derivedData/Build/Intermediates.noindex/Feedbacks.build/Debug-watchos/Feedbacks-t.build/Objects-normal/arm64/Feedbacks-dependency-scan.dia -validate-clang-modules-once -clang-build-session-file /Users/admin/builder/spi-builder-workspace/.derivedData/ModuleCache.noindex/Session.modulevalidation -Xcc -fmodules-prune-interval\=86400 -Xcc -fmodules-prune-after\=345600 -emit-const-values -const-gather-protocols-list /Users/admin/builder/spi-builder-workspace/.derivedData/Build/Intermediates.noindex/Feedbacks.build/Debug-watchos/Feedbacks-t.build/Objects-normal/arm64/Feedbacks_const_extract_protocols.json -Xcc -I/Users/admin/builder/spi-builder-workspace/.derivedData/Build/Products/Debug-watchos/include -Xcc -I/Users/admin/builder/spi-builder-workspace/.derivedData/Build/Intermediates.noindex/Feedbacks.build/Debug-watchos/Feedbacks-t.build/DerivedSources-normal/arm64 -Xcc -I/Users/admin/builder/spi-builder-workspace/.derivedData/Build/Intermediates.noindex/Feedbacks.build/Debug-watchos/Feedbacks-t.build/DerivedSources/arm64 -Xcc -I/Users/admin/builder/spi-builder-workspace/.derivedData/Build/Intermediates.noindex/Feedbacks.build/Debug-watchos/Feedbacks-t.build/DerivedSources -Xcc -DSWIFT_PACKAGE -Xcc -DDEBUG\=1 -emit-objc-header -emit-objc-header-path /Users/admin/builder/spi-builder-workspace/.derivedData/Build/Intermediates.noindex/Feedbacks.build/Debug-watchos/Feedbacks-t.build/Objects-normal/arm64/Feedbacks-Swift.h -working-directory /Users/admin/builder/spi-builder-workspace/.swiftpm/xcode -experimental-emit-module-separately -disable-cmo
/Users/admin/builder/spi-builder-workspace/Sources/Feedbacks/Feedbacks/Feedbacks.swift:160:2: warning: '@_functionBuilder' has been renamed to '@resultBuilder' (in target 'Feedbacks' from project 'Feedbacks')
/Users/admin/builder/spi-builder-workspace/Sources/Feedbacks/System/System.swift:242:2: warning: '@_functionBuilder' has been renamed to '@resultBuilder' (in target 'Feedbacks' from project 'Feedbacks')
/Users/admin/builder/spi-builder-workspace/Sources/Feedbacks/Transitions/ArrayBuilder.swift:8:2: warning: '@_functionBuilder' has been renamed to '@resultBuilder' (in target 'Feedbacks' from project 'Feedbacks')
SwiftDriver Feedbacks normal arm64_32 com.apple.xcode.tools.swift.compiler (in target 'Feedbacks' from project 'Feedbacks')
cd /Users/admin/builder/spi-builder-workspace/.swiftpm/xcode
builtin-SwiftDriver -- /Applications/Xcode-27.0.0-Release.Candidate.app/Contents/Developer/Toolchains/XcodeDefault.xctoolchain/usr/bin/swiftc -parse-as-library -module-name Feedbacks -Onone @/Users/admin/builder/spi-builder-workspace/.derivedData/Build/Intermediates.noindex/Feedbacks.build/Debug-watchos/Feedbacks-t.build/Objects-normal/arm64_32/Feedbacks.SwiftFileList -DSWIFT_PACKAGE -DDEBUG -DSWIFT_MODULE_RESOURCE_BUNDLE_UNAVAILABLE -DXcode -plugin-path /Applications/Xcode-27.0.0-Release.Candidate.app/Contents/Developer/Toolchains/XcodeDefault.xctoolchain/usr/lib/swift/host/plugins/testing -enable-experimental-feature DebugDescriptionMacro -sdk /Applications/Xcode-27.0.0-Release.Candidate.app/Contents/Developer/Platforms/WatchOS.platform/Developer/SDKs/WatchOS27.0.sdk -target arm64_32-apple-watchos9.0 -g -module-cache-path /Users/admin/builder/spi-builder-workspace/.derivedData/ModuleCache.noindex -Xfrontend -serialize-debugging-options -profile-coverage-mapping -profile-generate -enable-testing -index-store-path /Users/admin/builder/spi-builder-workspace/.derivedData/Index.noindex/DataStore -Xcc -D_LIBCPP_HARDENING_MODE\=_LIBCPP_HARDENING_MODE_DEBUG -swift-version 5 -I /Users/admin/builder/spi-builder-workspace/.derivedData/Build/Products/Debug-watchos -Isystem /Applications/Xcode-27.0.0-Release.Candidate.app/Contents/Developer/Platforms/WatchOS.platform/Developer/usr/lib -F /Users/admin/builder/spi-builder-workspace/.derivedData/Build/Products/Debug-watchos/PackageFrameworks -F /Users/admin/builder/spi-builder-workspace/.derivedData/Build/Products/Debug-watchos -F /Applications/Xcode-27.0.0-Release.Candidate.app/Contents/Developer/Platforms/WatchOS.platform/Developer/Library/Frameworks -F /Applications/Xcode-27.0.0-Release.Candidate.app/Contents/Developer/Platforms/WatchOS.platform/Developer/SDKs/WatchOS27.0.sdk/Developer/Library/Frameworks -c -j10 -enable-batch-mode -incremental -Xcc -ivfsstatcache -Xcc /Users/admin/builder/spi-builder-workspace/.derivedData/SDKStatCaches.noindex/watchos27.0-24R360-e829b21a6f8c9b70876ba0858053c04477534ef55a1706bf4c1112bbb242f0a2.sdkstatcache -output-file-map /Users/admin/builder/spi-builder-workspace/.derivedData/Build/Intermediates.noindex/Feedbacks.build/Debug-watchos/Feedbacks-t.build/Objects-normal/arm64_32/Feedbacks-OutputFileMap.json -save-temps -no-color-diagnostics -explicit-module-build -module-cache-path /Users/admin/builder/spi-builder-workspace/.derivedData/Build/Intermediates.noindex/SwiftExplicitPrecompiledModules -clang-scanner-module-cache-path /Users/admin/builder/spi-builder-workspace/.derivedData/ModuleCache.noindex -sdk-module-cache-path /Users/admin/builder/spi-builder-workspace/.derivedData/SDKExplicitPrecompiledModules -emit-dependencies -emit-module -emit-module-path /Users/admin/builder/spi-builder-workspace/.derivedData/Build/Intermediates.noindex/Feedbacks.build/Debug-watchos/Feedbacks-t.build/Objects-normal/arm64_32/Feedbacks.swiftmodule -serialize-diagnostics -dependency-scan-serialize-diagnostics-path /Users/admin/builder/spi-builder-workspace/.derivedData/Build/Intermediates.noindex/Feedbacks.build/Debug-watchos/Feedbacks-t.build/Objects-normal/arm64_32/Feedbacks-dependency-scan.dia -validate-clang-modules-once -clang-build-session-file /Users/admin/builder/spi-builder-workspace/.derivedData/ModuleCache.noindex/Session.modulevalidation -Xcc -fmodules-prune-interval\=86400 -Xcc -fmodules-prune-after\=345600 -emit-const-values -const-gather-protocols-list /Users/admin/builder/spi-builder-workspace/.derivedData/Build/Intermediates.noindex/Feedbacks.build/Debug-watchos/Feedbacks-t.build/Objects-normal/arm64_32/Feedbacks_const_extract_protocols.json -Xcc -I/Users/admin/builder/spi-builder-workspace/.derivedData/Build/Products/Debug-watchos/include -Xcc -I/Users/admin/builder/spi-builder-workspace/.derivedData/Build/Intermediates.noindex/Feedbacks.build/Debug-watchos/Feedbacks-t.build/DerivedSources-normal/arm64_32 -Xcc -I/Users/admin/builder/spi-builder-workspace/.derivedData/Build/Intermediates.noindex/Feedbacks.build/Debug-watchos/Feedbacks-t.build/DerivedSources/arm64_32 -Xcc -I/Users/admin/builder/spi-builder-workspace/.derivedData/Build/Intermediates.noindex/Feedbacks.build/Debug-watchos/Feedbacks-t.build/DerivedSources -Xcc -DSWIFT_PACKAGE -Xcc -DDEBUG\=1 -emit-objc-header -emit-objc-header-path /Users/admin/builder/spi-builder-workspace/.derivedData/Build/Intermediates.noindex/Feedbacks.build/Debug-watchos/Feedbacks-t.build/Objects-normal/arm64_32/Feedbacks-Swift.h -working-directory /Users/admin/builder/spi-builder-workspace/.swiftpm/xcode -experimental-emit-module-separately -disable-cmo
/Users/admin/builder/spi-builder-workspace/Sources/Feedbacks/Feedbacks/Feedbacks.swift:160:2: warning: '@_functionBuilder' has been renamed to '@resultBuilder' (in target 'Feedbacks' from project 'Feedbacks')
/Users/admin/builder/spi-builder-workspace/Sources/Feedbacks/System/System.swift:242:2: warning: '@_functionBuilder' has been renamed to '@resultBuilder' (in target 'Feedbacks' from project 'Feedbacks')
/Users/admin/builder/spi-builder-workspace/Sources/Feedbacks/Transitions/ArrayBuilder.swift:8:2: warning: '@_functionBuilder' has been renamed to '@resultBuilder' (in target 'Feedbacks' from project 'Feedbacks')
SwiftCompile normal arm64 Compiling\ Feedback.swift,\ Feedbacks.swift /Users/admin/builder/spi-builder-workspace/Sources/Feedbacks/Feedbacks/Feedback.swift /Users/admin/builder/spi-builder-workspace/Sources/Feedbacks/Feedbacks/Feedbacks.swift (in target 'Feedbacks' from project 'Feedbacks')
SwiftCompile normal arm64 /Users/admin/builder/spi-builder-workspace/Sources/Feedbacks/Feedbacks/Feedback.swift (in target 'Feedbacks' from project 'Feedbacks')
cd /Users/admin/builder/spi-builder-workspace/.swiftpm/xcode
builtin-SwiftPerFileCompile Feedback.swift
SwiftCompile normal arm64 /Users/admin/builder/spi-builder-workspace/Sources/Feedbacks/Feedbacks/Feedbacks.swift (in target 'Feedbacks' from project 'Feedbacks')
cd /Users/admin/builder/spi-builder-workspace/.swiftpm/xcode
builtin-SwiftPerFileCompile Feedbacks.swift
/Users/admin/builder/spi-builder-workspace/Sources/Feedbacks/Feedbacks/Feedbacks.swift:160:2: warning: '@_functionBuilder' has been renamed to '@resultBuilder'
158 | }
159 |
160 | @_functionBuilder
| `- warning: '@_functionBuilder' has been renamed to '@resultBuilder'
161 | public struct FeedbacksBuilder {
162 | public static func buildBlock(_ feedbacks: Feedback...) -> [Feedback] {
SwiftCompile normal arm64 Compiling\ From.swift,\ Instantiable.swift /Users/admin/builder/spi-builder-workspace/Sources/Feedbacks/Transitions/From.swift /Users/admin/builder/spi-builder-workspace/Sources/Feedbacks/Transitions/Instantiable.swift (in target 'Feedbacks' from project 'Feedbacks')
SwiftCompile normal arm64 /Users/admin/builder/spi-builder-workspace/Sources/Feedbacks/Transitions/From.swift (in target 'Feedbacks' from project 'Feedbacks')
cd /Users/admin/builder/spi-builder-workspace/.swiftpm/xcode
builtin-SwiftPerFileCompile From.swift
SwiftCompile normal arm64 /Users/admin/builder/spi-builder-workspace/Sources/Feedbacks/Transitions/Instantiable.swift (in target 'Feedbacks' from project 'Feedbacks')
cd /Users/admin/builder/spi-builder-workspace/.swiftpm/xcode
builtin-SwiftPerFileCompile Instantiable.swift
SwiftCompile normal arm64 Compiling\ AnyEvent.swift,\ AnyState.swift /Users/admin/builder/spi-builder-workspace/Sources/Feedbacks/Transitions/AnyEvent.swift /Users/admin/builder/spi-builder-workspace/Sources/Feedbacks/Transitions/AnyState.swift (in target 'Feedbacks' from project 'Feedbacks')
SwiftCompile normal arm64 /Users/admin/builder/spi-builder-workspace/Sources/Feedbacks/Transitions/AnyEvent.swift (in target 'Feedbacks' from project 'Feedbacks')
cd /Users/admin/builder/spi-builder-workspace/.swiftpm/xcode
builtin-SwiftPerFileCompile AnyEvent.swift
SwiftCompile normal arm64 /Users/admin/builder/spi-builder-workspace/Sources/Feedbacks/Transitions/AnyState.swift (in target 'Feedbacks' from project 'Feedbacks')
cd /Users/admin/builder/spi-builder-workspace/.swiftpm/xcode
builtin-SwiftPerFileCompile AnyState.swift
SwiftCompile normal arm64 Compiling\ SideEffect.swift,\ InitialState.swift /Users/admin/builder/spi-builder-workspace/Sources/Feedbacks/Feedbacks/SideEffect.swift /Users/admin/builder/spi-builder-workspace/Sources/Feedbacks/System/InitialState.swift (in target 'Feedbacks' from project 'Feedbacks')
SwiftCompile normal arm64 /Users/admin/builder/spi-builder-workspace/Sources/Feedbacks/Feedbacks/SideEffect.swift (in target 'Feedbacks' from project 'Feedbacks')
cd /Users/admin/builder/spi-builder-workspace/.swiftpm/xcode
builtin-SwiftPerFileCompile SideEffect.swift
SwiftCompile normal arm64 /Users/admin/builder/spi-builder-workspace/Sources/Feedbacks/System/InitialState.swift (in target 'Feedbacks' from project 'Feedbacks')
cd /Users/admin/builder/spi-builder-workspace/.swiftpm/xcode
builtin-SwiftPerFileCompile InitialState.swift
SwiftCompile normal arm64 Compiling\ StaticIdentifiable.swift /Users/admin/builder/spi-builder-workspace/Sources/Feedbacks/Transitions/StaticIdentifiable.swift (in target 'Feedbacks' from project 'Feedbacks')
SwiftCompile normal arm64 /Users/admin/builder/spi-builder-workspace/Sources/Feedbacks/Transitions/StaticIdentifiable.swift (in target 'Feedbacks' from project 'Feedbacks')
cd /Users/admin/builder/spi-builder-workspace/.swiftpm/xcode
builtin-SwiftPerFileCompile StaticIdentifiable.swift
SwiftCompile normal arm64 Compiling\ Transitions.swift /Users/admin/builder/spi-builder-workspace/Sources/Feedbacks/Transitions/Transitions.swift (in target 'Feedbacks' from project 'Feedbacks')
SwiftCompile normal arm64 /Users/admin/builder/spi-builder-workspace/Sources/Feedbacks/Transitions/Transitions.swift (in target 'Feedbacks' from project 'Feedbacks')
cd /Users/admin/builder/spi-builder-workspace/.swiftpm/xcode
builtin-SwiftPerFileCompile Transitions.swift
SwiftCompile normal arm64 Compiling\ ArrayBuilder.swift,\ Event.swift /Users/admin/builder/spi-builder-workspace/Sources/Feedbacks/Transitions/ArrayBuilder.swift /Users/admin/builder/spi-builder-workspace/Sources/Feedbacks/Transitions/Event.swift (in target 'Feedbacks' from project 'Feedbacks')
/Users/admin/builder/spi-builder-workspace/Sources/Feedbacks/Transitions/ArrayBuilder.swift:8:2: warning: '@_functionBuilder' has been renamed to '@resultBuilder'
6 | //
7 |
8 | @_functionBuilder
| `- warning: '@_functionBuilder' has been renamed to '@resultBuilder'
9 | public struct ArrayBuilder<Value> {
10 | public static func buildBlock(_ values: Value...) -> [Value] {
SwiftCompile normal arm64 /Users/admin/builder/spi-builder-workspace/Sources/Feedbacks/Transitions/ArrayBuilder.swift (in target 'Feedbacks' from project 'Feedbacks')
cd /Users/admin/builder/spi-builder-workspace/.swiftpm/xcode
builtin-SwiftPerFileCompile ArrayBuilder.swift
SwiftCompile normal arm64 /Users/admin/builder/spi-builder-workspace/Sources/Feedbacks/Transitions/Event.swift (in target 'Feedbacks' from project 'Feedbacks')
cd /Users/admin/builder/spi-builder-workspace/.swiftpm/xcode
builtin-SwiftPerFileCompile Event.swift
SwiftCompile normal arm64 Compiling\ On.swift,\ State.swift /Users/admin/builder/spi-builder-workspace/Sources/Feedbacks/Transitions/On.swift /Users/admin/builder/spi-builder-workspace/Sources/Feedbacks/Transitions/State.swift (in target 'Feedbacks' from project 'Feedbacks')
SwiftCompile normal arm64 /Users/admin/builder/spi-builder-workspace/Sources/Feedbacks/Transitions/On.swift (in target 'Feedbacks' from project 'Feedbacks')
cd /Users/admin/builder/spi-builder-workspace/.swiftpm/xcode
builtin-SwiftPerFileCompile On.swift
SwiftCompile normal arm64 /Users/admin/builder/spi-builder-workspace/Sources/Feedbacks/Transitions/State.swift (in target 'Feedbacks' from project 'Feedbacks')
cd /Users/admin/builder/spi-builder-workspace/.swiftpm/xcode
builtin-SwiftPerFileCompile State.swift
SwiftCompile normal arm64 Compiling\ Mediator.swift,\ System.swift /Users/admin/builder/spi-builder-workspace/Sources/Feedbacks/System/Mediator.swift /Users/admin/builder/spi-builder-workspace/Sources/Feedbacks/System/System.swift (in target 'Feedbacks' from project 'Feedbacks')
/Users/admin/builder/spi-builder-workspace/Sources/Feedbacks/System/System.swift:242:2: warning: '@_functionBuilder' has been renamed to '@resultBuilder'
240 | }
241 |
242 | @_functionBuilder
| `- warning: '@_functionBuilder' has been renamed to '@resultBuilder'
243 | public struct SystemBuilder {
244 | public static func buildBlock(
SwiftCompile normal arm64 /Users/admin/builder/spi-builder-workspace/Sources/Feedbacks/System/Mediator.swift (in target 'Feedbacks' from project 'Feedbacks')
cd /Users/admin/builder/spi-builder-workspace/.swiftpm/xcode
builtin-SwiftPerFileCompile Mediator.swift
SwiftCompile normal arm64 /Users/admin/builder/spi-builder-workspace/Sources/Feedbacks/System/System.swift (in target 'Feedbacks' from project 'Feedbacks')
cd /Users/admin/builder/spi-builder-workspace/.swiftpm/xcode
builtin-SwiftPerFileCompile System.swift
SwiftCompile normal arm64 Compiling\ UISystem+Binding.swift,\ UISystem.swift /Users/admin/builder/spi-builder-workspace/Sources/Feedbacks/System/UISystem+Binding.swift /Users/admin/builder/spi-builder-workspace/Sources/Feedbacks/System/UISystem.swift (in target 'Feedbacks' from project 'Feedbacks')
SwiftCompile normal arm64 /Users/admin/builder/spi-builder-workspace/Sources/Feedbacks/System/UISystem+Binding.swift (in target 'Feedbacks' from project 'Feedbacks')
cd /Users/admin/builder/spi-builder-workspace/.swiftpm/xcode
builtin-SwiftPerFileCompile UISystem+Binding.swift
SwiftCompile normal arm64 /Users/admin/builder/spi-builder-workspace/Sources/Feedbacks/System/UISystem.swift (in target 'Feedbacks' from project 'Feedbacks')
cd /Users/admin/builder/spi-builder-workspace/.swiftpm/xcode
builtin-SwiftPerFileCompile UISystem.swift
SwiftEmitModule normal arm64_32 Emitting\ module\ for\ Feedbacks (in target 'Feedbacks' from project 'Feedbacks')
/Users/admin/builder/spi-builder-workspace/Sources/Feedbacks/Feedbacks/Feedbacks.swift:160:2: warning: '@_functionBuilder' has been renamed to '@resultBuilder'
158 | }
159 |
160 | @_functionBuilder
| `- warning: '@_functionBuilder' has been renamed to '@resultBuilder'
161 | public struct FeedbacksBuilder {
162 | public static func buildBlock(_ feedbacks: Feedback...) -> [Feedback] {
/Users/admin/builder/spi-builder-workspace/Sources/Feedbacks/System/System.swift:242:2: warning: '@_functionBuilder' has been renamed to '@resultBuilder'
240 | }
241 |
242 | @_functionBuilder
| `- warning: '@_functionBuilder' has been renamed to '@resultBuilder'
243 | public struct SystemBuilder {
244 | public static func buildBlock(
/Users/admin/builder/spi-builder-workspace/Sources/Feedbacks/Transitions/ArrayBuilder.swift:8:2: warning: '@_functionBuilder' has been renamed to '@resultBuilder'
6 | //
7 |
8 | @_functionBuilder
| `- warning: '@_functionBuilder' has been renamed to '@resultBuilder'
9 | public struct ArrayBuilder<Value> {
10 | public static func buildBlock(_ values: Value...) -> [Value] {
/Users/admin/builder/spi-builder-workspace/Sources/Feedbacks/System/UISystem.swift:54:14: error: initializer does not override a designated initializer from its superclass
52 | }
53 |
54 | override init(initialState: InitialState,
| `- error: initializer does not override a designated initializer from its superclass
55 | feedbacks: Feedbacks,
56 | transitions: Transitions) where PublishedState == RawState {
Failed frontend command:
/Applications/Xcode-27.0.0-Release.Candidate.app/Contents/Developer/Toolchains/XcodeDefault.xctoolchain/usr/bin/swift-frontend -frontend -emit-module -experimental-skip-non-inlinable-function-bodies-without-types /Users/admin/builder/spi-builder-workspace/Sources/Feedbacks/Feedbacks/Feedback.swift /Users/admin/builder/spi-builder-workspace/Sources/Feedbacks/Feedbacks/Feedbacks.swift /Users/admin/builder/spi-builder-workspace/Sources/Feedbacks/Feedbacks/SideEffect.swift /Users/admin/builder/spi-builder-workspace/Sources/Feedbacks/System/InitialState.swift /Users/admin/builder/spi-builder-workspace/Sources/Feedbacks/System/Mediator.swift /Users/admin/builder/spi-builder-workspace/Sources/Feedbacks/System/System.swift /Users/admin/builder/spi-builder-workspace/Sources/Feedbacks/System/UISystem+Binding.swift /Users/admin/builder/spi-builder-workspace/Sources/Feedbacks/System/UISystem.swift /Users/admin/builder/spi-builder-workspace/Sources/Feedbacks/Transitions/AnyEvent.swift /Users/admin/builder/spi-builder-workspace/Sources/Feedbacks/Transitions/AnyState.swift /Users/admin/builder/spi-builder-workspace/Sources/Feedbacks/Transitions/ArrayBuilder.swift /Users/admin/builder/spi-builder-workspace/Sources/Feedbacks/Transitions/Event.swift /Users/admin/builder/spi-builder-workspace/Sources/Feedbacks/Transitions/From.swift /Users/admin/builder/spi-builder-workspace/Sources/Feedbacks/Transitions/Instantiable.swift /Users/admin/builder/spi-builder-workspace/Sources/Feedbacks/Transitions/On.swift /Users/admin/builder/spi-builder-workspace/Sources/Feedbacks/Transitions/State.swift /Users/admin/builder/spi-builder-workspace/Sources/Feedbacks/Transitions/StaticIdentifiable.swift /Users/admin/builder/spi-builder-workspace/Sources/Feedbacks/Transitions/Transitions.swift -target arm64_32-apple-watchos9.0 -module-can-import-version SwiftUI 8.0.84.1 8.0.84 -disable-cross-import-overlay-search -load-resolved-plugin /Applications/Xcode-27.0.0-Release.Candidate.app/Contents/Developer/Platforms/WatchOS.platform/Developer/usr/lib/swift/host/plugins/libFoundationMacros.dylib\#/Applications/Xcode-27.0.0-Release.Candidate.app/Contents/Developer/Platforms/WatchOS.platform/Developer/usr/bin/swift-plugin-server\#FoundationMacros -load-resolved-plugin /Applications/Xcode-27.0.0-Release.Candidate.app/Contents/Developer/Platforms/WatchOS.platform/Developer/usr/lib/swift/host/plugins/libObservationMacros.dylib\#/Applications/Xcode-27.0.0-Release.Candidate.app/Contents/Developer/Platforms/WatchOS.platform/Developer/usr/bin/swift-plugin-server\#ObservationMacros -load-resolved-plugin /Applications/Xcode-27.0.0-Release.Candidate.app/Contents/Developer/Platforms/WatchOS.platform/Developer/usr/lib/swift/host/plugins/libPreviewsMacros.dylib\#/Applications/Xcode-27.0.0-Release.Candidate.app/Contents/Developer/Platforms/WatchOS.platform/Developer/usr/bin/swift-plugin-server\#PreviewsMacros -load-resolved-plugin /Applications/Xcode-27.0.0-Release.Candidate.app/Contents/Developer/Platforms/WatchOS.platform/Developer/usr/lib/swift/host/plugins/libSwiftMacros.dylib\#/Applications/Xcode-27.0.0-Release.Candidate.app/Contents/Developer/Platforms/WatchOS.platform/Developer/usr/bin/swift-plugin-server\#SwiftMacros -load-resolved-plugin /Applications/Xcode-27.0.0-Release.Candidate.app/Contents/Developer/Platforms/WatchOS.platform/Developer/usr/lib/swift/host/plugins/libSwiftUIMacros.dylib\#/Applications/Xcode-27.0.0-Release.Candidate.app/Contents/Developer/Platforms/WatchOS.platform/Developer/usr/bin/swift-plugin-server\#SwiftUIMacros -disable-implicit-swift-modules -Xcc -fno-implicit-modules -Xcc -fno-implicit-module-maps -explicit-swift-module-map-file /Users/admin/builder/spi-builder-workspace/.derivedData/Build/Intermediates.noindex/Feedbacks.build/Debug-watchos/Feedbacks-t.build/Objects-normal/arm64_32/Feedbacks-dependencies-2.json -enable-objc-interop -sdk /Applications/Xcode-27.0.0-Release.Candidate.app/Contents/Developer/Platforms/WatchOS.platform/Developer/SDKs/WatchOS27.0.sdk -I /Users/admin/builder/spi-builder-workspace/.derivedData/Build/Products/Debug-watchos -Isystem /Applications/Xcode-27.0.0-Release.Candidate.app/Contents/Developer/Platforms/WatchOS.platform/Developer/usr/lib -F /Users/admin/builder/spi-builder-workspace/.derivedData/Build/Products/Debug-watchos/PackageFrameworks -F /Users/admin/builder/spi-builder-workspace/.derivedData/Build/Products/Debug-watchos -F /Applications/Xcode-27.0.0-Release.Candidate.app/Contents/Developer/Platforms/WatchOS.platform/Developer/Library/Frameworks -F /Applications/Xcode-27.0.0-Release.Candidate.app/Contents/Developer/Platforms/WatchOS.platform/Developer/SDKs/WatchOS27.0.sdk/Developer/Library/Frameworks -module-cache-path /Users/admin/builder/spi-builder-workspace/.derivedData/Build/Intermediates.noindex/SwiftExplicitPrecompiledModules -no-color-diagnostics -Xcc -fno-color-diagnostics -enable-testing -g -debug-info-format\=dwarf -dwarf-version\=4 -profile-generate -profile-coverage-mapping -swift-version 5 -Onone -D SWIFT_PACKAGE -D DEBUG -D SWIFT_MODULE_RESOURCE_BUNDLE_UNAVAILABLE -D Xcode -serialize-debugging-options -enable-experimental-feature DebugDescriptionMacro -empty-abi-descriptor -validate-clang-modules-once -clang-build-session-file /Users/admin/builder/spi-builder-workspace/.derivedData/ModuleCache.noindex/Session.modulevalidation -Xcc -working-directory -Xcc /Users/admin/builder/spi-builder-workspace/.swiftpm/xcode -enable-anonymous-context-mangled-names -file-compilation-dir /Users/admin/builder/spi-builder-workspace/.swiftpm/xcode -Xcc -D_LIBCPP_HARDENING_MODE\=_LIBCPP_HARDENING_MODE_DEBUG -Xcc -ivfsstatcache -Xcc /Users/admin/builder/spi-builder-workspace/.derivedData/SDKStatCaches.noindex/watchos27.0-24R360-e829b21a6f8c9b70876ba0858053c04477534ef55a1706bf4c1112bbb242f0a2.sdkstatcache -Xcc -fmodules-prune-interval\=86400 -Xcc -fmodules-prune-after\=345600 -Xcc -I/Users/admin/builder/spi-builder-workspace/.derivedData/Build/Products/Debug-watchos/include -Xcc -I/Users/admin/builder/spi-builder-workspace/.derivedData/Build/Intermediates.noindex/Feedbacks.build/Debug-watchos/Feedbacks-t.build/DerivedSources-normal/arm64_32 -Xcc -I/Users/admin/builder/spi-builder-workspace/.derivedData/Build/Intermediates.noindex/Feedbacks.build/Debug-watchos/Feedbacks-t.build/DerivedSources/arm64_32 -Xcc -I/Users/admin/builder/spi-builder-workspace/.derivedData/Build/Intermediates.noindex/Feedbacks.build/Debug-watchos/Feedbacks-t.build/DerivedSources -Xcc -DSWIFT_PACKAGE -Xcc -DDEBUG\=1 -no-auto-bridging-header-chaining -module-name Feedbacks -const-gather-protocols-file /Users/admin/builder/spi-builder-workspace/.derivedData/Build/Intermediates.noindex/Feedbacks.build/Debug-watchos/Feedbacks-t.build/Objects-normal/arm64_32/Feedbacks_const_extract_protocols.json -disable-clang-spi -clang-target arm64_32-apple-watchos27.0 -target-sdk-version 27.0 -target-sdk-name watchos27.0 -in-process-plugin-server-path /Applications/Xcode-27.0.0-Release.Candidate.app/Contents/Developer/Toolchains/XcodeDefault.xctoolchain/usr/lib/swift/host/libSwiftInProcPluginServer.dylib -emit-module-doc-path /Users/admin/builder/spi-builder-workspace/.derivedData/Build/Intermediates.noindex/Feedbacks.build/Debug-watchos/Feedbacks-t.build/Objects-normal/arm64_32/Feedbacks.swiftdoc -emit-module-source-info-path /Users/admin/builder/spi-builder-workspace/.derivedData/Build/Intermediates.noindex/Feedbacks.build/Debug-watchos/Feedbacks-t.build/Objects-normal/arm64_32/Feedbacks.swiftsourceinfo -emit-objc-header-path /Users/admin/builder/spi-builder-workspace/.derivedData/Build/Intermediates.noindex/Feedbacks.build/Debug-watchos/Feedbacks-t.build/Objects-normal/arm64_32/Feedbacks-Swift.h -serialize-diagnostics-path /Users/admin/builder/spi-builder-workspace/.derivedData/Build/Intermediates.noindex/Feedbacks.build/Debug-watchos/Feedbacks-t.build/Objects-normal/arm64_32/Feedbacks-primary-emit-module.dia -emit-dependencies-path /Users/admin/builder/spi-builder-workspace/.derivedData/Build/Intermediates.noindex/Feedbacks.build/Debug-watchos/Feedbacks-t.build/Objects-normal/arm64_32/Feedbacks-primary-emit-module.d -parse-as-library -o /Users/admin/builder/spi-builder-workspace/.derivedData/Build/Intermediates.noindex/Feedbacks.build/Debug-watchos/Feedbacks-t.build/Objects-normal/arm64_32/Feedbacks.swiftmodule -emit-abi-descriptor-path /Users/admin/builder/spi-builder-workspace/.derivedData/Build/Intermediates.noindex/Feedbacks.build/Debug-watchos/Feedbacks-t.build/Objects-normal/arm64_32/Feedbacks.abi.json
SwiftCompile normal arm64_32 (in target 'Feedbacks' from project 'Feedbacks')
cd /Users/admin/builder/spi-builder-workspace/.swiftpm/xcode
SwiftDriverJobDiscovery normal arm64 Compiling ArrayBuilder.swift, Event.swift (in target 'Feedbacks' from project 'Feedbacks')
SwiftEmitModule normal arm64 Emitting\ module\ for\ Feedbacks (in target 'Feedbacks' from project 'Feedbacks')
/Users/admin/builder/spi-builder-workspace/Sources/Feedbacks/Feedbacks/Feedbacks.swift:160:2: warning: '@_functionBuilder' has been renamed to '@resultBuilder'
158 | }
159 |
160 | @_functionBuilder
| `- warning: '@_functionBuilder' has been renamed to '@resultBuilder'
161 | public struct FeedbacksBuilder {
162 | public static func buildBlock(_ feedbacks: Feedback...) -> [Feedback] {
/Users/admin/builder/spi-builder-workspace/Sources/Feedbacks/System/System.swift:242:2: warning: '@_functionBuilder' has been renamed to '@resultBuilder'
240 | }
241 |
242 | @_functionBuilder
| `- warning: '@_functionBuilder' has been renamed to '@resultBuilder'
243 | public struct SystemBuilder {
244 | public static func buildBlock(
/Users/admin/builder/spi-builder-workspace/Sources/Feedbacks/Transitions/ArrayBuilder.swift:8:2: warning: '@_functionBuilder' has been renamed to '@resultBuilder'
6 | //
7 |
8 | @_functionBuilder
| `- warning: '@_functionBuilder' has been renamed to '@resultBuilder'
9 | public struct ArrayBuilder<Value> {
10 | public static func buildBlock(_ values: Value...) -> [Value] {
SwiftCompile normal arm64 (in target 'Feedbacks' from project 'Feedbacks')
cd /Users/admin/builder/spi-builder-workspace/.swiftpm/xcode
SwiftDriverJobDiscovery normal arm64 Compiling AnyEvent.swift, AnyState.swift (in target 'Feedbacks' from project 'Feedbacks')
SwiftCompile normal arm64_32 Compiling\ SideEffect.swift /Users/admin/builder/spi-builder-workspace/Sources/Feedbacks/Feedbacks/SideEffect.swift (in target 'Feedbacks' from project 'Feedbacks')
SwiftCompile normal arm64_32 /Users/admin/builder/spi-builder-workspace/Sources/Feedbacks/Feedbacks/SideEffect.swift (in target 'Feedbacks' from project 'Feedbacks')
cd /Users/admin/builder/spi-builder-workspace/.swiftpm/xcode
builtin-SwiftPerFileCompile SideEffect.swift
SwiftDriverJobDiscovery normal arm64 Compiling StaticIdentifiable.swift (in target 'Feedbacks' from project 'Feedbacks')
SwiftCompile normal arm64_32 Compiling\ InitialState.swift /Users/admin/builder/spi-builder-workspace/Sources/Feedbacks/System/InitialState.swift (in target 'Feedbacks' from project 'Feedbacks')
SwiftCompile normal arm64_32 /Users/admin/builder/spi-builder-workspace/Sources/Feedbacks/System/InitialState.swift (in target 'Feedbacks' from project 'Feedbacks')
cd /Users/admin/builder/spi-builder-workspace/.swiftpm/xcode
builtin-SwiftPerFileCompile InitialState.swift
SwiftDriverJobDiscovery normal arm64 Compiling On.swift, State.swift (in target 'Feedbacks' from project 'Feedbacks')
SwiftCompile normal arm64_32 Compiling\ System.swift /Users/admin/builder/spi-builder-workspace/Sources/Feedbacks/System/System.swift (in target 'Feedbacks' from project 'Feedbacks')
SwiftCompile normal arm64_32 /Users/admin/builder/spi-builder-workspace/Sources/Feedbacks/System/System.swift (in target 'Feedbacks' from project 'Feedbacks')
cd /Users/admin/builder/spi-builder-workspace/.swiftpm/xcode
builtin-SwiftPerFileCompile System.swift
SwiftDriverJobDiscovery normal arm64 Compiling SideEffect.swift, InitialState.swift (in target 'Feedbacks' from project 'Feedbacks')
SwiftCompile normal arm64_32 Compiling\ UISystem.swift /Users/admin/builder/spi-builder-workspace/Sources/Feedbacks/System/UISystem.swift (in target 'Feedbacks' from project 'Feedbacks')
SwiftCompile normal arm64_32 /Users/admin/builder/spi-builder-workspace/Sources/Feedbacks/System/UISystem.swift (in target 'Feedbacks' from project 'Feedbacks')
cd /Users/admin/builder/spi-builder-workspace/.swiftpm/xcode
builtin-SwiftPerFileCompile UISystem.swift
SwiftDriverJobDiscovery normal arm64 Compiling From.swift, Instantiable.swift (in target 'Feedbacks' from project 'Feedbacks')
SwiftCompile normal arm64_32 Compiling\ Mediator.swift /Users/admin/builder/spi-builder-workspace/Sources/Feedbacks/System/Mediator.swift (in target 'Feedbacks' from project 'Feedbacks')
SwiftCompile normal arm64_32 /Users/admin/builder/spi-builder-workspace/Sources/Feedbacks/System/Mediator.swift (in target 'Feedbacks' from project 'Feedbacks')
cd /Users/admin/builder/spi-builder-workspace/.swiftpm/xcode
builtin-SwiftPerFileCompile Mediator.swift
SwiftDriverJobDiscovery normal arm64 Compiling Mediator.swift, System.swift (in target 'Feedbacks' from project 'Feedbacks')
SwiftCompile normal arm64_32 Compiling\ From.swift /Users/admin/builder/spi-builder-workspace/Sources/Feedbacks/Transitions/From.swift (in target 'Feedbacks' from project 'Feedbacks')
SwiftCompile normal arm64_32 /Users/admin/builder/spi-builder-workspace/Sources/Feedbacks/Transitions/From.swift (in target 'Feedbacks' from project 'Feedbacks')
cd /Users/admin/builder/spi-builder-workspace/.swiftpm/xcode
builtin-SwiftPerFileCompile From.swift
SwiftDriverJobDiscovery normal arm64 Compiling Transitions.swift (in target 'Feedbacks' from project 'Feedbacks')
SwiftCompile normal arm64_32 Compiling\ Feedback.swift,\ Feedbacks.swift /Users/admin/builder/spi-builder-workspace/Sources/Feedbacks/Feedbacks/Feedback.swift /Users/admin/builder/spi-builder-workspace/Sources/Feedbacks/Feedbacks/Feedbacks.swift (in target 'Feedbacks' from project 'Feedbacks')
SwiftCompile normal arm64_32 /Users/admin/builder/spi-builder-workspace/Sources/Feedbacks/Feedbacks/Feedback.swift (in target 'Feedbacks' from project 'Feedbacks')
cd /Users/admin/builder/spi-builder-workspace/.swiftpm/xcode
builtin-SwiftPerFileCompile Feedback.swift
SwiftCompile normal arm64_32 /Users/admin/builder/spi-builder-workspace/Sources/Feedbacks/Feedbacks/Feedbacks.swift (in target 'Feedbacks' from project 'Feedbacks')
cd /Users/admin/builder/spi-builder-workspace/.swiftpm/xcode
builtin-SwiftPerFileCompile Feedbacks.swift
SwiftDriverJobDiscovery normal arm64 Compiling Feedback.swift, Feedbacks.swift (in target 'Feedbacks' from project 'Feedbacks')
SwiftCompile normal arm64_32 Compiling\ UISystem+Binding.swift /Users/admin/builder/spi-builder-workspace/Sources/Feedbacks/System/UISystem+Binding.swift (in target 'Feedbacks' from project 'Feedbacks')
SwiftCompile normal arm64_32 /Users/admin/builder/spi-builder-workspace/Sources/Feedbacks/System/UISystem+Binding.swift (in target 'Feedbacks' from project 'Feedbacks')
cd /Users/admin/builder/spi-builder-workspace/.swiftpm/xcode
builtin-SwiftPerFileCompile UISystem+Binding.swift
SwiftDriverJobDiscovery normal arm64_32 Compiling InitialState.swift (in target 'Feedbacks' from project 'Feedbacks')
SwiftCompile normal arm64_32 Compiling\ Instantiable.swift /Users/admin/builder/spi-builder-workspace/Sources/Feedbacks/Transitions/Instantiable.swift (in target 'Feedbacks' from project 'Feedbacks')
SwiftCompile normal arm64_32 /Users/admin/builder/spi-builder-workspace/Sources/Feedbacks/Transitions/Instantiable.swift (in target 'Feedbacks' from project 'Feedbacks')
cd /Users/admin/builder/spi-builder-workspace/.swiftpm/xcode
builtin-SwiftPerFileCompile Instantiable.swift
PruneExplicitPrecompiledModules /Users/admin/builder/spi-builder-workspace/.derivedData/Build/Intermediates.noindex/SwiftExplicitPrecompiledModules
PruneExplicitPrecompiledModules /Users/admin/builder/spi-builder-workspace/.derivedData/Build/Intermediates.noindex/ExplicitPrecompiledModules
PruneExplicitPrecompiledModules /Users/admin/builder/spi-builder-workspace/.derivedData/SDKExplicitPrecompiledModules
2026-09-17 14:11:44.741 xcodebuild[925:5484] [MT] IDERunDestination: Supported platforms for the buildables in the current scheme is empty.
2026-09-17 14:11:44.841 xcodebuild[925:5484] [MT] IDERunDestination: Supported platforms for the buildables in the current scheme is empty.
** BUILD FAILED **
The following build commands failed:
SwiftEmitModule normal arm64_32 Emitting\ module\ for\ Feedbacks (in target 'Feedbacks' from project 'Feedbacks')
SwiftCompile normal arm64_32 (in target 'Feedbacks' from project 'Feedbacks')
Building workspace Feedbacks with scheme Feedbacks-Package
(3 failures)
BUILD FAILURE 6.4 watchOS