Build Information
Failed to build OCCTSwift, reference v4.0.0-beta.5 (8124f4), with Swift 6.3 for Wasm on 13 Oct 2026 05:03:35 UTC.
Build Command
bash -c docker run --pull=always --rm -v "checkouts-54344843-1":/host -w "$PWD" -e JAVA_HOME="/root/.sdkman/candidates/java/current" -e SPI_BUILD="1" -e SPI_PROCESSING="1" registry.gitlab.com/saguaro1/spi-images:wasm-6.3-latest swift build --swift-sdk swift-6.3.2-RELEASE_wasm 2>&1Build Log
========================================
RunAll
========================================
Builder version: 5.1.1
Interrupt handler set up.
========================================
Checkout
========================================
Clone URL: https://github.com/SecondMouseAU/OCCTSwift.git
Reference: v4.0.0-beta.5
Initialized empty Git repository in /host/spi-builder-workspace/.git/
hint: Using 'master' as the name for the initial branch. This default branch name
hint: is subject to change. To configure the initial branch name to use in all
hint: of your new repositories, which will suppress this warning, call:
hint:
hint: git config --global init.defaultBranch <name>
hint:
hint: Names commonly chosen instead of 'master' are 'main', 'trunk' and
hint: 'development'. The just-created branch can be renamed via this command:
hint:
hint: git branch -m <name>
From https://github.com/SecondMouseAU/OCCTSwift
* tag v4.0.0-beta.5 -> FETCH_HEAD
HEAD is now at 8124f49 Merge pull request #3262 from SecondMouseAU/release/beta5-docs
Cloned https://github.com/SecondMouseAU/OCCTSwift.git
Revision (git rev-parse @):
8124f49a326ce0433a92e217352cd777aafb6ebc
SPI manifest file found: $PWD/.spi.yml
SUCCESS checkout https://github.com/SecondMouseAU/OCCTSwift.git at v4.0.0-beta.5
========================================
Build
========================================
Selected platform: wasm
Swift version: 6.3
Building package at path: $PWD
https://github.com/SecondMouseAU/OCCTSwift.git
Running build ...
bash -c docker run --pull=always --rm -v "checkouts-54344843-1":/host -w "$PWD" -e JAVA_HOME="/root/.sdkman/candidates/java/current" -e SPI_BUILD="1" -e SPI_PROCESSING="1" registry.gitlab.com/saguaro1/spi-images:wasm-6.3-latest swift build --swift-sdk swift-6.3.2-RELEASE_wasm 2>&1
wasm-6.3-latest: Pulling from saguaro1/spi-images
Digest: sha256:df2e9038ff906af397ec7b7e13902ccb183f8867606bc33419e44453a9abdb4b
Status: Image is up to date for registry.gitlab.com/saguaro1/spi-images:wasm-6.3-latest
Downloading binary artifact https://github.com/SecondMouseAU/OCCTSwift/releases/download/v4.0.0-kernel.6/OCCT.xcframework.zip
[16375/149428849] Downloading https://github.com/SecondMouseAU/OCCTSwift/releases/download/v4.0.0-kernel.6/OCCT.xcframework.zip
Downloaded https://github.com/SecondMouseAU/OCCTSwift/releases/download/v4.0.0-kernel.6/OCCT.xcframework.zip (10.10s)
Building for debugging...
In file included from /host/spi-builder-workspace/Sources/OCCTBridge/src/OCCTBridge_Curve3D_ArcLength.mm:36:
/host/spi-builder-workspace/Sources/OCCTBridge/src/OCCTBridge_Internal.h:36:12: fatal error: 'wasi-std-threading.hpp' file not found
36 | #include "wasi-std-threading.hpp"
| ^~~~~~~~~~~~~~~~~~~~~~~~
1 error generated.
[0/93] Compiling OCCTBridge_Curve3D_ArcLength.mm
In file included from /host/spi-builder-workspace/Sources/OCCTBridge/src/OCCTBridge_Curve3D_Conversion.mm:36:
/host/spi-builder-workspace/Sources/OCCTBridge/src/OCCTBridge_Internal.h:36:12: fatal error: 'wasi-std-threading.hpp' file not found
36 | #include "wasi-std-threading.hpp"
| ^~~~~~~~~~~~~~~~~~~~~~~~
[0/93] Compiling OCCTBridge_Curve3D_Conversion.mm
In file included from /host/spi-builder-workspace/Sources/OCCTBridge/src/OCCTBridge_Curve3D_Approximation.mm:37:
/host/spi-builder-workspace/Sources/OCCTBridge/src/OCCTBridge_Internal.h:36:12: fatal error: 'wasi-std-threading.hpp' file not found
36 | #include "wasi-std-threading.hpp"
| ^~~~~~~~~~~~~~~~~~~~~~~~
[0/93] Compiling OCCTBridge_Curve3D_Approximation.mm
In file included from /host/spi-builder-workspace/Sources/OCCTBridge/src/OCCTBridge_BRepGraph.mm:17:
/host/spi-builder-workspace/Sources/OCCTBridge/src/OCCTBridge_Internal.h:36:12: fatal error: 'wasi-std-threading.hpp' file not found
36 | #include "wasi-std-threading.hpp"
| ^~~~~~~~~~~~~~~~~~~~~~~~
[0/93] Compiling OCCTBridge_BRepGraph.mm
In file included from /host/spi-builder-workspace/Sources/OCCTBridge/src/OCCTBridge.mm:9:
/host/spi-builder-workspace/Sources/OCCTBridge/src/OCCTBridge_Internal.h:36:12: fatal error: 'wasi-std-threading.hpp' file not found
36 | #include "wasi-std-threading.hpp"
| ^~~~~~~~~~~~~~~~~~~~~~~~
[0/93] Compiling OCCTBridge.mm
In file included from /host/spi-builder-workspace/Sources/OCCTBridge/src/OCCTBridge_AIS.mm:21:
/host/spi-builder-workspace/Sources/OCCTBridge/src/OCCTBridge_Internal.h:36:12: fatal error: 'wasi-std-threading.hpp' file not found
36 | #include "wasi-std-threading.hpp"
| ^~~~~~~~~~~~~~~~~~~~~~~~
[0/93] Compiling OCCTBridge_AIS.mm
In file included from /host/spi-builder-workspace/Sources/OCCTBridge/src/OCCTBridge_Curve3D_Adaptor.mm:36:
/host/spi-builder-workspace/Sources/OCCTBridge/src/OCCTBridge_Internal.h:36:12: fatal error: 'wasi-std-threading.hpp' file not found
36 | #include "wasi-std-threading.hpp"
| ^~~~~~~~~~~~~~~~~~~~~~~~
1 error generated.
[0/93] Compiling OCCTBridge_Curve3D_Adaptor.mm
[0/93] Write swift-version-24593BA9C3E375BF.txt
BUILD FAILURE 6.3 wasm