The Swift Package Index logo.Swift Package Index

Build Information

Failed to build OrcidSwift, reference 1.0.0 (c5cb28), with Swift 6.4 for Linux on 23 Sep 2026 17:34:50 UTC.

Build Command

bash -c docker run --pull=always --rm -v "checkouts-54344847-1":/host -w "$PWD" -e JAVA_HOME="/root/.sdkman/candidates/java/current" -e SPI_BUILD="1" -e SPI_PROCESSING="1" registry.gitlab.com/saguaro1/spi-images:basic-6.4-latest swift build --triple x86_64-unknown-linux-gnu 2>&1

Build Log

========================================
RunAll
========================================
Builder version: 5.1.0
Interrupt handler set up.
========================================
Checkout
========================================
Clone URL: https://github.com/ezefranca/OrcidSwift.git
Reference: 1.0.0
Initialized empty Git repository in /host/spi-builder-workspace/.git/
hint: Using 'master' as the name for the initial branch. This default branch name
hint: is subject to change. To configure the initial branch name to use in all
hint: of your new repositories, which will suppress this warning, call:
hint:
hint: 	git config --global init.defaultBranch <name>
hint:
hint: Names commonly chosen instead of 'master' are 'main', 'trunk' and
hint: 'development'. The just-created branch can be renamed via this command:
hint:
hint: 	git branch -m <name>
From https://github.com/ezefranca/OrcidSwift
 * tag               1.0.0      -> FETCH_HEAD
HEAD is now at c5cb288 Enhance README with ORCID API link and logo
Cloned https://github.com/ezefranca/OrcidSwift.git
Revision (git rev-parse @):
c5cb288c878a9bdea0d14e456c0e7b43ee7761fd
SUCCESS checkout https://github.com/ezefranca/OrcidSwift.git at 1.0.0
========================================
Build
========================================
Selected platform:         linux
Swift version:             6.4
Building package at path:  $PWD
https://github.com/ezefranca/OrcidSwift.git
Running build ...
bash -c docker run --pull=always --rm -v "checkouts-54344847-1":/host -w "$PWD" -e JAVA_HOME="/root/.sdkman/candidates/java/current" -e SPI_BUILD="1" -e SPI_PROCESSING="1" registry.gitlab.com/saguaro1/spi-images:basic-6.4-latest swift build --triple x86_64-unknown-linux-gnu 2>&1
basic-6.4-latest: Pulling from saguaro1/spi-images
Digest: sha256:c77fcce225e223ac0fafed844619173fc6de8d62dd560eeb28db3182af6a282b
Status: Image is up to date for registry.gitlab.com/saguaro1/spi-images:basic-6.4-latest
warning: 'spi-builder-workspace': found 1 file(s) which are unhandled; explicitly declare them as resources or exclude from the target
    /host/spi-builder-workspace/Tests/OrcidSwiftIntegrationTests/OrcidSwiftIntegrationTests.xctestplan
Building for debugging...
[Planning deferred tasks]
[34 / 42] OrcidSwift
error: SwiftCompile normal x86_64 failed with a nonzero exit code. Command line:     cd /host

/host/spi-builder-workspace/Sources/OrcidSwift/Client/OrcidClient.swift:35:59: error: 'URLSession' is unavailable: This type has moved to the FoundationNetworking module. Import that module to use it.
 33 |     ///   - config: Client configuration.
 34 |     ///   - session: URLSession used for requests. Provide a custom session for testing.
 35 |     public init(config: Configuration = .init(), session: URLSession = .shared) {
    |                                                           `- error: 'URLSession' is unavailable: This type has moved to the FoundationNetworking module. Import that module to use it.
 36 |         self.config = config
 37 |         self.loader = session
Foundation.URLSession:2:18: note: 'URLSession' has been explicitly marked unavailable here
1 | @available(*, unavailable, message: "This type has moved to the FoundationNetworking module. Import that module to use it.")
2 | public typealias URLSession = AnyObject
  |                  `- note: 'URLSession' has been explicitly marked unavailable here
/host/spi-builder-workspace/Sources/OrcidSwift/Client/OrcidClient.swift:35:73: error: type 'URLSession' (aka 'AnyObject') has no member 'shared'
 33 |     ///   - config: Client configuration.
 34 |     ///   - session: URLSession used for requests. Provide a custom session for testing.
 35 |     public init(config: Configuration = .init(), session: URLSession = .shared) {
    |                                                                         `- error: type 'URLSession' (aka 'AnyObject') has no member 'shared'
 36 |         self.config = config
 37 |         self.loader = session
/host/spi-builder-workspace/Sources/OrcidSwift/Client/OrcidClient.swift:35:73: error: value of type '_' expected to be instance of class or class-constrained type
 33 |     ///   - config: Client configuration.
 34 |     ///   - session: URLSession used for requests. Provide a custom session for testing.
 35 |     public init(config: Configuration = .init(), session: URLSession = .shared) {
    |                                                                         `- error: value of type '_' expected to be instance of class or class-constrained type
 36 |         self.config = config
 37 |         self.loader = session
/host/spi-builder-workspace/Sources/OrcidSwift/Client/OrcidClient.swift:52:18: error: 'URLSession' is unavailable: This type has moved to the FoundationNetworking module. Import that module to use it.
 50 |     public init(
 51 |         config: Configuration = .init(),
 52 |         session: URLSession = .shared,
    |                  `- error: 'URLSession' is unavailable: This type has moved to the FoundationNetworking module. Import that module to use it.
 53 |         loader: (any HTTPDataLoading)? = nil,
 54 |         urlComponentsFactory: @escaping (URL) -> URLComponents?
Foundation.URLSession:2:18: note: 'URLSession' has been explicitly marked unavailable here
1 | @available(*, unavailable, message: "This type has moved to the FoundationNetworking module. Import that module to use it.")
2 | public typealias URLSession = AnyObject
  |                  `- note: 'URLSession' has been explicitly marked unavailable here
/host/spi-builder-workspace/Sources/OrcidSwift/Client/OrcidClient.swift:52:32: error: type 'URLSession' (aka 'AnyObject') has no member 'shared'
 50 |     public init(
 51 |         config: Configuration = .init(),
 52 |         session: URLSession = .shared,
    |                                `- error: type 'URLSession' (aka 'AnyObject') has no member 'shared'
 53 |         loader: (any HTTPDataLoading)? = nil,
 54 |         urlComponentsFactory: @escaping (URL) -> URLComponents?
/host/spi-builder-workspace/Sources/OrcidSwift/Client/OrcidClient.swift:52:32: error: value of type '_' expected to be instance of class or class-constrained type
 50 |     public init(
 51 |         config: Configuration = .init(),
 52 |         session: URLSession = .shared,
    |                                `- error: value of type '_' expected to be instance of class or class-constrained type
 53 |         loader: (any HTTPDataLoading)? = nil,
 54 |         urlComponentsFactory: @escaping (URL) -> URLComponents?
/host/spi-builder-workspace/Sources/OrcidSwift/Client/OrcidClient.swift:180:50: error: cannot find type 'URLRequest' in scope
178 |     // MARK: - Helpers
179 |
180 |     private func applyCommonHeaders(_ req: inout URLRequest) {
    |                                                  `- error: cannot find type 'URLRequest' in scope
181 |         req.setValue(config.userAgent, forHTTPHeaderField: "User-Agent")
182 |     }
/host/spi-builder-workspace/Sources/OrcidSwift/Networking/HTTPResponse.swift:12:28: error: cannot find type 'URLRequest' in scope
10 | @available(macOS 10.15, iOS 13, tvOS 13, watchOS 6, *)
11 | public protocol HTTPDataLoading: Sendable {
12 |     func data(for request: URLRequest) async throws -> (Data, URLResponse)
   |                            `- error: cannot find type 'URLRequest' in scope
13 | }
14 |
/host/spi-builder-workspace/Sources/OrcidSwift/Networking/HTTPResponse.swift:12:63: error: 'URLResponse' is unavailable: This type has moved to the FoundationNetworking module. Import that module to use it.
10 | @available(macOS 10.15, iOS 13, tvOS 13, watchOS 6, *)
11 | public protocol HTTPDataLoading: Sendable {
12 |     func data(for request: URLRequest) async throws -> (Data, URLResponse)
   |                                                               `- error: 'URLResponse' is unavailable: This type has moved to the FoundationNetworking module. Import that module to use it.
13 | }
14 |
Foundation.URLResponse:2:18: note: 'URLResponse' has been explicitly marked unavailable here
1 | @available(*, unavailable, message: "This type has moved to the FoundationNetworking module. Import that module to use it.")
2 | public typealias URLResponse = AnyObject
  |                  `- note: 'URLResponse' has been explicitly marked unavailable here
/host/spi-builder-workspace/Sources/OrcidSwift/Networking/HTTPResponse.swift:16:1: error: non-nominal type 'URLSession' (aka 'AnyObject') cannot be extended [#]8;;https://docs.swift.org/compiler/documentation/diagnostics/nominal-types\NominalTypes]8;;\]
14 |
15 | @available(macOS 10.15, iOS 13, tvOS 13, watchOS 6, *)
16 | extension URLSession: HTTPDataLoading {
   | `- error: non-nominal type 'URLSession' (aka 'AnyObject') cannot be extended [#]8;;https://docs.swift.org/compiler/documentation/diagnostics/nominal-types\NominalTypes]8;;\]
17 |     public func data(for request: URLRequest) async throws -> (Data, URLResponse) {
18 |         // Use Apple’s native async API when available
/host/spi-builder-workspace/Sources/OrcidSwift/Networking/HTTPResponse.swift:42:36: error: cannot find type 'URLRequest' in scope
40 |
41 | enum HTTP {
42 |     static func perform(_ request: URLRequest, loader: any HTTPDataLoading) async throws -> HTTPResponse {
   |                                    `- error: cannot find type 'URLRequest' in scope
43 |         do {
44 |             let (data, response) = try await loader.data(for: request)
[#NominalTypes]: <https://docs.swift.org/compiler/documentation/diagnostics/nominal-types>
Failed frontend command:
/usr/bin/swift-frontend -frontend -emit-module -experimental-skip-non-inlinable-function-bodies-without-types /host/spi-builder-workspace/Sources/OrcidSwift/Client/OrcidClient.swift /host/spi-builder-workspace/Sources/OrcidSwift/Client/OrcidEnvironment.swift /host/spi-builder-workspace/Sources/OrcidSwift/Models/OrcidID.swift /host/spi-builder-workspace/Sources/OrcidSwift/Models/OrcidRecord.swift /host/spi-builder-workspace/Sources/OrcidSwift/Models/OrcidStringValue.swift /host/spi-builder-workspace/Sources/OrcidSwift/Models/OrcidWorksResponse.swift /host/spi-builder-workspace/Sources/OrcidSwift/Networking/FormURLEncoder.swift /host/spi-builder-workspace/Sources/OrcidSwift/Networking/HTTPResponse.swift /host/spi-builder-workspace/Sources/OrcidSwift/OAuth/OrcidOAuthScope.swift /host/spi-builder-workspace/Sources/OrcidSwift/OAuth/OrcidOAuthToken.swift /host/spi-builder-workspace/Sources/OrcidSwift/Support/OrcidEndpoints.swift /host/spi-builder-workspace/Sources/OrcidSwift/Support/OrcidError.swift /host/spi-builder-workspace/Sources/OrcidSwift/Support/OrcidSwift.swift -target x86_64-unknown-linux-gnu -disable-objc-interop -I /host/spi-builder-workspace/.build/out/Products/Debug-linux-x86_64 -module-cache-path /host/spi-builder-workspace/.build/out/ModuleCache.noindex -color-diagnostics -Xcc -fcolor-diagnostics -enable-testing -g -debug-info-format\=dwarf -dwarf-version\=4 -swift-version 6 -Onone -D SWIFT_PACKAGE -D DEBUG -D SWIFT_MODULE_RESOURCE_BUNDLE_UNAVAILABLE -D Xcode -serialize-debugging-options -enable-experimental-feature DebugDescriptionMacro -empty-abi-descriptor -external-plugin-path /usr/lib/swift/host/plugins/testing\#/usr/bin/swift-plugin-server -validate-clang-modules-once -clang-build-session-file /host/spi-builder-workspace/.build/out/ModuleCache.noindex/Session.modulevalidation -Xcc -working-directory -Xcc /host -enable-anonymous-context-mangled-names -file-compilation-dir /host -Xcc -fno-omit-frame-pointer -Xcc -D_LIBCPP_HARDENING_MODE\=_LIBCPP_HARDENING_MODE_DEBUG -Xcc -fmodules-prune-interval\=86400 -Xcc -fmodules-prune-after\=345600 -Xcc -I/host/spi-builder-workspace/.build/out/Products/Debug-linux-x86_64/include -Xcc -I/host/spi-builder-workspace/.build/out/Intermediates.noindex/OrcidSwift.build/Debug-linux-x86_64/OrcidSwift-t.build/DerivedSources-normal/x86_64 -Xcc -I/host/spi-builder-workspace/.build/out/Intermediates.noindex/OrcidSwift.build/Debug-linux-x86_64/OrcidSwift-t.build/DerivedSources/x86_64 -Xcc -I/host/spi-builder-workspace/.build/out/Intermediates.noindex/OrcidSwift.build/Debug-linux-x86_64/OrcidSwift-t.build/DerivedSources -Xcc -DSWIFT_PACKAGE -Xcc -DDEBUG\=1 -no-auto-bridging-header-chaining -module-name OrcidSwift -package-name spi_builder_workspace -const-gather-protocols-file /host/spi-builder-workspace/.build/out/Intermediates.noindex/OrcidSwift.build/Debug-linux-x86_64/OrcidSwift-t.build/Objects-normal/x86_64/OrcidSwift_const_extract_protocols.json -in-process-plugin-server-path /usr/lib/swift/host/libSwiftInProcPluginServer.so -plugin-path /usr/lib/swift/host/plugins -plugin-path /usr/local/lib/swift/host/plugins -emit-module-doc-path /host/spi-builder-workspace/.build/out/Intermediates.noindex/OrcidSwift.build/Debug-linux-x86_64/OrcidSwift-t.build/Objects-normal/x86_64/Modules/OrcidSwift.swiftdoc -emit-module-source-info-path /host/spi-builder-workspace/.build/out/Intermediates.noindex/OrcidSwift.build/Debug-linux-x86_64/OrcidSwift-t.build/Objects-normal/x86_64/Modules/OrcidSwift.swiftsourceinfo -emit-objc-header-path /host/spi-builder-workspace/.build/out/Intermediates.noindex/OrcidSwift.build/Debug-linux-x86_64/OrcidSwift-t.build/Objects-normal/x86_64/OrcidSwift-Swift.h -serialize-diagnostics-path /host/spi-builder-workspace/.build/out/Intermediates.noindex/OrcidSwift.build/Debug-linux-x86_64/OrcidSwift-t.build/Objects-normal/x86_64/OrcidSwift-primary-emit-module.dia -emit-dependencies-path /host/spi-builder-workspace/.build/out/Intermediates.noindex/OrcidSwift.build/Debug-linux-x86_64/OrcidSwift-t.build/Objects-normal/x86_64/OrcidSwift-primary-emit-module.d -parse-as-library -o /host/spi-builder-workspace/.build/out/Intermediates.noindex/OrcidSwift.build/Debug-linux-x86_64/OrcidSwift-t.build/Objects-normal/x86_64/Modules/OrcidSwift.swiftmodule
error: Build failed
BUILD FAILURE 6.4 linux