Build Information
Failed to build ShowSomeProgress, reference master (0d2eef), with Swift 6.4 for macOS (Xcode) using Xcode 27.0 on 16 Sep 2026 19:19:46 UTC.
Build Command
env DEVELOPER_DIR=/Applications/Xcode-27.0.0-Release.Candidate.app xcrun xcodebuild -IDEClonedSourcePackagesDirPathOverride=$PWD/.dependencies -skipMacroValidation -skipPackagePluginValidation -derivedDataPath $PWD/.derivedData build -scheme ShowSomeProgress -destination platform=macOS,arch=arm64Build Log
========================================
RunAll
========================================
Builder version: 5.1.0
Interrupt handler set up.
========================================
Checkout
========================================
Clone URL: https://github.com/stoneburner/ShowSomeProgress.git
Reference: master
Initialized empty Git repository in /Users/admin/builder/spi-builder-workspace/.git/
From https://github.com/stoneburner/ShowSomeProgress
* branch master -> FETCH_HEAD
* [new branch] master -> origin/master
HEAD is now at 0d2eef9 Merge pull request #1 from stoneburner/add-code-of-conduct-1
Cloned https://github.com/stoneburner/ShowSomeProgress.git
Revision (git rev-parse @):
0d2eef9d99d5ed8f74f54bd064e4a2fc5509e043
SUCCESS checkout https://github.com/stoneburner/ShowSomeProgress.git at master
========================================
Build
========================================
Selected platform: macosXcodebuild
Swift version: 6.4
Building package at path: $PWD
https://github.com/stoneburner/ShowSomeProgress.git
Command line invocation:
/Applications/Xcode-27.0.0-Release.Candidate.app/Contents/Developer/usr/bin/xcodebuild -IDEClonedSourcePackagesDirPathOverride=/Users/admin/builder/spi-builder-workspace/.dependencies -resolvePackageDependencies
Resolve Package Graph
Resolve Package Graph
Resolved source packages:
ShowSomeProgress: /Users/admin/builder/spi-builder-workspace
resolved source packages: ShowSomeProgress
2026-09-16 15:18:56.594 xcodebuild[529:3035] [MT] IDERunDestination: Supported platforms for the buildables in the current scheme is empty.
{
"dependencies" : [
],
"manifest_display_name" : "ShowSomeProgress",
"name" : "ShowSomeProgress",
"path" : "/Users/admin/builder/spi-builder-workspace",
"platforms" : [
],
"products" : [
{
"name" : "ShowSomeProgress",
"targets" : [
"ShowSomeProgress"
],
"type" : {
"library" : [
"automatic"
]
}
}
],
"targets" : [
{
"c99name" : "ShowSomeProgressTests",
"module_type" : "SwiftTarget",
"name" : "ShowSomeProgressTests",
"path" : "Tests",
"sources" : [
"ShowSomeProgressTests.swift"
],
"target_dependencies" : [
"ShowSomeProgress"
],
"type" : "test"
},
{
"c99name" : "ShowSomeProgress",
"module_type" : "SwiftTarget",
"name" : "ShowSomeProgress",
"path" : "Sources",
"product_memberships" : [
"ShowSomeProgress"
],
"sources" : [
"ActivityAnimationHelper.swift",
"AnimationHelper.swift",
"BarProgressView.swift",
"CircleProgressView.swift",
"Extensions.swift",
"OrbitActivityIndicatorView.swift",
"stylekit/ActivityStyleKit.swift",
"stylekit/ProgressStyleKit.swift"
],
"type" : "library"
}
],
"tools_version" : "4.0"
}
{
"workspace" : {
"name" : "ShowSomeProgress",
"schemes" : [
"ShowSomeProgress"
]
}
}
2026-09-16 15:19:38.243 xcodebuild[669:4286] [MT] IDERunDestination: Supported platforms for the buildables in the current scheme is empty.
Running build ...
env DEVELOPER_DIR=/Applications/Xcode-27.0.0-Release.Candidate.app xcrun xcodebuild -IDEClonedSourcePackagesDirPathOverride=$PWD/.dependencies -skipMacroValidation -skipPackagePluginValidation -derivedDataPath $PWD/.derivedData build -scheme ShowSomeProgress -destination platform=macOS,arch=arm64
Command line invocation:
/Applications/Xcode-27.0.0-Release.Candidate.app/Contents/Developer/usr/bin/xcodebuild -IDEClonedSourcePackagesDirPathOverride=/Users/admin/builder/spi-builder-workspace/.dependencies -skipMacroValidation -skipPackagePluginValidation -derivedDataPath /Users/admin/builder/spi-builder-workspace/.derivedData build -scheme ShowSomeProgress -destination platform=macOS,arch=arm64
Resolve Package Graph
Resolved source packages:
ShowSomeProgress: /Users/admin/builder/spi-builder-workspace
ComputePackagePrebuildTargetDependencyGraph
Prepare packages
CreateBuildRequest
SendProjectDescription
CreateBuildOperation
ComputeTargetDependencyGraph
note: Building targets in dependency order
note: Target dependency graph (2 targets)
Target 'ShowSomeProgress-product' in project 'ShowSomeProgress'
➜ Explicit dependency on target 'ShowSomeProgress' in project 'ShowSomeProgress'
Target 'ShowSomeProgress' in project 'ShowSomeProgress' (no dependencies)
GatherProvisioningInputs
CreateBuildDescription
ExecuteExternalTool /Applications/Xcode-27.0.0-Release.Candidate.app/Contents/Developer/Toolchains/XcodeDefault.xctoolchain/usr/bin/clang -v -E -dM -isysroot /Applications/Xcode-27.0.0-Release.Candidate.app/Contents/Developer/Platforms/MacOSX.platform/Developer/SDKs/MacOSX27.0.sdk -x c -c /dev/null
ExecuteExternalTool /Applications/Xcode-27.0.0-Release.Candidate.app/Contents/Developer/Toolchains/XcodeDefault.xctoolchain/usr/bin/swiftc --version
ExecuteExternalTool /Applications/Xcode-27.0.0-Release.Candidate.app/Contents/Developer/Toolchains/XcodeDefault.xctoolchain/usr/bin/ld -version_details
Build description signature: d850bc3273c8ed851e2750b049a12393
Build description path: /Users/admin/builder/spi-builder-workspace/.derivedData/Build/Intermediates.noindex/XCBuildData/d850bc3273c8ed851e2750b049a12393.xcbuilddata
CreateBuildDirectory /Users/admin/builder/spi-builder-workspace/.derivedData/SDKExplicitPrecompiledModules
cd /Users/admin/builder/spi-builder-workspace/.swiftpm/xcode
builtin-create-build-directory /Users/admin/builder/spi-builder-workspace/.derivedData/SDKExplicitPrecompiledModules
CreateBuildDirectory /Users/admin/builder/spi-builder-workspace/.derivedData/ModuleCache.noindex
cd /Users/admin/builder/spi-builder-workspace/.swiftpm/xcode
builtin-create-build-directory /Users/admin/builder/spi-builder-workspace/.derivedData/ModuleCache.noindex
CreateBuildDirectory /Users/admin/builder/spi-builder-workspace/.derivedData/CompilationCache.noindex
cd /Users/admin/builder/spi-builder-workspace/.swiftpm/xcode
builtin-create-build-directory /Users/admin/builder/spi-builder-workspace/.derivedData/CompilationCache.noindex
CreateBuildDirectory /Users/admin/builder/spi-builder-workspace/.derivedData/Build/Intermediates.noindex
cd /Users/admin/builder/spi-builder-workspace/.swiftpm/xcode
builtin-create-build-directory /Users/admin/builder/spi-builder-workspace/.derivedData/Build/Intermediates.noindex
CreateBuildDirectory /Users/admin/builder/spi-builder-workspace/.derivedData/Build/Products
cd /Users/admin/builder/spi-builder-workspace/.swiftpm/xcode
builtin-create-build-directory /Users/admin/builder/spi-builder-workspace/.derivedData/Build/Products
ClangStatCache /Applications/Xcode-27.0.0-Release.Candidate.app/Contents/Developer/Toolchains/XcodeDefault.xctoolchain/usr/bin/clang-stat-cache /Applications/Xcode-27.0.0-Release.Candidate.app/Contents/Developer/Platforms/MacOSX.platform/Developer/SDKs/MacOSX27.0.sdk /Users/admin/builder/spi-builder-workspace/.derivedData/SDKStatCaches.noindex/macosx27.0-26A425-e829b21a6f8c9b70876ba0858053c0446a22442a12e9d48fe1a705f55a1adfc4.sdkstatcache
cd /Users/admin/builder/spi-builder-workspace/.swiftpm/xcode
/Applications/Xcode-27.0.0-Release.Candidate.app/Contents/Developer/Toolchains/XcodeDefault.xctoolchain/usr/bin/clang-stat-cache /Applications/Xcode-27.0.0-Release.Candidate.app/Contents/Developer/Platforms/MacOSX.platform/Developer/SDKs/MacOSX27.0.sdk -o /Users/admin/builder/spi-builder-workspace/.derivedData/SDKStatCaches.noindex/macosx27.0-26A425-e829b21a6f8c9b70876ba0858053c0446a22442a12e9d48fe1a705f55a1adfc4.sdkstatcache
CreateBuildDirectory /Users/admin/builder/spi-builder-workspace/.derivedData/Build/Intermediates.noindex/SwiftExplicitPrecompiledModules
cd /Users/admin/builder/spi-builder-workspace/.swiftpm/xcode
builtin-create-build-directory /Users/admin/builder/spi-builder-workspace/.derivedData/Build/Intermediates.noindex/SwiftExplicitPrecompiledModules
CreateBuildDirectory /Users/admin/builder/spi-builder-workspace/.derivedData/Build/Intermediates.noindex/PrecompiledHeaders
cd /Users/admin/builder/spi-builder-workspace/.swiftpm/xcode
builtin-create-build-directory /Users/admin/builder/spi-builder-workspace/.derivedData/Build/Intermediates.noindex/PrecompiledHeaders
CreateBuildDirectory /Users/admin/builder/spi-builder-workspace/.derivedData/Build/Intermediates.noindex/ExplicitPrecompiledModules
cd /Users/admin/builder/spi-builder-workspace/.swiftpm/xcode
builtin-create-build-directory /Users/admin/builder/spi-builder-workspace/.derivedData/Build/Intermediates.noindex/ExplicitPrecompiledModules
CreateBuildDirectory /Users/admin/builder/spi-builder-workspace/.derivedData/Build/Products/Debug
cd /Users/admin/builder/spi-builder-workspace/.swiftpm/xcode
builtin-create-build-directory /Users/admin/builder/spi-builder-workspace/.derivedData/Build/Products/Debug
CreateBuildDirectory /Users/admin/builder/spi-builder-workspace/.derivedData/Build/Intermediates.noindex/EagerLinkingTBDs/Debug
cd /Users/admin/builder/spi-builder-workspace/.swiftpm/xcode
builtin-create-build-directory /Users/admin/builder/spi-builder-workspace/.derivedData/Build/Intermediates.noindex/EagerLinkingTBDs/Debug
CreateBuildDirectory /Users/admin/builder/spi-builder-workspace/.derivedData/Build/Products/Debug/PackageFrameworks
cd /Users/admin/builder/spi-builder-workspace/.swiftpm/xcode
builtin-create-build-directory /Users/admin/builder/spi-builder-workspace/.derivedData/Build/Products/Debug/PackageFrameworks
WriteAuxiliaryFile /Users/admin/builder/spi-builder-workspace/.derivedData/Build/Intermediates.noindex/ShowSomeProgress.build/Debug/ShowSomeProgress-t.build/ShowSomeProgress.DependencyMetadataFileList (in target 'ShowSomeProgress' from project 'ShowSomeProgress')
cd /Users/admin/builder/spi-builder-workspace
write-file /Users/admin/builder/spi-builder-workspace/.derivedData/Build/Intermediates.noindex/ShowSomeProgress.build/Debug/ShowSomeProgress-t.build/ShowSomeProgress.DependencyMetadataFileList
WriteAuxiliaryFile /Users/admin/builder/spi-builder-workspace/.derivedData/Build/Intermediates.noindex/ShowSomeProgress.build/Debug/ShowSomeProgress-t.build/ShowSomeProgress.modulemap (in target 'ShowSomeProgress' from project 'ShowSomeProgress')
cd /Users/admin/builder/spi-builder-workspace
write-file /Users/admin/builder/spi-builder-workspace/.derivedData/Build/Intermediates.noindex/ShowSomeProgress.build/Debug/ShowSomeProgress-t.build/ShowSomeProgress.modulemap
WriteAuxiliaryFile /Users/admin/builder/spi-builder-workspace/.derivedData/Build/Intermediates.noindex/ShowSomeProgress.build/Debug/ShowSomeProgress-t.build/ShowSomeProgress.DependencyStaticMetadataFileList (in target 'ShowSomeProgress' from project 'ShowSomeProgress')
cd /Users/admin/builder/spi-builder-workspace
write-file /Users/admin/builder/spi-builder-workspace/.derivedData/Build/Intermediates.noindex/ShowSomeProgress.build/Debug/ShowSomeProgress-t.build/ShowSomeProgress.DependencyStaticMetadataFileList
WriteAuxiliaryFile /Users/admin/builder/spi-builder-workspace/.derivedData/Build/Intermediates.noindex/ShowSomeProgress.build/Debug/ShowSomeProgress-t.build/Objects-normal/arm64/ShowSomeProgress-OutputFileMap.json (in target 'ShowSomeProgress' from project 'ShowSomeProgress')
cd /Users/admin/builder/spi-builder-workspace
write-file /Users/admin/builder/spi-builder-workspace/.derivedData/Build/Intermediates.noindex/ShowSomeProgress.build/Debug/ShowSomeProgress-t.build/Objects-normal/arm64/ShowSomeProgress-OutputFileMap.json
WriteAuxiliaryFile /Users/admin/builder/spi-builder-workspace/.derivedData/Build/Intermediates.noindex/ShowSomeProgress.build/Debug/ShowSomeProgress-t.build/Objects-normal/arm64/ShowSomeProgress.LinkFileList (in target 'ShowSomeProgress' from project 'ShowSomeProgress')
cd /Users/admin/builder/spi-builder-workspace
write-file /Users/admin/builder/spi-builder-workspace/.derivedData/Build/Intermediates.noindex/ShowSomeProgress.build/Debug/ShowSomeProgress-t.build/Objects-normal/arm64/ShowSomeProgress.LinkFileList
WriteAuxiliaryFile /Users/admin/builder/spi-builder-workspace/.derivedData/Build/Intermediates.noindex/ShowSomeProgress.build/Debug/ShowSomeProgress-t.build/Objects-normal/arm64/ShowSomeProgress.SwiftFileList (in target 'ShowSomeProgress' from project 'ShowSomeProgress')
cd /Users/admin/builder/spi-builder-workspace
write-file /Users/admin/builder/spi-builder-workspace/.derivedData/Build/Intermediates.noindex/ShowSomeProgress.build/Debug/ShowSomeProgress-t.build/Objects-normal/arm64/ShowSomeProgress.SwiftFileList
WriteAuxiliaryFile /Users/admin/builder/spi-builder-workspace/.derivedData/Build/Intermediates.noindex/ShowSomeProgress.build/Debug/ShowSomeProgress-t.build/Objects-normal/arm64/ShowSomeProgress_const_extract_protocols.json (in target 'ShowSomeProgress' from project 'ShowSomeProgress')
cd /Users/admin/builder/spi-builder-workspace
write-file /Users/admin/builder/spi-builder-workspace/.derivedData/Build/Intermediates.noindex/ShowSomeProgress.build/Debug/ShowSomeProgress-t.build/Objects-normal/arm64/ShowSomeProgress_const_extract_protocols.json
WriteAuxiliaryFile /Users/admin/builder/spi-builder-workspace/.derivedData/Build/Intermediates.noindex/ShowSomeProgress.build/Debug/ShowSomeProgress-t.build/Objects-normal/arm64/ShowSomeProgress.SwiftConstValuesFileList (in target 'ShowSomeProgress' from project 'ShowSomeProgress')
cd /Users/admin/builder/spi-builder-workspace
write-file /Users/admin/builder/spi-builder-workspace/.derivedData/Build/Intermediates.noindex/ShowSomeProgress.build/Debug/ShowSomeProgress-t.build/Objects-normal/arm64/ShowSomeProgress.SwiftConstValuesFileList
Copy /Users/admin/builder/spi-builder-workspace/.derivedData/Build/Intermediates.noindex/GeneratedModuleMaps/ShowSomeProgress.modulemap /Users/admin/builder/spi-builder-workspace/.derivedData/Build/Intermediates.noindex/ShowSomeProgress.build/Debug/ShowSomeProgress-t.build/ShowSomeProgress.modulemap (in target 'ShowSomeProgress' from project 'ShowSomeProgress')
cd /Users/admin/builder/spi-builder-workspace
builtin-copy -exclude .DS_Store -exclude CVS -exclude .svn -exclude .git -exclude .hg -resolve-src-symlinks /Users/admin/builder/spi-builder-workspace/.derivedData/Build/Intermediates.noindex/ShowSomeProgress.build/Debug/ShowSomeProgress-t.build/ShowSomeProgress.modulemap /Users/admin/builder/spi-builder-workspace/.derivedData/Build/Intermediates.noindex/GeneratedModuleMaps
SwiftDriver ShowSomeProgress normal arm64 com.apple.xcode.tools.swift.compiler (in target 'ShowSomeProgress' from project 'ShowSomeProgress')
cd /Users/admin/builder/spi-builder-workspace/.swiftpm/xcode
builtin-SwiftDriver -- /Applications/Xcode-27.0.0-Release.Candidate.app/Contents/Developer/Toolchains/XcodeDefault.xctoolchain/usr/bin/swiftc -parse-as-library -module-name ShowSomeProgress -Onone @/Users/admin/builder/spi-builder-workspace/.derivedData/Build/Intermediates.noindex/ShowSomeProgress.build/Debug/ShowSomeProgress-t.build/Objects-normal/arm64/ShowSomeProgress.SwiftFileList -DSWIFT_PACKAGE -DDEBUG -DSWIFT_MODULE_RESOURCE_BUNDLE_UNAVAILABLE -DXcode -plugin-path /Applications/Xcode-27.0.0-Release.Candidate.app/Contents/Developer/Toolchains/XcodeDefault.xctoolchain/usr/lib/swift/host/plugins/testing -enable-experimental-feature DebugDescriptionMacro -sdk /Applications/Xcode-27.0.0-Release.Candidate.app/Contents/Developer/Platforms/MacOSX.platform/Developer/SDKs/MacOSX27.0.sdk -target arm64-apple-macos12.0 -g -module-cache-path /Users/admin/builder/spi-builder-workspace/.derivedData/ModuleCache.noindex -Xfrontend -serialize-debugging-options -profile-coverage-mapping -profile-generate -enable-testing -index-store-path /Users/admin/builder/spi-builder-workspace/.derivedData/Index.noindex/DataStore -Xcc -D_LIBCPP_HARDENING_MODE\=_LIBCPP_HARDENING_MODE_DEBUG -swift-version 4 -I /Users/admin/builder/spi-builder-workspace/.derivedData/Build/Products/Debug -Isystem /Applications/Xcode-27.0.0-Release.Candidate.app/Contents/Developer/Platforms/MacOSX.platform/Developer/usr/lib -F /Users/admin/builder/spi-builder-workspace/.derivedData/Build/Products/Debug -F /Applications/Xcode-27.0.0-Release.Candidate.app/Contents/Developer/Platforms/MacOSX.platform/Developer/Library/Frameworks -c -j10 -enable-batch-mode -incremental -Xcc -ivfsstatcache -Xcc /Users/admin/builder/spi-builder-workspace/.derivedData/SDKStatCaches.noindex/macosx27.0-26A425-e829b21a6f8c9b70876ba0858053c0446a22442a12e9d48fe1a705f55a1adfc4.sdkstatcache -output-file-map /Users/admin/builder/spi-builder-workspace/.derivedData/Build/Intermediates.noindex/ShowSomeProgress.build/Debug/ShowSomeProgress-t.build/Objects-normal/arm64/ShowSomeProgress-OutputFileMap.json -save-temps -no-color-diagnostics -emit-dependencies -emit-module -emit-module-path /Users/admin/builder/spi-builder-workspace/.derivedData/Build/Intermediates.noindex/ShowSomeProgress.build/Debug/ShowSomeProgress-t.build/Objects-normal/arm64/ShowSomeProgress.swiftmodule -serialize-diagnostics -validate-clang-modules-once -clang-build-session-file /Users/admin/builder/spi-builder-workspace/.derivedData/ModuleCache.noindex/Session.modulevalidation -Xcc -fmodules-prune-interval\=86400 -Xcc -fmodules-prune-after\=345600 -emit-const-values -const-gather-protocols-list /Users/admin/builder/spi-builder-workspace/.derivedData/Build/Intermediates.noindex/ShowSomeProgress.build/Debug/ShowSomeProgress-t.build/Objects-normal/arm64/ShowSomeProgress_const_extract_protocols.json -Xcc -I/Users/admin/builder/spi-builder-workspace/.derivedData/Build/Products/Debug/include -Xcc -I/Users/admin/builder/spi-builder-workspace/.derivedData/Build/Intermediates.noindex/ShowSomeProgress.build/Debug/ShowSomeProgress-t.build/DerivedSources-normal/arm64 -Xcc -I/Users/admin/builder/spi-builder-workspace/.derivedData/Build/Intermediates.noindex/ShowSomeProgress.build/Debug/ShowSomeProgress-t.build/DerivedSources/arm64 -Xcc -I/Users/admin/builder/spi-builder-workspace/.derivedData/Build/Intermediates.noindex/ShowSomeProgress.build/Debug/ShowSomeProgress-t.build/DerivedSources -Xcc -DSWIFT_PACKAGE -Xcc -DDEBUG\=1 -emit-objc-header -emit-objc-header-path /Users/admin/builder/spi-builder-workspace/.derivedData/Build/Intermediates.noindex/ShowSomeProgress.build/Debug/ShowSomeProgress-t.build/Objects-normal/arm64/ShowSomeProgress-Swift.h -working-directory /Users/admin/builder/spi-builder-workspace/.swiftpm/xcode -experimental-emit-module-separately -disable-cmo
SwiftCompile normal arm64 Compiling\ CircleProgressView.swift /Users/admin/builder/spi-builder-workspace/Sources/CircleProgressView.swift (in target 'ShowSomeProgress' from project 'ShowSomeProgress')
SwiftCompile normal arm64 /Users/admin/builder/spi-builder-workspace/Sources/CircleProgressView.swift (in target 'ShowSomeProgress' from project 'ShowSomeProgress')
cd /Users/admin/builder/spi-builder-workspace/.swiftpm/xcode
builtin-SwiftPerFileCompile CircleProgressView.swift
SwiftCompile normal arm64 Compiling\ ProgressStyleKit.swift /Users/admin/builder/spi-builder-workspace/Sources/stylekit/ProgressStyleKit.swift (in target 'ShowSomeProgress' from project 'ShowSomeProgress')
SwiftCompile normal arm64 /Users/admin/builder/spi-builder-workspace/Sources/stylekit/ProgressStyleKit.swift (in target 'ShowSomeProgress' from project 'ShowSomeProgress')
cd /Users/admin/builder/spi-builder-workspace/.swiftpm/xcode
builtin-SwiftPerFileCompile ProgressStyleKit.swift
SwiftCompile normal arm64 Compiling\ AnimationHelper.swift /Users/admin/builder/spi-builder-workspace/Sources/AnimationHelper.swift (in target 'ShowSomeProgress' from project 'ShowSomeProgress')
SwiftCompile normal arm64 /Users/admin/builder/spi-builder-workspace/Sources/AnimationHelper.swift (in target 'ShowSomeProgress' from project 'ShowSomeProgress')
cd /Users/admin/builder/spi-builder-workspace/.swiftpm/xcode
builtin-SwiftPerFileCompile AnimationHelper.swift
SwiftCompile normal arm64 Compiling\ OrbitActivityIndicatorView.swift /Users/admin/builder/spi-builder-workspace/Sources/OrbitActivityIndicatorView.swift (in target 'ShowSomeProgress' from project 'ShowSomeProgress')
SwiftCompile normal arm64 /Users/admin/builder/spi-builder-workspace/Sources/OrbitActivityIndicatorView.swift (in target 'ShowSomeProgress' from project 'ShowSomeProgress')
cd /Users/admin/builder/spi-builder-workspace/.swiftpm/xcode
builtin-SwiftPerFileCompile OrbitActivityIndicatorView.swift
SwiftCompile normal arm64 Compiling\ Extensions.swift /Users/admin/builder/spi-builder-workspace/Sources/Extensions.swift (in target 'ShowSomeProgress' from project 'ShowSomeProgress')
SwiftCompile normal arm64 /Users/admin/builder/spi-builder-workspace/Sources/Extensions.swift (in target 'ShowSomeProgress' from project 'ShowSomeProgress')
cd /Users/admin/builder/spi-builder-workspace/.swiftpm/xcode
builtin-SwiftPerFileCompile Extensions.swift
SwiftCompile normal arm64 Compiling\ BarProgressView.swift /Users/admin/builder/spi-builder-workspace/Sources/BarProgressView.swift (in target 'ShowSomeProgress' from project 'ShowSomeProgress')
SwiftCompile normal arm64 /Users/admin/builder/spi-builder-workspace/Sources/BarProgressView.swift (in target 'ShowSomeProgress' from project 'ShowSomeProgress')
cd /Users/admin/builder/spi-builder-workspace/.swiftpm/xcode
builtin-SwiftPerFileCompile BarProgressView.swift
SwiftEmitModule normal arm64 Emitting\ module\ for\ ShowSomeProgress (in target 'ShowSomeProgress' from project 'ShowSomeProgress')
/Users/admin/builder/spi-builder-workspace/Sources/ActivityAnimationHelper.swift:9:8: error: no such module 'UIKit'
7 | //
8 |
9 | import UIKit
| `- error: no such module 'UIKit'
10 |
11 | public protocol AnimatedActivityUIView: UIView {
Failed frontend command:
/Applications/Xcode-27.0.0-Release.Candidate.app/Contents/Developer/Toolchains/XcodeDefault.xctoolchain/usr/bin/swift-frontend -frontend -emit-module -experimental-skip-non-inlinable-function-bodies-without-types /Users/admin/builder/spi-builder-workspace/Sources/ActivityAnimationHelper.swift /Users/admin/builder/spi-builder-workspace/Sources/AnimationHelper.swift /Users/admin/builder/spi-builder-workspace/Sources/BarProgressView.swift /Users/admin/builder/spi-builder-workspace/Sources/CircleProgressView.swift /Users/admin/builder/spi-builder-workspace/Sources/Extensions.swift /Users/admin/builder/spi-builder-workspace/Sources/OrbitActivityIndicatorView.swift /Users/admin/builder/spi-builder-workspace/Sources/stylekit/ActivityStyleKit.swift /Users/admin/builder/spi-builder-workspace/Sources/stylekit/ProgressStyleKit.swift -target arm64-apple-macos12.0 -Xllvm -aarch64-use-tbi -enable-objc-interop -stack-check -sdk /Applications/Xcode-27.0.0-Release.Candidate.app/Contents/Developer/Platforms/MacOSX.platform/Developer/SDKs/MacOSX27.0.sdk -I /Users/admin/builder/spi-builder-workspace/.derivedData/Build/Products/Debug -Isystem /Applications/Xcode-27.0.0-Release.Candidate.app/Contents/Developer/Platforms/MacOSX.platform/Developer/usr/lib -F /Users/admin/builder/spi-builder-workspace/.derivedData/Build/Products/Debug -F /Applications/Xcode-27.0.0-Release.Candidate.app/Contents/Developer/Platforms/MacOSX.platform/Developer/Library/Frameworks -module-cache-path /Users/admin/builder/spi-builder-workspace/.derivedData/ModuleCache.noindex -no-color-diagnostics -Xcc -fno-color-diagnostics -enable-testing -g -debug-info-format\=dwarf -dwarf-version\=4 -profile-generate -profile-coverage-mapping -swift-version 4 -Onone -D SWIFT_PACKAGE -D DEBUG -D SWIFT_MODULE_RESOURCE_BUNDLE_UNAVAILABLE -D Xcode -serialize-debugging-options -enable-experimental-feature DebugDescriptionMacro -empty-abi-descriptor -plugin-path /Applications/Xcode-27.0.0-Release.Candidate.app/Contents/Developer/Toolchains/XcodeDefault.xctoolchain/usr/lib/swift/host/plugins/testing -validate-clang-modules-once -clang-build-session-file /Users/admin/builder/spi-builder-workspace/.derivedData/ModuleCache.noindex/Session.modulevalidation -Xcc -working-directory -Xcc /Users/admin/builder/spi-builder-workspace/.swiftpm/xcode -enable-anonymous-context-mangled-names -file-compilation-dir /Users/admin/builder/spi-builder-workspace/.swiftpm/xcode -Xcc -D_LIBCPP_HARDENING_MODE\=_LIBCPP_HARDENING_MODE_DEBUG -Xcc -ivfsstatcache -Xcc /Users/admin/builder/spi-builder-workspace/.derivedData/SDKStatCaches.noindex/macosx27.0-26A425-e829b21a6f8c9b70876ba0858053c0446a22442a12e9d48fe1a705f55a1adfc4.sdkstatcache -Xcc -fmodules-prune-interval\=86400 -Xcc -fmodules-prune-after\=345600 -Xcc -I/Users/admin/builder/spi-builder-workspace/.derivedData/Build/Products/Debug/include -Xcc -I/Users/admin/builder/spi-builder-workspace/.derivedData/Build/Intermediates.noindex/ShowSomeProgress.build/Debug/ShowSomeProgress-t.build/DerivedSources-normal/arm64 -Xcc -I/Users/admin/builder/spi-builder-workspace/.derivedData/Build/Intermediates.noindex/ShowSomeProgress.build/Debug/ShowSomeProgress-t.build/DerivedSources/arm64 -Xcc -I/Users/admin/builder/spi-builder-workspace/.derivedData/Build/Intermediates.noindex/ShowSomeProgress.build/Debug/ShowSomeProgress-t.build/DerivedSources -Xcc -DSWIFT_PACKAGE -Xcc -DDEBUG\=1 -no-auto-bridging-header-chaining -module-name ShowSomeProgress -const-gather-protocols-file /Users/admin/builder/spi-builder-workspace/.derivedData/Build/Intermediates.noindex/ShowSomeProgress.build/Debug/ShowSomeProgress-t.build/Objects-normal/arm64/ShowSomeProgress_const_extract_protocols.json -disable-clang-spi -target-sdk-version 27.0 -target-sdk-name macosx27.0 -external-plugin-path /Applications/Xcode-27.0.0-Release.Candidate.app/Contents/Developer/Platforms/MacOSX.platform/Developer/usr/lib/swift/host/plugins\#/Applications/Xcode-27.0.0-Release.Candidate.app/Contents/Developer/Platforms/MacOSX.platform/Developer/usr/bin/swift-plugin-server -external-plugin-path /Applications/Xcode-27.0.0-Release.Candidate.app/Contents/Developer/Platforms/MacOSX.platform/Developer/usr/local/lib/swift/host/plugins\#/Applications/Xcode-27.0.0-Release.Candidate.app/Contents/Developer/Platforms/MacOSX.platform/Developer/usr/bin/swift-plugin-server -in-process-plugin-server-path /Applications/Xcode-27.0.0-Release.Candidate.app/Contents/Developer/Toolchains/XcodeDefault.xctoolchain/usr/lib/swift/host/libSwiftInProcPluginServer.dylib -plugin-path /Applications/Xcode-27.0.0-Release.Candidate.app/Contents/Developer/Toolchains/XcodeDefault.xctoolchain/usr/lib/swift/host/plugins -plugin-path /Applications/Xcode-27.0.0-Release.Candidate.app/Contents/Developer/Toolchains/XcodeDefault.xctoolchain/usr/local/lib/swift/host/plugins -emit-module-doc-path /Users/admin/builder/spi-builder-workspace/.derivedData/Build/Intermediates.noindex/ShowSomeProgress.build/Debug/ShowSomeProgress-t.build/Objects-normal/arm64/ShowSomeProgress.swiftdoc -emit-module-source-info-path /Users/admin/builder/spi-builder-workspace/.derivedData/Build/Intermediates.noindex/ShowSomeProgress.build/Debug/ShowSomeProgress-t.build/Objects-normal/arm64/ShowSomeProgress.swiftsourceinfo -emit-objc-header-path /Users/admin/builder/spi-builder-workspace/.derivedData/Build/Intermediates.noindex/ShowSomeProgress.build/Debug/ShowSomeProgress-t.build/Objects-normal/arm64/ShowSomeProgress-Swift.h -serialize-diagnostics-path /Users/admin/builder/spi-builder-workspace/.derivedData/Build/Intermediates.noindex/ShowSomeProgress.build/Debug/ShowSomeProgress-t.build/Objects-normal/arm64/ShowSomeProgress-primary-emit-module.dia -emit-dependencies-path /Users/admin/builder/spi-builder-workspace/.derivedData/Build/Intermediates.noindex/ShowSomeProgress.build/Debug/ShowSomeProgress-t.build/Objects-normal/arm64/ShowSomeProgress-primary-emit-module.d -parse-as-library -o /Users/admin/builder/spi-builder-workspace/.derivedData/Build/Intermediates.noindex/ShowSomeProgress.build/Debug/ShowSomeProgress-t.build/Objects-normal/arm64/ShowSomeProgress.swiftmodule -emit-abi-descriptor-path /Users/admin/builder/spi-builder-workspace/.derivedData/Build/Intermediates.noindex/ShowSomeProgress.build/Debug/ShowSomeProgress-t.build/Objects-normal/arm64/ShowSomeProgress.abi.json
SwiftCompile normal arm64 (in target 'ShowSomeProgress' from project 'ShowSomeProgress')
cd /Users/admin/builder/spi-builder-workspace/.swiftpm/xcode
SwiftCompile normal arm64 Compiling\ ActivityStyleKit.swift /Users/admin/builder/spi-builder-workspace/Sources/stylekit/ActivityStyleKit.swift (in target 'ShowSomeProgress' from project 'ShowSomeProgress')
SwiftCompile normal arm64 /Users/admin/builder/spi-builder-workspace/Sources/stylekit/ActivityStyleKit.swift (in target 'ShowSomeProgress' from project 'ShowSomeProgress')
cd /Users/admin/builder/spi-builder-workspace/.swiftpm/xcode
builtin-SwiftPerFileCompile ActivityStyleKit.swift
SwiftCompile normal arm64 Compiling\ ActivityAnimationHelper.swift /Users/admin/builder/spi-builder-workspace/Sources/ActivityAnimationHelper.swift (in target 'ShowSomeProgress' from project 'ShowSomeProgress')
SwiftCompile normal arm64 /Users/admin/builder/spi-builder-workspace/Sources/ActivityAnimationHelper.swift (in target 'ShowSomeProgress' from project 'ShowSomeProgress')
cd /Users/admin/builder/spi-builder-workspace/.swiftpm/xcode
builtin-SwiftPerFileCompile ActivityAnimationHelper.swift
PruneExplicitPrecompiledModules /Users/admin/builder/spi-builder-workspace/.derivedData/SDKExplicitPrecompiledModules
PruneExplicitPrecompiledModules /Users/admin/builder/spi-builder-workspace/.derivedData/Build/Intermediates.noindex/ExplicitPrecompiledModules
PruneExplicitPrecompiledModules /Users/admin/builder/spi-builder-workspace/.derivedData/Build/Intermediates.noindex/SwiftExplicitPrecompiledModules
2026-09-16 15:19:39.805 xcodebuild[670:4334] [MT] IDERunDestination: Supported platforms for the buildables in the current scheme is empty.
--- xcodebuild: WARNING: Using the first of multiple matching destinations:
{ platform:macOS, arch:arm64, id:40f8984507e60344a112b8ffa4f81b28710d169e, name:My Mac }
{ platform:macOS, arch:arm64, variant:Mac Catalyst, id:40f8984507e60344a112b8ffa4f81b28710d169e, name:My Mac }
{ platform:macOS, arch:arm64, variant:DriverKit, id:40f8984507e60344a112b8ffa4f81b28710d169e, name:My Mac }
{ platform:macOS, arch:arm64, variant:Designed for [iPad,iPhone], id:40f8984507e60344a112b8ffa4f81b28710d169e, name:My Mac }
** BUILD FAILED **
The following build commands failed:
SwiftEmitModule normal arm64 Emitting\ module\ for\ ShowSomeProgress (in target 'ShowSomeProgress' from project 'ShowSomeProgress')
SwiftCompile normal arm64 (in target 'ShowSomeProgress' from project 'ShowSomeProgress')
Building workspace ShowSomeProgress with scheme ShowSomeProgress
(3 failures)
Command line invocation:
/Applications/Xcode-27.0.0-Release.Candidate.app/Contents/Developer/usr/bin/xcodebuild -IDEClonedSourcePackagesDirPathOverride=/Users/admin/builder/spi-builder-workspace/.dependencies -resolvePackageDependencies
Resolve Package Graph
Resolved source packages:
ShowSomeProgress: /Users/admin/builder/spi-builder-workspace
resolved source packages: ShowSomeProgress
2026-09-16 15:19:44.132 xcodebuild[694:4474] [MT] IDERunDestination: Supported platforms for the buildables in the current scheme is empty.
{
"dependencies" : [
],
"manifest_display_name" : "ShowSomeProgress",
"name" : "ShowSomeProgress",
"path" : "/Users/admin/builder/spi-builder-workspace",
"platforms" : [
],
"products" : [
{
"name" : "ShowSomeProgress",
"targets" : [
"ShowSomeProgress"
],
"type" : {
"library" : [
"automatic"
]
}
}
],
"targets" : [
{
"c99name" : "ShowSomeProgressTests",
"module_type" : "SwiftTarget",
"name" : "ShowSomeProgressTests",
"path" : "Tests",
"sources" : [
"ShowSomeProgressTests.swift"
],
"target_dependencies" : [
"ShowSomeProgress"
],
"type" : "test"
},
{
"c99name" : "ShowSomeProgress",
"module_type" : "SwiftTarget",
"name" : "ShowSomeProgress",
"path" : "Sources",
"product_memberships" : [
"ShowSomeProgress"
],
"sources" : [
"ActivityAnimationHelper.swift",
"AnimationHelper.swift",
"BarProgressView.swift",
"CircleProgressView.swift",
"Extensions.swift",
"OrbitActivityIndicatorView.swift",
"stylekit/ActivityStyleKit.swift",
"stylekit/ProgressStyleKit.swift"
],
"type" : "library"
}
],
"tools_version" : "4.0"
}
{
"workspace" : {
"name" : "ShowSomeProgress",
"schemes" : [
"ShowSomeProgress"
]
}
}
2026-09-16 15:19:45.331 xcodebuild[702:4537] [MT] IDERunDestination: Supported platforms for the buildables in the current scheme is empty.
Running build ...
env DEVELOPER_DIR=/Applications/Xcode-27.0.0-Release.Candidate.app xcrun xcodebuild -IDEClonedSourcePackagesDirPathOverride=$PWD/.dependencies -skipMacroValidation -skipPackagePluginValidation -derivedDataPath $PWD/.derivedData build -scheme ShowSomeProgress -destination platform=macOS,arch=arm64
Command line invocation:
/Applications/Xcode-27.0.0-Release.Candidate.app/Contents/Developer/usr/bin/xcodebuild -IDEClonedSourcePackagesDirPathOverride=/Users/admin/builder/spi-builder-workspace/.dependencies -skipMacroValidation -skipPackagePluginValidation -derivedDataPath /Users/admin/builder/spi-builder-workspace/.derivedData build -scheme ShowSomeProgress -destination platform=macOS,arch=arm64
Resolve Package Graph
Resolved source packages:
ShowSomeProgress: /Users/admin/builder/spi-builder-workspace
ComputePackagePrebuildTargetDependencyGraph
Prepare packages
CreateBuildRequest
SendProjectDescription
CreateBuildOperation
ComputeTargetDependencyGraph
note: Building targets in dependency order
note: Target dependency graph (2 targets)
Target 'ShowSomeProgress-product' in project 'ShowSomeProgress'
➜ Explicit dependency on target 'ShowSomeProgress' in project 'ShowSomeProgress'
Target 'ShowSomeProgress' in project 'ShowSomeProgress' (no dependencies)
GatherProvisioningInputs
CreateBuildDescription
ClangStatCache /Applications/Xcode-27.0.0-Release.Candidate.app/Contents/Developer/Toolchains/XcodeDefault.xctoolchain/usr/bin/clang-stat-cache /Applications/Xcode-27.0.0-Release.Candidate.app/Contents/Developer/Platforms/MacOSX.platform/Developer/SDKs/MacOSX27.0.sdk /Users/admin/builder/spi-builder-workspace/.derivedData/SDKStatCaches.noindex/macosx27.0-26A425-e829b21a6f8c9b70876ba0858053c0446a22442a12e9d48fe1a705f55a1adfc4.sdkstatcache
cd /Users/admin/builder/spi-builder-workspace/.swiftpm/xcode
/Applications/Xcode-27.0.0-Release.Candidate.app/Contents/Developer/Toolchains/XcodeDefault.xctoolchain/usr/bin/clang-stat-cache /Applications/Xcode-27.0.0-Release.Candidate.app/Contents/Developer/Platforms/MacOSX.platform/Developer/SDKs/MacOSX27.0.sdk -o /Users/admin/builder/spi-builder-workspace/.derivedData/SDKStatCaches.noindex/macosx27.0-26A425-e829b21a6f8c9b70876ba0858053c0446a22442a12e9d48fe1a705f55a1adfc4.sdkstatcache
SwiftDriver ShowSomeProgress normal arm64 com.apple.xcode.tools.swift.compiler (in target 'ShowSomeProgress' from project 'ShowSomeProgress')
cd /Users/admin/builder/spi-builder-workspace/.swiftpm/xcode
builtin-SwiftDriver -- /Applications/Xcode-27.0.0-Release.Candidate.app/Contents/Developer/Toolchains/XcodeDefault.xctoolchain/usr/bin/swiftc -parse-as-library -module-name ShowSomeProgress -Onone @/Users/admin/builder/spi-builder-workspace/.derivedData/Build/Intermediates.noindex/ShowSomeProgress.build/Debug/ShowSomeProgress-t.build/Objects-normal/arm64/ShowSomeProgress.SwiftFileList -DSWIFT_PACKAGE -DDEBUG -DSWIFT_MODULE_RESOURCE_BUNDLE_UNAVAILABLE -DXcode -plugin-path /Applications/Xcode-27.0.0-Release.Candidate.app/Contents/Developer/Toolchains/XcodeDefault.xctoolchain/usr/lib/swift/host/plugins/testing -enable-experimental-feature DebugDescriptionMacro -sdk /Applications/Xcode-27.0.0-Release.Candidate.app/Contents/Developer/Platforms/MacOSX.platform/Developer/SDKs/MacOSX27.0.sdk -target arm64-apple-macos12.0 -g -module-cache-path /Users/admin/builder/spi-builder-workspace/.derivedData/ModuleCache.noindex -Xfrontend -serialize-debugging-options -profile-coverage-mapping -profile-generate -enable-testing -index-store-path /Users/admin/builder/spi-builder-workspace/.derivedData/Index.noindex/DataStore -Xcc -D_LIBCPP_HARDENING_MODE\=_LIBCPP_HARDENING_MODE_DEBUG -swift-version 4 -I /Users/admin/builder/spi-builder-workspace/.derivedData/Build/Products/Debug -Isystem /Applications/Xcode-27.0.0-Release.Candidate.app/Contents/Developer/Platforms/MacOSX.platform/Developer/usr/lib -F /Users/admin/builder/spi-builder-workspace/.derivedData/Build/Products/Debug -F /Applications/Xcode-27.0.0-Release.Candidate.app/Contents/Developer/Platforms/MacOSX.platform/Developer/Library/Frameworks -c -j10 -enable-batch-mode -incremental -Xcc -ivfsstatcache -Xcc /Users/admin/builder/spi-builder-workspace/.derivedData/SDKStatCaches.noindex/macosx27.0-26A425-e829b21a6f8c9b70876ba0858053c0446a22442a12e9d48fe1a705f55a1adfc4.sdkstatcache -output-file-map /Users/admin/builder/spi-builder-workspace/.derivedData/Build/Intermediates.noindex/ShowSomeProgress.build/Debug/ShowSomeProgress-t.build/Objects-normal/arm64/ShowSomeProgress-OutputFileMap.json -save-temps -no-color-diagnostics -emit-dependencies -emit-module -emit-module-path /Users/admin/builder/spi-builder-workspace/.derivedData/Build/Intermediates.noindex/ShowSomeProgress.build/Debug/ShowSomeProgress-t.build/Objects-normal/arm64/ShowSomeProgress.swiftmodule -serialize-diagnostics -validate-clang-modules-once -clang-build-session-file /Users/admin/builder/spi-builder-workspace/.derivedData/ModuleCache.noindex/Session.modulevalidation -Xcc -fmodules-prune-interval\=86400 -Xcc -fmodules-prune-after\=345600 -emit-const-values -const-gather-protocols-list /Users/admin/builder/spi-builder-workspace/.derivedData/Build/Intermediates.noindex/ShowSomeProgress.build/Debug/ShowSomeProgress-t.build/Objects-normal/arm64/ShowSomeProgress_const_extract_protocols.json -Xcc -I/Users/admin/builder/spi-builder-workspace/.derivedData/Build/Products/Debug/include -Xcc -I/Users/admin/builder/spi-builder-workspace/.derivedData/Build/Intermediates.noindex/ShowSomeProgress.build/Debug/ShowSomeProgress-t.build/DerivedSources-normal/arm64 -Xcc -I/Users/admin/builder/spi-builder-workspace/.derivedData/Build/Intermediates.noindex/ShowSomeProgress.build/Debug/ShowSomeProgress-t.build/DerivedSources/arm64 -Xcc -I/Users/admin/builder/spi-builder-workspace/.derivedData/Build/Intermediates.noindex/ShowSomeProgress.build/Debug/ShowSomeProgress-t.build/DerivedSources -Xcc -DSWIFT_PACKAGE -Xcc -DDEBUG\=1 -emit-objc-header -emit-objc-header-path /Users/admin/builder/spi-builder-workspace/.derivedData/Build/Intermediates.noindex/ShowSomeProgress.build/Debug/ShowSomeProgress-t.build/Objects-normal/arm64/ShowSomeProgress-Swift.h -working-directory /Users/admin/builder/spi-builder-workspace/.swiftpm/xcode -experimental-emit-module-separately -disable-cmo
SwiftCompile normal arm64 Compiling\ BarProgressView.swift /Users/admin/builder/spi-builder-workspace/Sources/BarProgressView.swift (in target 'ShowSomeProgress' from project 'ShowSomeProgress')
SwiftCompile normal arm64 /Users/admin/builder/spi-builder-workspace/Sources/BarProgressView.swift (in target 'ShowSomeProgress' from project 'ShowSomeProgress')
cd /Users/admin/builder/spi-builder-workspace/.swiftpm/xcode
builtin-SwiftPerFileCompile BarProgressView.swift
SwiftCompile normal arm64 Compiling\ Extensions.swift /Users/admin/builder/spi-builder-workspace/Sources/Extensions.swift (in target 'ShowSomeProgress' from project 'ShowSomeProgress')
SwiftCompile normal arm64 /Users/admin/builder/spi-builder-workspace/Sources/Extensions.swift (in target 'ShowSomeProgress' from project 'ShowSomeProgress')
cd /Users/admin/builder/spi-builder-workspace/.swiftpm/xcode
builtin-SwiftPerFileCompile Extensions.swift
SwiftCompile normal arm64 Compiling\ ActivityStyleKit.swift /Users/admin/builder/spi-builder-workspace/Sources/stylekit/ActivityStyleKit.swift (in target 'ShowSomeProgress' from project 'ShowSomeProgress')
SwiftCompile normal arm64 /Users/admin/builder/spi-builder-workspace/Sources/stylekit/ActivityStyleKit.swift (in target 'ShowSomeProgress' from project 'ShowSomeProgress')
cd /Users/admin/builder/spi-builder-workspace/.swiftpm/xcode
builtin-SwiftPerFileCompile ActivityStyleKit.swift
SwiftCompile normal arm64 Compiling\ AnimationHelper.swift /Users/admin/builder/spi-builder-workspace/Sources/AnimationHelper.swift (in target 'ShowSomeProgress' from project 'ShowSomeProgress')
SwiftCompile normal arm64 /Users/admin/builder/spi-builder-workspace/Sources/AnimationHelper.swift (in target 'ShowSomeProgress' from project 'ShowSomeProgress')
cd /Users/admin/builder/spi-builder-workspace/.swiftpm/xcode
builtin-SwiftPerFileCompile AnimationHelper.swift
SwiftEmitModule normal arm64 Emitting\ module\ for\ ShowSomeProgress (in target 'ShowSomeProgress' from project 'ShowSomeProgress')
/Users/admin/builder/spi-builder-workspace/Sources/ActivityAnimationHelper.swift:9:8: error: no such module 'UIKit'
7 | //
8 |
9 | import UIKit
| `- error: no such module 'UIKit'
10 |
11 | public protocol AnimatedActivityUIView: UIView {
Failed frontend command:
/Applications/Xcode-27.0.0-Release.Candidate.app/Contents/Developer/Toolchains/XcodeDefault.xctoolchain/usr/bin/swift-frontend -frontend -emit-module -experimental-skip-non-inlinable-function-bodies-without-types /Users/admin/builder/spi-builder-workspace/Sources/ActivityAnimationHelper.swift /Users/admin/builder/spi-builder-workspace/Sources/AnimationHelper.swift /Users/admin/builder/spi-builder-workspace/Sources/BarProgressView.swift /Users/admin/builder/spi-builder-workspace/Sources/CircleProgressView.swift /Users/admin/builder/spi-builder-workspace/Sources/Extensions.swift /Users/admin/builder/spi-builder-workspace/Sources/OrbitActivityIndicatorView.swift /Users/admin/builder/spi-builder-workspace/Sources/stylekit/ActivityStyleKit.swift /Users/admin/builder/spi-builder-workspace/Sources/stylekit/ProgressStyleKit.swift -target arm64-apple-macos12.0 -Xllvm -aarch64-use-tbi -enable-objc-interop -stack-check -sdk /Applications/Xcode-27.0.0-Release.Candidate.app/Contents/Developer/Platforms/MacOSX.platform/Developer/SDKs/MacOSX27.0.sdk -I /Users/admin/builder/spi-builder-workspace/.derivedData/Build/Products/Debug -Isystem /Applications/Xcode-27.0.0-Release.Candidate.app/Contents/Developer/Platforms/MacOSX.platform/Developer/usr/lib -F /Users/admin/builder/spi-builder-workspace/.derivedData/Build/Products/Debug -F /Applications/Xcode-27.0.0-Release.Candidate.app/Contents/Developer/Platforms/MacOSX.platform/Developer/Library/Frameworks -module-cache-path /Users/admin/builder/spi-builder-workspace/.derivedData/ModuleCache.noindex -no-color-diagnostics -Xcc -fno-color-diagnostics -enable-testing -g -debug-info-format\=dwarf -dwarf-version\=4 -profile-generate -profile-coverage-mapping -swift-version 4 -Onone -D SWIFT_PACKAGE -D DEBUG -D SWIFT_MODULE_RESOURCE_BUNDLE_UNAVAILABLE -D Xcode -serialize-debugging-options -enable-experimental-feature DebugDescriptionMacro -empty-abi-descriptor -plugin-path /Applications/Xcode-27.0.0-Release.Candidate.app/Contents/Developer/Toolchains/XcodeDefault.xctoolchain/usr/lib/swift/host/plugins/testing -validate-clang-modules-once -clang-build-session-file /Users/admin/builder/spi-builder-workspace/.derivedData/ModuleCache.noindex/Session.modulevalidation -Xcc -working-directory -Xcc /Users/admin/builder/spi-builder-workspace/.swiftpm/xcode -enable-anonymous-context-mangled-names -file-compilation-dir /Users/admin/builder/spi-builder-workspace/.swiftpm/xcode -Xcc -D_LIBCPP_HARDENING_MODE\=_LIBCPP_HARDENING_MODE_DEBUG -Xcc -ivfsstatcache -Xcc /Users/admin/builder/spi-builder-workspace/.derivedData/SDKStatCaches.noindex/macosx27.0-26A425-e829b21a6f8c9b70876ba0858053c0446a22442a12e9d48fe1a705f55a1adfc4.sdkstatcache -Xcc -fmodules-prune-interval\=86400 -Xcc -fmodules-prune-after\=345600 -Xcc -I/Users/admin/builder/spi-builder-workspace/.derivedData/Build/Products/Debug/include -Xcc -I/Users/admin/builder/spi-builder-workspace/.derivedData/Build/Intermediates.noindex/ShowSomeProgress.build/Debug/ShowSomeProgress-t.build/DerivedSources-normal/arm64 -Xcc -I/Users/admin/builder/spi-builder-workspace/.derivedData/Build/Intermediates.noindex/ShowSomeProgress.build/Debug/ShowSomeProgress-t.build/DerivedSources/arm64 -Xcc -I/Users/admin/builder/spi-builder-workspace/.derivedData/Build/Intermediates.noindex/ShowSomeProgress.build/Debug/ShowSomeProgress-t.build/DerivedSources -Xcc -DSWIFT_PACKAGE -Xcc -DDEBUG\=1 -no-auto-bridging-header-chaining -module-name ShowSomeProgress -const-gather-protocols-file /Users/admin/builder/spi-builder-workspace/.derivedData/Build/Intermediates.noindex/ShowSomeProgress.build/Debug/ShowSomeProgress-t.build/Objects-normal/arm64/ShowSomeProgress_const_extract_protocols.json -disable-clang-spi -target-sdk-version 27.0 -target-sdk-name macosx27.0 -external-plugin-path /Applications/Xcode-27.0.0-Release.Candidate.app/Contents/Developer/Platforms/MacOSX.platform/Developer/usr/lib/swift/host/plugins\#/Applications/Xcode-27.0.0-Release.Candidate.app/Contents/Developer/Platforms/MacOSX.platform/Developer/usr/bin/swift-plugin-server -external-plugin-path /Applications/Xcode-27.0.0-Release.Candidate.app/Contents/Developer/Platforms/MacOSX.platform/Developer/usr/local/lib/swift/host/plugins\#/Applications/Xcode-27.0.0-Release.Candidate.app/Contents/Developer/Platforms/MacOSX.platform/Developer/usr/bin/swift-plugin-server -in-process-plugin-server-path /Applications/Xcode-27.0.0-Release.Candidate.app/Contents/Developer/Toolchains/XcodeDefault.xctoolchain/usr/lib/swift/host/libSwiftInProcPluginServer.dylib -plugin-path /Applications/Xcode-27.0.0-Release.Candidate.app/Contents/Developer/Toolchains/XcodeDefault.xctoolchain/usr/lib/swift/host/plugins -plugin-path /Applications/Xcode-27.0.0-Release.Candidate.app/Contents/Developer/Toolchains/XcodeDefault.xctoolchain/usr/local/lib/swift/host/plugins -emit-module-doc-path /Users/admin/builder/spi-builder-workspace/.derivedData/Build/Intermediates.noindex/ShowSomeProgress.build/Debug/ShowSomeProgress-t.build/Objects-normal/arm64/ShowSomeProgress.swiftdoc -emit-module-source-info-path /Users/admin/builder/spi-builder-workspace/.derivedData/Build/Intermediates.noindex/ShowSomeProgress.build/Debug/ShowSomeProgress-t.build/Objects-normal/arm64/ShowSomeProgress.swiftsourceinfo -emit-objc-header-path /Users/admin/builder/spi-builder-workspace/.derivedData/Build/Intermediates.noindex/ShowSomeProgress.build/Debug/ShowSomeProgress-t.build/Objects-normal/arm64/ShowSomeProgress-Swift.h -serialize-diagnostics-path /Users/admin/builder/spi-builder-workspace/.derivedData/Build/Intermediates.noindex/ShowSomeProgress.build/Debug/ShowSomeProgress-t.build/Objects-normal/arm64/ShowSomeProgress-primary-emit-module.dia -emit-dependencies-path /Users/admin/builder/spi-builder-workspace/.derivedData/Build/Intermediates.noindex/ShowSomeProgress.build/Debug/ShowSomeProgress-t.build/Objects-normal/arm64/ShowSomeProgress-primary-emit-module.d -parse-as-library -o /Users/admin/builder/spi-builder-workspace/.derivedData/Build/Intermediates.noindex/ShowSomeProgress.build/Debug/ShowSomeProgress-t.build/Objects-normal/arm64/ShowSomeProgress.swiftmodule -emit-abi-descriptor-path /Users/admin/builder/spi-builder-workspace/.derivedData/Build/Intermediates.noindex/ShowSomeProgress.build/Debug/ShowSomeProgress-t.build/Objects-normal/arm64/ShowSomeProgress.abi.json
SwiftCompile normal arm64 (in target 'ShowSomeProgress' from project 'ShowSomeProgress')
cd /Users/admin/builder/spi-builder-workspace/.swiftpm/xcode
SwiftCompile normal arm64 Compiling\ ProgressStyleKit.swift /Users/admin/builder/spi-builder-workspace/Sources/stylekit/ProgressStyleKit.swift (in target 'ShowSomeProgress' from project 'ShowSomeProgress')
SwiftCompile normal arm64 /Users/admin/builder/spi-builder-workspace/Sources/stylekit/ProgressStyleKit.swift (in target 'ShowSomeProgress' from project 'ShowSomeProgress')
cd /Users/admin/builder/spi-builder-workspace/.swiftpm/xcode
builtin-SwiftPerFileCompile ProgressStyleKit.swift
SwiftCompile normal arm64 Compiling\ OrbitActivityIndicatorView.swift /Users/admin/builder/spi-builder-workspace/Sources/OrbitActivityIndicatorView.swift (in target 'ShowSomeProgress' from project 'ShowSomeProgress')
SwiftCompile normal arm64 /Users/admin/builder/spi-builder-workspace/Sources/OrbitActivityIndicatorView.swift (in target 'ShowSomeProgress' from project 'ShowSomeProgress')
cd /Users/admin/builder/spi-builder-workspace/.swiftpm/xcode
builtin-SwiftPerFileCompile OrbitActivityIndicatorView.swift
SwiftCompile normal arm64 Compiling\ CircleProgressView.swift /Users/admin/builder/spi-builder-workspace/Sources/CircleProgressView.swift (in target 'ShowSomeProgress' from project 'ShowSomeProgress')
SwiftCompile normal arm64 /Users/admin/builder/spi-builder-workspace/Sources/CircleProgressView.swift (in target 'ShowSomeProgress' from project 'ShowSomeProgress')
cd /Users/admin/builder/spi-builder-workspace/.swiftpm/xcode
builtin-SwiftPerFileCompile CircleProgressView.swift
SwiftCompile normal arm64 Compiling\ ActivityAnimationHelper.swift /Users/admin/builder/spi-builder-workspace/Sources/ActivityAnimationHelper.swift (in target 'ShowSomeProgress' from project 'ShowSomeProgress')
SwiftCompile normal arm64 /Users/admin/builder/spi-builder-workspace/Sources/ActivityAnimationHelper.swift (in target 'ShowSomeProgress' from project 'ShowSomeProgress')
cd /Users/admin/builder/spi-builder-workspace/.swiftpm/xcode
builtin-SwiftPerFileCompile ActivityAnimationHelper.swift
PruneExplicitPrecompiledModules /Users/admin/builder/spi-builder-workspace/.derivedData/SDKExplicitPrecompiledModules
PruneExplicitPrecompiledModules /Users/admin/builder/spi-builder-workspace/.derivedData/Build/Intermediates.noindex/SwiftExplicitPrecompiledModules
PruneExplicitPrecompiledModules /Users/admin/builder/spi-builder-workspace/.derivedData/Build/Intermediates.noindex/ExplicitPrecompiledModules
2026-09-16 15:19:46.274 xcodebuild[703:4567] [MT] IDERunDestination: Supported platforms for the buildables in the current scheme is empty.
--- xcodebuild: WARNING: Using the first of multiple matching destinations:
{ platform:macOS, arch:arm64, id:40f8984507e60344a112b8ffa4f81b28710d169e, name:My Mac }
{ platform:macOS, arch:arm64, variant:Mac Catalyst, id:40f8984507e60344a112b8ffa4f81b28710d169e, name:My Mac }
{ platform:macOS, arch:arm64, variant:DriverKit, id:40f8984507e60344a112b8ffa4f81b28710d169e, name:My Mac }
{ platform:macOS, arch:arm64, variant:Designed for [iPad,iPhone], id:40f8984507e60344a112b8ffa4f81b28710d169e, name:My Mac }
** BUILD FAILED **
The following build commands failed:
SwiftEmitModule normal arm64 Emitting\ module\ for\ ShowSomeProgress (in target 'ShowSomeProgress' from project 'ShowSomeProgress')
SwiftCompile normal arm64 (in target 'ShowSomeProgress' from project 'ShowSomeProgress')
Building workspace ShowSomeProgress with scheme ShowSomeProgress
(3 failures)
BUILD FAILURE 6.4 macosXcodebuild