Build Information
Failed to build TouchVisualization, reference main (46d833), with Swift 6.3 for macOS (SPM) on 24 Oct 2026 22:15:23 UTC.
Build Command
env DEVELOPER_DIR=/Applications/Xcode-26.5.0.app xcrun swift build --arch arm64Build Log
========================================
RunAll
========================================
Builder version: 5.1.3
Interrupt handler set up.
========================================
Checkout
========================================
Clone URL: https://github.com/lynnswap/TouchVisualization.git
Reference: main
Initialized empty Git repository in /Users/admin/builder/spi-builder-workspace/.git/
From https://github.com/lynnswap/TouchVisualization
* branch main -> FETCH_HEAD
* [new branch] main -> origin/main
HEAD is now at 46d8332 Merge pull request #7 from lynnswap/codex/simulator-preboot-destination-20261019
Cloned https://github.com/lynnswap/TouchVisualization.git
Revision (git rev-parse @):
46d8332b6601c584614d9268a5de5830e0bced97
SUCCESS checkout https://github.com/lynnswap/TouchVisualization.git at main
========================================
Build
========================================
Selected platform: macosSpm
Swift version: 6.3
Building package at path: $PWD
https://github.com/lynnswap/TouchVisualization.git
Running build ...
env DEVELOPER_DIR=/Applications/Xcode-26.5.0.app xcrun swift build --arch arm64
Building for debugging...
[0/2] Write sources
[1/2] Write swift-version-69A768CDF2A0BEE1.txt
[3/7] Compiling TouchVisualization TouchVisualizer+Configuration.swift
/Users/admin/builder/spi-builder-workspace/Sources/TouchVisualization/TouchOverlayView.swift:4:8: error: no such module 'UIKit'
2 | // SPDX-License-Identifier: MIT
3 |
4 | import UIKit
| `- error: no such module 'UIKit'
5 |
6 | final class TouchOverlayView: UIView {
[4/7] Compiling TouchVisualization TouchOverlayView.swift
/Users/admin/builder/spi-builder-workspace/Sources/TouchVisualization/TouchOverlayView.swift:4:8: error: no such module 'UIKit'
2 | // SPDX-License-Identifier: MIT
3 |
4 | import UIKit
| `- error: no such module 'UIKit'
5 |
6 | final class TouchOverlayView: UIView {
[5/7] Compiling TouchVisualization WindowEventHook.swift
/Users/admin/builder/spi-builder-workspace/Sources/TouchVisualization/TouchOverlayView.swift:4:8: error: no such module 'UIKit'
2 | // SPDX-License-Identifier: MIT
3 |
4 | import UIKit
| `- error: no such module 'UIKit'
5 |
6 | final class TouchOverlayView: UIView {
error: emit-module command failed with exit code 1 (use -v to see invocation)
[6/7] Emitting module TouchVisualization
/Users/admin/builder/spi-builder-workspace/Sources/TouchVisualization/TouchOverlayView.swift:4:8: error: no such module 'UIKit'
2 | // SPDX-License-Identifier: MIT
3 |
4 | import UIKit
| `- error: no such module 'UIKit'
5 |
6 | final class TouchOverlayView: UIView {
[7/7] Compiling TouchVisualization TouchVisualization.swift
/Users/admin/builder/spi-builder-workspace/Sources/TouchVisualization/TouchOverlayView.swift:4:8: error: no such module 'UIKit'
2 | // SPDX-License-Identifier: MIT
3 |
4 | import UIKit
| `- error: no such module 'UIKit'
5 |
6 | final class TouchOverlayView: UIView {
BUILD FAILURE 6.3 macosSpm