Build Information
Failed to build Vuckt, reference master (8b7359), with Swift 6.4 for watchOS using Xcode 27.0 on 25 Sep 2026 09:00:21 UTC.
Build Command
env DEVELOPER_DIR=/Applications/Xcode-27.0.0-Release.Candidate.app xcrun xcodebuild -IDEClonedSourcePackagesDirPathOverride=$PWD/.dependencies -skipMacroValidation -skipPackagePluginValidation -derivedDataPath $PWD/.derivedData build -scheme Vuckt -destination generic/platform=watchOSBuild Log
========================================
RunAll
========================================
Builder version: 5.1.0
Interrupt handler set up.
========================================
Checkout
========================================
Clone URL: https://github.com/capnslipp/Vuckt.git
Reference: master
Initialized empty Git repository in /Users/admin/builder/spi-builder-workspace/.git/
From https://github.com/capnslipp/Vuckt
* branch master -> FETCH_HEAD
* [new branch] master -> origin/master
HEAD is now at 8b7359a Minor: Broke off preamble sentence in README to new paragraph
Cloned https://github.com/capnslipp/Vuckt.git
Revision (git rev-parse @):
8b7359a35903f134b7d622aefaf9f37a7126639b
SPI manifest file found: $PWD/.spi.yml
SUCCESS checkout https://github.com/capnslipp/Vuckt.git at master
========================================
Build
========================================
Selected platform: watchOS
Swift version: 6.4
Building package at path: $PWD
https://github.com/capnslipp/Vuckt.git
Command line invocation:
/Applications/Xcode-27.0.0-Release.Candidate.app/Contents/Developer/usr/bin/xcodebuild -IDEClonedSourcePackagesDirPathOverride=/Users/admin/builder/spi-builder-workspace/.dependencies -resolvePackageDependencies
Resolve Package Graph
Fetching from https://github.com/apple/swift-numerics.git
Creating working copy of package ‘swift-numerics’
Checking out 1.1.1 of package ‘swift-numerics’
Resolved source packages:
swift-numerics: https://github.com/apple/swift-numerics.git @ 1.1.1
resolved source packages: swift-numerics
{
"dependencies" : [
{
"identity" : "swift-numerics",
"requirement" : {
"range" : [
{
"lower_bound" : "1.1.1",
"upper_bound" : "2.0.0"
}
]
},
"type" : "sourceControl",
"url" : "https://github.com/apple/swift-numerics"
}
],
"manifest_display_name" : "Vuckt",
"name" : "Vuckt",
"path" : "/Users/admin/builder/spi-builder-workspace",
"platforms" : [
],
"products" : [
{
"name" : "Vuckt",
"targets" : [
"Vuckt"
],
"type" : {
"library" : [
"automatic"
]
}
}
],
"swift_languages_versions" : [
"4",
"4.2",
"5"
],
"targets" : [
{
"c99name" : "VucktTests",
"module_type" : "SwiftTarget",
"name" : "VucktTests",
"path" : "Tests",
"product_dependencies" : [
"Numerics"
],
"sources" : [
"VucktPerformanceTests.swift",
"VucktTests.swift"
],
"target_dependencies" : [
"Vuckt"
],
"type" : "test"
},
{
"c99name" : "Vuckt",
"module_type" : "SwiftTarget",
"name" : "Vuckt",
"path" : "Sources",
"product_memberships" : [
"Vuckt"
],
"sources" : [
"Float2/Float2.swift",
"Float2/Float2_NoObjCBridge.swift",
"Float3/Float3.swift",
"Float3/Float3_NoObjCBridge.swift",
"Float3x3/Float3x3.swift",
"Float3x3/Float3x3_NoObjCBridge.swift",
"Float4/Float4.swift",
"Float4/Float4_NoObjCBridge.swift",
"Float4x4/Float4x4.swift",
"Float4x4/Float4x4_NoObjCBridge.swift",
"FloatQuaternion/FloatQuaternion.swift",
"FloatQuaternion/FloatQuaternion_NoObjCBridge.swift",
"Int2/Int2.swift",
"Int2/Int2_NoObjCBridge.swift",
"Int3/Int3.swift",
"Int3/Int3_NoObjCBridge.swift",
"Int4/Int4.swift",
"Int4/Int4_NoObjCBridge.swift",
"Vuckt.swift"
],
"type" : "library"
}
],
"tools_version" : "5.0"
}
{
"project" : {
"configurations" : [
"Debug",
"Release"
],
"name" : "Vuckt",
"schemes" : [
"Vuckt",
"VucktTestsTarget"
],
"targets" : [
"Vuckt",
"VucktTests",
"VucktTestsTarget"
]
}
}
{
"workspace" : {
"name" : "Vuckt",
"schemes" : [
"Vuckt"
]
}
}
2026-09-25 05:00:08.479 xcodebuild[670:4329] [MT] IDERunDestination: Supported platforms for the buildables in the current scheme is empty.
2026-09-25 05:00:08.623 xcodebuild[670:4329] [MT] IDERunDestination: Supported platforms for the buildables in the current scheme is empty.
Running build ...
env DEVELOPER_DIR=/Applications/Xcode-27.0.0-Release.Candidate.app xcrun xcodebuild -IDEClonedSourcePackagesDirPathOverride=$PWD/.dependencies -skipMacroValidation -skipPackagePluginValidation -derivedDataPath $PWD/.derivedData build -scheme Vuckt -destination generic/platform=watchOS
Command line invocation:
/Applications/Xcode-27.0.0-Release.Candidate.app/Contents/Developer/usr/bin/xcodebuild -IDEClonedSourcePackagesDirPathOverride=/Users/admin/builder/spi-builder-workspace/.dependencies -skipMacroValidation -skipPackagePluginValidation -derivedDataPath /Users/admin/builder/spi-builder-workspace/.derivedData build -scheme Vuckt -destination generic/platform=watchOS
Resolve Package Graph
Resolve Package Graph
Resolved source packages:
swift-numerics: https://github.com/apple/swift-numerics.git @ 1.1.1
Vuckt: /Users/admin/builder/spi-builder-workspace
ComputePackagePrebuildTargetDependencyGraph
Prepare packages
CreateBuildRequest
SendProjectDescription
CreateBuildOperation
ComputeTargetDependencyGraph
note: Building targets in dependency order
note: Target dependency graph (2 targets)
Target 'Vuckt-product' in project 'Vuckt'
➜ Explicit dependency on target 'Vuckt' in project 'Vuckt'
Target 'Vuckt' in project 'Vuckt' (no dependencies)
GatherProvisioningInputs
CreateBuildDescription
ExecuteExternalTool /Applications/Xcode-27.0.0-Release.Candidate.app/Contents/Developer/Toolchains/XcodeDefault.xctoolchain/usr/bin/clang -v -E -dM -isysroot /Applications/Xcode-27.0.0-Release.Candidate.app/Contents/Developer/Platforms/WatchOS.platform/Developer/SDKs/WatchOS27.0.sdk -x c -c /dev/null
ExecuteExternalTool /Applications/Xcode-27.0.0-Release.Candidate.app/Contents/Developer/Toolchains/XcodeDefault.xctoolchain/usr/bin/swiftc --version
ExecuteExternalTool /Applications/Xcode-27.0.0-Release.Candidate.app/Contents/Developer/Toolchains/XcodeDefault.xctoolchain/usr/bin/ld -version_details
Build description signature: a4fca8e5c780ae90c2363f16fb36c1cf
Build description path: /Users/admin/builder/spi-builder-workspace/.derivedData/Build/Intermediates.noindex/XCBuildData/a4fca8e5c780ae90c2363f16fb36c1cf.xcbuilddata
CreateBuildDirectory /Users/admin/builder/spi-builder-workspace/.derivedData/ModuleCache.noindex
cd /Users/admin/builder/spi-builder-workspace/.swiftpm/xcode
builtin-create-build-directory /Users/admin/builder/spi-builder-workspace/.derivedData/ModuleCache.noindex
CreateBuildDirectory /Users/admin/builder/spi-builder-workspace/.derivedData/CompilationCache.noindex
cd /Users/admin/builder/spi-builder-workspace/.swiftpm/xcode
builtin-create-build-directory /Users/admin/builder/spi-builder-workspace/.derivedData/CompilationCache.noindex
CreateBuildDirectory /Users/admin/builder/spi-builder-workspace/.derivedData/SDKExplicitPrecompiledModules
cd /Users/admin/builder/spi-builder-workspace/.swiftpm/xcode
builtin-create-build-directory /Users/admin/builder/spi-builder-workspace/.derivedData/SDKExplicitPrecompiledModules
ClangStatCache /Applications/Xcode-27.0.0-Release.Candidate.app/Contents/Developer/Toolchains/XcodeDefault.xctoolchain/usr/bin/clang-stat-cache /Applications/Xcode-27.0.0-Release.Candidate.app/Contents/Developer/Platforms/WatchOS.platform/Developer/SDKs/WatchOS27.0.sdk /Users/admin/builder/spi-builder-workspace/.derivedData/SDKStatCaches.noindex/watchos27.0-24R360-e829b21a6f8c9b70876ba0858053c04477534ef55a1706bf4c1112bbb242f0a2.sdkstatcache
cd /Users/admin/builder/spi-builder-workspace/.swiftpm/xcode
/Applications/Xcode-27.0.0-Release.Candidate.app/Contents/Developer/Toolchains/XcodeDefault.xctoolchain/usr/bin/clang-stat-cache /Applications/Xcode-27.0.0-Release.Candidate.app/Contents/Developer/Platforms/WatchOS.platform/Developer/SDKs/WatchOS27.0.sdk -o /Users/admin/builder/spi-builder-workspace/.derivedData/SDKStatCaches.noindex/watchos27.0-24R360-e829b21a6f8c9b70876ba0858053c04477534ef55a1706bf4c1112bbb242f0a2.sdkstatcache
CreateBuildDirectory /Users/admin/builder/spi-builder-workspace/.derivedData/Build/Intermediates.noindex
cd /Users/admin/builder/spi-builder-workspace/.swiftpm/xcode
builtin-create-build-directory /Users/admin/builder/spi-builder-workspace/.derivedData/Build/Intermediates.noindex
CreateBuildDirectory /Users/admin/builder/spi-builder-workspace/.derivedData/Build/Products
cd /Users/admin/builder/spi-builder-workspace/.swiftpm/xcode
builtin-create-build-directory /Users/admin/builder/spi-builder-workspace/.derivedData/Build/Products
CreateBuildDirectory /Users/admin/builder/spi-builder-workspace/.derivedData/Build/Intermediates.noindex/SwiftExplicitPrecompiledModules
cd /Users/admin/builder/spi-builder-workspace/.swiftpm/xcode
builtin-create-build-directory /Users/admin/builder/spi-builder-workspace/.derivedData/Build/Intermediates.noindex/SwiftExplicitPrecompiledModules
CreateBuildDirectory /Users/admin/builder/spi-builder-workspace/.derivedData/Build/Intermediates.noindex/PrecompiledHeaders
cd /Users/admin/builder/spi-builder-workspace/.swiftpm/xcode
builtin-create-build-directory /Users/admin/builder/spi-builder-workspace/.derivedData/Build/Intermediates.noindex/PrecompiledHeaders
CreateBuildDirectory /Users/admin/builder/spi-builder-workspace/.derivedData/Build/Intermediates.noindex/ExplicitPrecompiledModules
cd /Users/admin/builder/spi-builder-workspace/.swiftpm/xcode
builtin-create-build-directory /Users/admin/builder/spi-builder-workspace/.derivedData/Build/Intermediates.noindex/ExplicitPrecompiledModules
CreateBuildDirectory /Users/admin/builder/spi-builder-workspace/.derivedData/Build/Intermediates.noindex/EagerLinkingTBDs/Debug-watchos
cd /Users/admin/builder/spi-builder-workspace/.swiftpm/xcode
builtin-create-build-directory /Users/admin/builder/spi-builder-workspace/.derivedData/Build/Intermediates.noindex/EagerLinkingTBDs/Debug-watchos
CreateBuildDirectory /Users/admin/builder/spi-builder-workspace/.derivedData/Build/Products/Debug-watchos
cd /Users/admin/builder/spi-builder-workspace/.swiftpm/xcode
builtin-create-build-directory /Users/admin/builder/spi-builder-workspace/.derivedData/Build/Products/Debug-watchos
CreateBuildDirectory /Users/admin/builder/spi-builder-workspace/.derivedData/Build/Products/Debug-watchos/PackageFrameworks
cd /Users/admin/builder/spi-builder-workspace/.swiftpm/xcode
builtin-create-build-directory /Users/admin/builder/spi-builder-workspace/.derivedData/Build/Products/Debug-watchos/PackageFrameworks
WriteAuxiliaryFile /Users/admin/builder/spi-builder-workspace/.derivedData/Build/Intermediates.noindex/Vuckt.build/Debug-watchos/Vuckt-t.build/Vuckt.modulemap (in target 'Vuckt' from project 'Vuckt')
cd /Users/admin/builder/spi-builder-workspace
write-file /Users/admin/builder/spi-builder-workspace/.derivedData/Build/Intermediates.noindex/Vuckt.build/Debug-watchos/Vuckt-t.build/Vuckt.modulemap
WriteAuxiliaryFile /Users/admin/builder/spi-builder-workspace/.derivedData/Build/Intermediates.noindex/Vuckt.build/Debug-watchos/Vuckt-t.build/Vuckt.DependencyStaticMetadataFileList (in target 'Vuckt' from project 'Vuckt')
cd /Users/admin/builder/spi-builder-workspace
write-file /Users/admin/builder/spi-builder-workspace/.derivedData/Build/Intermediates.noindex/Vuckt.build/Debug-watchos/Vuckt-t.build/Vuckt.DependencyStaticMetadataFileList
WriteAuxiliaryFile /Users/admin/builder/spi-builder-workspace/.derivedData/Build/Intermediates.noindex/Vuckt.build/Debug-watchos/Vuckt-t.build/Vuckt.DependencyMetadataFileList (in target 'Vuckt' from project 'Vuckt')
cd /Users/admin/builder/spi-builder-workspace
write-file /Users/admin/builder/spi-builder-workspace/.derivedData/Build/Intermediates.noindex/Vuckt.build/Debug-watchos/Vuckt-t.build/Vuckt.DependencyMetadataFileList
WriteAuxiliaryFile /Users/admin/builder/spi-builder-workspace/.derivedData/Build/Intermediates.noindex/Vuckt.build/Debug-watchos/Vuckt-t.build/Objects-normal/arm64_32/Vuckt_const_extract_protocols.json (in target 'Vuckt' from project 'Vuckt')
cd /Users/admin/builder/spi-builder-workspace
write-file /Users/admin/builder/spi-builder-workspace/.derivedData/Build/Intermediates.noindex/Vuckt.build/Debug-watchos/Vuckt-t.build/Objects-normal/arm64_32/Vuckt_const_extract_protocols.json
WriteAuxiliaryFile /Users/admin/builder/spi-builder-workspace/.derivedData/Build/Intermediates.noindex/Vuckt.build/Debug-watchos/Vuckt-t.build/Objects-normal/arm64_32/Vuckt.LinkFileList (in target 'Vuckt' from project 'Vuckt')
cd /Users/admin/builder/spi-builder-workspace
write-file /Users/admin/builder/spi-builder-workspace/.derivedData/Build/Intermediates.noindex/Vuckt.build/Debug-watchos/Vuckt-t.build/Objects-normal/arm64_32/Vuckt.LinkFileList
WriteAuxiliaryFile /Users/admin/builder/spi-builder-workspace/.derivedData/Build/Intermediates.noindex/Vuckt.build/Debug-watchos/Vuckt-t.build/Objects-normal/arm64_32/Vuckt-OutputFileMap.json (in target 'Vuckt' from project 'Vuckt')
cd /Users/admin/builder/spi-builder-workspace
write-file /Users/admin/builder/spi-builder-workspace/.derivedData/Build/Intermediates.noindex/Vuckt.build/Debug-watchos/Vuckt-t.build/Objects-normal/arm64_32/Vuckt-OutputFileMap.json
WriteAuxiliaryFile /Users/admin/builder/spi-builder-workspace/.derivedData/Build/Intermediates.noindex/Vuckt.build/Debug-watchos/Vuckt-t.build/Objects-normal/arm64_32/Vuckt.SwiftFileList (in target 'Vuckt' from project 'Vuckt')
cd /Users/admin/builder/spi-builder-workspace
write-file /Users/admin/builder/spi-builder-workspace/.derivedData/Build/Intermediates.noindex/Vuckt.build/Debug-watchos/Vuckt-t.build/Objects-normal/arm64_32/Vuckt.SwiftFileList
WriteAuxiliaryFile /Users/admin/builder/spi-builder-workspace/.derivedData/Build/Intermediates.noindex/Vuckt.build/Debug-watchos/Vuckt-t.build/Objects-normal/arm64_32/Vuckt.SwiftConstValuesFileList (in target 'Vuckt' from project 'Vuckt')
cd /Users/admin/builder/spi-builder-workspace
write-file /Users/admin/builder/spi-builder-workspace/.derivedData/Build/Intermediates.noindex/Vuckt.build/Debug-watchos/Vuckt-t.build/Objects-normal/arm64_32/Vuckt.SwiftConstValuesFileList
WriteAuxiliaryFile /Users/admin/builder/spi-builder-workspace/.derivedData/Build/Intermediates.noindex/Vuckt.build/Debug-watchos/Vuckt-t.build/Objects-normal/arm64/Vuckt_const_extract_protocols.json (in target 'Vuckt' from project 'Vuckt')
cd /Users/admin/builder/spi-builder-workspace
write-file /Users/admin/builder/spi-builder-workspace/.derivedData/Build/Intermediates.noindex/Vuckt.build/Debug-watchos/Vuckt-t.build/Objects-normal/arm64/Vuckt_const_extract_protocols.json
WriteAuxiliaryFile /Users/admin/builder/spi-builder-workspace/.derivedData/Build/Intermediates.noindex/Vuckt.build/Debug-watchos/Vuckt-t.build/Objects-normal/arm64/Vuckt.SwiftFileList (in target 'Vuckt' from project 'Vuckt')
cd /Users/admin/builder/spi-builder-workspace
write-file /Users/admin/builder/spi-builder-workspace/.derivedData/Build/Intermediates.noindex/Vuckt.build/Debug-watchos/Vuckt-t.build/Objects-normal/arm64/Vuckt.SwiftFileList
WriteAuxiliaryFile /Users/admin/builder/spi-builder-workspace/.derivedData/Build/Intermediates.noindex/Vuckt.build/Debug-watchos/Vuckt-t.build/Objects-normal/arm64/Vuckt.SwiftConstValuesFileList (in target 'Vuckt' from project 'Vuckt')
cd /Users/admin/builder/spi-builder-workspace
write-file /Users/admin/builder/spi-builder-workspace/.derivedData/Build/Intermediates.noindex/Vuckt.build/Debug-watchos/Vuckt-t.build/Objects-normal/arm64/Vuckt.SwiftConstValuesFileList
WriteAuxiliaryFile /Users/admin/builder/spi-builder-workspace/.derivedData/Build/Intermediates.noindex/Vuckt.build/Debug-watchos/Vuckt-t.build/Objects-normal/arm64/Vuckt.LinkFileList (in target 'Vuckt' from project 'Vuckt')
cd /Users/admin/builder/spi-builder-workspace
write-file /Users/admin/builder/spi-builder-workspace/.derivedData/Build/Intermediates.noindex/Vuckt.build/Debug-watchos/Vuckt-t.build/Objects-normal/arm64/Vuckt.LinkFileList
WriteAuxiliaryFile /Users/admin/builder/spi-builder-workspace/.derivedData/Build/Intermediates.noindex/Vuckt.build/Debug-watchos/Vuckt-t.build/Objects-normal/arm64/Vuckt-OutputFileMap.json (in target 'Vuckt' from project 'Vuckt')
cd /Users/admin/builder/spi-builder-workspace
write-file /Users/admin/builder/spi-builder-workspace/.derivedData/Build/Intermediates.noindex/Vuckt.build/Debug-watchos/Vuckt-t.build/Objects-normal/arm64/Vuckt-OutputFileMap.json
Copy /Users/admin/builder/spi-builder-workspace/.derivedData/Build/Intermediates.noindex/GeneratedModuleMaps-watchos/Vuckt.modulemap /Users/admin/builder/spi-builder-workspace/.derivedData/Build/Intermediates.noindex/Vuckt.build/Debug-watchos/Vuckt-t.build/Vuckt.modulemap (in target 'Vuckt' from project 'Vuckt')
cd /Users/admin/builder/spi-builder-workspace
builtin-copy -exclude .DS_Store -exclude CVS -exclude .svn -exclude .git -exclude .hg -resolve-src-symlinks /Users/admin/builder/spi-builder-workspace/.derivedData/Build/Intermediates.noindex/Vuckt.build/Debug-watchos/Vuckt-t.build/Vuckt.modulemap /Users/admin/builder/spi-builder-workspace/.derivedData/Build/Intermediates.noindex/GeneratedModuleMaps-watchos
SwiftDriver Vuckt normal arm64_32 com.apple.xcode.tools.swift.compiler (in target 'Vuckt' from project 'Vuckt')
cd /Users/admin/builder/spi-builder-workspace/.swiftpm/xcode
builtin-SwiftDriver -- /Applications/Xcode-27.0.0-Release.Candidate.app/Contents/Developer/Toolchains/XcodeDefault.xctoolchain/usr/bin/swiftc -parse-as-library -module-name Vuckt -Onone @/Users/admin/builder/spi-builder-workspace/.derivedData/Build/Intermediates.noindex/Vuckt.build/Debug-watchos/Vuckt-t.build/Objects-normal/arm64_32/Vuckt.SwiftFileList -DSWIFT_PACKAGE -DDEBUG -DSWIFT_MODULE_RESOURCE_BUNDLE_UNAVAILABLE -DNO_OBJC_BRIDGE -DXcode -plugin-path /Applications/Xcode-27.0.0-Release.Candidate.app/Contents/Developer/Toolchains/XcodeDefault.xctoolchain/usr/lib/swift/host/plugins/testing -enable-experimental-feature DebugDescriptionMacro -sdk /Applications/Xcode-27.0.0-Release.Candidate.app/Contents/Developer/Platforms/WatchOS.platform/Developer/SDKs/WatchOS27.0.sdk -target arm64_32-apple-watchos9.0 -g -module-cache-path /Users/admin/builder/spi-builder-workspace/.derivedData/ModuleCache.noindex -Xfrontend -serialize-debugging-options -profile-coverage-mapping -profile-generate -enable-testing -index-store-path /Users/admin/builder/spi-builder-workspace/.derivedData/Index.noindex/DataStore -Xcc -D_LIBCPP_HARDENING_MODE\=_LIBCPP_HARDENING_MODE_DEBUG -swift-version 5 -I /Users/admin/builder/spi-builder-workspace/.derivedData/Build/Products/Debug-watchos -Isystem /Applications/Xcode-27.0.0-Release.Candidate.app/Contents/Developer/Platforms/WatchOS.platform/Developer/usr/lib -F /Users/admin/builder/spi-builder-workspace/.derivedData/Build/Products/Debug-watchos -F /Applications/Xcode-27.0.0-Release.Candidate.app/Contents/Developer/Platforms/WatchOS.platform/Developer/Library/Frameworks -F /Applications/Xcode-27.0.0-Release.Candidate.app/Contents/Developer/Platforms/WatchOS.platform/Developer/SDKs/WatchOS27.0.sdk/Developer/Library/Frameworks -c -j10 -enable-batch-mode -incremental -Xcc -ivfsstatcache -Xcc /Users/admin/builder/spi-builder-workspace/.derivedData/SDKStatCaches.noindex/watchos27.0-24R360-e829b21a6f8c9b70876ba0858053c04477534ef55a1706bf4c1112bbb242f0a2.sdkstatcache -output-file-map /Users/admin/builder/spi-builder-workspace/.derivedData/Build/Intermediates.noindex/Vuckt.build/Debug-watchos/Vuckt-t.build/Objects-normal/arm64_32/Vuckt-OutputFileMap.json -save-temps -no-color-diagnostics -explicit-module-build -module-cache-path /Users/admin/builder/spi-builder-workspace/.derivedData/Build/Intermediates.noindex/SwiftExplicitPrecompiledModules -clang-scanner-module-cache-path /Users/admin/builder/spi-builder-workspace/.derivedData/ModuleCache.noindex -sdk-module-cache-path /Users/admin/builder/spi-builder-workspace/.derivedData/SDKExplicitPrecompiledModules -emit-dependencies -emit-module -emit-module-path /Users/admin/builder/spi-builder-workspace/.derivedData/Build/Intermediates.noindex/Vuckt.build/Debug-watchos/Vuckt-t.build/Objects-normal/arm64_32/Vuckt.swiftmodule -serialize-diagnostics -dependency-scan-serialize-diagnostics-path /Users/admin/builder/spi-builder-workspace/.derivedData/Build/Intermediates.noindex/Vuckt.build/Debug-watchos/Vuckt-t.build/Objects-normal/arm64_32/Vuckt-dependency-scan.dia -validate-clang-modules-once -clang-build-session-file /Users/admin/builder/spi-builder-workspace/.derivedData/ModuleCache.noindex/Session.modulevalidation -Xcc -fmodules-prune-interval\=86400 -Xcc -fmodules-prune-after\=345600 -emit-const-values -const-gather-protocols-list /Users/admin/builder/spi-builder-workspace/.derivedData/Build/Intermediates.noindex/Vuckt.build/Debug-watchos/Vuckt-t.build/Objects-normal/arm64_32/Vuckt_const_extract_protocols.json -Xcc -I/Users/admin/builder/spi-builder-workspace/.derivedData/Build/Products/Debug-watchos/include -Xcc -I/Users/admin/builder/spi-builder-workspace/.derivedData/Build/Intermediates.noindex/Vuckt.build/Debug-watchos/Vuckt-t.build/DerivedSources-normal/arm64_32 -Xcc -I/Users/admin/builder/spi-builder-workspace/.derivedData/Build/Intermediates.noindex/Vuckt.build/Debug-watchos/Vuckt-t.build/DerivedSources/arm64_32 -Xcc -I/Users/admin/builder/spi-builder-workspace/.derivedData/Build/Intermediates.noindex/Vuckt.build/Debug-watchos/Vuckt-t.build/DerivedSources -Xcc -DSWIFT_PACKAGE -Xcc -DDEBUG\=1 -emit-objc-header -emit-objc-header-path /Users/admin/builder/spi-builder-workspace/.derivedData/Build/Intermediates.noindex/Vuckt.build/Debug-watchos/Vuckt-t.build/Objects-normal/arm64_32/Vuckt-Swift.h -working-directory /Users/admin/builder/spi-builder-workspace/.swiftpm/xcode -experimental-emit-module-separately -disable-cmo
SwiftDriver Vuckt normal arm64 com.apple.xcode.tools.swift.compiler (in target 'Vuckt' from project 'Vuckt')
cd /Users/admin/builder/spi-builder-workspace/.swiftpm/xcode
builtin-SwiftDriver -- /Applications/Xcode-27.0.0-Release.Candidate.app/Contents/Developer/Toolchains/XcodeDefault.xctoolchain/usr/bin/swiftc -parse-as-library -module-name Vuckt -Onone @/Users/admin/builder/spi-builder-workspace/.derivedData/Build/Intermediates.noindex/Vuckt.build/Debug-watchos/Vuckt-t.build/Objects-normal/arm64/Vuckt.SwiftFileList -DSWIFT_PACKAGE -DDEBUG -DSWIFT_MODULE_RESOURCE_BUNDLE_UNAVAILABLE -DNO_OBJC_BRIDGE -DXcode -plugin-path /Applications/Xcode-27.0.0-Release.Candidate.app/Contents/Developer/Toolchains/XcodeDefault.xctoolchain/usr/lib/swift/host/plugins/testing -enable-experimental-feature DebugDescriptionMacro -sdk /Applications/Xcode-27.0.0-Release.Candidate.app/Contents/Developer/Platforms/WatchOS.platform/Developer/SDKs/WatchOS27.0.sdk -target arm64-apple-watchos9.0 -g -module-cache-path /Users/admin/builder/spi-builder-workspace/.derivedData/ModuleCache.noindex -Xfrontend -serialize-debugging-options -profile-coverage-mapping -profile-generate -enable-testing -index-store-path /Users/admin/builder/spi-builder-workspace/.derivedData/Index.noindex/DataStore -Xcc -D_LIBCPP_HARDENING_MODE\=_LIBCPP_HARDENING_MODE_DEBUG -swift-version 5 -I /Users/admin/builder/spi-builder-workspace/.derivedData/Build/Products/Debug-watchos -Isystem /Applications/Xcode-27.0.0-Release.Candidate.app/Contents/Developer/Platforms/WatchOS.platform/Developer/usr/lib -F /Users/admin/builder/spi-builder-workspace/.derivedData/Build/Products/Debug-watchos -F /Applications/Xcode-27.0.0-Release.Candidate.app/Contents/Developer/Platforms/WatchOS.platform/Developer/Library/Frameworks -F /Applications/Xcode-27.0.0-Release.Candidate.app/Contents/Developer/Platforms/WatchOS.platform/Developer/SDKs/WatchOS27.0.sdk/Developer/Library/Frameworks -c -j10 -enable-batch-mode -incremental -Xcc -ivfsstatcache -Xcc /Users/admin/builder/spi-builder-workspace/.derivedData/SDKStatCaches.noindex/watchos27.0-24R360-e829b21a6f8c9b70876ba0858053c04477534ef55a1706bf4c1112bbb242f0a2.sdkstatcache -output-file-map /Users/admin/builder/spi-builder-workspace/.derivedData/Build/Intermediates.noindex/Vuckt.build/Debug-watchos/Vuckt-t.build/Objects-normal/arm64/Vuckt-OutputFileMap.json -save-temps -no-color-diagnostics -explicit-module-build -module-cache-path /Users/admin/builder/spi-builder-workspace/.derivedData/Build/Intermediates.noindex/SwiftExplicitPrecompiledModules -clang-scanner-module-cache-path /Users/admin/builder/spi-builder-workspace/.derivedData/ModuleCache.noindex -sdk-module-cache-path /Users/admin/builder/spi-builder-workspace/.derivedData/SDKExplicitPrecompiledModules -emit-dependencies -emit-module -emit-module-path /Users/admin/builder/spi-builder-workspace/.derivedData/Build/Intermediates.noindex/Vuckt.build/Debug-watchos/Vuckt-t.build/Objects-normal/arm64/Vuckt.swiftmodule -serialize-diagnostics -dependency-scan-serialize-diagnostics-path /Users/admin/builder/spi-builder-workspace/.derivedData/Build/Intermediates.noindex/Vuckt.build/Debug-watchos/Vuckt-t.build/Objects-normal/arm64/Vuckt-dependency-scan.dia -validate-clang-modules-once -clang-build-session-file /Users/admin/builder/spi-builder-workspace/.derivedData/ModuleCache.noindex/Session.modulevalidation -Xcc -fmodules-prune-interval\=86400 -Xcc -fmodules-prune-after\=345600 -emit-const-values -const-gather-protocols-list /Users/admin/builder/spi-builder-workspace/.derivedData/Build/Intermediates.noindex/Vuckt.build/Debug-watchos/Vuckt-t.build/Objects-normal/arm64/Vuckt_const_extract_protocols.json -Xcc -I/Users/admin/builder/spi-builder-workspace/.derivedData/Build/Products/Debug-watchos/include -Xcc -I/Users/admin/builder/spi-builder-workspace/.derivedData/Build/Intermediates.noindex/Vuckt.build/Debug-watchos/Vuckt-t.build/DerivedSources-normal/arm64 -Xcc -I/Users/admin/builder/spi-builder-workspace/.derivedData/Build/Intermediates.noindex/Vuckt.build/Debug-watchos/Vuckt-t.build/DerivedSources/arm64 -Xcc -I/Users/admin/builder/spi-builder-workspace/.derivedData/Build/Intermediates.noindex/Vuckt.build/Debug-watchos/Vuckt-t.build/DerivedSources -Xcc -DSWIFT_PACKAGE -Xcc -DDEBUG\=1 -emit-objc-header -emit-objc-header-path /Users/admin/builder/spi-builder-workspace/.derivedData/Build/Intermediates.noindex/Vuckt.build/Debug-watchos/Vuckt-t.build/Objects-normal/arm64/Vuckt-Swift.h -working-directory /Users/admin/builder/spi-builder-workspace/.swiftpm/xcode -experimental-emit-module-separately -disable-cmo
SwiftExplicitDependencyGeneratePcm arm64 /Users/admin/builder/spi-builder-workspace/.derivedData/SDKExplicitPrecompiledModules/_SwiftConcurrencyShims-659N52XSKR5F0QSB880BH2FJR.pcm
SwiftExplicitDependencyGeneratePcm arm64 /Users/admin/builder/spi-builder-workspace/.derivedData/SDKExplicitPrecompiledModules/_Builtin_float-C0CW5Q4HGBQYKE77TC42IAFB5.pcm
SwiftExplicitDependencyGeneratePcm arm64 /Users/admin/builder/spi-builder-workspace/.derivedData/SDKExplicitPrecompiledModules/_Builtin_stdbool-83J96QSOFE9VX04AAS6310UAE.pcm
SwiftExplicitDependencyGeneratePcm arm64 /Users/admin/builder/spi-builder-workspace/.derivedData/SDKExplicitPrecompiledModules/SwiftShims-4MXFZPV6FEB0XBYXCGPWAMQGL.pcm
SwiftExplicitDependencyGeneratePcm arm64 /Users/admin/builder/spi-builder-workspace/.derivedData/SDKExplicitPrecompiledModules/_Builtin_stddef-1FU30Y8SWFB7OUUHMJQH5J6FM.pcm
SwiftExplicitDependencyGeneratePcm arm64 /Users/admin/builder/spi-builder-workspace/.derivedData/SDKExplicitPrecompiledModules/ptrcheck-AIF0NDOYZ8ORBNHQAQR5NNB8M.pcm
SwiftExplicitDependencyGeneratePcm arm64 /Users/admin/builder/spi-builder-workspace/.derivedData/SDKExplicitPrecompiledModules/_Builtin_stdarg-A7UU8LE6MP85SM26YO7PBZNUQ.pcm
SwiftExplicitDependencyGeneratePcm arm64 /Users/admin/builder/spi-builder-workspace/.derivedData/SDKExplicitPrecompiledModules/ptrauth-3TZ9WJCGLYD25HQPWH4968ONX.pcm
SwiftExplicitDependencyGeneratePcm arm64_32 /Users/admin/builder/spi-builder-workspace/.derivedData/SDKExplicitPrecompiledModules/_Builtin_float-6KO8O3PEWRCA4WC6PPLOYO6WJ.pcm
SwiftExplicitDependencyGeneratePcm arm64_32 /Users/admin/builder/spi-builder-workspace/.derivedData/SDKExplicitPrecompiledModules/_Builtin_stddef-H44EFHQX6XSS5MZ7QP6YJZ76.pcm
SwiftExplicitDependencyGeneratePcm arm64_32 /Users/admin/builder/spi-builder-workspace/.derivedData/SDKExplicitPrecompiledModules/ptrauth-BFXF358ME5AK535N5A9Z766WU.pcm
SwiftExplicitDependencyGeneratePcm arm64_32 /Users/admin/builder/spi-builder-workspace/.derivedData/SDKExplicitPrecompiledModules/SwiftShims-9CQQGWTSNTN9EB5NSHDWUJICH.pcm
SwiftExplicitDependencyGeneratePcm arm64_32 /Users/admin/builder/spi-builder-workspace/.derivedData/SDKExplicitPrecompiledModules/_AvailabilityInternal-244WAN3Z1QBT7PIA64EZEFY1R.pcm
SwiftExplicitDependencyGeneratePcm arm64_32 /Users/admin/builder/spi-builder-workspace/.derivedData/SDKExplicitPrecompiledModules/_SwiftConcurrencyShims-6RTBPQ03V7BM9SPRK8SUE055H.pcm
SwiftExplicitDependencyGeneratePcm arm64_32 /Users/admin/builder/spi-builder-workspace/.derivedData/SDKExplicitPrecompiledModules/ptrcheck-7ELIH9BTIGVKX3UBITM9N72WD.pcm
SwiftExplicitDependencyGeneratePcm arm64_32 /Users/admin/builder/spi-builder-workspace/.derivedData/SDKExplicitPrecompiledModules/_Builtin_stdbool-A967K8W8YUYEC9SN52KJ7OO88.pcm
SwiftExplicitDependencyGeneratePcm arm64 /Users/admin/builder/spi-builder-workspace/.derivedData/SDKExplicitPrecompiledModules/_AvailabilityInternal-BUNV3UXM65NT37THI4W1AM0SF.pcm
SwiftExplicitDependencyGeneratePcm arm64_32 /Users/admin/builder/spi-builder-workspace/.derivedData/SDKExplicitPrecompiledModules/_Builtin_stdarg-D305JG44A2WPI6CJY37X3QJE8.pcm
SwiftExplicitDependencyGeneratePcm arm64_32 /Users/admin/builder/spi-builder-workspace/.derivedData/SDKExplicitPrecompiledModules/_DarwinFoundation1-2GWF9RFMPLQW4PDHS3NARVI3G.pcm
SwiftExplicitDependencyGeneratePcm arm64 /Users/admin/builder/spi-builder-workspace/.derivedData/SDKExplicitPrecompiledModules/_DarwinFoundation1-7SPX3MD0HMP55E4OLNCPNDQ53.pcm
SwiftExplicitDependencyGeneratePcm arm64_32 /Users/admin/builder/spi-builder-workspace/.derivedData/SDKExplicitPrecompiledModules/_Builtin_limits-3VKBU2AFTD65PAJZ5CJ3LHFM2.pcm
SwiftExplicitDependencyGeneratePcm arm64_32 /Users/admin/builder/spi-builder-workspace/.derivedData/SDKExplicitPrecompiledModules/_DarwinFoundation2-9MY8GOSYRO0M9MKNXF6D3MBNK.pcm
SwiftExplicitDependencyGeneratePcm arm64 /Users/admin/builder/spi-builder-workspace/.derivedData/SDKExplicitPrecompiledModules/_DarwinFoundation2-D0XAPJU49S5E9XMKYOFGSTB1Q.pcm
SwiftExplicitDependencyGeneratePcm arm64 /Users/admin/builder/spi-builder-workspace/.derivedData/SDKExplicitPrecompiledModules/_Builtin_limits-9GWPA2B0H20DYUNYHYCWKABJG.pcm
SwiftExplicitDependencyGeneratePcm arm64 /Users/admin/builder/spi-builder-workspace/.derivedData/SDKExplicitPrecompiledModules/_Builtin_stdint-8XMILLJZEGRN2XG7XZUXZ5RLX.pcm
SwiftExplicitDependencyGeneratePcm arm64 /Users/admin/builder/spi-builder-workspace/.derivedData/SDKExplicitPrecompiledModules/string_h-E6PRXK75PHIPCZFWOFCQ3QBMK.pcm
SwiftExplicitDependencyGeneratePcm arm64 /Users/admin/builder/spi-builder-workspace/.derivedData/SDKExplicitPrecompiledModules/_Builtin_tgmath-8NQ96OZ0YHXEC24JI95P01UF8.pcm
SwiftExplicitDependencyGeneratePcm arm64 /Users/admin/builder/spi-builder-workspace/.derivedData/SDKExplicitPrecompiledModules/sys_types-2KXQLI78OUCDP779AE68GZJ2.pcm
SwiftExplicitDependencyGeneratePcm arm64_32 /Users/admin/builder/spi-builder-workspace/.derivedData/SDKExplicitPrecompiledModules/string_h-BFVLUQUSBZWYMLCU9QI7VZALW.pcm
SwiftExplicitDependencyGeneratePcm arm64_32 /Users/admin/builder/spi-builder-workspace/.derivedData/SDKExplicitPrecompiledModules/_Builtin_tgmath-23PGCKURCQILXMK0MYZRYDCOU.pcm
SwiftExplicitDependencyGeneratePcm arm64_32 /Users/admin/builder/spi-builder-workspace/.derivedData/SDKExplicitPrecompiledModules/sys_types-8TLLMW08ZJWDGIIPKOYFGHHZW.pcm
SwiftExplicitDependencyGeneratePcm arm64_32 /Users/admin/builder/spi-builder-workspace/.derivedData/SDKExplicitPrecompiledModules/_Builtin_stdint-1HMXWI3V0V4TXHRWZOMZGZ80Y.pcm
SwiftExplicitDependencyGeneratePcm arm64 /Users/admin/builder/spi-builder-workspace/.derivedData/SDKExplicitPrecompiledModules/_Builtin_stdatomic-7JEFA3KBJJJN6TKJWY3OG1VG5.pcm
SwiftExplicitDependencyGeneratePcm arm64 /Users/admin/builder/spi-builder-workspace/.derivedData/SDKExplicitPrecompiledModules/_Builtin_intrinsics-75960HIPCIYA06IUW8FIIPQT.pcm
SwiftExplicitDependencyGeneratePcm arm64 /Users/admin/builder/spi-builder-workspace/.derivedData/SDKExplicitPrecompiledModules/_DarwinFoundation3-B97LRG0E9GON2NUE65TVG81HU.pcm
SwiftExplicitDependencyGeneratePcm arm64_32 /Users/admin/builder/spi-builder-workspace/.derivedData/SDKExplicitPrecompiledModules/_Builtin_stdatomic-1TY035TURL76BF2U98PZPPZRX.pcm
SwiftExplicitDependencyGeneratePcm arm64_32 /Users/admin/builder/spi-builder-workspace/.derivedData/SDKExplicitPrecompiledModules/_DarwinFoundation3-3DUTYQDQSD9HUAAVY947NMWOI.pcm
SwiftExplicitDependencyGeneratePcm arm64_32 /Users/admin/builder/spi-builder-workspace/.derivedData/SDKExplicitPrecompiledModules/_Builtin_intrinsics-196IIAKDQVU42DLOZP9OQCV76.pcm
SwiftExplicitDependencyGeneratePcm arm64 /Users/admin/builder/spi-builder-workspace/.derivedData/SDKExplicitPrecompiledModules/_Builtin_inttypes-3UQSCM7WNM9EK4HZML8TY5J3D.pcm
SwiftExplicitDependencyGeneratePcm arm64_32 /Users/admin/builder/spi-builder-workspace/.derivedData/SDKExplicitPrecompiledModules/_Builtin_inttypes-D2KPCR4PEX9AQA33NGLUT5SBR.pcm
SwiftExplicitDependencyGeneratePcm arm64 /Users/admin/builder/spi-builder-workspace/.derivedData/SDKExplicitPrecompiledModules/Darwin-3984OXKFNSPE77NT743WK8SEX.pcm
SwiftExplicitDependencyGeneratePcm arm64_32 /Users/admin/builder/spi-builder-workspace/.derivedData/SDKExplicitPrecompiledModules/Darwin-3FVT1SKLN2ZQ5RVOABMTQBB34.pcm
SwiftExplicitDependencyGeneratePcm arm64 /Users/admin/builder/spi-builder-workspace/.derivedData/SDKExplicitPrecompiledModules/simd-EH08NODU6574T74ZKU61VP9BW.pcm
SwiftExplicitDependencyGeneratePcm arm64_32 /Users/admin/builder/spi-builder-workspace/.derivedData/SDKExplicitPrecompiledModules/simd-21UNWYOBUZI1LVSQ99S1XBLMO.pcm
SwiftExplicitDependencyGeneratePcm arm64_32 /Users/admin/builder/spi-builder-workspace/.derivedData/SDKExplicitPrecompiledModules/ObjectiveC-6IJNELR2E80E7LUKESVCP2KET.pcm
SwiftExplicitDependencyGeneratePcm arm64 /Users/admin/builder/spi-builder-workspace/.derivedData/SDKExplicitPrecompiledModules/MachO-2U90NNSAQILBNBPS1SA4F8TYP.pcm
SwiftExplicitDependencyGeneratePcm arm64 /Users/admin/builder/spi-builder-workspace/.derivedData/SDKExplicitPrecompiledModules/ObjectiveC-72IVD3VS2RS8Q28D9PIMY0KQP.pcm
SwiftExplicitDependencyGeneratePcm arm64_32 /Users/admin/builder/spi-builder-workspace/.derivedData/SDKExplicitPrecompiledModules/MachO-56838ZJ0NC1EBAJ0O6O8QMPDX.pcm
SwiftExplicitDependencyGeneratePcm arm64 /Users/admin/builder/spi-builder-workspace/.derivedData/SDKExplicitPrecompiledModules/os_object-3SDKD7F87FTZ26OON37DRYT6O.pcm
SwiftExplicitDependencyGeneratePcm arm64_32 /Users/admin/builder/spi-builder-workspace/.derivedData/SDKExplicitPrecompiledModules/os_object-5YWTC6L4756IWSTPGXS5NM0D0.pcm
SwiftExplicitDependencyGeneratePcm arm64_32 /Users/admin/builder/spi-builder-workspace/.derivedData/SDKExplicitPrecompiledModules/os_workgroup-5JHTPDMNBUNHLJI8LPHKQK1JK.pcm
SwiftExplicitDependencyGeneratePcm arm64 /Users/admin/builder/spi-builder-workspace/.derivedData/SDKExplicitPrecompiledModules/os_workgroup-89GG5G7YC2D0ZTK6AZXXQ20DH.pcm
SwiftExplicitDependencyGeneratePcm arm64 /Users/admin/builder/spi-builder-workspace/.derivedData/SDKExplicitPrecompiledModules/Dispatch-1NLJOVAK60XP0DUB05XA59EIM.pcm
SwiftExplicitDependencyGeneratePcm arm64_32 /Users/admin/builder/spi-builder-workspace/.derivedData/SDKExplicitPrecompiledModules/Dispatch-2P62F1T4XV63S4P99TUDTOK2Q.pcm
SwiftExplicitDependencyGeneratePcm arm64_32 /Users/admin/builder/spi-builder-workspace/.derivedData/SDKExplicitPrecompiledModules/CoreFoundation-8E6Y4BA3EXYKUGJ24GT9LGV3N.pcm
SwiftExplicitDependencyGeneratePcm arm64 /Users/admin/builder/spi-builder-workspace/.derivedData/SDKExplicitPrecompiledModules/CoreFoundation-8T2L24YC5NU7WO6WQJWRY7W08.pcm
SwiftExplicitDependencyGeneratePcm arm64 /Users/admin/builder/spi-builder-workspace/.derivedData/SDKExplicitPrecompiledModules/XPC-40DR0X1DHKGCV4J1IOLFS8MOU.pcm
SwiftExplicitDependencyGeneratePcm arm64_32 /Users/admin/builder/spi-builder-workspace/.derivedData/SDKExplicitPrecompiledModules/XPC-81Y45QFY96XYYFCW2GT6FY8S4.pcm
SwiftExplicitDependencyGeneratePcm arm64 /Users/admin/builder/spi-builder-workspace/.derivedData/SDKExplicitPrecompiledModules/os-5DIL6Z9LFIGLMZAHM7X2T5435.pcm
SwiftExplicitDependencyGeneratePcm arm64_32 /Users/admin/builder/spi-builder-workspace/.derivedData/SDKExplicitPrecompiledModules/os-E5IGB442IA6SBB25TTCOLK2OC.pcm
SwiftExplicitDependencyGeneratePcm arm64_32 /Users/admin/builder/spi-builder-workspace/.derivedData/SDKExplicitPrecompiledModules/Security-D7TOWF88VWF67TB9HAFP5UWB1.pcm
SwiftExplicitDependencyGeneratePcm arm64_32 /Users/admin/builder/spi-builder-workspace/.derivedData/SDKExplicitPrecompiledModules/CoreGraphics-9FDXYX6BKBUT6TJ2VF819E7T5.pcm
SwiftExplicitDependencyGeneratePcm arm64 /Users/admin/builder/spi-builder-workspace/.derivedData/SDKExplicitPrecompiledModules/Security-6RZ6YBRU8WCUHRFFRVUK5WKMM.pcm
SwiftExplicitDependencyGeneratePcm arm64 /Users/admin/builder/spi-builder-workspace/.derivedData/SDKExplicitPrecompiledModules/CoreGraphics-DWNZ73GEH98SBJXZ7DEXB420K.pcm
SwiftExplicitDependencyGeneratePcm arm64_32 /Users/admin/builder/spi-builder-workspace/.derivedData/SDKExplicitPrecompiledModules/Foundation-BJ2VQGI3OGR34500MEQ1VKHPH.pcm
SwiftExplicitDependencyGeneratePcm arm64 /Users/admin/builder/spi-builder-workspace/.derivedData/SDKExplicitPrecompiledModules/Foundation-DLBKUSGXN8QHAT8W0OARR9S8A.pcm
SwiftExplicitDependencyGeneratePcm arm64 /Users/admin/builder/spi-builder-workspace/.derivedData/SDKExplicitPrecompiledModules/CoreVideo-8MRR5MNWUOAW2DBPGUQ8FKK4.pcm
SwiftExplicitDependencyGeneratePcm arm64_32 /Users/admin/builder/spi-builder-workspace/.derivedData/SDKExplicitPrecompiledModules/CoreVideo-2P8HI0403J99LBDPKNFJ5D4DL.pcm
SwiftExplicitDependencyGeneratePcm arm64 /Users/admin/builder/spi-builder-workspace/.derivedData/SDKExplicitPrecompiledModules/QuartzCore-94KFMWNOU7ZLUZNB4T5DLZC9D.pcm
SwiftExplicitDependencyGeneratePcm arm64 /Users/admin/builder/spi-builder-workspace/.derivedData/SDKExplicitPrecompiledModules/SceneKit-5HZKIL7XETTTD8TOHYPN8JKRJ.pcm
SwiftExplicitDependencyGeneratePcm arm64 /Users/admin/builder/spi-builder-workspace/.derivedData/SDKExplicitPrecompiledModules/_LocationEssentials-5ZZDGDXB6HLQUC72SJW7YJ7MK.pcm
SwiftExplicitDependencyGeneratePcm arm64_32 /Users/admin/builder/spi-builder-workspace/.derivedData/SDKExplicitPrecompiledModules/SceneKit-DKNLHKM5FJBQ79LSNMSSMBUBR.pcm
SwiftExplicitDependencyGeneratePcm arm64_32 /Users/admin/builder/spi-builder-workspace/.derivedData/SDKExplicitPrecompiledModules/QuartzCore-6375NPYACK5NYVHPMC1QQ8MC2.pcm
SwiftExplicitDependencyGeneratePcm arm64_32 /Users/admin/builder/spi-builder-workspace/.derivedData/SDKExplicitPrecompiledModules/_LocationEssentials-AQ1OL9QKC3LQLY5CNSRM1HB53.pcm
SwiftExplicitDependencyGeneratePcm arm64 /Users/admin/builder/spi-builder-workspace/.derivedData/SDKExplicitPrecompiledModules/CoreLocation-ACKJ9K7ABI14F97Y46Y6SRR17.pcm
SwiftExplicitDependencyGeneratePcm arm64_32 /Users/admin/builder/spi-builder-workspace/.derivedData/SDKExplicitPrecompiledModules/CoreLocation-8XU5YMYM4P11RQMYCQAG65ITK.pcm
SwiftExplicitDependencyGeneratePcm arm64 /Users/admin/builder/spi-builder-workspace/.derivedData/SDKExplicitPrecompiledModules/CoreMotion-6RD5K48QT1F4L9CATNFD2O7YB.pcm
SwiftExplicitDependencyGeneratePcm arm64_32 /Users/admin/builder/spi-builder-workspace/.derivedData/SDKExplicitPrecompiledModules/CoreMotion-1XGTVTE5PP32UHME8AC63TL6.pcm
SwiftCompile normal arm64 Compiling\ Int3.swift,\ Int3_NoObjCBridge.swift /Users/admin/builder/spi-builder-workspace/Sources/Int3/Int3.swift /Users/admin/builder/spi-builder-workspace/Sources/Int3/Int3_NoObjCBridge.swift (in target 'Vuckt' from project 'Vuckt')
SwiftCompile normal arm64 /Users/admin/builder/spi-builder-workspace/Sources/Int3/Int3.swift (in target 'Vuckt' from project 'Vuckt')
cd /Users/admin/builder/spi-builder-workspace/.swiftpm/xcode
builtin-SwiftPerFileCompile Int3.swift
SwiftCompile normal arm64 /Users/admin/builder/spi-builder-workspace/Sources/Int3/Int3_NoObjCBridge.swift (in target 'Vuckt' from project 'Vuckt')
cd /Users/admin/builder/spi-builder-workspace/.swiftpm/xcode
builtin-SwiftPerFileCompile Int3_NoObjCBridge.swift
SwiftEmitModule normal arm64 Emitting\ module\ for\ Vuckt (in target 'Vuckt' from project 'Vuckt')
/Users/admin/builder/spi-builder-workspace/Sources/Float4x4/Float4x4.swift:399:41: error: 'CATransform3D' is unavailable in watchOS
397 | {
398 | /// Initialize to a CoreAnimation transform.
399 | @_transparent public init(caTransform:CATransform3D) {
| `- error: 'CATransform3D' is unavailable in watchOS
400 | self = Float4x4FromCA(caTransform)
401 | }
/Applications/Xcode-27.0.0-Release.Candidate.app/Contents/Developer/Platforms/WatchOS.platform/Developer/SDKs/WatchOS27.0.sdk/System/Library/Frameworks/QuartzCore.framework/Headers/CATransform3D.h:17:8: note: 'CATransform3D' has been explicitly marked unavailable here
15 | /* Homogeneous three-dimensional transforms. */
16 |
17 | struct CATransform3D
| `- note: 'CATransform3D' has been explicitly marked unavailable here
18 | {
19 | CGFloat m11, m12, m13, m14;
/Users/admin/builder/spi-builder-workspace/Sources/Float4x4/Float4x4.swift:403:42: error: 'CATransform3D' is unavailable in watchOS
401 | }
402 |
403 | @_transparent public var toCATransform:CATransform3D {
| `- error: 'CATransform3D' is unavailable in watchOS
404 | return Float4x4ToCA(self)
405 | }
/Applications/Xcode-27.0.0-Release.Candidate.app/Contents/Developer/Platforms/WatchOS.platform/Developer/SDKs/WatchOS27.0.sdk/System/Library/Frameworks/QuartzCore.framework/Headers/CATransform3D.h:17:8: note: 'CATransform3D' has been explicitly marked unavailable here
15 | /* Homogeneous three-dimensional transforms. */
16 |
17 | struct CATransform3D
| `- note: 'CATransform3D' has been explicitly marked unavailable here
18 | {
19 | CGFloat m11, m12, m13, m14;
/Users/admin/builder/spi-builder-workspace/Sources/Float4x4/Float4x4_NoObjCBridge.swift:226:68: error: 'CATransform3D' is unavailable in watchOS
224 |
225 | /// Converts a `Float4x4` struct to `CATransform3D` struct using passing-individual-members initialization.
226 | @_transparent public func Float4x4ToCA(_ structValue:Float4x4) -> CATransform3D {
| `- error: 'CATransform3D' is unavailable in watchOS
227 | return CATransform3D(
228 | m11: CGFloat(structValue.m00), m12: CGFloat(structValue.m01), m13: CGFloat(structValue.m02), m14: CGFloat(structValue.m03),
/Applications/Xcode-27.0.0-Release.Candidate.app/Contents/Developer/Platforms/WatchOS.platform/Developer/SDKs/WatchOS27.0.sdk/System/Library/Frameworks/QuartzCore.framework/Headers/CATransform3D.h:17:8: note: 'CATransform3D' has been explicitly marked unavailable here
15 | /* Homogeneous three-dimensional transforms. */
16 |
17 | struct CATransform3D
| `- note: 'CATransform3D' has been explicitly marked unavailable here
18 | {
19 | CGFloat m11, m12, m13, m14;
/Users/admin/builder/spi-builder-workspace/Sources/Float4x4/Float4x4_NoObjCBridge.swift:235:53: error: 'CATransform3D' is unavailable in watchOS
233 | }
234 | /// Converts a `Float4x4` struct from `CATransform3D` struct using passing-individual-members initialization.
235 | @_transparent public func Float4x4FromCA(_ caValue:CATransform3D) -> Float4x4 {
| `- error: 'CATransform3D' is unavailable in watchOS
236 | return Float4x4(
237 | Float(caValue.m11), Float(caValue.m12), Float(caValue.m13), Float(caValue.m14),
/Applications/Xcode-27.0.0-Release.Candidate.app/Contents/Developer/Platforms/WatchOS.platform/Developer/SDKs/WatchOS27.0.sdk/System/Library/Frameworks/QuartzCore.framework/Headers/CATransform3D.h:17:8: note: 'CATransform3D' has been explicitly marked unavailable here
15 | /* Homogeneous three-dimensional transforms. */
16 |
17 | struct CATransform3D
| `- note: 'CATransform3D' has been explicitly marked unavailable here
18 | {
19 | CGFloat m11, m12, m13, m14;
/Users/admin/builder/spi-builder-workspace/Sources/Float4x4/Float4x4_NoObjCBridge.swift:227:10: error: 'CATransform3D' is unavailable in watchOS
225 | /// Converts a `Float4x4` struct to `CATransform3D` struct using passing-individual-members initialization.
226 | @_transparent public func Float4x4ToCA(_ structValue:Float4x4) -> CATransform3D {
227 | return CATransform3D(
| `- error: 'CATransform3D' is unavailable in watchOS
228 | m11: CGFloat(structValue.m00), m12: CGFloat(structValue.m01), m13: CGFloat(structValue.m02), m14: CGFloat(structValue.m03),
229 | m21: CGFloat(structValue.m10), m22: CGFloat(structValue.m11), m23: CGFloat(structValue.m12), m24: CGFloat(structValue.m13),
/Applications/Xcode-27.0.0-Release.Candidate.app/Contents/Developer/Platforms/WatchOS.platform/Developer/SDKs/WatchOS27.0.sdk/System/Library/Frameworks/QuartzCore.framework/Headers/CATransform3D.h:17:8: note: 'CATransform3D' has been explicitly marked unavailable here
15 | /* Homogeneous three-dimensional transforms. */
16 |
17 | struct CATransform3D
| `- note: 'CATransform3D' has been explicitly marked unavailable here
18 | {
19 | CGFloat m11, m12, m13, m14;
Failed frontend command:
/Applications/Xcode-27.0.0-Release.Candidate.app/Contents/Developer/Toolchains/XcodeDefault.xctoolchain/usr/bin/swift-frontend -frontend -emit-module -experimental-skip-non-inlinable-function-bodies-without-types /Users/admin/builder/spi-builder-workspace/Sources/Float2/Float2.swift /Users/admin/builder/spi-builder-workspace/Sources/Float2/Float2_NoObjCBridge.swift /Users/admin/builder/spi-builder-workspace/Sources/Float3/Float3.swift /Users/admin/builder/spi-builder-workspace/Sources/Float3/Float3_NoObjCBridge.swift /Users/admin/builder/spi-builder-workspace/Sources/Float3x3/Float3x3.swift /Users/admin/builder/spi-builder-workspace/Sources/Float3x3/Float3x3_NoObjCBridge.swift /Users/admin/builder/spi-builder-workspace/Sources/Float4/Float4.swift /Users/admin/builder/spi-builder-workspace/Sources/Float4/Float4_NoObjCBridge.swift /Users/admin/builder/spi-builder-workspace/Sources/Float4x4/Float4x4.swift /Users/admin/builder/spi-builder-workspace/Sources/Float4x4/Float4x4_NoObjCBridge.swift /Users/admin/builder/spi-builder-workspace/Sources/FloatQuaternion/FloatQuaternion.swift /Users/admin/builder/spi-builder-workspace/Sources/FloatQuaternion/FloatQuaternion_NoObjCBridge.swift /Users/admin/builder/spi-builder-workspace/Sources/Int2/Int2.swift /Users/admin/builder/spi-builder-workspace/Sources/Int2/Int2_NoObjCBridge.swift /Users/admin/builder/spi-builder-workspace/Sources/Int3/Int3.swift /Users/admin/builder/spi-builder-workspace/Sources/Int3/Int3_NoObjCBridge.swift /Users/admin/builder/spi-builder-workspace/Sources/Int4/Int4.swift /Users/admin/builder/spi-builder-workspace/Sources/Int4/Int4_NoObjCBridge.swift /Users/admin/builder/spi-builder-workspace/Sources/Vuckt.swift -target arm64-apple-watchos9.0 -module-can-import-version CoreGraphics 2049 2049.0.0 -module-can-import-version CoreMotion 3185.0.6.1 3185.0.6 -module-can-import-version Darwin 428.0.10 0 -module-can-import-version QuartzCore 5 1223.0.14 -module-can-import-version SceneKit 1.2 612.0.0 -disable-cross-import-overlay-search -swift-module-cross-import SceneKit /Applications/Xcode-27.0.0-Release.Candidate.app/Contents/Developer/Platforms/WatchOS.platform/Developer/SDKs/WatchOS.sdk/System/Library/Frameworks/SceneKit.framework/Modules/SceneKit.swiftcrossimport/SwiftUI.swiftoverlay -load-resolved-plugin /Applications/Xcode-27.0.0-Release.Candidate.app/Contents/Developer/Platforms/WatchOS.platform/Developer/usr/lib/swift/host/plugins/libFoundationMacros.dylib\#/Applications/Xcode-27.0.0-Release.Candidate.app/Contents/Developer/Platforms/WatchOS.platform/Developer/usr/bin/swift-plugin-server\#FoundationMacros -load-resolved-plugin /Applications/Xcode-27.0.0-Release.Candidate.app/Contents/Developer/Platforms/WatchOS.platform/Developer/usr/lib/swift/host/plugins/libObservationMacros.dylib\#/Applications/Xcode-27.0.0-Release.Candidate.app/Contents/Developer/Platforms/WatchOS.platform/Developer/usr/bin/swift-plugin-server\#ObservationMacros -load-resolved-plugin /Applications/Xcode-27.0.0-Release.Candidate.app/Contents/Developer/Platforms/WatchOS.platform/Developer/usr/lib/swift/host/plugins/libSwiftMacros.dylib\#/Applications/Xcode-27.0.0-Release.Candidate.app/Contents/Developer/Platforms/WatchOS.platform/Developer/usr/bin/swift-plugin-server\#SwiftMacros -disable-implicit-swift-modules -Xcc -fno-implicit-modules -Xcc -fno-implicit-module-maps -explicit-swift-module-map-file /Users/admin/builder/spi-builder-workspace/.derivedData/Build/Intermediates.noindex/Vuckt.build/Debug-watchos/Vuckt-t.build/Objects-normal/arm64/Vuckt-dependencies-2.json -Xllvm -aarch64-use-tbi -enable-objc-interop -stack-check -sdk /Applications/Xcode-27.0.0-Release.Candidate.app/Contents/Developer/Platforms/WatchOS.platform/Developer/SDKs/WatchOS27.0.sdk -I /Users/admin/builder/spi-builder-workspace/.derivedData/Build/Products/Debug-watchos -Isystem /Applications/Xcode-27.0.0-Release.Candidate.app/Contents/Developer/Platforms/WatchOS.platform/Developer/usr/lib -F /Users/admin/builder/spi-builder-workspace/.derivedData/Build/Products/Debug-watchos -F /Applications/Xcode-27.0.0-Release.Candidate.app/Contents/Developer/Platforms/WatchOS.platform/Developer/Library/Frameworks -F /Applications/Xcode-27.0.0-Release.Candidate.app/Contents/Developer/Platforms/WatchOS.platform/Developer/SDKs/WatchOS27.0.sdk/Developer/Library/Frameworks -module-cache-path /Users/admin/builder/spi-builder-workspace/.derivedData/Build/Intermediates.noindex/SwiftExplicitPrecompiledModules -no-color-diagnostics -Xcc -fno-color-diagnostics -enable-testing -g -debug-info-format\=dwarf -dwarf-version\=4 -profile-generate -profile-coverage-mapping -swift-version 5 -Onone -D SWIFT_PACKAGE -D DEBUG -D SWIFT_MODULE_RESOURCE_BUNDLE_UNAVAILABLE -D NO_OBJC_BRIDGE -D Xcode -serialize-debugging-options -enable-experimental-feature DebugDescriptionMacro -empty-abi-descriptor -validate-clang-modules-once -clang-build-session-file /Users/admin/builder/spi-builder-workspace/.derivedData/ModuleCache.noindex/Session.modulevalidation -Xcc -working-directory -Xcc /Users/admin/builder/spi-builder-workspace/.swiftpm/xcode -enable-anonymous-context-mangled-names -file-compilation-dir /Users/admin/builder/spi-builder-workspace/.swiftpm/xcode -Xcc -D_LIBCPP_HARDENING_MODE\=_LIBCPP_HARDENING_MODE_DEBUG -Xcc -ivfsstatcache -Xcc /Users/admin/builder/spi-builder-workspace/.derivedData/SDKStatCaches.noindex/watchos27.0-24R360-e829b21a6f8c9b70876ba0858053c04477534ef55a1706bf4c1112bbb242f0a2.sdkstatcache -Xcc -fmodules-prune-interval\=86400 -Xcc -fmodules-prune-after\=345600 -Xcc -I/Users/admin/builder/spi-builder-workspace/.derivedData/Build/Products/Debug-watchos/include -Xcc -I/Users/admin/builder/spi-builder-workspace/.derivedData/Build/Intermediates.noindex/Vuckt.build/Debug-watchos/Vuckt-t.build/DerivedSources-normal/arm64 -Xcc -I/Users/admin/builder/spi-builder-workspace/.derivedData/Build/Intermediates.noindex/Vuckt.build/Debug-watchos/Vuckt-t.build/DerivedSources/arm64 -Xcc -I/Users/admin/builder/spi-builder-workspace/.derivedData/Build/Intermediates.noindex/Vuckt.build/Debug-watchos/Vuckt-t.build/DerivedSources -Xcc -DSWIFT_PACKAGE -Xcc -DDEBUG\=1 -no-auto-bridging-header-chaining -module-name Vuckt -const-gather-protocols-file /Users/admin/builder/spi-builder-workspace/.derivedData/Build/Intermediates.noindex/Vuckt.build/Debug-watchos/Vuckt-t.build/Objects-normal/arm64/Vuckt_const_extract_protocols.json -disable-clang-spi -clang-target arm64-apple-watchos27.0 -target-sdk-version 27.0 -target-sdk-name watchos27.0 -in-process-plugin-server-path /Applications/Xcode-27.0.0-Release.Candidate.app/Contents/Developer/Toolchains/XcodeDefault.xctoolchain/usr/lib/swift/host/libSwiftInProcPluginServer.dylib -emit-module-doc-path /Users/admin/builder/spi-builder-workspace/.derivedData/Build/Intermediates.noindex/Vuckt.build/Debug-watchos/Vuckt-t.build/Objects-normal/arm64/Vuckt.swiftdoc -emit-module-source-info-path /Users/admin/builder/spi-builder-workspace/.derivedData/Build/Intermediates.noindex/Vuckt.build/Debug-watchos/Vuckt-t.build/Objects-normal/arm64/Vuckt.swiftsourceinfo -emit-objc-header-path /Users/admin/builder/spi-builder-workspace/.derivedData/Build/Intermediates.noindex/Vuckt.build/Debug-watchos/Vuckt-t.build/Objects-normal/arm64/Vuckt-Swift.h -serialize-diagnostics-path /Users/admin/builder/spi-builder-workspace/.derivedData/Build/Intermediates.noindex/Vuckt.build/Debug-watchos/Vuckt-t.build/Objects-normal/arm64/Vuckt-primary-emit-module.dia -emit-dependencies-path /Users/admin/builder/spi-builder-workspace/.derivedData/Build/Intermediates.noindex/Vuckt.build/Debug-watchos/Vuckt-t.build/Objects-normal/arm64/Vuckt-primary-emit-module.d -parse-as-library -o /Users/admin/builder/spi-builder-workspace/.derivedData/Build/Intermediates.noindex/Vuckt.build/Debug-watchos/Vuckt-t.build/Objects-normal/arm64/Vuckt.swiftmodule -emit-abi-descriptor-path /Users/admin/builder/spi-builder-workspace/.derivedData/Build/Intermediates.noindex/Vuckt.build/Debug-watchos/Vuckt-t.build/Objects-normal/arm64/Vuckt.abi.json
SwiftCompile normal arm64 (in target 'Vuckt' from project 'Vuckt')
cd /Users/admin/builder/spi-builder-workspace/.swiftpm/xcode
SwiftCompile normal arm64 Compiling\ Vuckt.swift /Users/admin/builder/spi-builder-workspace/Sources/Vuckt.swift (in target 'Vuckt' from project 'Vuckt')
SwiftCompile normal arm64 /Users/admin/builder/spi-builder-workspace/Sources/Vuckt.swift (in target 'Vuckt' from project 'Vuckt')
cd /Users/admin/builder/spi-builder-workspace/.swiftpm/xcode
builtin-SwiftPerFileCompile Vuckt.swift
SwiftCompile normal arm64 Compiling\ Int4.swift,\ Int4_NoObjCBridge.swift /Users/admin/builder/spi-builder-workspace/Sources/Int4/Int4.swift /Users/admin/builder/spi-builder-workspace/Sources/Int4/Int4_NoObjCBridge.swift (in target 'Vuckt' from project 'Vuckt')
SwiftCompile normal arm64 /Users/admin/builder/spi-builder-workspace/Sources/Int4/Int4.swift (in target 'Vuckt' from project 'Vuckt')
cd /Users/admin/builder/spi-builder-workspace/.swiftpm/xcode
builtin-SwiftPerFileCompile Int4.swift
SwiftCompile normal arm64 /Users/admin/builder/spi-builder-workspace/Sources/Int4/Int4_NoObjCBridge.swift (in target 'Vuckt' from project 'Vuckt')
cd /Users/admin/builder/spi-builder-workspace/.swiftpm/xcode
builtin-SwiftPerFileCompile Int4_NoObjCBridge.swift
SwiftCompile normal arm64 Compiling\ FloatQuaternion.swift,\ FloatQuaternion_NoObjCBridge.swift /Users/admin/builder/spi-builder-workspace/Sources/FloatQuaternion/FloatQuaternion.swift /Users/admin/builder/spi-builder-workspace/Sources/FloatQuaternion/FloatQuaternion_NoObjCBridge.swift (in target 'Vuckt' from project 'Vuckt')
SwiftCompile normal arm64 /Users/admin/builder/spi-builder-workspace/Sources/FloatQuaternion/FloatQuaternion.swift (in target 'Vuckt' from project 'Vuckt')
cd /Users/admin/builder/spi-builder-workspace/.swiftpm/xcode
builtin-SwiftPerFileCompile FloatQuaternion.swift
SwiftCompile normal arm64 /Users/admin/builder/spi-builder-workspace/Sources/FloatQuaternion/FloatQuaternion_NoObjCBridge.swift (in target 'Vuckt' from project 'Vuckt')
cd /Users/admin/builder/spi-builder-workspace/.swiftpm/xcode
builtin-SwiftPerFileCompile FloatQuaternion_NoObjCBridge.swift
SwiftCompile normal arm64 Compiling\ Float3x3.swift,\ Float3x3_NoObjCBridge.swift /Users/admin/builder/spi-builder-workspace/Sources/Float3x3/Float3x3.swift /Users/admin/builder/spi-builder-workspace/Sources/Float3x3/Float3x3_NoObjCBridge.swift (in target 'Vuckt' from project 'Vuckt')
SwiftCompile normal arm64 /Users/admin/builder/spi-builder-workspace/Sources/Float3x3/Float3x3.swift (in target 'Vuckt' from project 'Vuckt')
cd /Users/admin/builder/spi-builder-workspace/.swiftpm/xcode
builtin-SwiftPerFileCompile Float3x3.swift
SwiftCompile normal arm64 /Users/admin/builder/spi-builder-workspace/Sources/Float3x3/Float3x3_NoObjCBridge.swift (in target 'Vuckt' from project 'Vuckt')
cd /Users/admin/builder/spi-builder-workspace/.swiftpm/xcode
builtin-SwiftPerFileCompile Float3x3_NoObjCBridge.swift
SwiftCompile normal arm64 Compiling\ Float4x4.swift,\ Float4x4_NoObjCBridge.swift /Users/admin/builder/spi-builder-workspace/Sources/Float4x4/Float4x4.swift /Users/admin/builder/spi-builder-workspace/Sources/Float4x4/Float4x4_NoObjCBridge.swift (in target 'Vuckt' from project 'Vuckt')
SwiftCompile normal arm64 /Users/admin/builder/spi-builder-workspace/Sources/Float4x4/Float4x4.swift (in target 'Vuckt' from project 'Vuckt')
cd /Users/admin/builder/spi-builder-workspace/.swiftpm/xcode
builtin-SwiftPerFileCompile Float4x4.swift
SwiftCompile normal arm64 /Users/admin/builder/spi-builder-workspace/Sources/Float4x4/Float4x4_NoObjCBridge.swift (in target 'Vuckt' from project 'Vuckt')
cd /Users/admin/builder/spi-builder-workspace/.swiftpm/xcode
builtin-SwiftPerFileCompile Float4x4_NoObjCBridge.swift
/Users/admin/builder/spi-builder-workspace/Sources/Float4x4/Float4x4.swift:399:41: error: 'CATransform3D' is unavailable in watchOS
397 | {
398 | /// Initialize to a CoreAnimation transform.
399 | @_transparent public init(caTransform:CATransform3D) {
| `- error: 'CATransform3D' is unavailable in watchOS
400 | self = Float4x4FromCA(caTransform)
401 | }
/Applications/Xcode-27.0.0-Release.Candidate.app/Contents/Developer/Platforms/WatchOS.platform/Developer/SDKs/WatchOS27.0.sdk/System/Library/Frameworks/QuartzCore.framework/Headers/CATransform3D.h:17:8: note: 'CATransform3D' has been explicitly marked unavailable here
15 | /* Homogeneous three-dimensional transforms. */
16 |
17 | struct CATransform3D
| `- note: 'CATransform3D' has been explicitly marked unavailable here
18 | {
19 | CGFloat m11, m12, m13, m14;
/Users/admin/builder/spi-builder-workspace/Sources/Float4x4/Float4x4.swift:403:42: error: 'CATransform3D' is unavailable in watchOS
401 | }
402 |
403 | @_transparent public var toCATransform:CATransform3D {
| `- error: 'CATransform3D' is unavailable in watchOS
404 | return Float4x4ToCA(self)
405 | }
/Applications/Xcode-27.0.0-Release.Candidate.app/Contents/Developer/Platforms/WatchOS.platform/Developer/SDKs/WatchOS27.0.sdk/System/Library/Frameworks/QuartzCore.framework/Headers/CATransform3D.h:17:8: note: 'CATransform3D' has been explicitly marked unavailable here
15 | /* Homogeneous three-dimensional transforms. */
16 |
17 | struct CATransform3D
| `- note: 'CATransform3D' has been explicitly marked unavailable here
18 | {
19 | CGFloat m11, m12, m13, m14;
/Users/admin/builder/spi-builder-workspace/Sources/Float4x4/Float4x4_NoObjCBridge.swift:226:68: error: 'CATransform3D' is unavailable in watchOS
224 |
225 | /// Converts a `Float4x4` struct to `CATransform3D` struct using passing-individual-members initialization.
226 | @_transparent public func Float4x4ToCA(_ structValue:Float4x4) -> CATransform3D {
| `- error: 'CATransform3D' is unavailable in watchOS
227 | return CATransform3D(
228 | m11: CGFloat(structValue.m00), m12: CGFloat(structValue.m01), m13: CGFloat(structValue.m02), m14: CGFloat(structValue.m03),
/Applications/Xcode-27.0.0-Release.Candidate.app/Contents/Developer/Platforms/WatchOS.platform/Developer/SDKs/WatchOS27.0.sdk/System/Library/Frameworks/QuartzCore.framework/Headers/CATransform3D.h:17:8: note: 'CATransform3D' has been explicitly marked unavailable here
15 | /* Homogeneous three-dimensional transforms. */
16 |
17 | struct CATransform3D
| `- note: 'CATransform3D' has been explicitly marked unavailable here
18 | {
19 | CGFloat m11, m12, m13, m14;
/Users/admin/builder/spi-builder-workspace/Sources/Float4x4/Float4x4_NoObjCBridge.swift:235:53: error: 'CATransform3D' is unavailable in watchOS
233 | }
234 | /// Converts a `Float4x4` struct from `CATransform3D` struct using passing-individual-members initialization.
235 | @_transparent public func Float4x4FromCA(_ caValue:CATransform3D) -> Float4x4 {
| `- error: 'CATransform3D' is unavailable in watchOS
236 | return Float4x4(
237 | Float(caValue.m11), Float(caValue.m12), Float(caValue.m13), Float(caValue.m14),
/Applications/Xcode-27.0.0-Release.Candidate.app/Contents/Developer/Platforms/WatchOS.platform/Developer/SDKs/WatchOS27.0.sdk/System/Library/Frameworks/QuartzCore.framework/Headers/CATransform3D.h:17:8: note: 'CATransform3D' has been explicitly marked unavailable here
15 | /* Homogeneous three-dimensional transforms. */
16 |
17 | struct CATransform3D
| `- note: 'CATransform3D' has been explicitly marked unavailable here
18 | {
19 | CGFloat m11, m12, m13, m14;
SwiftCompile normal arm64 Compiling\ Float4.swift,\ Float4_NoObjCBridge.swift /Users/admin/builder/spi-builder-workspace/Sources/Float4/Float4.swift /Users/admin/builder/spi-builder-workspace/Sources/Float4/Float4_NoObjCBridge.swift (in target 'Vuckt' from project 'Vuckt')
SwiftCompile normal arm64 /Users/admin/builder/spi-builder-workspace/Sources/Float4/Float4.swift (in target 'Vuckt' from project 'Vuckt')
cd /Users/admin/builder/spi-builder-workspace/.swiftpm/xcode
builtin-SwiftPerFileCompile Float4.swift
SwiftCompile normal arm64 /Users/admin/builder/spi-builder-workspace/Sources/Float4/Float4_NoObjCBridge.swift (in target 'Vuckt' from project 'Vuckt')
cd /Users/admin/builder/spi-builder-workspace/.swiftpm/xcode
builtin-SwiftPerFileCompile Float4_NoObjCBridge.swift
SwiftCompile normal arm64 Compiling\ Int2.swift,\ Int2_NoObjCBridge.swift /Users/admin/builder/spi-builder-workspace/Sources/Int2/Int2.swift /Users/admin/builder/spi-builder-workspace/Sources/Int2/Int2_NoObjCBridge.swift (in target 'Vuckt' from project 'Vuckt')
SwiftCompile normal arm64 /Users/admin/builder/spi-builder-workspace/Sources/Int2/Int2.swift (in target 'Vuckt' from project 'Vuckt')
cd /Users/admin/builder/spi-builder-workspace/.swiftpm/xcode
builtin-SwiftPerFileCompile Int2.swift
SwiftCompile normal arm64 /Users/admin/builder/spi-builder-workspace/Sources/Int2/Int2_NoObjCBridge.swift (in target 'Vuckt' from project 'Vuckt')
cd /Users/admin/builder/spi-builder-workspace/.swiftpm/xcode
builtin-SwiftPerFileCompile Int2_NoObjCBridge.swift
SwiftCompile normal arm64 Compiling\ Float2.swift,\ Float2_NoObjCBridge.swift /Users/admin/builder/spi-builder-workspace/Sources/Float2/Float2.swift /Users/admin/builder/spi-builder-workspace/Sources/Float2/Float2_NoObjCBridge.swift (in target 'Vuckt' from project 'Vuckt')
SwiftCompile normal arm64 /Users/admin/builder/spi-builder-workspace/Sources/Float2/Float2.swift (in target 'Vuckt' from project 'Vuckt')
cd /Users/admin/builder/spi-builder-workspace/.swiftpm/xcode
builtin-SwiftPerFileCompile Float2.swift
SwiftCompile normal arm64 /Users/admin/builder/spi-builder-workspace/Sources/Float2/Float2_NoObjCBridge.swift (in target 'Vuckt' from project 'Vuckt')
cd /Users/admin/builder/spi-builder-workspace/.swiftpm/xcode
builtin-SwiftPerFileCompile Float2_NoObjCBridge.swift
SwiftEmitModule normal arm64_32 Emitting\ module\ for\ Vuckt (in target 'Vuckt' from project 'Vuckt')
SwiftCompile normal arm64_32 (in target 'Vuckt' from project 'Vuckt')
cd /Users/admin/builder/spi-builder-workspace/.swiftpm/xcode
PruneExplicitPrecompiledModules /Users/admin/builder/spi-builder-workspace/.derivedData/Build/Intermediates.noindex/SwiftExplicitPrecompiledModules
PruneExplicitPrecompiledModules /Users/admin/builder/spi-builder-workspace/.derivedData/Build/Intermediates.noindex/ExplicitPrecompiledModules
PruneExplicitPrecompiledModules /Users/admin/builder/spi-builder-workspace/.derivedData/SDKExplicitPrecompiledModules
2026-09-25 05:00:10.203 xcodebuild[679:4395] [MT] IDERunDestination: Supported platforms for the buildables in the current scheme is empty.
2026-09-25 05:00:10.347 xcodebuild[679:4395] [MT] IDERunDestination: Supported platforms for the buildables in the current scheme is empty.
** BUILD FAILED **
The following build commands failed:
SwiftEmitModule normal arm64 Emitting\ module\ for\ Vuckt (in target 'Vuckt' from project 'Vuckt')
SwiftCompile normal arm64 (in target 'Vuckt' from project 'Vuckt')
Building workspace Vuckt with scheme Vuckt
(3 failures)
Command line invocation:
/Applications/Xcode-27.0.0-Release.Candidate.app/Contents/Developer/usr/bin/xcodebuild -IDEClonedSourcePackagesDirPathOverride=/Users/admin/builder/spi-builder-workspace/.dependencies -resolvePackageDependencies
Resolve Package Graph
Resolved source packages:
Vuckt: /Users/admin/builder/spi-builder-workspace
swift-numerics: https://github.com/apple/swift-numerics.git @ 1.1.1
resolved source packages: Vuckt, swift-numerics
2026-09-25 05:00:17.126 xcodebuild[790:4860] [MT] IDERunDestination: Supported platforms for the buildables in the current scheme is empty.
2026-09-25 05:00:17.271 xcodebuild[790:4860] [MT] IDERunDestination: Supported platforms for the buildables in the current scheme is empty.
{
"dependencies" : [
{
"identity" : "swift-numerics",
"requirement" : {
"range" : [
{
"lower_bound" : "1.1.1",
"upper_bound" : "2.0.0"
}
]
},
"type" : "sourceControl",
"url" : "https://github.com/apple/swift-numerics"
}
],
"manifest_display_name" : "Vuckt",
"name" : "Vuckt",
"path" : "/Users/admin/builder/spi-builder-workspace",
"platforms" : [
],
"products" : [
{
"name" : "Vuckt",
"targets" : [
"Vuckt"
],
"type" : {
"library" : [
"automatic"
]
}
}
],
"swift_languages_versions" : [
"4",
"4.2",
"5"
],
"targets" : [
{
"c99name" : "VucktTests",
"module_type" : "SwiftTarget",
"name" : "VucktTests",
"path" : "Tests",
"product_dependencies" : [
"Numerics"
],
"sources" : [
"VucktPerformanceTests.swift",
"VucktTests.swift"
],
"target_dependencies" : [
"Vuckt"
],
"type" : "test"
},
{
"c99name" : "Vuckt",
"module_type" : "SwiftTarget",
"name" : "Vuckt",
"path" : "Sources",
"product_memberships" : [
"Vuckt"
],
"sources" : [
"Float2/Float2.swift",
"Float2/Float2_NoObjCBridge.swift",
"Float3/Float3.swift",
"Float3/Float3_NoObjCBridge.swift",
"Float3x3/Float3x3.swift",
"Float3x3/Float3x3_NoObjCBridge.swift",
"Float4/Float4.swift",
"Float4/Float4_NoObjCBridge.swift",
"Float4x4/Float4x4.swift",
"Float4x4/Float4x4_NoObjCBridge.swift",
"FloatQuaternion/FloatQuaternion.swift",
"FloatQuaternion/FloatQuaternion_NoObjCBridge.swift",
"Int2/Int2.swift",
"Int2/Int2_NoObjCBridge.swift",
"Int3/Int3.swift",
"Int3/Int3_NoObjCBridge.swift",
"Int4/Int4.swift",
"Int4/Int4_NoObjCBridge.swift",
"Vuckt.swift"
],
"type" : "library"
}
],
"tools_version" : "5.0"
}
{
"workspace" : {
"name" : "Vuckt",
"schemes" : [
"Vuckt"
]
}
}
2026-09-25 05:00:18.395 xcodebuild[798:4923] [MT] IDERunDestination: Supported platforms for the buildables in the current scheme is empty.
2026-09-25 05:00:18.535 xcodebuild[798:4923] [MT] IDERunDestination: Supported platforms for the buildables in the current scheme is empty.
Running build ...
env DEVELOPER_DIR=/Applications/Xcode-27.0.0-Release.Candidate.app xcrun xcodebuild -IDEClonedSourcePackagesDirPathOverride=$PWD/.dependencies -skipMacroValidation -skipPackagePluginValidation -derivedDataPath $PWD/.derivedData build -scheme Vuckt -destination generic/platform=watchOS
Command line invocation:
/Applications/Xcode-27.0.0-Release.Candidate.app/Contents/Developer/usr/bin/xcodebuild -IDEClonedSourcePackagesDirPathOverride=/Users/admin/builder/spi-builder-workspace/.dependencies -skipMacroValidation -skipPackagePluginValidation -derivedDataPath /Users/admin/builder/spi-builder-workspace/.derivedData build -scheme Vuckt -destination generic/platform=watchOS
Resolve Package Graph
Resolved source packages:
Vuckt: /Users/admin/builder/spi-builder-workspace
swift-numerics: https://github.com/apple/swift-numerics.git @ 1.1.1
ComputePackagePrebuildTargetDependencyGraph
Prepare packages
CreateBuildRequest
SendProjectDescription
CreateBuildOperation
ComputeTargetDependencyGraph
note: Building targets in dependency order
note: Target dependency graph (2 targets)
Target 'Vuckt-product' in project 'Vuckt'
➜ Explicit dependency on target 'Vuckt' in project 'Vuckt'
Target 'Vuckt' in project 'Vuckt' (no dependencies)
GatherProvisioningInputs
CreateBuildDescription
ClangStatCache /Applications/Xcode-27.0.0-Release.Candidate.app/Contents/Developer/Toolchains/XcodeDefault.xctoolchain/usr/bin/clang-stat-cache /Applications/Xcode-27.0.0-Release.Candidate.app/Contents/Developer/Platforms/WatchOS.platform/Developer/SDKs/WatchOS27.0.sdk /Users/admin/builder/spi-builder-workspace/.derivedData/SDKStatCaches.noindex/watchos27.0-24R360-e829b21a6f8c9b70876ba0858053c04477534ef55a1706bf4c1112bbb242f0a2.sdkstatcache
cd /Users/admin/builder/spi-builder-workspace/.swiftpm/xcode
/Applications/Xcode-27.0.0-Release.Candidate.app/Contents/Developer/Toolchains/XcodeDefault.xctoolchain/usr/bin/clang-stat-cache /Applications/Xcode-27.0.0-Release.Candidate.app/Contents/Developer/Platforms/WatchOS.platform/Developer/SDKs/WatchOS27.0.sdk -o /Users/admin/builder/spi-builder-workspace/.derivedData/SDKStatCaches.noindex/watchos27.0-24R360-e829b21a6f8c9b70876ba0858053c04477534ef55a1706bf4c1112bbb242f0a2.sdkstatcache
SwiftDriver Vuckt normal arm64_32 com.apple.xcode.tools.swift.compiler (in target 'Vuckt' from project 'Vuckt')
cd /Users/admin/builder/spi-builder-workspace/.swiftpm/xcode
builtin-SwiftDriver -- /Applications/Xcode-27.0.0-Release.Candidate.app/Contents/Developer/Toolchains/XcodeDefault.xctoolchain/usr/bin/swiftc -parse-as-library -module-name Vuckt -Onone @/Users/admin/builder/spi-builder-workspace/.derivedData/Build/Intermediates.noindex/Vuckt.build/Debug-watchos/Vuckt-t.build/Objects-normal/arm64_32/Vuckt.SwiftFileList -DSWIFT_PACKAGE -DDEBUG -DSWIFT_MODULE_RESOURCE_BUNDLE_UNAVAILABLE -DNO_OBJC_BRIDGE -DXcode -plugin-path /Applications/Xcode-27.0.0-Release.Candidate.app/Contents/Developer/Toolchains/XcodeDefault.xctoolchain/usr/lib/swift/host/plugins/testing -enable-experimental-feature DebugDescriptionMacro -sdk /Applications/Xcode-27.0.0-Release.Candidate.app/Contents/Developer/Platforms/WatchOS.platform/Developer/SDKs/WatchOS27.0.sdk -target arm64_32-apple-watchos9.0 -g -module-cache-path /Users/admin/builder/spi-builder-workspace/.derivedData/ModuleCache.noindex -Xfrontend -serialize-debugging-options -profile-coverage-mapping -profile-generate -enable-testing -index-store-path /Users/admin/builder/spi-builder-workspace/.derivedData/Index.noindex/DataStore -Xcc -D_LIBCPP_HARDENING_MODE\=_LIBCPP_HARDENING_MODE_DEBUG -swift-version 5 -I /Users/admin/builder/spi-builder-workspace/.derivedData/Build/Products/Debug-watchos -Isystem /Applications/Xcode-27.0.0-Release.Candidate.app/Contents/Developer/Platforms/WatchOS.platform/Developer/usr/lib -F /Users/admin/builder/spi-builder-workspace/.derivedData/Build/Products/Debug-watchos -F /Applications/Xcode-27.0.0-Release.Candidate.app/Contents/Developer/Platforms/WatchOS.platform/Developer/Library/Frameworks -F /Applications/Xcode-27.0.0-Release.Candidate.app/Contents/Developer/Platforms/WatchOS.platform/Developer/SDKs/WatchOS27.0.sdk/Developer/Library/Frameworks -c -j10 -enable-batch-mode -incremental -Xcc -ivfsstatcache -Xcc /Users/admin/builder/spi-builder-workspace/.derivedData/SDKStatCaches.noindex/watchos27.0-24R360-e829b21a6f8c9b70876ba0858053c04477534ef55a1706bf4c1112bbb242f0a2.sdkstatcache -output-file-map /Users/admin/builder/spi-builder-workspace/.derivedData/Build/Intermediates.noindex/Vuckt.build/Debug-watchos/Vuckt-t.build/Objects-normal/arm64_32/Vuckt-OutputFileMap.json -save-temps -no-color-diagnostics -explicit-module-build -module-cache-path /Users/admin/builder/spi-builder-workspace/.derivedData/Build/Intermediates.noindex/SwiftExplicitPrecompiledModules -clang-scanner-module-cache-path /Users/admin/builder/spi-builder-workspace/.derivedData/ModuleCache.noindex -sdk-module-cache-path /Users/admin/builder/spi-builder-workspace/.derivedData/SDKExplicitPrecompiledModules -emit-dependencies -emit-module -emit-module-path /Users/admin/builder/spi-builder-workspace/.derivedData/Build/Intermediates.noindex/Vuckt.build/Debug-watchos/Vuckt-t.build/Objects-normal/arm64_32/Vuckt.swiftmodule -serialize-diagnostics -dependency-scan-serialize-diagnostics-path /Users/admin/builder/spi-builder-workspace/.derivedData/Build/Intermediates.noindex/Vuckt.build/Debug-watchos/Vuckt-t.build/Objects-normal/arm64_32/Vuckt-dependency-scan.dia -validate-clang-modules-once -clang-build-session-file /Users/admin/builder/spi-builder-workspace/.derivedData/ModuleCache.noindex/Session.modulevalidation -Xcc -fmodules-prune-interval\=86400 -Xcc -fmodules-prune-after\=345600 -emit-const-values -const-gather-protocols-list /Users/admin/builder/spi-builder-workspace/.derivedData/Build/Intermediates.noindex/Vuckt.build/Debug-watchos/Vuckt-t.build/Objects-normal/arm64_32/Vuckt_const_extract_protocols.json -Xcc -I/Users/admin/builder/spi-builder-workspace/.derivedData/Build/Products/Debug-watchos/include -Xcc -I/Users/admin/builder/spi-builder-workspace/.derivedData/Build/Intermediates.noindex/Vuckt.build/Debug-watchos/Vuckt-t.build/DerivedSources-normal/arm64_32 -Xcc -I/Users/admin/builder/spi-builder-workspace/.derivedData/Build/Intermediates.noindex/Vuckt.build/Debug-watchos/Vuckt-t.build/DerivedSources/arm64_32 -Xcc -I/Users/admin/builder/spi-builder-workspace/.derivedData/Build/Intermediates.noindex/Vuckt.build/Debug-watchos/Vuckt-t.build/DerivedSources -Xcc -DSWIFT_PACKAGE -Xcc -DDEBUG\=1 -emit-objc-header -emit-objc-header-path /Users/admin/builder/spi-builder-workspace/.derivedData/Build/Intermediates.noindex/Vuckt.build/Debug-watchos/Vuckt-t.build/Objects-normal/arm64_32/Vuckt-Swift.h -working-directory /Users/admin/builder/spi-builder-workspace/.swiftpm/xcode -experimental-emit-module-separately -disable-cmo
SwiftDriver Vuckt normal arm64 com.apple.xcode.tools.swift.compiler (in target 'Vuckt' from project 'Vuckt')
cd /Users/admin/builder/spi-builder-workspace/.swiftpm/xcode
builtin-SwiftDriver -- /Applications/Xcode-27.0.0-Release.Candidate.app/Contents/Developer/Toolchains/XcodeDefault.xctoolchain/usr/bin/swiftc -parse-as-library -module-name Vuckt -Onone @/Users/admin/builder/spi-builder-workspace/.derivedData/Build/Intermediates.noindex/Vuckt.build/Debug-watchos/Vuckt-t.build/Objects-normal/arm64/Vuckt.SwiftFileList -DSWIFT_PACKAGE -DDEBUG -DSWIFT_MODULE_RESOURCE_BUNDLE_UNAVAILABLE -DNO_OBJC_BRIDGE -DXcode -plugin-path /Applications/Xcode-27.0.0-Release.Candidate.app/Contents/Developer/Toolchains/XcodeDefault.xctoolchain/usr/lib/swift/host/plugins/testing -enable-experimental-feature DebugDescriptionMacro -sdk /Applications/Xcode-27.0.0-Release.Candidate.app/Contents/Developer/Platforms/WatchOS.platform/Developer/SDKs/WatchOS27.0.sdk -target arm64-apple-watchos9.0 -g -module-cache-path /Users/admin/builder/spi-builder-workspace/.derivedData/ModuleCache.noindex -Xfrontend -serialize-debugging-options -profile-coverage-mapping -profile-generate -enable-testing -index-store-path /Users/admin/builder/spi-builder-workspace/.derivedData/Index.noindex/DataStore -Xcc -D_LIBCPP_HARDENING_MODE\=_LIBCPP_HARDENING_MODE_DEBUG -swift-version 5 -I /Users/admin/builder/spi-builder-workspace/.derivedData/Build/Products/Debug-watchos -Isystem /Applications/Xcode-27.0.0-Release.Candidate.app/Contents/Developer/Platforms/WatchOS.platform/Developer/usr/lib -F /Users/admin/builder/spi-builder-workspace/.derivedData/Build/Products/Debug-watchos -F /Applications/Xcode-27.0.0-Release.Candidate.app/Contents/Developer/Platforms/WatchOS.platform/Developer/Library/Frameworks -F /Applications/Xcode-27.0.0-Release.Candidate.app/Contents/Developer/Platforms/WatchOS.platform/Developer/SDKs/WatchOS27.0.sdk/Developer/Library/Frameworks -c -j10 -enable-batch-mode -incremental -Xcc -ivfsstatcache -Xcc /Users/admin/builder/spi-builder-workspace/.derivedData/SDKStatCaches.noindex/watchos27.0-24R360-e829b21a6f8c9b70876ba0858053c04477534ef55a1706bf4c1112bbb242f0a2.sdkstatcache -output-file-map /Users/admin/builder/spi-builder-workspace/.derivedData/Build/Intermediates.noindex/Vuckt.build/Debug-watchos/Vuckt-t.build/Objects-normal/arm64/Vuckt-OutputFileMap.json -save-temps -no-color-diagnostics -explicit-module-build -module-cache-path /Users/admin/builder/spi-builder-workspace/.derivedData/Build/Intermediates.noindex/SwiftExplicitPrecompiledModules -clang-scanner-module-cache-path /Users/admin/builder/spi-builder-workspace/.derivedData/ModuleCache.noindex -sdk-module-cache-path /Users/admin/builder/spi-builder-workspace/.derivedData/SDKExplicitPrecompiledModules -emit-dependencies -emit-module -emit-module-path /Users/admin/builder/spi-builder-workspace/.derivedData/Build/Intermediates.noindex/Vuckt.build/Debug-watchos/Vuckt-t.build/Objects-normal/arm64/Vuckt.swiftmodule -serialize-diagnostics -dependency-scan-serialize-diagnostics-path /Users/admin/builder/spi-builder-workspace/.derivedData/Build/Intermediates.noindex/Vuckt.build/Debug-watchos/Vuckt-t.build/Objects-normal/arm64/Vuckt-dependency-scan.dia -validate-clang-modules-once -clang-build-session-file /Users/admin/builder/spi-builder-workspace/.derivedData/ModuleCache.noindex/Session.modulevalidation -Xcc -fmodules-prune-interval\=86400 -Xcc -fmodules-prune-after\=345600 -emit-const-values -const-gather-protocols-list /Users/admin/builder/spi-builder-workspace/.derivedData/Build/Intermediates.noindex/Vuckt.build/Debug-watchos/Vuckt-t.build/Objects-normal/arm64/Vuckt_const_extract_protocols.json -Xcc -I/Users/admin/builder/spi-builder-workspace/.derivedData/Build/Products/Debug-watchos/include -Xcc -I/Users/admin/builder/spi-builder-workspace/.derivedData/Build/Intermediates.noindex/Vuckt.build/Debug-watchos/Vuckt-t.build/DerivedSources-normal/arm64 -Xcc -I/Users/admin/builder/spi-builder-workspace/.derivedData/Build/Intermediates.noindex/Vuckt.build/Debug-watchos/Vuckt-t.build/DerivedSources/arm64 -Xcc -I/Users/admin/builder/spi-builder-workspace/.derivedData/Build/Intermediates.noindex/Vuckt.build/Debug-watchos/Vuckt-t.build/DerivedSources -Xcc -DSWIFT_PACKAGE -Xcc -DDEBUG\=1 -emit-objc-header -emit-objc-header-path /Users/admin/builder/spi-builder-workspace/.derivedData/Build/Intermediates.noindex/Vuckt.build/Debug-watchos/Vuckt-t.build/Objects-normal/arm64/Vuckt-Swift.h -working-directory /Users/admin/builder/spi-builder-workspace/.swiftpm/xcode -experimental-emit-module-separately -disable-cmo
SwiftCompile normal arm64_32 Compiling\ Float2.swift,\ Float2_NoObjCBridge.swift /Users/admin/builder/spi-builder-workspace/Sources/Float2/Float2.swift /Users/admin/builder/spi-builder-workspace/Sources/Float2/Float2_NoObjCBridge.swift (in target 'Vuckt' from project 'Vuckt')
SwiftCompile normal arm64_32 /Users/admin/builder/spi-builder-workspace/Sources/Float2/Float2.swift (in target 'Vuckt' from project 'Vuckt')
cd /Users/admin/builder/spi-builder-workspace/.swiftpm/xcode
builtin-SwiftPerFileCompile Float2.swift
SwiftCompile normal arm64_32 /Users/admin/builder/spi-builder-workspace/Sources/Float2/Float2_NoObjCBridge.swift (in target 'Vuckt' from project 'Vuckt')
cd /Users/admin/builder/spi-builder-workspace/.swiftpm/xcode
builtin-SwiftPerFileCompile Float2_NoObjCBridge.swift
SwiftCompile normal arm64_32 Compiling\ Float3.swift,\ Float3_NoObjCBridge.swift /Users/admin/builder/spi-builder-workspace/Sources/Float3/Float3.swift /Users/admin/builder/spi-builder-workspace/Sources/Float3/Float3_NoObjCBridge.swift (in target 'Vuckt' from project 'Vuckt')
SwiftCompile normal arm64_32 /Users/admin/builder/spi-builder-workspace/Sources/Float3/Float3.swift (in target 'Vuckt' from project 'Vuckt')
cd /Users/admin/builder/spi-builder-workspace/.swiftpm/xcode
builtin-SwiftPerFileCompile Float3.swift
SwiftCompile normal arm64_32 /Users/admin/builder/spi-builder-workspace/Sources/Float3/Float3_NoObjCBridge.swift (in target 'Vuckt' from project 'Vuckt')
cd /Users/admin/builder/spi-builder-workspace/.swiftpm/xcode
builtin-SwiftPerFileCompile Float3_NoObjCBridge.swift
SwiftCompile normal arm64_32 Compiling\ Float3x3.swift,\ Float3x3_NoObjCBridge.swift /Users/admin/builder/spi-builder-workspace/Sources/Float3x3/Float3x3.swift /Users/admin/builder/spi-builder-workspace/Sources/Float3x3/Float3x3_NoObjCBridge.swift (in target 'Vuckt' from project 'Vuckt')
SwiftCompile normal arm64_32 /Users/admin/builder/spi-builder-workspace/Sources/Float3x3/Float3x3.swift (in target 'Vuckt' from project 'Vuckt')
cd /Users/admin/builder/spi-builder-workspace/.swiftpm/xcode
builtin-SwiftPerFileCompile Float3x3.swift
SwiftCompile normal arm64_32 /Users/admin/builder/spi-builder-workspace/Sources/Float3x3/Float3x3_NoObjCBridge.swift (in target 'Vuckt' from project 'Vuckt')
cd /Users/admin/builder/spi-builder-workspace/.swiftpm/xcode
builtin-SwiftPerFileCompile Float3x3_NoObjCBridge.swift
SwiftCompile normal arm64_32 Compiling\ Float4.swift,\ Float4_NoObjCBridge.swift /Users/admin/builder/spi-builder-workspace/Sources/Float4/Float4.swift /Users/admin/builder/spi-builder-workspace/Sources/Float4/Float4_NoObjCBridge.swift (in target 'Vuckt' from project 'Vuckt')
SwiftCompile normal arm64_32 /Users/admin/builder/spi-builder-workspace/Sources/Float4/Float4.swift (in target 'Vuckt' from project 'Vuckt')
cd /Users/admin/builder/spi-builder-workspace/.swiftpm/xcode
builtin-SwiftPerFileCompile Float4.swift
SwiftCompile normal arm64_32 /Users/admin/builder/spi-builder-workspace/Sources/Float4/Float4_NoObjCBridge.swift (in target 'Vuckt' from project 'Vuckt')
cd /Users/admin/builder/spi-builder-workspace/.swiftpm/xcode
builtin-SwiftPerFileCompile Float4_NoObjCBridge.swift
SwiftCompile normal arm64_32 Compiling\ Float4x4.swift,\ Float4x4_NoObjCBridge.swift /Users/admin/builder/spi-builder-workspace/Sources/Float4x4/Float4x4.swift /Users/admin/builder/spi-builder-workspace/Sources/Float4x4/Float4x4_NoObjCBridge.swift (in target 'Vuckt' from project 'Vuckt')
/Users/admin/builder/spi-builder-workspace/Sources/Float4x4/Float4x4.swift:399:41: error: 'CATransform3D' is unavailable in watchOS
397 | {
398 | /// Initialize to a CoreAnimation transform.
399 | @_transparent public init(caTransform:CATransform3D) {
| `- error: 'CATransform3D' is unavailable in watchOS
400 | self = Float4x4FromCA(caTransform)
401 | }
/Applications/Xcode-27.0.0-Release.Candidate.app/Contents/Developer/Platforms/WatchOS.platform/Developer/SDKs/WatchOS27.0.sdk/System/Library/Frameworks/QuartzCore.framework/Headers/CATransform3D.h:17:8: note: 'CATransform3D' has been explicitly marked unavailable here
15 | /* Homogeneous three-dimensional transforms. */
16 |
17 | struct CATransform3D
| `- note: 'CATransform3D' has been explicitly marked unavailable here
18 | {
19 | CGFloat m11, m12, m13, m14;
/Users/admin/builder/spi-builder-workspace/Sources/Float4x4/Float4x4.swift:403:42: error: 'CATransform3D' is unavailable in watchOS
401 | }
402 |
403 | @_transparent public var toCATransform:CATransform3D {
| `- error: 'CATransform3D' is unavailable in watchOS
404 | return Float4x4ToCA(self)
405 | }
/Applications/Xcode-27.0.0-Release.Candidate.app/Contents/Developer/Platforms/WatchOS.platform/Developer/SDKs/WatchOS27.0.sdk/System/Library/Frameworks/QuartzCore.framework/Headers/CATransform3D.h:17:8: note: 'CATransform3D' has been explicitly marked unavailable here
15 | /* Homogeneous three-dimensional transforms. */
16 |
17 | struct CATransform3D
| `- note: 'CATransform3D' has been explicitly marked unavailable here
18 | {
19 | CGFloat m11, m12, m13, m14;
/Users/admin/builder/spi-builder-workspace/Sources/Float4x4/Float4x4_NoObjCBridge.swift:226:68: error: 'CATransform3D' is unavailable in watchOS
224 |
225 | /// Converts a `Float4x4` struct to `CATransform3D` struct using passing-individual-members initialization.
226 | @_transparent public func Float4x4ToCA(_ structValue:Float4x4) -> CATransform3D {
| `- error: 'CATransform3D' is unavailable in watchOS
227 | return CATransform3D(
228 | m11: CGFloat(structValue.m00), m12: CGFloat(structValue.m01), m13: CGFloat(structValue.m02), m14: CGFloat(structValue.m03),
/Applications/Xcode-27.0.0-Release.Candidate.app/Contents/Developer/Platforms/WatchOS.platform/Developer/SDKs/WatchOS27.0.sdk/System/Library/Frameworks/QuartzCore.framework/Headers/CATransform3D.h:17:8: note: 'CATransform3D' has been explicitly marked unavailable here
15 | /* Homogeneous three-dimensional transforms. */
16 |
17 | struct CATransform3D
| `- note: 'CATransform3D' has been explicitly marked unavailable here
18 | {
19 | CGFloat m11, m12, m13, m14;
/Users/admin/builder/spi-builder-workspace/Sources/Float4x4/Float4x4_NoObjCBridge.swift:235:53: error: 'CATransform3D' is unavailable in watchOS
233 | }
234 | /// Converts a `Float4x4` struct from `CATransform3D` struct using passing-individual-members initialization.
235 | @_transparent public func Float4x4FromCA(_ caValue:CATransform3D) -> Float4x4 {
| `- error: 'CATransform3D' is unavailable in watchOS
236 | return Float4x4(
237 | Float(caValue.m11), Float(caValue.m12), Float(caValue.m13), Float(caValue.m14),
/Applications/Xcode-27.0.0-Release.Candidate.app/Contents/Developer/Platforms/WatchOS.platform/Developer/SDKs/WatchOS27.0.sdk/System/Library/Frameworks/QuartzCore.framework/Headers/CATransform3D.h:17:8: note: 'CATransform3D' has been explicitly marked unavailable here
15 | /* Homogeneous three-dimensional transforms. */
16 |
17 | struct CATransform3D
| `- note: 'CATransform3D' has been explicitly marked unavailable here
18 | {
19 | CGFloat m11, m12, m13, m14;
SwiftCompile normal arm64_32 /Users/admin/builder/spi-builder-workspace/Sources/Float4x4/Float4x4.swift (in target 'Vuckt' from project 'Vuckt')
cd /Users/admin/builder/spi-builder-workspace/.swiftpm/xcode
builtin-SwiftPerFileCompile Float4x4.swift
SwiftCompile normal arm64_32 /Users/admin/builder/spi-builder-workspace/Sources/Float4x4/Float4x4_NoObjCBridge.swift (in target 'Vuckt' from project 'Vuckt')
cd /Users/admin/builder/spi-builder-workspace/.swiftpm/xcode
builtin-SwiftPerFileCompile Float4x4_NoObjCBridge.swift
SwiftEmitModule normal arm64_32 Emitting\ module\ for\ Vuckt (in target 'Vuckt' from project 'Vuckt')
/Users/admin/builder/spi-builder-workspace/Sources/Float4x4/Float4x4.swift:399:41: error: 'CATransform3D' is unavailable in watchOS
397 | {
398 | /// Initialize to a CoreAnimation transform.
399 | @_transparent public init(caTransform:CATransform3D) {
| `- error: 'CATransform3D' is unavailable in watchOS
400 | self = Float4x4FromCA(caTransform)
401 | }
/Applications/Xcode-27.0.0-Release.Candidate.app/Contents/Developer/Platforms/WatchOS.platform/Developer/SDKs/WatchOS27.0.sdk/System/Library/Frameworks/QuartzCore.framework/Headers/CATransform3D.h:17:8: note: 'CATransform3D' has been explicitly marked unavailable here
15 | /* Homogeneous three-dimensional transforms. */
16 |
17 | struct CATransform3D
| `- note: 'CATransform3D' has been explicitly marked unavailable here
18 | {
19 | CGFloat m11, m12, m13, m14;
/Users/admin/builder/spi-builder-workspace/Sources/Float4x4/Float4x4.swift:403:42: error: 'CATransform3D' is unavailable in watchOS
401 | }
402 |
403 | @_transparent public var toCATransform:CATransform3D {
| `- error: 'CATransform3D' is unavailable in watchOS
404 | return Float4x4ToCA(self)
405 | }
/Applications/Xcode-27.0.0-Release.Candidate.app/Contents/Developer/Platforms/WatchOS.platform/Developer/SDKs/WatchOS27.0.sdk/System/Library/Frameworks/QuartzCore.framework/Headers/CATransform3D.h:17:8: note: 'CATransform3D' has been explicitly marked unavailable here
15 | /* Homogeneous three-dimensional transforms. */
16 |
17 | struct CATransform3D
| `- note: 'CATransform3D' has been explicitly marked unavailable here
18 | {
19 | CGFloat m11, m12, m13, m14;
/Users/admin/builder/spi-builder-workspace/Sources/Float4x4/Float4x4_NoObjCBridge.swift:226:68: error: 'CATransform3D' is unavailable in watchOS
224 |
225 | /// Converts a `Float4x4` struct to `CATransform3D` struct using passing-individual-members initialization.
226 | @_transparent public func Float4x4ToCA(_ structValue:Float4x4) -> CATransform3D {
| `- error: 'CATransform3D' is unavailable in watchOS
227 | return CATransform3D(
228 | m11: CGFloat(structValue.m00), m12: CGFloat(structValue.m01), m13: CGFloat(structValue.m02), m14: CGFloat(structValue.m03),
/Applications/Xcode-27.0.0-Release.Candidate.app/Contents/Developer/Platforms/WatchOS.platform/Developer/SDKs/WatchOS27.0.sdk/System/Library/Frameworks/QuartzCore.framework/Headers/CATransform3D.h:17:8: note: 'CATransform3D' has been explicitly marked unavailable here
15 | /* Homogeneous three-dimensional transforms. */
16 |
17 | struct CATransform3D
| `- note: 'CATransform3D' has been explicitly marked unavailable here
18 | {
19 | CGFloat m11, m12, m13, m14;
/Users/admin/builder/spi-builder-workspace/Sources/Float4x4/Float4x4_NoObjCBridge.swift:235:53: error: 'CATransform3D' is unavailable in watchOS
233 | }
234 | /// Converts a `Float4x4` struct from `CATransform3D` struct using passing-individual-members initialization.
235 | @_transparent public func Float4x4FromCA(_ caValue:CATransform3D) -> Float4x4 {
| `- error: 'CATransform3D' is unavailable in watchOS
236 | return Float4x4(
237 | Float(caValue.m11), Float(caValue.m12), Float(caValue.m13), Float(caValue.m14),
/Applications/Xcode-27.0.0-Release.Candidate.app/Contents/Developer/Platforms/WatchOS.platform/Developer/SDKs/WatchOS27.0.sdk/System/Library/Frameworks/QuartzCore.framework/Headers/CATransform3D.h:17:8: note: 'CATransform3D' has been explicitly marked unavailable here
15 | /* Homogeneous three-dimensional transforms. */
16 |
17 | struct CATransform3D
| `- note: 'CATransform3D' has been explicitly marked unavailable here
18 | {
19 | CGFloat m11, m12, m13, m14;
/Users/admin/builder/spi-builder-workspace/Sources/Float4x4/Float4x4_NoObjCBridge.swift:227:10: error: 'CATransform3D' is unavailable in watchOS
225 | /// Converts a `Float4x4` struct to `CATransform3D` struct using passing-individual-members initialization.
226 | @_transparent public func Float4x4ToCA(_ structValue:Float4x4) -> CATransform3D {
227 | return CATransform3D(
| `- error: 'CATransform3D' is unavailable in watchOS
228 | m11: CGFloat(structValue.m00), m12: CGFloat(structValue.m01), m13: CGFloat(structValue.m02), m14: CGFloat(structValue.m03),
229 | m21: CGFloat(structValue.m10), m22: CGFloat(structValue.m11), m23: CGFloat(structValue.m12), m24: CGFloat(structValue.m13),
/Applications/Xcode-27.0.0-Release.Candidate.app/Contents/Developer/Platforms/WatchOS.platform/Developer/SDKs/WatchOS27.0.sdk/System/Library/Frameworks/QuartzCore.framework/Headers/CATransform3D.h:17:8: note: 'CATransform3D' has been explicitly marked unavailable here
15 | /* Homogeneous three-dimensional transforms. */
16 |
17 | struct CATransform3D
| `- note: 'CATransform3D' has been explicitly marked unavailable here
18 | {
19 | CGFloat m11, m12, m13, m14;
Failed frontend command:
/Applications/Xcode-27.0.0-Release.Candidate.app/Contents/Developer/Toolchains/XcodeDefault.xctoolchain/usr/bin/swift-frontend -frontend -emit-module -experimental-skip-non-inlinable-function-bodies-without-types /Users/admin/builder/spi-builder-workspace/Sources/Float2/Float2.swift /Users/admin/builder/spi-builder-workspace/Sources/Float2/Float2_NoObjCBridge.swift /Users/admin/builder/spi-builder-workspace/Sources/Float3/Float3.swift /Users/admin/builder/spi-builder-workspace/Sources/Float3/Float3_NoObjCBridge.swift /Users/admin/builder/spi-builder-workspace/Sources/Float3x3/Float3x3.swift /Users/admin/builder/spi-builder-workspace/Sources/Float3x3/Float3x3_NoObjCBridge.swift /Users/admin/builder/spi-builder-workspace/Sources/Float4/Float4.swift /Users/admin/builder/spi-builder-workspace/Sources/Float4/Float4_NoObjCBridge.swift /Users/admin/builder/spi-builder-workspace/Sources/Float4x4/Float4x4.swift /Users/admin/builder/spi-builder-workspace/Sources/Float4x4/Float4x4_NoObjCBridge.swift /Users/admin/builder/spi-builder-workspace/Sources/FloatQuaternion/FloatQuaternion.swift /Users/admin/builder/spi-builder-workspace/Sources/FloatQuaternion/FloatQuaternion_NoObjCBridge.swift /Users/admin/builder/spi-builder-workspace/Sources/Int2/Int2.swift /Users/admin/builder/spi-builder-workspace/Sources/Int2/Int2_NoObjCBridge.swift /Users/admin/builder/spi-builder-workspace/Sources/Int3/Int3.swift /Users/admin/builder/spi-builder-workspace/Sources/Int3/Int3_NoObjCBridge.swift /Users/admin/builder/spi-builder-workspace/Sources/Int4/Int4.swift /Users/admin/builder/spi-builder-workspace/Sources/Int4/Int4_NoObjCBridge.swift /Users/admin/builder/spi-builder-workspace/Sources/Vuckt.swift -target arm64_32-apple-watchos9.0 -module-can-import-version CoreGraphics 2049 2049.0.0 -module-can-import-version CoreMotion 3185.0.6.1 3185.0.6 -module-can-import-version Darwin 428.0.10 0 -module-can-import-version QuartzCore 5 1223.0.14 -module-can-import-version SceneKit 1.2 612.0.0 -disable-cross-import-overlay-search -swift-module-cross-import SceneKit /Applications/Xcode-27.0.0-Release.Candidate.app/Contents/Developer/Platforms/WatchOS.platform/Developer/SDKs/WatchOS.sdk/System/Library/Frameworks/SceneKit.framework/Modules/SceneKit.swiftcrossimport/SwiftUI.swiftoverlay -load-resolved-plugin /Applications/Xcode-27.0.0-Release.Candidate.app/Contents/Developer/Platforms/WatchOS.platform/Developer/usr/lib/swift/host/plugins/libFoundationMacros.dylib\#/Applications/Xcode-27.0.0-Release.Candidate.app/Contents/Developer/Platforms/WatchOS.platform/Developer/usr/bin/swift-plugin-server\#FoundationMacros -load-resolved-plugin /Applications/Xcode-27.0.0-Release.Candidate.app/Contents/Developer/Platforms/WatchOS.platform/Developer/usr/lib/swift/host/plugins/libObservationMacros.dylib\#/Applications/Xcode-27.0.0-Release.Candidate.app/Contents/Developer/Platforms/WatchOS.platform/Developer/usr/bin/swift-plugin-server\#ObservationMacros -load-resolved-plugin /Applications/Xcode-27.0.0-Release.Candidate.app/Contents/Developer/Platforms/WatchOS.platform/Developer/usr/lib/swift/host/plugins/libSwiftMacros.dylib\#/Applications/Xcode-27.0.0-Release.Candidate.app/Contents/Developer/Platforms/WatchOS.platform/Developer/usr/bin/swift-plugin-server\#SwiftMacros -disable-implicit-swift-modules -Xcc -fno-implicit-modules -Xcc -fno-implicit-module-maps -explicit-swift-module-map-file /Users/admin/builder/spi-builder-workspace/.derivedData/Build/Intermediates.noindex/Vuckt.build/Debug-watchos/Vuckt-t.build/Objects-normal/arm64_32/Vuckt-dependencies-1.json -enable-objc-interop -sdk /Applications/Xcode-27.0.0-Release.Candidate.app/Contents/Developer/Platforms/WatchOS.platform/Developer/SDKs/WatchOS27.0.sdk -I /Users/admin/builder/spi-builder-workspace/.derivedData/Build/Products/Debug-watchos -Isystem /Applications/Xcode-27.0.0-Release.Candidate.app/Contents/Developer/Platforms/WatchOS.platform/Developer/usr/lib -F /Users/admin/builder/spi-builder-workspace/.derivedData/Build/Products/Debug-watchos -F /Applications/Xcode-27.0.0-Release.Candidate.app/Contents/Developer/Platforms/WatchOS.platform/Developer/Library/Frameworks -F /Applications/Xcode-27.0.0-Release.Candidate.app/Contents/Developer/Platforms/WatchOS.platform/Developer/SDKs/WatchOS27.0.sdk/Developer/Library/Frameworks -module-cache-path /Users/admin/builder/spi-builder-workspace/.derivedData/Build/Intermediates.noindex/SwiftExplicitPrecompiledModules -no-color-diagnostics -Xcc -fno-color-diagnostics -enable-testing -g -debug-info-format\=dwarf -dwarf-version\=4 -profile-generate -profile-coverage-mapping -swift-version 5 -Onone -D SWIFT_PACKAGE -D DEBUG -D SWIFT_MODULE_RESOURCE_BUNDLE_UNAVAILABLE -D NO_OBJC_BRIDGE -D Xcode -serialize-debugging-options -enable-experimental-feature DebugDescriptionMacro -empty-abi-descriptor -validate-clang-modules-once -clang-build-session-file /Users/admin/builder/spi-builder-workspace/.derivedData/ModuleCache.noindex/Session.modulevalidation -Xcc -working-directory -Xcc /Users/admin/builder/spi-builder-workspace/.swiftpm/xcode -enable-anonymous-context-mangled-names -file-compilation-dir /Users/admin/builder/spi-builder-workspace/.swiftpm/xcode -Xcc -D_LIBCPP_HARDENING_MODE\=_LIBCPP_HARDENING_MODE_DEBUG -Xcc -ivfsstatcache -Xcc /Users/admin/builder/spi-builder-workspace/.derivedData/SDKStatCaches.noindex/watchos27.0-24R360-e829b21a6f8c9b70876ba0858053c04477534ef55a1706bf4c1112bbb242f0a2.sdkstatcache -Xcc -fmodules-prune-interval\=86400 -Xcc -fmodules-prune-after\=345600 -Xcc -I/Users/admin/builder/spi-builder-workspace/.derivedData/Build/Products/Debug-watchos/include -Xcc -I/Users/admin/builder/spi-builder-workspace/.derivedData/Build/Intermediates.noindex/Vuckt.build/Debug-watchos/Vuckt-t.build/DerivedSources-normal/arm64_32 -Xcc -I/Users/admin/builder/spi-builder-workspace/.derivedData/Build/Intermediates.noindex/Vuckt.build/Debug-watchos/Vuckt-t.build/DerivedSources/arm64_32 -Xcc -I/Users/admin/builder/spi-builder-workspace/.derivedData/Build/Intermediates.noindex/Vuckt.build/Debug-watchos/Vuckt-t.build/DerivedSources -Xcc -DSWIFT_PACKAGE -Xcc -DDEBUG\=1 -no-auto-bridging-header-chaining -module-name Vuckt -const-gather-protocols-file /Users/admin/builder/spi-builder-workspace/.derivedData/Build/Intermediates.noindex/Vuckt.build/Debug-watchos/Vuckt-t.build/Objects-normal/arm64_32/Vuckt_const_extract_protocols.json -disable-clang-spi -clang-target arm64_32-apple-watchos27.0 -target-sdk-version 27.0 -target-sdk-name watchos27.0 -in-process-plugin-server-path /Applications/Xcode-27.0.0-Release.Candidate.app/Contents/Developer/Toolchains/XcodeDefault.xctoolchain/usr/lib/swift/host/libSwiftInProcPluginServer.dylib -emit-module-doc-path /Users/admin/builder/spi-builder-workspace/.derivedData/Build/Intermediates.noindex/Vuckt.build/Debug-watchos/Vuckt-t.build/Objects-normal/arm64_32/Vuckt.swiftdoc -emit-module-source-info-path /Users/admin/builder/spi-builder-workspace/.derivedData/Build/Intermediates.noindex/Vuckt.build/Debug-watchos/Vuckt-t.build/Objects-normal/arm64_32/Vuckt.swiftsourceinfo -emit-objc-header-path /Users/admin/builder/spi-builder-workspace/.derivedData/Build/Intermediates.noindex/Vuckt.build/Debug-watchos/Vuckt-t.build/Objects-normal/arm64_32/Vuckt-Swift.h -serialize-diagnostics-path /Users/admin/builder/spi-builder-workspace/.derivedData/Build/Intermediates.noindex/Vuckt.build/Debug-watchos/Vuckt-t.build/Objects-normal/arm64_32/Vuckt-primary-emit-module.dia -emit-dependencies-path /Users/admin/builder/spi-builder-workspace/.derivedData/Build/Intermediates.noindex/Vuckt.build/Debug-watchos/Vuckt-t.build/Objects-normal/arm64_32/Vuckt-primary-emit-module.d -parse-as-library -o /Users/admin/builder/spi-builder-workspace/.derivedData/Build/Intermediates.noindex/Vuckt.build/Debug-watchos/Vuckt-t.build/Objects-normal/arm64_32/Vuckt.swiftmodule -emit-abi-descriptor-path /Users/admin/builder/spi-builder-workspace/.derivedData/Build/Intermediates.noindex/Vuckt.build/Debug-watchos/Vuckt-t.build/Objects-normal/arm64_32/Vuckt.abi.json
SwiftCompile normal arm64_32 (in target 'Vuckt' from project 'Vuckt')
cd /Users/admin/builder/spi-builder-workspace/.swiftpm/xcode
SwiftCompile normal arm64_32 Compiling\ Int3.swift,\ Int3_NoObjCBridge.swift /Users/admin/builder/spi-builder-workspace/Sources/Int3/Int3.swift /Users/admin/builder/spi-builder-workspace/Sources/Int3/Int3_NoObjCBridge.swift (in target 'Vuckt' from project 'Vuckt')
SwiftCompile normal arm64_32 /Users/admin/builder/spi-builder-workspace/Sources/Int3/Int3.swift (in target 'Vuckt' from project 'Vuckt')
cd /Users/admin/builder/spi-builder-workspace/.swiftpm/xcode
builtin-SwiftPerFileCompile Int3.swift
SwiftCompile normal arm64_32 /Users/admin/builder/spi-builder-workspace/Sources/Int3/Int3_NoObjCBridge.swift (in target 'Vuckt' from project 'Vuckt')
cd /Users/admin/builder/spi-builder-workspace/.swiftpm/xcode
builtin-SwiftPerFileCompile Int3_NoObjCBridge.swift
SwiftCompile normal arm64_32 Compiling\ FloatQuaternion.swift,\ FloatQuaternion_NoObjCBridge.swift /Users/admin/builder/spi-builder-workspace/Sources/FloatQuaternion/FloatQuaternion.swift /Users/admin/builder/spi-builder-workspace/Sources/FloatQuaternion/FloatQuaternion_NoObjCBridge.swift (in target 'Vuckt' from project 'Vuckt')
SwiftCompile normal arm64_32 /Users/admin/builder/spi-builder-workspace/Sources/FloatQuaternion/FloatQuaternion.swift (in target 'Vuckt' from project 'Vuckt')
cd /Users/admin/builder/spi-builder-workspace/.swiftpm/xcode
builtin-SwiftPerFileCompile FloatQuaternion.swift
SwiftCompile normal arm64_32 /Users/admin/builder/spi-builder-workspace/Sources/FloatQuaternion/FloatQuaternion_NoObjCBridge.swift (in target 'Vuckt' from project 'Vuckt')
cd /Users/admin/builder/spi-builder-workspace/.swiftpm/xcode
builtin-SwiftPerFileCompile FloatQuaternion_NoObjCBridge.swift
SwiftCompile normal arm64_32 Compiling\ Int4.swift,\ Int4_NoObjCBridge.swift /Users/admin/builder/spi-builder-workspace/Sources/Int4/Int4.swift /Users/admin/builder/spi-builder-workspace/Sources/Int4/Int4_NoObjCBridge.swift (in target 'Vuckt' from project 'Vuckt')
SwiftCompile normal arm64_32 /Users/admin/builder/spi-builder-workspace/Sources/Int4/Int4.swift (in target 'Vuckt' from project 'Vuckt')
cd /Users/admin/builder/spi-builder-workspace/.swiftpm/xcode
builtin-SwiftPerFileCompile Int4.swift
SwiftCompile normal arm64_32 /Users/admin/builder/spi-builder-workspace/Sources/Int4/Int4_NoObjCBridge.swift (in target 'Vuckt' from project 'Vuckt')
cd /Users/admin/builder/spi-builder-workspace/.swiftpm/xcode
builtin-SwiftPerFileCompile Int4_NoObjCBridge.swift
SwiftCompile normal arm64 Compiling\ Float2.swift,\ Float2_NoObjCBridge.swift /Users/admin/builder/spi-builder-workspace/Sources/Float2/Float2.swift /Users/admin/builder/spi-builder-workspace/Sources/Float2/Float2_NoObjCBridge.swift (in target 'Vuckt' from project 'Vuckt')
SwiftCompile normal arm64 /Users/admin/builder/spi-builder-workspace/Sources/Float2/Float2.swift (in target 'Vuckt' from project 'Vuckt')
cd /Users/admin/builder/spi-builder-workspace/.swiftpm/xcode
builtin-SwiftPerFileCompile Float2.swift
SwiftCompile normal arm64 /Users/admin/builder/spi-builder-workspace/Sources/Float2/Float2_NoObjCBridge.swift (in target 'Vuckt' from project 'Vuckt')
cd /Users/admin/builder/spi-builder-workspace/.swiftpm/xcode
builtin-SwiftPerFileCompile Float2_NoObjCBridge.swift
SwiftEmitModule normal arm64 Emitting\ module\ for\ Vuckt (in target 'Vuckt' from project 'Vuckt')
SwiftCompile normal arm64 (in target 'Vuckt' from project 'Vuckt')
cd /Users/admin/builder/spi-builder-workspace/.swiftpm/xcode
PruneExplicitPrecompiledModules /Users/admin/builder/spi-builder-workspace/.derivedData/SDKExplicitPrecompiledModules
PruneExplicitPrecompiledModules /Users/admin/builder/spi-builder-workspace/.derivedData/Build/Intermediates.noindex/SwiftExplicitPrecompiledModules
PruneExplicitPrecompiledModules /Users/admin/builder/spi-builder-workspace/.derivedData/Build/Intermediates.noindex/ExplicitPrecompiledModules
2026-09-25 05:00:19.409 xcodebuild[799:4949] [MT] IDERunDestination: Supported platforms for the buildables in the current scheme is empty.
2026-09-25 05:00:19.512 xcodebuild[799:4949] [MT] IDERunDestination: Supported platforms for the buildables in the current scheme is empty.
** BUILD FAILED **
The following build commands failed:
SwiftEmitModule normal arm64_32 Emitting\ module\ for\ Vuckt (in target 'Vuckt' from project 'Vuckt')
SwiftCompile normal arm64_32 (in target 'Vuckt' from project 'Vuckt')
Building workspace Vuckt with scheme Vuckt
(3 failures)
BUILD FAILURE 6.4 watchOS