Build Information
Failed to build SwiftletRadioButtonPicker, reference main (f6acf9), with Swift 6.3 for watchOS using Xcode 26.4 on 12 Sep 2026 08:40:43 UTC.
Build Command
No build command. This typically means the build failed at an early stage where we determine the build command.Build Log
========================================
RunAll
========================================
Builder version: 5.0.2
Interrupt handler set up.
========================================
Checkout
========================================
Clone URL: https://github.com/Appracatappra/SwiftletRadioButtonPicker.git
Reference: main
Initialized empty Git repository in /Users/admin/builder/spi-builder-workspace/.git/
From https://github.com/Appracatappra/SwiftletRadioButtonPicker
* branch main -> FETCH_HEAD
* [new branch] main -> origin/main
HEAD is now at f6acf91 Fixed Initial Selection bug
Cloned https://github.com/Appracatappra/SwiftletRadioButtonPicker.git
Revision (git rev-parse @):
f6acf9112569e2ac2472fecad814fddeae3db481
SPI manifest file found: $PWD/.spi.yml
SUCCESS checkout https://github.com/Appracatappra/SwiftletRadioButtonPicker.git at main
========================================
Build
========================================
Selected platform: watchOS
Swift version: 6.3
Building package at path: $PWD
https://github.com/Appracatappra/SwiftletRadioButtonPicker.git
Command line invocation:
/Applications/Xcode-26.5.0.app/Contents/Developer/usr/bin/xcodebuild -IDEClonedSourcePackagesDirPathOverride=/Users/admin/builder/spi-builder-workspace/.dependencies -resolvePackageDependencies
Resolve Package Graph
package 'spi-builder-workspace' is using Swift tools version 6.4.0 but the installed version is 6.3.2
Resolved source packages:
spi-builder-workspace: (null)
2026-09-12 04:40:42.012 xcodebuild[535:3072] Writing error result bundle to /var/folders/xq/y_g06wb113726d38xsyx71_h0000gn/T/ResultBundle_2026-12-09_04-40-0042.xcresult
xcodebuild: error: Could not resolve package dependencies:
package 'spi-builder-workspace' is using Swift tools version 6.4.0 but the installed version is 6.3.2
Command line invocation:
/Applications/Xcode-26.5.0.app/Contents/Developer/usr/bin/xcodebuild -IDEClonedSourcePackagesDirPathOverride=/Users/admin/builder/spi-builder-workspace/.dependencies -resolvePackageDependencies
Resolve Package Graph
package 'spi-builder-workspace' is using Swift tools version 6.4.0 but the installed version is 6.3.2
Resolved source packages:
spi-builder-workspace: (null)
2026-09-12 04:40:43.423 xcodebuild[602:3572] Writing error result bundle to /var/folders/xq/y_g06wb113726d38xsyx71_h0000gn/T/ResultBundle_2026-12-09_04-40-0043.xcresult
xcodebuild: error: Could not resolve package dependencies:
package 'spi-builder-workspace' is using Swift tools version 6.4.0 but the installed version is 6.3.2
BUILD FAILURE 6.3 watchOS