The Swift Package Index logo.Swift Package Index

Build Information

Failed to build SwiftUIRippleEffect, reference 1.1.0 (0d6213), with Swift 6.4 for macOS (SPM) on 21 Sep 2026 09:05:01 UTC.

Build Command

env DEVELOPER_DIR=/Applications/Xcode-27.0.0-Release.Candidate.app xcrun swift build --arch arm64

Build Log

========================================
RunAll
========================================
Builder version: 5.1.0
Interrupt handler set up.
========================================
Checkout
========================================
Clone URL: https://github.com/Jnis/SwiftUIRippleEffect.git
Reference: 1.1.0
Initialized empty Git repository in /Users/admin/builder/spi-builder-workspace/.git/
From https://github.com/Jnis/SwiftUIRippleEffect
 * tag               1.1.0      -> FETCH_HEAD
HEAD is now at 0d6213c fixed touch handling on iOS 18
Cloned https://github.com/Jnis/SwiftUIRippleEffect.git
Revision (git rev-parse @):
0d6213c133c8a672d2e307f423f63f5404254014
SUCCESS checkout https://github.com/Jnis/SwiftUIRippleEffect.git at 1.1.0
========================================
Build
========================================
Selected platform:         macosSpm
Swift version:             6.4
Building package at path:  $PWD
https://github.com/Jnis/SwiftUIRippleEffect.git
Running build ...
env DEVELOPER_DIR=/Applications/Xcode-27.0.0-Release.Candidate.app xcrun swift build --arch arm64
Building for debugging...
[Pre-planning 1 / 96]
[Planning deferred tasks]
[25 / 42]
[26 / 43] ViewOnTouch
[36 / 111]
[39 / 111]
[47 / 111]
[49 / 111]
[50 / 111]
[55 / 111]
[57 / 111]
[59 / 111]
[62 / 111]
[67 / 111]
[70 / 111]
[72 / 111]
[73 / 111]
[83 / 111]
[85 / 111]
[86 / 111]
[89 / 111]
[91 / 111]
Fetching https://github.com/Jnis/ViewOnTouch.git
[1/76] Fetching viewontouch
Fetched https://github.com/Jnis/ViewOnTouch.git (0.79s)
Computing version for https://github.com/Jnis/ViewOnTouch.git
Computed https://github.com/Jnis/ViewOnTouch.git at 1.0.3 (1.37s)
Creating working copy for https://github.com/Jnis/ViewOnTouch.git
Working copy of https://github.com/Jnis/ViewOnTouch.git resolved at 1.0.3
error: SwiftCompile normal arm64 failed with a nonzero exit code. Command line:     cd /Users/admin/builder

/Users/admin/builder/spi-builder-workspace/.build/checkouts/ViewOnTouch/Sources/View+OnTouch.swift:63:30: error: cannot find type 'Context' in scope
 61 |     var limitToBounds = true
 62 |
 63 |     func makeUIView(context: Context) -> TouchLocatingUIView {
    |                              `- error: cannot find type 'Context' in scope
 64 |         // Create the underlying UIView, passing in our configuration
 65 |         let view = TouchLocatingUIView()
/Users/admin/builder/spi-builder-workspace/.build/checkouts/ViewOnTouch/Sources/View+OnTouch.swift:72:63: error: cannot find type 'Context' in scope
 70 |     }
 71 |
 72 |     func updateUIView(_ uiView: TouchLocatingUIView, context: Context) {
    |                                                               `- error: cannot find type 'Context' in scope
 73 |     }
 74 |
/Users/admin/builder/spi-builder-workspace/.build/checkouts/ViewOnTouch/Sources/View+OnTouch.swift:79:32: error: cannot find type 'UITouch' in scope
 77 |         var shouldStart: Bool = false
 78 |
 79 |         init(start: @escaping (UITouch) -> Void) {
    |                                `- error: cannot find type 'UITouch' in scope
 80 |             self.start = start
 81 |         }
/Users/admin/builder/spi-builder-workspace/.build/checkouts/ViewOnTouch/Sources/View+OnTouch.swift:75:59: error: cannot find type 'UIGestureRecognizerDelegate' in scope
 73 |     }
 74 |
 75 |     private class TouchLocatingGestureDelegate: NSObject, UIGestureRecognizerDelegate {
    |                                                           `- error: cannot find type 'UIGestureRecognizerDelegate' in scope
 76 |         let start: (UITouch) -> Void
 77 |         var shouldStart: Bool = false
/Users/admin/builder/spi-builder-workspace/.build/checkouts/ViewOnTouch/Sources/View+OnTouch.swift:76:21: error: cannot find type 'UITouch' in scope
 74 |
 75 |     private class TouchLocatingGestureDelegate: NSObject, UIGestureRecognizerDelegate {
 76 |         let start: (UITouch) -> Void
    |                     `- error: cannot find type 'UITouch' in scope
 77 |         var shouldStart: Bool = false
 78 |
/Users/admin/builder/spi-builder-workspace/.build/checkouts/ViewOnTouch/Sources/View+OnTouch.swift:83:53: error: cannot find type 'UIGestureRecognizer' in scope
 81 |         }
 82 |
 83 |         func gestureRecognizer(_ gestureRecognizer: UIGestureRecognizer, shouldReceive touch: UITouch) -> Bool {
    |                                                     `- error: cannot find type 'UIGestureRecognizer' in scope
 84 |             start(touch)
 85 |             return shouldStart
/Users/admin/builder/spi-builder-workspace/.build/checkouts/ViewOnTouch/Sources/View+OnTouch.swift:83:95: error: cannot find type 'UITouch' in scope
 81 |         }
 82 |
 83 |         func gestureRecognizer(_ gestureRecognizer: UIGestureRecognizer, shouldReceive touch: UITouch) -> Bool {
    |                                                                                               `- error: cannot find type 'UITouch' in scope
 84 |             start(touch)
 85 |             return shouldStart
/Users/admin/builder/spi-builder-workspace/.build/checkouts/ViewOnTouch/Sources/View+OnTouch.swift:88:53: error: cannot find type 'UIGestureRecognizer' in scope
 86 |         }
 87 |
 88 |         func gestureRecognizer(_ gestureRecognizer: UIGestureRecognizer, shouldReceive event: UIEvent) -> Bool {
    |                                                     `- error: cannot find type 'UIGestureRecognizer' in scope
 89 |             return true
 90 |         }
/Users/admin/builder/spi-builder-workspace/.build/checkouts/ViewOnTouch/Sources/View+OnTouch.swift:88:95: error: cannot find type 'UIEvent' in scope
 86 |         }
 87 |
 88 |         func gestureRecognizer(_ gestureRecognizer: UIGestureRecognizer, shouldReceive event: UIEvent) -> Bool {
    |                                                                                               `- error: cannot find type 'UIEvent' in scope
 89 |             return true
 90 |         }
/Users/admin/builder/spi-builder-workspace/.build/checkouts/ViewOnTouch/Sources/View+OnTouch.swift:118:21: error: cannot find 'UITapGestureRecognizer' in scope
116 |
117 |         private lazy var tapGesture = {
118 |             let g = UITapGestureRecognizer(target: self, action: #selector(tapGestureAction(gesture:)))
    |                     `- error: cannot find 'UITapGestureRecognizer' in scope
119 |             g.delegate = tapGestureDelegate
120 |             g.cancelsTouchesInView = false
/Users/admin/builder/spi-builder-workspace/.build/checkouts/ViewOnTouch/Sources/View+OnTouch.swift:136:54: error: cannot find type 'UIGestureRecognizer' in scope
134 |         }
135 |
136 |         @objc private func tapGestureAction(gesture: UIGestureRecognizer) {
    |                                                      `- error: cannot find type 'UIGestureRecognizer' in scope
137 |             let location = gesture.location(in: self)
138 |             send(location, forEvent: .tapGesture)
/Users/admin/builder/spi-builder-workspace/.build/checkouts/ViewOnTouch/Sources/View+OnTouch.swift:123:45: error: cannot find 'UILongPressGestureRecognizer' in scope
121 |             return g
122 |         }()
123 |         private lazy var longPressGesture = UILongPressGestureRecognizer(target: self, action: #selector(longPressGestureAction(gesture:)))
    |                                             `- error: cannot find 'UILongPressGestureRecognizer' in scope
124 |         private lazy var tapGestureDelegate = TouchLocatingGestureDelegate(start: {[weak self] touch in
125 |             guard let self else { return }
/Users/admin/builder/spi-builder-workspace/.build/checkouts/ViewOnTouch/Sources/View+OnTouch.swift:141:60: error: cannot find type 'UILongPressGestureRecognizer' in scope
139 |         }
140 |
141 |         @objc private func longPressGestureAction(gesture: UILongPressGestureRecognizer) {
    |                                                            `- error: cannot find type 'UILongPressGestureRecognizer' in scope
142 |             let location = gesture.location(in: self)
143 |             if gesture.state == .began {
/Users/admin/builder/spi-builder-workspace/.build/checkouts/ViewOnTouch/Sources/View+OnTouch.swift:94:32: error: cannot find type 'UIView' in scope
 92 |
 93 |     // The internal UIView responsible for catching taps
 94 |     class TouchLocatingUIView: UIView {
    |                                `- error: cannot find type 'UIView' in scope
 95 |         // Internal copies of our settings
 96 |         var onUpdate: ((CGPoint, OnTouchType) -> Void)?
/Users/admin/builder/spi-builder-workspace/.build/checkouts/ViewOnTouch/Sources/View+OnTouch.swift:106:18: error: initializer does not override a designated initializer from its superclass
104 |
105 |         // Our main initializer, making sure interaction is enabled.
106 |         override init(frame: CGRect) {
    |                  `- error: initializer does not override a designated initializer from its superclass
107 |             super.init(frame: frame)
108 |             customInit()
/Users/admin/builder/spi-builder-workspace/.build/checkouts/ViewOnTouch/Sources/View+OnTouch.swift:153:51: error: cannot find type 'UITouch' in scope
151 |
152 |         // Triggered when a touch starts.
153 |         override func touchesBegan(_ touches: Set<UITouch>, with event: UIEvent?) {
    |                                                   `- error: cannot find type 'UITouch' in scope
154 |             super.touchesBegan(touches, with: event)
155 |             guard let touch = touches.first else { return }
/Users/admin/builder/spi-builder-workspace/.build/checkouts/ViewOnTouch/Sources/View+OnTouch.swift:153:73: error: cannot find type 'UIEvent' in scope
151 |
152 |         // Triggered when a touch starts.
153 |         override func touchesBegan(_ touches: Set<UITouch>, with event: UIEvent?) {
    |                                                                         `- error: cannot find type 'UIEvent' in scope
154 |             super.touchesBegan(touches, with: event)
155 |             guard let touch = touches.first else { return }
/Users/admin/builder/spi-builder-workspace/.build/checkouts/ViewOnTouch/Sources/View+OnTouch.swift:161:51: error: cannot find type 'UITouch' in scope
159 |
160 |         // Triggered when an existing touch moves.
161 |         override func touchesMoved(_ touches: Set<UITouch>, with event: UIEvent?) {
    |                                                   `- error: cannot find type 'UITouch' in scope
162 |             super.touchesMoved(touches, with: event)
163 |             guard let touch = touches.first else { return }
/Users/admin/builder/spi-builder-workspace/.build/checkouts/ViewOnTouch/Sources/View+OnTouch.swift:161:73: error: cannot find type 'UIEvent' in scope
159 |
160 |         // Triggered when an existing touch moves.
161 |         override func touchesMoved(_ touches: Set<UITouch>, with event: UIEvent?) {
    |                                                                         `- error: cannot find type 'UIEvent' in scope
162 |             super.touchesMoved(touches, with: event)
163 |             guard let touch = touches.first else { return }
/Users/admin/builder/spi-builder-workspace/.build/checkouts/ViewOnTouch/Sources/View+OnTouch.swift:169:51: error: cannot find type 'UITouch' in scope
167 |
168 |         // Triggered when the user lifts a finger.
169 |         override func touchesEnded(_ touches: Set<UITouch>, with event: UIEvent?) {
    |                                                   `- error: cannot find type 'UITouch' in scope
170 |             super.touchesEnded(touches, with: event)
171 |             guard let touch = touches.first else { return }
/Users/admin/builder/spi-builder-workspace/.build/checkouts/ViewOnTouch/Sources/View+OnTouch.swift:169:73: error: cannot find type 'UIEvent' in scope
167 |
168 |         // Triggered when the user lifts a finger.
169 |         override func touchesEnded(_ touches: Set<UITouch>, with event: UIEvent?) {
    |                                                                         `- error: cannot find type 'UIEvent' in scope
170 |             super.touchesEnded(touches, with: event)
171 |             guard let touch = touches.first else { return }
/Users/admin/builder/spi-builder-workspace/.build/checkouts/ViewOnTouch/Sources/View+OnTouch.swift:177:55: error: cannot find type 'UITouch' in scope
175 |
176 |         // Triggered when the user's touch is interrupted, e.g. by a low battery alert.
177 |         override func touchesCancelled(_ touches: Set<UITouch>, with event: UIEvent?) {
    |                                                       `- error: cannot find type 'UITouch' in scope
178 |             guard let touch = touches.first else { return }
179 |             let location = touch.location(in: self)
/Users/admin/builder/spi-builder-workspace/.build/checkouts/ViewOnTouch/Sources/View+OnTouch.swift:177:77: error: cannot find type 'UIEvent' in scope
175 |
176 |         // Triggered when the user's touch is interrupted, e.g. by a low battery alert.
177 |         override func touchesCancelled(_ touches: Set<UITouch>, with event: UIEvent?) {
    |                                                                             `- error: cannot find type 'UIEvent' in scope
178 |             guard let touch = touches.first else { return }
179 |             let location = touch.location(in: self)
/Users/admin/builder/spi-builder-workspace/.build/checkouts/ViewOnTouch/Sources/View+OnTouch.swift:53:27: error: cannot find type 'UIViewRepresentable' in scope
 51 | }
 52 |
 53 | struct TouchLocatingView: UIViewRepresentable {
    |                           `- error: cannot find type 'UIViewRepresentable' in scope
 54 |     // A closure to call when touch data has arrived
 55 |     var onUpdate: (CGPoint, OnTouchType) -> Void
Failed frontend command:
/Applications/Xcode-27.0.0-Release.Candidate.app/Contents/Developer/Toolchains/XcodeDefault.xctoolchain/usr/bin/swift-frontend -frontend -emit-module -experimental-skip-non-inlinable-function-bodies-without-types /Users/admin/builder/spi-builder-workspace/.build/checkouts/ViewOnTouch/Sources/View+OnTouch.swift -target arm64-apple-macos12.0 -disable-cross-import-overlay-search -load-resolved-plugin /Applications/Xcode-27.0.0-Release.Candidate.app/Contents/Developer/Platforms/MacOSX.platform/Developer/usr/lib/swift/host/plugins/libFoundationMacros.dylib\#/Applications/Xcode-27.0.0-Release.Candidate.app/Contents/Developer/Platforms/MacOSX.platform/Developer/usr/bin/swift-plugin-server\#FoundationMacros -load-resolved-plugin /Applications/Xcode-27.0.0-Release.Candidate.app/Contents/Developer/Platforms/MacOSX.platform/Developer/usr/lib/swift/host/plugins/libObservationMacros.dylib\#/Applications/Xcode-27.0.0-Release.Candidate.app/Contents/Developer/Platforms/MacOSX.platform/Developer/usr/bin/swift-plugin-server\#ObservationMacros -load-resolved-plugin /Applications/Xcode-27.0.0-Release.Candidate.app/Contents/Developer/Platforms/MacOSX.platform/Developer/usr/lib/swift/host/plugins/libPreviewsMacros.dylib\#/Applications/Xcode-27.0.0-Release.Candidate.app/Contents/Developer/Platforms/MacOSX.platform/Developer/usr/bin/swift-plugin-server\#PreviewsMacros -load-resolved-plugin /Applications/Xcode-27.0.0-Release.Candidate.app/Contents/Developer/Platforms/MacOSX.platform/Developer/usr/lib/swift/host/plugins/libSwiftMacros.dylib\#/Applications/Xcode-27.0.0-Release.Candidate.app/Contents/Developer/Platforms/MacOSX.platform/Developer/usr/bin/swift-plugin-server\#SwiftMacros -load-resolved-plugin /Applications/Xcode-27.0.0-Release.Candidate.app/Contents/Developer/Platforms/MacOSX.platform/Developer/usr/lib/swift/host/plugins/libSwiftUIMacros.dylib\#/Applications/Xcode-27.0.0-Release.Candidate.app/Contents/Developer/Platforms/MacOSX.platform/Developer/usr/bin/swift-plugin-server\#SwiftUIMacros -disable-implicit-swift-modules -Xcc -fno-implicit-modules -Xcc -fno-implicit-module-maps -explicit-swift-module-map-file /Users/admin/builder/spi-builder-workspace/.build/out/Intermediates.noindex/ViewOnTouch.build/Debug/ViewOnTouch-t.build/Objects-normal/arm64/ViewOnTouch-dependencies-1.json -Xllvm -aarch64-use-tbi -enable-objc-interop -stack-check -sdk /Applications/Xcode-27.0.0-Release.Candidate.app/Contents/Developer/Platforms/MacOSX.platform/Developer/SDKs/MacOSX27.0.sdk -I /Users/admin/builder/spi-builder-workspace/.build/out/Products/Debug -Isystem /Applications/Xcode-27.0.0-Release.Candidate.app/Contents/Developer/Platforms/MacOSX.platform/Developer/usr/lib -F /Users/admin/builder/spi-builder-workspace/.build/out/Products/Debug -F /Applications/Xcode-27.0.0-Release.Candidate.app/Contents/Developer/Platforms/MacOSX.platform/Developer/Library/Frameworks -module-cache-path /Users/admin/builder/spi-builder-workspace/.build/out/Intermediates.noindex/SwiftExplicitPrecompiledModules -color-diagnostics -Xcc -fcolor-diagnostics -enable-testing -g -debug-info-format\=dwarf -dwarf-version\=4 -suppress-warnings -swift-version 5 -Onone -D SWIFT_PACKAGE -D DEBUG -D SWIFT_MODULE_RESOURCE_BUNDLE_UNAVAILABLE -D Xcode -serialize-debugging-options -enable-experimental-feature DebugDescriptionMacro -empty-abi-descriptor -validate-clang-modules-once -clang-build-session-file /Users/admin/builder/spi-builder-workspace/.build/out/ModuleCache.noindex/Session.modulevalidation -Xcc -working-directory -Xcc /Users/admin/builder -enable-anonymous-context-mangled-names -file-compilation-dir /Users/admin/builder -Xcc -D_LIBCPP_HARDENING_MODE\=_LIBCPP_HARDENING_MODE_DEBUG -Xcc -ivfsstatcache -Xcc /Users/admin/builder/spi-builder-workspace/.build/out/SDKStatCaches.noindex/macosx27.0-26A425-80c5bbf1d171475443272936d42f90a36a22442a12e9d48fe1a705f55a1adfc4.sdkstatcache -Xcc -fmodules-prune-interval\=86400 -Xcc -fmodules-prune-after\=345600 -Xcc -I/Users/admin/builder/spi-builder-workspace/.build/out/Products/Debug/include -Xcc -I/Users/admin/builder/spi-builder-workspace/.build/out/Intermediates.noindex/ViewOnTouch.build/Debug/ViewOnTouch-t.build/DerivedSources-normal/arm64 -Xcc -I/Users/admin/builder/spi-builder-workspace/.build/out/Intermediates.noindex/ViewOnTouch.build/Debug/ViewOnTouch-t.build/DerivedSources/arm64 -Xcc -I/Users/admin/builder/spi-builder-workspace/.build/out/Intermediates.noindex/ViewOnTouch.build/Debug/ViewOnTouch-t.build/DerivedSources -Xcc -DSWIFT_PACKAGE -Xcc -DDEBUG\=1 -no-auto-bridging-header-chaining -module-name ViewOnTouch -const-gather-protocols-file /Users/admin/builder/spi-builder-workspace/.build/out/Intermediates.noindex/ViewOnTouch.build/Debug/ViewOnTouch-t.build/Objects-normal/arm64/ViewOnTouch_const_extract_protocols.json -disable-clang-spi -clang-target arm64-apple-macos27.0 -target-sdk-version 27.0 -target-sdk-name macosx27.0 -in-process-plugin-server-path /Applications/Xcode-27.0.0-Release.Candidate.app/Contents/Developer/Toolchains/XcodeDefault.xctoolchain/usr/lib/swift/host/libSwiftInProcPluginServer.dylib -emit-module-doc-path /Users/admin/builder/spi-builder-workspace/.build/out/Intermediates.noindex/ViewOnTouch.build/Debug/ViewOnTouch-t.build/Objects-normal/arm64/ViewOnTouch.swiftdoc -emit-module-source-info-path /Users/admin/builder/spi-builder-workspace/.build/out/Intermediates.noindex/ViewOnTouch.build/Debug/ViewOnTouch-t.build/Objects-normal/arm64/ViewOnTouch.swiftsourceinfo -emit-objc-header-path /Users/admin/builder/spi-builder-workspace/.build/out/Intermediates.noindex/ViewOnTouch.build/Debug/ViewOnTouch-t.build/Objects-normal/arm64/ViewOnTouch-Swift.h -serialize-diagnostics-path /Users/admin/builder/spi-builder-workspace/.build/out/Intermediates.noindex/ViewOnTouch.build/Debug/ViewOnTouch-t.build/Objects-normal/arm64/ViewOnTouch-primary-emit-module.dia -emit-dependencies-path /Users/admin/builder/spi-builder-workspace/.build/out/Intermediates.noindex/ViewOnTouch.build/Debug/ViewOnTouch-t.build/Objects-normal/arm64/ViewOnTouch-primary-emit-module.d -parse-as-library -o /Users/admin/builder/spi-builder-workspace/.build/out/Intermediates.noindex/ViewOnTouch.build/Debug/ViewOnTouch-t.build/Objects-normal/arm64/ViewOnTouch.swiftmodule -emit-abi-descriptor-path /Users/admin/builder/spi-builder-workspace/.build/out/Intermediates.noindex/ViewOnTouch.build/Debug/ViewOnTouch-t.build/Objects-normal/arm64/ViewOnTouch.abi.json
error: Build failed
BUILD FAILURE 6.4 macosSpm