Build Information
Failed to build RefreshableScrollView, reference v1.3.1 (83dbdc), with Swift 6.4 for tvOS using Xcode 27.0 on 18 Sep 2026 20:20:03 UTC.
Build Command
env DEVELOPER_DIR=/Applications/Xcode-27.0.0-Release.Candidate.app xcrun xcodebuild -IDEClonedSourcePackagesDirPathOverride=$PWD/.dependencies -skipMacroValidation -skipPackagePluginValidation -derivedDataPath $PWD/.derivedData build -scheme RefreshableScrollView -destination generic/platform=tvOSBuild Log
========================================
RunAll
========================================
Builder version: 5.1.0
Interrupt handler set up.
========================================
Checkout
========================================
Clone URL: https://github.com/elegantchaos/RefreshableScrollView.git
Reference: v1.3.1
Initialized empty Git repository in /Users/admin/builder/spi-builder-workspace/.git/
From https://github.com/elegantchaos/RefreshableScrollView
* tag v1.3.1 -> FETCH_HEAD
HEAD is now at 83dbdca Don't suppress scrolling in iOS 16.0 when user is searching.
Cloned https://github.com/elegantchaos/RefreshableScrollView.git
Revision (git rev-parse @):
83dbdcab6f30463db20043d4086b464fa205e759
SUCCESS checkout https://github.com/elegantchaos/RefreshableScrollView.git at v1.3.1
========================================
Build
========================================
Selected platform: tvOS
Swift version: 6.4
Building package at path: $PWD
https://github.com/elegantchaos/RefreshableScrollView.git
Command line invocation:
/Applications/Xcode-27.0.0-Release.Candidate.app/Contents/Developer/usr/bin/xcodebuild -IDEClonedSourcePackagesDirPathOverride=/Users/admin/builder/spi-builder-workspace/.dependencies -resolvePackageDependencies
Resolve Package Graph
Fetching from https://github.com/elegantchaos/XCTestExtensions.git
Fetching from https://github.com/elegantchaos/Matchable.git
Creating working copy of package ‘XCTestExtensions’
Checking out 1.5.1 of package ‘XCTestExtensions’
Creating working copy of package ‘Matchable’
Checking out 1.0.7 of package ‘Matchable’
Resolve Package Graph
Resolved source packages:
XCTestExtensions: https://github.com/elegantchaos/XCTestExtensions.git @ 1.5.1
Matchable: https://github.com/elegantchaos/Matchable.git @ 1.0.7
RefreshableScrollView: /Users/admin/builder/spi-builder-workspace
resolved source packages: XCTestExtensions, Matchable, RefreshableScrollView
2026-09-18 16:18:53.599 xcodebuild[524:2984] [MT] IDERunDestination: Supported platforms for the buildables in the current scheme is empty.
2026-09-18 16:18:53.749 xcodebuild[524:2984] [MT] IDERunDestination: Supported platforms for the buildables in the current scheme is empty.
2026-09-18 16:18:55.362 xcodebuild[524:2984] [MT] IDERunDestination: Supported platforms for the buildables in the current scheme is empty.
{
"dependencies" : [
{
"identity" : "xctestextensions",
"requirement" : {
"range" : [
{
"lower_bound" : "1.4.2",
"upper_bound" : "2.0.0"
}
]
},
"type" : "sourceControl",
"url" : "https://github.com/elegantchaos/XCTestExtensions.git"
}
],
"manifest_display_name" : "RefreshableScrollView",
"name" : "RefreshableScrollView",
"path" : "/Users/admin/builder/spi-builder-workspace",
"platforms" : [
{
"name" : "macos",
"version" : "12.0"
},
{
"name" : "maccatalyst",
"version" : "15.0"
},
{
"name" : "ios",
"version" : "15.0"
},
{
"name" : "tvos",
"version" : "15.0"
},
{
"name" : "watchos",
"version" : "8.0"
}
],
"products" : [
{
"name" : "RefreshableScrollView",
"targets" : [
"RefreshableScrollView"
],
"type" : {
"library" : [
"automatic"
]
}
}
],
"targets" : [
{
"c99name" : "RefreshableScrollViewTests",
"module_type" : "SwiftTarget",
"name" : "RefreshableScrollViewTests",
"path" : "Tests/RefreshableScrollViewTests",
"product_dependencies" : [
"XCTestExtensions"
],
"sources" : [
"RefreshableScrollViewTests.swift"
],
"target_dependencies" : [
"RefreshableScrollView"
],
"type" : "test"
},
{
"c99name" : "RefreshableScrollView",
"module_type" : "SwiftTarget",
"name" : "RefreshableScrollView",
"path" : "Sources/RefreshableScrollView",
"product_memberships" : [
"RefreshableScrollView"
],
"sources" : [
"BoundsReaderView.swift",
"CustomActivityView.swift",
"IndicatorView.swift",
"NativeRefreshableScrollView.swift",
"RefreshState.swift",
"RefreshableScrollView.swift"
],
"type" : "library"
}
],
"tools_version" : "5.5"
}
{
"workspace" : {
"name" : "RefreshableScrollView",
"schemes" : [
"Matchable",
"RefreshableScrollView",
"XCTestExtensions"
]
}
}
2026-09-18 16:19:45.348 xcodebuild[721:4409] [MT] IDERunDestination: Supported platforms for the buildables in the current scheme is empty.
{
"workspace" : {
"name" : "RefreshableScrollView",
"schemes" : [
"Matchable",
"RefreshableScrollView",
"XCTestExtensions"
]
}
}
2026-09-18 16:19:46.471 xcodebuild[723:4461] [MT] IDERunDestination: Supported platforms for the buildables in the current scheme is empty.
2026-09-18 16:19:46.616 xcodebuild[723:4461] [MT] IDERunDestination: Supported platforms for the buildables in the current scheme is empty.
Running build ...
env DEVELOPER_DIR=/Applications/Xcode-27.0.0-Release.Candidate.app xcrun xcodebuild -IDEClonedSourcePackagesDirPathOverride=$PWD/.dependencies -skipMacroValidation -skipPackagePluginValidation -derivedDataPath $PWD/.derivedData build -scheme RefreshableScrollView -destination generic/platform=tvOS
Command line invocation:
/Applications/Xcode-27.0.0-Release.Candidate.app/Contents/Developer/usr/bin/xcodebuild -IDEClonedSourcePackagesDirPathOverride=/Users/admin/builder/spi-builder-workspace/.dependencies -skipMacroValidation -skipPackagePluginValidation -derivedDataPath /Users/admin/builder/spi-builder-workspace/.derivedData build -scheme RefreshableScrollView -destination generic/platform=tvOS
Resolve Package Graph
Resolve Package Graph
Resolved source packages:
XCTestExtensions: https://github.com/elegantchaos/XCTestExtensions.git @ 1.5.1
RefreshableScrollView: /Users/admin/builder/spi-builder-workspace
Matchable: https://github.com/elegantchaos/Matchable.git @ 1.0.7
ComputePackagePrebuildTargetDependencyGraph
Prepare packages
CreateBuildRequest
SendProjectDescription
CreateBuildOperation
ComputeTargetDependencyGraph
note: Building targets in dependency order
note: Target dependency graph (7 targets)
Target 'RefreshableScrollViewTests-product' in project 'RefreshableScrollView'
➜ Explicit dependency on target 'RefreshableScrollView' in project 'RefreshableScrollView'
➜ Explicit dependency on target 'XCTestExtensions-product' in project 'XCTestExtensions'
Target 'XCTestExtensions-product' in project 'XCTestExtensions'
➜ Explicit dependency on target 'XCTestExtensions' in project 'XCTestExtensions'
➜ Explicit dependency on target 'Matchable-product' in project 'Matchable'
Target 'XCTestExtensions' in project 'XCTestExtensions'
➜ Explicit dependency on target 'Matchable-product' in project 'Matchable'
Target 'Matchable-product' in project 'Matchable'
➜ Explicit dependency on target 'Matchable' in project 'Matchable'
Target 'Matchable' in project 'Matchable' (no dependencies)
Target 'RefreshableScrollView-product' in project 'RefreshableScrollView'
➜ Explicit dependency on target 'RefreshableScrollView' in project 'RefreshableScrollView'
Target 'RefreshableScrollView' in project 'RefreshableScrollView' (no dependencies)
GatherProvisioningInputs
CreateBuildDescription
ExecuteExternalTool /Applications/Xcode-27.0.0-Release.Candidate.app/Contents/Developer/Toolchains/XcodeDefault.xctoolchain/usr/bin/swiftc --version
ExecuteExternalTool /Applications/Xcode-27.0.0-Release.Candidate.app/Contents/Developer/Toolchains/XcodeDefault.xctoolchain/usr/bin/clang -v -E -dM -isysroot /Applications/Xcode-27.0.0-Release.Candidate.app/Contents/Developer/Platforms/AppleTVOS.platform/Developer/SDKs/AppleTVOS27.0.sdk -x c -c /dev/null
ExecuteExternalTool /Applications/Xcode-27.0.0-Release.Candidate.app/Contents/Developer/Toolchains/XcodeDefault.xctoolchain/usr/bin/ld -version_details
Build description signature: b777e27a217edfb914f218c5f1f661df
Build description path: /Users/admin/builder/spi-builder-workspace/.derivedData/Build/Intermediates.noindex/XCBuildData/b777e27a217edfb914f218c5f1f661df.xcbuilddata
CreateBuildDirectory /Users/admin/builder/spi-builder-workspace/.derivedData/SDKExplicitPrecompiledModules
cd /Users/admin/builder/spi-builder-workspace/.swiftpm/xcode
builtin-create-build-directory /Users/admin/builder/spi-builder-workspace/.derivedData/SDKExplicitPrecompiledModules
CreateBuildDirectory /Users/admin/builder/spi-builder-workspace/.derivedData/CompilationCache.noindex
cd /Users/admin/builder/spi-builder-workspace/.swiftpm/xcode
builtin-create-build-directory /Users/admin/builder/spi-builder-workspace/.derivedData/CompilationCache.noindex
CreateBuildDirectory /Users/admin/builder/spi-builder-workspace/.derivedData/ModuleCache.noindex
cd /Users/admin/builder/spi-builder-workspace/.swiftpm/xcode
builtin-create-build-directory /Users/admin/builder/spi-builder-workspace/.derivedData/ModuleCache.noindex
ClangStatCache /Applications/Xcode-27.0.0-Release.Candidate.app/Contents/Developer/Toolchains/XcodeDefault.xctoolchain/usr/bin/clang-stat-cache /Applications/Xcode-27.0.0-Release.Candidate.app/Contents/Developer/Platforms/AppleTVOS.platform/Developer/SDKs/AppleTVOS27.0.sdk /Users/admin/builder/spi-builder-workspace/.derivedData/SDKStatCaches.noindex/appletvos27.0-24J360-e829b21a6f8c9b70876ba0858053c044b32bfd8d43560033f8d89884cdb90028.sdkstatcache
cd /Users/admin/builder/spi-builder-workspace/.swiftpm/xcode
/Applications/Xcode-27.0.0-Release.Candidate.app/Contents/Developer/Toolchains/XcodeDefault.xctoolchain/usr/bin/clang-stat-cache /Applications/Xcode-27.0.0-Release.Candidate.app/Contents/Developer/Platforms/AppleTVOS.platform/Developer/SDKs/AppleTVOS27.0.sdk -o /Users/admin/builder/spi-builder-workspace/.derivedData/SDKStatCaches.noindex/appletvos27.0-24J360-e829b21a6f8c9b70876ba0858053c044b32bfd8d43560033f8d89884cdb90028.sdkstatcache
CreateBuildDirectory /Users/admin/builder/spi-builder-workspace/.derivedData/Build/Products
cd /Users/admin/builder/spi-builder-workspace/.swiftpm/xcode
builtin-create-build-directory /Users/admin/builder/spi-builder-workspace/.derivedData/Build/Products
CreateBuildDirectory /Users/admin/builder/spi-builder-workspace/.derivedData/Build/Intermediates.noindex
cd /Users/admin/builder/spi-builder-workspace/.swiftpm/xcode
builtin-create-build-directory /Users/admin/builder/spi-builder-workspace/.derivedData/Build/Intermediates.noindex
CreateBuildDirectory /Users/admin/builder/spi-builder-workspace/.derivedData/Build/Intermediates.noindex/SwiftExplicitPrecompiledModules
cd /Users/admin/builder/spi-builder-workspace/.swiftpm/xcode
builtin-create-build-directory /Users/admin/builder/spi-builder-workspace/.derivedData/Build/Intermediates.noindex/SwiftExplicitPrecompiledModules
CreateBuildDirectory /Users/admin/builder/spi-builder-workspace/.derivedData/Build/Intermediates.noindex/PrecompiledHeaders
cd /Users/admin/builder/spi-builder-workspace/.swiftpm/xcode
builtin-create-build-directory /Users/admin/builder/spi-builder-workspace/.derivedData/Build/Intermediates.noindex/PrecompiledHeaders
CreateBuildDirectory /Users/admin/builder/spi-builder-workspace/.derivedData/Build/Intermediates.noindex/ExplicitPrecompiledModules
cd /Users/admin/builder/spi-builder-workspace/.swiftpm/xcode
builtin-create-build-directory /Users/admin/builder/spi-builder-workspace/.derivedData/Build/Intermediates.noindex/ExplicitPrecompiledModules
CreateBuildDirectory /Users/admin/builder/spi-builder-workspace/.derivedData/Build/Products/Debug-appletvos
cd /Users/admin/builder/spi-builder-workspace/.swiftpm/xcode
builtin-create-build-directory /Users/admin/builder/spi-builder-workspace/.derivedData/Build/Products/Debug-appletvos
CreateBuildDirectory /Users/admin/builder/spi-builder-workspace/.derivedData/Build/Intermediates.noindex/EagerLinkingTBDs/Debug-appletvos
cd /Users/admin/builder/spi-builder-workspace/.swiftpm/xcode
builtin-create-build-directory /Users/admin/builder/spi-builder-workspace/.derivedData/Build/Intermediates.noindex/EagerLinkingTBDs/Debug-appletvos
CreateBuildDirectory /Users/admin/builder/spi-builder-workspace/.derivedData/Build/Products/Debug-appletvos/PackageFrameworks
cd /Users/admin/builder/spi-builder-workspace/.swiftpm/xcode
builtin-create-build-directory /Users/admin/builder/spi-builder-workspace/.derivedData/Build/Products/Debug-appletvos/PackageFrameworks
WriteAuxiliaryFile /Users/admin/builder/spi-builder-workspace/.derivedData/Build/Intermediates.noindex/RefreshableScrollView.build/Debug-appletvos/RefreshableScrollViewTests-p.build/empty-RefreshableScrollViewTests.plist (in target 'RefreshableScrollViewTests-product' from project 'RefreshableScrollView')
cd /Users/admin/builder/spi-builder-workspace
write-file /Users/admin/builder/spi-builder-workspace/.derivedData/Build/Intermediates.noindex/RefreshableScrollView.build/Debug-appletvos/RefreshableScrollViewTests-p.build/empty-RefreshableScrollViewTests.plist
WriteAuxiliaryFile /Users/admin/builder/spi-builder-workspace/.derivedData/Build/Intermediates.noindex/RefreshableScrollView.build/Debug-appletvos/RefreshableScrollViewTests-p.build/RefreshableScrollViewTests.DependencyStaticMetadataFileList (in target 'RefreshableScrollViewTests-product' from project 'RefreshableScrollView')
cd /Users/admin/builder/spi-builder-workspace
write-file /Users/admin/builder/spi-builder-workspace/.derivedData/Build/Intermediates.noindex/RefreshableScrollView.build/Debug-appletvos/RefreshableScrollViewTests-p.build/RefreshableScrollViewTests.DependencyStaticMetadataFileList
WriteAuxiliaryFile /Users/admin/builder/spi-builder-workspace/.derivedData/Build/Intermediates.noindex/XCTestExtensions.build/Debug-appletvos/XCTestExtensions-t.build/XCTestExtensions.modulemap (in target 'XCTestExtensions' from project 'XCTestExtensions')
cd /Users/admin/builder/spi-builder-workspace/.dependencies/checkouts/XCTestExtensions
write-file /Users/admin/builder/spi-builder-workspace/.derivedData/Build/Intermediates.noindex/XCTestExtensions.build/Debug-appletvos/XCTestExtensions-t.build/XCTestExtensions.modulemap
WriteAuxiliaryFile /Users/admin/builder/spi-builder-workspace/.derivedData/Build/Intermediates.noindex/XCTestExtensions.build/Debug-appletvos/XCTestExtensions-t.build/XCTestExtensions.DependencyMetadataFileList (in target 'XCTestExtensions' from project 'XCTestExtensions')
cd /Users/admin/builder/spi-builder-workspace/.dependencies/checkouts/XCTestExtensions
write-file /Users/admin/builder/spi-builder-workspace/.derivedData/Build/Intermediates.noindex/XCTestExtensions.build/Debug-appletvos/XCTestExtensions-t.build/XCTestExtensions.DependencyMetadataFileList
WriteAuxiliaryFile /Users/admin/builder/spi-builder-workspace/.derivedData/Build/Intermediates.noindex/XCTestExtensions.build/Debug-appletvos/XCTestExtensions-t.build/XCTestExtensions.DependencyStaticMetadataFileList (in target 'XCTestExtensions' from project 'XCTestExtensions')
cd /Users/admin/builder/spi-builder-workspace/.dependencies/checkouts/XCTestExtensions
write-file /Users/admin/builder/spi-builder-workspace/.derivedData/Build/Intermediates.noindex/XCTestExtensions.build/Debug-appletvos/XCTestExtensions-t.build/XCTestExtensions.DependencyStaticMetadataFileList
WriteAuxiliaryFile /Users/admin/builder/spi-builder-workspace/.derivedData/Build/Intermediates.noindex/XCTestExtensions.build/Debug-appletvos/XCTestExtensions-t.build/Objects-normal/arm64/XCTestExtensions_const_extract_protocols.json (in target 'XCTestExtensions' from project 'XCTestExtensions')
cd /Users/admin/builder/spi-builder-workspace/.dependencies/checkouts/XCTestExtensions
write-file /Users/admin/builder/spi-builder-workspace/.derivedData/Build/Intermediates.noindex/XCTestExtensions.build/Debug-appletvos/XCTestExtensions-t.build/Objects-normal/arm64/XCTestExtensions_const_extract_protocols.json
WriteAuxiliaryFile /Users/admin/builder/spi-builder-workspace/.derivedData/Build/Intermediates.noindex/XCTestExtensions.build/Debug-appletvos/XCTestExtensions-t.build/Objects-normal/arm64/XCTestExtensions.SwiftFileList (in target 'XCTestExtensions' from project 'XCTestExtensions')
cd /Users/admin/builder/spi-builder-workspace/.dependencies/checkouts/XCTestExtensions
write-file /Users/admin/builder/spi-builder-workspace/.derivedData/Build/Intermediates.noindex/XCTestExtensions.build/Debug-appletvos/XCTestExtensions-t.build/Objects-normal/arm64/XCTestExtensions.SwiftFileList
WriteAuxiliaryFile /Users/admin/builder/spi-builder-workspace/.derivedData/Build/Intermediates.noindex/XCTestExtensions.build/Debug-appletvos/XCTestExtensions-t.build/Objects-normal/arm64/XCTestExtensions.SwiftConstValuesFileList (in target 'XCTestExtensions' from project 'XCTestExtensions')
cd /Users/admin/builder/spi-builder-workspace/.dependencies/checkouts/XCTestExtensions
write-file /Users/admin/builder/spi-builder-workspace/.derivedData/Build/Intermediates.noindex/XCTestExtensions.build/Debug-appletvos/XCTestExtensions-t.build/Objects-normal/arm64/XCTestExtensions.SwiftConstValuesFileList
WriteAuxiliaryFile /Users/admin/builder/spi-builder-workspace/.derivedData/Build/Intermediates.noindex/XCTestExtensions.build/Debug-appletvos/XCTestExtensions-t.build/Objects-normal/arm64/XCTestExtensions.LinkFileList (in target 'XCTestExtensions' from project 'XCTestExtensions')
cd /Users/admin/builder/spi-builder-workspace/.dependencies/checkouts/XCTestExtensions
write-file /Users/admin/builder/spi-builder-workspace/.derivedData/Build/Intermediates.noindex/XCTestExtensions.build/Debug-appletvos/XCTestExtensions-t.build/Objects-normal/arm64/XCTestExtensions.LinkFileList
WriteAuxiliaryFile /Users/admin/builder/spi-builder-workspace/.derivedData/Build/Intermediates.noindex/XCTestExtensions.build/Debug-appletvos/XCTestExtensions-t.build/Objects-normal/arm64/XCTestExtensions-OutputFileMap.json (in target 'XCTestExtensions' from project 'XCTestExtensions')
cd /Users/admin/builder/spi-builder-workspace/.dependencies/checkouts/XCTestExtensions
write-file /Users/admin/builder/spi-builder-workspace/.derivedData/Build/Intermediates.noindex/XCTestExtensions.build/Debug-appletvos/XCTestExtensions-t.build/Objects-normal/arm64/XCTestExtensions-OutputFileMap.json
WriteAuxiliaryFile /Users/admin/builder/spi-builder-workspace/.derivedData/Build/Intermediates.noindex/RefreshableScrollView.build/Debug-appletvos/RefreshableScrollViewTests-p.build/RefreshableScrollViewTests.DependencyMetadataFileList (in target 'RefreshableScrollViewTests-product' from project 'RefreshableScrollView')
cd /Users/admin/builder/spi-builder-workspace
write-file /Users/admin/builder/spi-builder-workspace/.derivedData/Build/Intermediates.noindex/RefreshableScrollView.build/Debug-appletvos/RefreshableScrollViewTests-p.build/RefreshableScrollViewTests.DependencyMetadataFileList
WriteAuxiliaryFile /Users/admin/builder/spi-builder-workspace/.derivedData/Build/Intermediates.noindex/RefreshableScrollView.build/Debug-appletvos/RefreshableScrollViewTests-p.build/Objects-normal/arm64/RefreshableScrollViewTests.SwiftConstValuesFileList (in target 'RefreshableScrollViewTests-product' from project 'RefreshableScrollView')
cd /Users/admin/builder/spi-builder-workspace
write-file /Users/admin/builder/spi-builder-workspace/.derivedData/Build/Intermediates.noindex/RefreshableScrollView.build/Debug-appletvos/RefreshableScrollViewTests-p.build/Objects-normal/arm64/RefreshableScrollViewTests.SwiftConstValuesFileList
WriteAuxiliaryFile /Users/admin/builder/spi-builder-workspace/.derivedData/Build/Intermediates.noindex/RefreshableScrollView.build/Debug-appletvos/RefreshableScrollViewTests-p.build/Objects-normal/arm64/RefreshableScrollViewTests.SwiftFileList (in target 'RefreshableScrollViewTests-product' from project 'RefreshableScrollView')
cd /Users/admin/builder/spi-builder-workspace
write-file /Users/admin/builder/spi-builder-workspace/.derivedData/Build/Intermediates.noindex/RefreshableScrollView.build/Debug-appletvos/RefreshableScrollViewTests-p.build/Objects-normal/arm64/RefreshableScrollViewTests.SwiftFileList
WriteAuxiliaryFile /Users/admin/builder/spi-builder-workspace/.derivedData/Build/Intermediates.noindex/RefreshableScrollView.build/Debug-appletvos/RefreshableScrollViewTests-p.build/Objects-normal/arm64/RefreshableScrollViewTests_const_extract_protocols.json (in target 'RefreshableScrollViewTests-product' from project 'RefreshableScrollView')
cd /Users/admin/builder/spi-builder-workspace
write-file /Users/admin/builder/spi-builder-workspace/.derivedData/Build/Intermediates.noindex/RefreshableScrollView.build/Debug-appletvos/RefreshableScrollViewTests-p.build/Objects-normal/arm64/RefreshableScrollViewTests_const_extract_protocols.json
WriteAuxiliaryFile /Users/admin/builder/spi-builder-workspace/.derivedData/Build/Intermediates.noindex/RefreshableScrollView.build/Debug-appletvos/RefreshableScrollViewTests-p.build/Objects-normal/arm64/RefreshableScrollViewTests.LinkFileList (in target 'RefreshableScrollViewTests-product' from project 'RefreshableScrollView')
cd /Users/admin/builder/spi-builder-workspace
write-file /Users/admin/builder/spi-builder-workspace/.derivedData/Build/Intermediates.noindex/RefreshableScrollView.build/Debug-appletvos/RefreshableScrollViewTests-p.build/Objects-normal/arm64/RefreshableScrollViewTests.LinkFileList
Copy /Users/admin/builder/spi-builder-workspace/.derivedData/Build/Intermediates.noindex/GeneratedModuleMaps-appletvos/XCTestExtensions.modulemap /Users/admin/builder/spi-builder-workspace/.derivedData/Build/Intermediates.noindex/XCTestExtensions.build/Debug-appletvos/XCTestExtensions-t.build/XCTestExtensions.modulemap (in target 'XCTestExtensions' from project 'XCTestExtensions')
cd /Users/admin/builder/spi-builder-workspace/.dependencies/checkouts/XCTestExtensions
builtin-copy -exclude .DS_Store -exclude CVS -exclude .svn -exclude .git -exclude .hg -resolve-src-symlinks /Users/admin/builder/spi-builder-workspace/.derivedData/Build/Intermediates.noindex/XCTestExtensions.build/Debug-appletvos/XCTestExtensions-t.build/XCTestExtensions.modulemap /Users/admin/builder/spi-builder-workspace/.derivedData/Build/Intermediates.noindex/GeneratedModuleMaps-appletvos
WriteAuxiliaryFile /Users/admin/builder/spi-builder-workspace/.derivedData/Build/Intermediates.noindex/RefreshableScrollView.build/Debug-appletvos/RefreshableScrollViewTests-p.build/Objects-normal/arm64/RefreshableScrollViewTests-OutputFileMap.json (in target 'RefreshableScrollViewTests-product' from project 'RefreshableScrollView')
cd /Users/admin/builder/spi-builder-workspace
write-file /Users/admin/builder/spi-builder-workspace/.derivedData/Build/Intermediates.noindex/RefreshableScrollView.build/Debug-appletvos/RefreshableScrollViewTests-p.build/Objects-normal/arm64/RefreshableScrollViewTests-OutputFileMap.json
WriteAuxiliaryFile /Users/admin/builder/spi-builder-workspace/.derivedData/Build/Intermediates.noindex/RefreshableScrollView.build/Debug-appletvos/RefreshableScrollView-t.build/RefreshableScrollView.modulemap (in target 'RefreshableScrollView' from project 'RefreshableScrollView')
cd /Users/admin/builder/spi-builder-workspace
write-file /Users/admin/builder/spi-builder-workspace/.derivedData/Build/Intermediates.noindex/RefreshableScrollView.build/Debug-appletvos/RefreshableScrollView-t.build/RefreshableScrollView.modulemap
WriteAuxiliaryFile /Users/admin/builder/spi-builder-workspace/.derivedData/Build/Intermediates.noindex/RefreshableScrollView.build/Debug-appletvos/RefreshableScrollView-t.build/RefreshableScrollView.DependencyStaticMetadataFileList (in target 'RefreshableScrollView' from project 'RefreshableScrollView')
cd /Users/admin/builder/spi-builder-workspace
write-file /Users/admin/builder/spi-builder-workspace/.derivedData/Build/Intermediates.noindex/RefreshableScrollView.build/Debug-appletvos/RefreshableScrollView-t.build/RefreshableScrollView.DependencyStaticMetadataFileList
WriteAuxiliaryFile /Users/admin/builder/spi-builder-workspace/.derivedData/Build/Intermediates.noindex/RefreshableScrollView.build/Debug-appletvos/RefreshableScrollView-t.build/RefreshableScrollView.DependencyMetadataFileList (in target 'RefreshableScrollView' from project 'RefreshableScrollView')
cd /Users/admin/builder/spi-builder-workspace
write-file /Users/admin/builder/spi-builder-workspace/.derivedData/Build/Intermediates.noindex/RefreshableScrollView.build/Debug-appletvos/RefreshableScrollView-t.build/RefreshableScrollView.DependencyMetadataFileList
WriteAuxiliaryFile /Users/admin/builder/spi-builder-workspace/.derivedData/Build/Intermediates.noindex/RefreshableScrollView.build/Debug-appletvos/RefreshableScrollView-t.build/Objects-normal/arm64/RefreshableScrollView.SwiftConstValuesFileList (in target 'RefreshableScrollView' from project 'RefreshableScrollView')
cd /Users/admin/builder/spi-builder-workspace
write-file /Users/admin/builder/spi-builder-workspace/.derivedData/Build/Intermediates.noindex/RefreshableScrollView.build/Debug-appletvos/RefreshableScrollView-t.build/Objects-normal/arm64/RefreshableScrollView.SwiftConstValuesFileList
WriteAuxiliaryFile /Users/admin/builder/spi-builder-workspace/.derivedData/Build/Intermediates.noindex/RefreshableScrollView.build/Debug-appletvos/RefreshableScrollView-t.build/Objects-normal/arm64/RefreshableScrollView_const_extract_protocols.json (in target 'RefreshableScrollView' from project 'RefreshableScrollView')
cd /Users/admin/builder/spi-builder-workspace
write-file /Users/admin/builder/spi-builder-workspace/.derivedData/Build/Intermediates.noindex/RefreshableScrollView.build/Debug-appletvos/RefreshableScrollView-t.build/Objects-normal/arm64/RefreshableScrollView_const_extract_protocols.json
WriteAuxiliaryFile /Users/admin/builder/spi-builder-workspace/.derivedData/Build/Intermediates.noindex/RefreshableScrollView.build/Debug-appletvos/RefreshableScrollView-t.build/Objects-normal/arm64/RefreshableScrollView.SwiftFileList (in target 'RefreshableScrollView' from project 'RefreshableScrollView')
cd /Users/admin/builder/spi-builder-workspace
write-file /Users/admin/builder/spi-builder-workspace/.derivedData/Build/Intermediates.noindex/RefreshableScrollView.build/Debug-appletvos/RefreshableScrollView-t.build/Objects-normal/arm64/RefreshableScrollView.SwiftFileList
WriteAuxiliaryFile /Users/admin/builder/spi-builder-workspace/.derivedData/Build/Intermediates.noindex/RefreshableScrollView.build/Debug-appletvos/RefreshableScrollView-t.build/Objects-normal/arm64/RefreshableScrollView.LinkFileList (in target 'RefreshableScrollView' from project 'RefreshableScrollView')
cd /Users/admin/builder/spi-builder-workspace
write-file /Users/admin/builder/spi-builder-workspace/.derivedData/Build/Intermediates.noindex/RefreshableScrollView.build/Debug-appletvos/RefreshableScrollView-t.build/Objects-normal/arm64/RefreshableScrollView.LinkFileList
WriteAuxiliaryFile /Users/admin/builder/spi-builder-workspace/.derivedData/Build/Intermediates.noindex/RefreshableScrollView.build/Debug-appletvos/RefreshableScrollView-t.build/Objects-normal/arm64/RefreshableScrollView-OutputFileMap.json (in target 'RefreshableScrollView' from project 'RefreshableScrollView')
cd /Users/admin/builder/spi-builder-workspace
write-file /Users/admin/builder/spi-builder-workspace/.derivedData/Build/Intermediates.noindex/RefreshableScrollView.build/Debug-appletvos/RefreshableScrollView-t.build/Objects-normal/arm64/RefreshableScrollView-OutputFileMap.json
WriteAuxiliaryFile /Users/admin/builder/spi-builder-workspace/.derivedData/Build/Intermediates.noindex/Matchable.build/Debug-appletvos/Matchable-t.build/Objects-normal/arm64/Matchable_const_extract_protocols.json (in target 'Matchable' from project 'Matchable')
cd /Users/admin/builder/spi-builder-workspace/.dependencies/checkouts/Matchable
write-file /Users/admin/builder/spi-builder-workspace/.derivedData/Build/Intermediates.noindex/Matchable.build/Debug-appletvos/Matchable-t.build/Objects-normal/arm64/Matchable_const_extract_protocols.json
Copy /Users/admin/builder/spi-builder-workspace/.derivedData/Build/Intermediates.noindex/GeneratedModuleMaps-appletvos/RefreshableScrollView.modulemap /Users/admin/builder/spi-builder-workspace/.derivedData/Build/Intermediates.noindex/RefreshableScrollView.build/Debug-appletvos/RefreshableScrollView-t.build/RefreshableScrollView.modulemap (in target 'RefreshableScrollView' from project 'RefreshableScrollView')
cd /Users/admin/builder/spi-builder-workspace
builtin-copy -exclude .DS_Store -exclude CVS -exclude .svn -exclude .git -exclude .hg -resolve-src-symlinks /Users/admin/builder/spi-builder-workspace/.derivedData/Build/Intermediates.noindex/RefreshableScrollView.build/Debug-appletvos/RefreshableScrollView-t.build/RefreshableScrollView.modulemap /Users/admin/builder/spi-builder-workspace/.derivedData/Build/Intermediates.noindex/GeneratedModuleMaps-appletvos
WriteAuxiliaryFile /Users/admin/builder/spi-builder-workspace/.derivedData/Build/Intermediates.noindex/Matchable.build/Debug-appletvos/Matchable-t.build/Objects-normal/arm64/Matchable.SwiftFileList (in target 'Matchable' from project 'Matchable')
cd /Users/admin/builder/spi-builder-workspace/.dependencies/checkouts/Matchable
write-file /Users/admin/builder/spi-builder-workspace/.derivedData/Build/Intermediates.noindex/Matchable.build/Debug-appletvos/Matchable-t.build/Objects-normal/arm64/Matchable.SwiftFileList
WriteAuxiliaryFile /Users/admin/builder/spi-builder-workspace/.derivedData/Build/Intermediates.noindex/Matchable.build/Debug-appletvos/Matchable-t.build/Objects-normal/arm64/Matchable.SwiftConstValuesFileList (in target 'Matchable' from project 'Matchable')
cd /Users/admin/builder/spi-builder-workspace/.dependencies/checkouts/Matchable
write-file /Users/admin/builder/spi-builder-workspace/.derivedData/Build/Intermediates.noindex/Matchable.build/Debug-appletvos/Matchable-t.build/Objects-normal/arm64/Matchable.SwiftConstValuesFileList
WriteAuxiliaryFile /Users/admin/builder/spi-builder-workspace/.derivedData/Build/Intermediates.noindex/Matchable.build/Debug-appletvos/Matchable-t.build/Objects-normal/arm64/Matchable.LinkFileList (in target 'Matchable' from project 'Matchable')
cd /Users/admin/builder/spi-builder-workspace/.dependencies/checkouts/Matchable
write-file /Users/admin/builder/spi-builder-workspace/.derivedData/Build/Intermediates.noindex/Matchable.build/Debug-appletvos/Matchable-t.build/Objects-normal/arm64/Matchable.LinkFileList
WriteAuxiliaryFile /Users/admin/builder/spi-builder-workspace/.derivedData/Build/Intermediates.noindex/Matchable.build/Debug-appletvos/Matchable-t.build/Objects-normal/arm64/Matchable-OutputFileMap.json (in target 'Matchable' from project 'Matchable')
cd /Users/admin/builder/spi-builder-workspace/.dependencies/checkouts/Matchable
write-file /Users/admin/builder/spi-builder-workspace/.derivedData/Build/Intermediates.noindex/Matchable.build/Debug-appletvos/Matchable-t.build/Objects-normal/arm64/Matchable-OutputFileMap.json
WriteAuxiliaryFile /Users/admin/builder/spi-builder-workspace/.derivedData/Build/Intermediates.noindex/Matchable.build/Debug-appletvos/Matchable-t.build/Matchable.modulemap (in target 'Matchable' from project 'Matchable')
cd /Users/admin/builder/spi-builder-workspace/.dependencies/checkouts/Matchable
write-file /Users/admin/builder/spi-builder-workspace/.derivedData/Build/Intermediates.noindex/Matchable.build/Debug-appletvos/Matchable-t.build/Matchable.modulemap
WriteAuxiliaryFile /Users/admin/builder/spi-builder-workspace/.derivedData/Build/Intermediates.noindex/Matchable.build/Debug-appletvos/Matchable-t.build/Matchable.DependencyStaticMetadataFileList (in target 'Matchable' from project 'Matchable')
cd /Users/admin/builder/spi-builder-workspace/.dependencies/checkouts/Matchable
write-file /Users/admin/builder/spi-builder-workspace/.derivedData/Build/Intermediates.noindex/Matchable.build/Debug-appletvos/Matchable-t.build/Matchable.DependencyStaticMetadataFileList
WriteAuxiliaryFile /Users/admin/builder/spi-builder-workspace/.derivedData/Build/Intermediates.noindex/Matchable.build/Debug-appletvos/Matchable-t.build/Matchable.DependencyMetadataFileList (in target 'Matchable' from project 'Matchable')
cd /Users/admin/builder/spi-builder-workspace/.dependencies/checkouts/Matchable
write-file /Users/admin/builder/spi-builder-workspace/.derivedData/Build/Intermediates.noindex/Matchable.build/Debug-appletvos/Matchable-t.build/Matchable.DependencyMetadataFileList
MkDir /Users/admin/builder/spi-builder-workspace/.derivedData/Build/Products/Debug-appletvos/RefreshableScrollViewTests.xctest (in target 'RefreshableScrollViewTests-product' from project 'RefreshableScrollView')
cd /Users/admin/builder/spi-builder-workspace
/bin/mkdir -p /Users/admin/builder/spi-builder-workspace/.derivedData/Build/Products/Debug-appletvos/RefreshableScrollViewTests.xctest
Copy /Users/admin/builder/spi-builder-workspace/.derivedData/Build/Intermediates.noindex/GeneratedModuleMaps-appletvos/Matchable.modulemap /Users/admin/builder/spi-builder-workspace/.derivedData/Build/Intermediates.noindex/Matchable.build/Debug-appletvos/Matchable-t.build/Matchable.modulemap (in target 'Matchable' from project 'Matchable')
cd /Users/admin/builder/spi-builder-workspace/.dependencies/checkouts/Matchable
builtin-copy -exclude .DS_Store -exclude CVS -exclude .svn -exclude .git -exclude .hg -resolve-src-symlinks /Users/admin/builder/spi-builder-workspace/.derivedData/Build/Intermediates.noindex/Matchable.build/Debug-appletvos/Matchable-t.build/Matchable.modulemap /Users/admin/builder/spi-builder-workspace/.derivedData/Build/Intermediates.noindex/GeneratedModuleMaps-appletvos
SwiftDriver RefreshableScrollView normal arm64 com.apple.xcode.tools.swift.compiler (in target 'RefreshableScrollView' from project 'RefreshableScrollView')
cd /Users/admin/builder/spi-builder-workspace/.swiftpm/xcode
builtin-SwiftDriver -- /Applications/Xcode-27.0.0-Release.Candidate.app/Contents/Developer/Toolchains/XcodeDefault.xctoolchain/usr/bin/swiftc -parse-as-library -module-name RefreshableScrollView -Onone @/Users/admin/builder/spi-builder-workspace/.derivedData/Build/Intermediates.noindex/RefreshableScrollView.build/Debug-appletvos/RefreshableScrollView-t.build/Objects-normal/arm64/RefreshableScrollView.SwiftFileList -DSWIFT_PACKAGE -DDEBUG -DSWIFT_MODULE_RESOURCE_BUNDLE_UNAVAILABLE -DXcode -plugin-path /Applications/Xcode-27.0.0-Release.Candidate.app/Contents/Developer/Toolchains/XcodeDefault.xctoolchain/usr/lib/swift/host/plugins/testing -enable-experimental-feature DebugDescriptionMacro -sdk /Applications/Xcode-27.0.0-Release.Candidate.app/Contents/Developer/Platforms/AppleTVOS.platform/Developer/SDKs/AppleTVOS27.0.sdk -target arm64-apple-tvos15.0 -g -module-cache-path /Users/admin/builder/spi-builder-workspace/.derivedData/ModuleCache.noindex -Xfrontend -serialize-debugging-options -enable-testing -index-store-path /Users/admin/builder/spi-builder-workspace/.derivedData/Index.noindex/DataStore -Xcc -D_LIBCPP_HARDENING_MODE\=_LIBCPP_HARDENING_MODE_DEBUG -swift-version 5 -I /Users/admin/builder/spi-builder-workspace/.derivedData/Build/Products/Debug-appletvos -Isystem /Applications/Xcode-27.0.0-Release.Candidate.app/Contents/Developer/Platforms/AppleTVOS.platform/Developer/usr/lib -F /Users/admin/builder/spi-builder-workspace/.derivedData/Build/Products/Debug-appletvos -F /Applications/Xcode-27.0.0-Release.Candidate.app/Contents/Developer/Platforms/AppleTVOS.platform/Developer/Library/Frameworks -F /Applications/Xcode-27.0.0-Release.Candidate.app/Contents/Developer/Platforms/AppleTVOS.platform/Developer/SDKs/AppleTVOS27.0.sdk/Developer/Library/Frameworks -c -j10 -enable-batch-mode -incremental -Xcc -ivfsstatcache -Xcc /Users/admin/builder/spi-builder-workspace/.derivedData/SDKStatCaches.noindex/appletvos27.0-24J360-e829b21a6f8c9b70876ba0858053c044b32bfd8d43560033f8d89884cdb90028.sdkstatcache -output-file-map /Users/admin/builder/spi-builder-workspace/.derivedData/Build/Intermediates.noindex/RefreshableScrollView.build/Debug-appletvos/RefreshableScrollView-t.build/Objects-normal/arm64/RefreshableScrollView-OutputFileMap.json -save-temps -no-color-diagnostics -explicit-module-build -module-cache-path /Users/admin/builder/spi-builder-workspace/.derivedData/Build/Intermediates.noindex/SwiftExplicitPrecompiledModules -clang-scanner-module-cache-path /Users/admin/builder/spi-builder-workspace/.derivedData/ModuleCache.noindex -sdk-module-cache-path /Users/admin/builder/spi-builder-workspace/.derivedData/SDKExplicitPrecompiledModules -emit-dependencies -emit-module -emit-module-path /Users/admin/builder/spi-builder-workspace/.derivedData/Build/Intermediates.noindex/RefreshableScrollView.build/Debug-appletvos/RefreshableScrollView-t.build/Objects-normal/arm64/RefreshableScrollView.swiftmodule -serialize-diagnostics -dependency-scan-serialize-diagnostics-path /Users/admin/builder/spi-builder-workspace/.derivedData/Build/Intermediates.noindex/RefreshableScrollView.build/Debug-appletvos/RefreshableScrollView-t.build/Objects-normal/arm64/RefreshableScrollView-dependency-scan.dia -validate-clang-modules-once -clang-build-session-file /Users/admin/builder/spi-builder-workspace/.derivedData/ModuleCache.noindex/Session.modulevalidation -Xcc -fmodules-prune-interval\=86400 -Xcc -fmodules-prune-after\=345600 -emit-const-values -const-gather-protocols-list /Users/admin/builder/spi-builder-workspace/.derivedData/Build/Intermediates.noindex/RefreshableScrollView.build/Debug-appletvos/RefreshableScrollView-t.build/Objects-normal/arm64/RefreshableScrollView_const_extract_protocols.json -Xcc -I/Users/admin/builder/spi-builder-workspace/.derivedData/Build/Products/Debug-appletvos/include -Xcc -I/Users/admin/builder/spi-builder-workspace/.derivedData/Build/Intermediates.noindex/RefreshableScrollView.build/Debug-appletvos/RefreshableScrollView-t.build/DerivedSources-normal/arm64 -Xcc -I/Users/admin/builder/spi-builder-workspace/.derivedData/Build/Intermediates.noindex/RefreshableScrollView.build/Debug-appletvos/RefreshableScrollView-t.build/DerivedSources/arm64 -Xcc -I/Users/admin/builder/spi-builder-workspace/.derivedData/Build/Intermediates.noindex/RefreshableScrollView.build/Debug-appletvos/RefreshableScrollView-t.build/DerivedSources -Xcc -DSWIFT_PACKAGE -Xcc -DDEBUG\=1 -emit-objc-header -emit-objc-header-path /Users/admin/builder/spi-builder-workspace/.derivedData/Build/Intermediates.noindex/RefreshableScrollView.build/Debug-appletvos/RefreshableScrollView-t.build/Objects-normal/arm64/RefreshableScrollView-Swift.h -working-directory /Users/admin/builder/spi-builder-workspace/.swiftpm/xcode -experimental-emit-module-separately -disable-cmo
SwiftDriver Matchable normal arm64 com.apple.xcode.tools.swift.compiler (in target 'Matchable' from project 'Matchable')
cd /Users/admin/builder/spi-builder-workspace/.swiftpm/xcode
builtin-SwiftDriver -- /Applications/Xcode-27.0.0-Release.Candidate.app/Contents/Developer/Toolchains/XcodeDefault.xctoolchain/usr/bin/swiftc -parse-as-library -module-name Matchable -Onone @/Users/admin/builder/spi-builder-workspace/.derivedData/Build/Intermediates.noindex/Matchable.build/Debug-appletvos/Matchable-t.build/Objects-normal/arm64/Matchable.SwiftFileList -DSWIFT_PACKAGE -DDEBUG -DSWIFT_MODULE_RESOURCE_BUNDLE_UNAVAILABLE -DXcode -plugin-path /Applications/Xcode-27.0.0-Release.Candidate.app/Contents/Developer/Toolchains/XcodeDefault.xctoolchain/usr/lib/swift/host/plugins/testing -enable-experimental-feature DebugDescriptionMacro -sdk /Applications/Xcode-27.0.0-Release.Candidate.app/Contents/Developer/Platforms/AppleTVOS.platform/Developer/SDKs/AppleTVOS27.0.sdk -target arm64-apple-tvos15.0 -g -module-cache-path /Users/admin/builder/spi-builder-workspace/.derivedData/ModuleCache.noindex -Xfrontend -serialize-debugging-options -enable-testing -suppress-warnings -index-store-path /Users/admin/builder/spi-builder-workspace/.derivedData/Index.noindex/DataStore -Xcc -D_LIBCPP_HARDENING_MODE\=_LIBCPP_HARDENING_MODE_DEBUG -swift-version 5 -I /Users/admin/builder/spi-builder-workspace/.derivedData/Build/Products/Debug-appletvos -Isystem /Applications/Xcode-27.0.0-Release.Candidate.app/Contents/Developer/Platforms/AppleTVOS.platform/Developer/usr/lib -F /Users/admin/builder/spi-builder-workspace/.derivedData/Build/Products/Debug-appletvos -F /Applications/Xcode-27.0.0-Release.Candidate.app/Contents/Developer/Platforms/AppleTVOS.platform/Developer/Library/Frameworks -F /Applications/Xcode-27.0.0-Release.Candidate.app/Contents/Developer/Platforms/AppleTVOS.platform/Developer/SDKs/AppleTVOS27.0.sdk/Developer/Library/Frameworks -c -j10 -enable-batch-mode -incremental -Xcc -ivfsstatcache -Xcc /Users/admin/builder/spi-builder-workspace/.derivedData/SDKStatCaches.noindex/appletvos27.0-24J360-e829b21a6f8c9b70876ba0858053c044b32bfd8d43560033f8d89884cdb90028.sdkstatcache -output-file-map /Users/admin/builder/spi-builder-workspace/.derivedData/Build/Intermediates.noindex/Matchable.build/Debug-appletvos/Matchable-t.build/Objects-normal/arm64/Matchable-OutputFileMap.json -save-temps -no-color-diagnostics -explicit-module-build -module-cache-path /Users/admin/builder/spi-builder-workspace/.derivedData/Build/Intermediates.noindex/SwiftExplicitPrecompiledModules -clang-scanner-module-cache-path /Users/admin/builder/spi-builder-workspace/.derivedData/ModuleCache.noindex -sdk-module-cache-path /Users/admin/builder/spi-builder-workspace/.derivedData/SDKExplicitPrecompiledModules -emit-dependencies -emit-module -emit-module-path /Users/admin/builder/spi-builder-workspace/.derivedData/Build/Intermediates.noindex/Matchable.build/Debug-appletvos/Matchable-t.build/Objects-normal/arm64/Matchable.swiftmodule -serialize-diagnostics -dependency-scan-serialize-diagnostics-path /Users/admin/builder/spi-builder-workspace/.derivedData/Build/Intermediates.noindex/Matchable.build/Debug-appletvos/Matchable-t.build/Objects-normal/arm64/Matchable-dependency-scan.dia -validate-clang-modules-once -clang-build-session-file /Users/admin/builder/spi-builder-workspace/.derivedData/ModuleCache.noindex/Session.modulevalidation -Xcc -fmodules-prune-interval\=86400 -Xcc -fmodules-prune-after\=345600 -emit-const-values -const-gather-protocols-list /Users/admin/builder/spi-builder-workspace/.derivedData/Build/Intermediates.noindex/Matchable.build/Debug-appletvos/Matchable-t.build/Objects-normal/arm64/Matchable_const_extract_protocols.json -Xcc -I/Users/admin/builder/spi-builder-workspace/.derivedData/Build/Products/Debug-appletvos/include -Xcc -I/Users/admin/builder/spi-builder-workspace/.derivedData/Build/Intermediates.noindex/Matchable.build/Debug-appletvos/Matchable-t.build/DerivedSources-normal/arm64 -Xcc -I/Users/admin/builder/spi-builder-workspace/.derivedData/Build/Intermediates.noindex/Matchable.build/Debug-appletvos/Matchable-t.build/DerivedSources/arm64 -Xcc -I/Users/admin/builder/spi-builder-workspace/.derivedData/Build/Intermediates.noindex/Matchable.build/Debug-appletvos/Matchable-t.build/DerivedSources -Xcc -DSWIFT_PACKAGE -Xcc -DDEBUG\=1 -emit-objc-header -emit-objc-header-path /Users/admin/builder/spi-builder-workspace/.derivedData/Build/Intermediates.noindex/Matchable.build/Debug-appletvos/Matchable-t.build/Objects-normal/arm64/Matchable-Swift.h -working-directory /Users/admin/builder/spi-builder-workspace/.swiftpm/xcode -experimental-emit-module-separately -disable-cmo
SwiftExplicitDependencyGeneratePcm arm64 /Users/admin/builder/spi-builder-workspace/.derivedData/SDKExplicitPrecompiledModules/SwiftShims-8N4EXJ4RUJTR8K9OO3CMOH1EP.pcm
SwiftExplicitDependencyGeneratePcm arm64 /Users/admin/builder/spi-builder-workspace/.derivedData/SDKExplicitPrecompiledModules/_Builtin_stdbool-AHRDH5EKLY6D04C5E42F3VCQI.pcm
SwiftExplicitDependencyGeneratePcm arm64 /Users/admin/builder/spi-builder-workspace/.derivedData/SDKExplicitPrecompiledModules/_AvailabilityInternal-BV2EDDP0MI5QJDDPEEV4D9D3V.pcm
SwiftExplicitDependencyGeneratePcm arm64 /Users/admin/builder/spi-builder-workspace/.derivedData/SDKExplicitPrecompiledModules/_SwiftConcurrencyShims-BY5PD8KF1L5KF6F4Q69HE3TJ4.pcm
SwiftExplicitDependencyGeneratePcm arm64 /Users/admin/builder/spi-builder-workspace/.derivedData/SDKExplicitPrecompiledModules/ptrcheck-2AZ6B5IBYD3RRRTFWN2ONASY3.pcm
SwiftExplicitDependencyGeneratePcm arm64 /Users/admin/builder/spi-builder-workspace/.derivedData/SDKExplicitPrecompiledModules/_Builtin_float-8ZJAYZ85YBOAOP52Y9H6IUNP3.pcm
SwiftExplicitDependencyGeneratePcm arm64 /Users/admin/builder/spi-builder-workspace/.derivedData/SDKExplicitPrecompiledModules/ptrauth-8X2KEPL7CTRPS40TUB9APHPK6.pcm
SwiftExplicitDependencyGeneratePcm arm64 /Users/admin/builder/spi-builder-workspace/.derivedData/SDKExplicitPrecompiledModules/_Builtin_stddef-9ZJZ6FDEZNKTZU8YLPMFT9RAQ.pcm
SwiftExplicitDependencyGeneratePcm arm64 /Users/admin/builder/spi-builder-workspace/.derivedData/SDKExplicitPrecompiledModules/_Builtin_stdarg-BO2OCAUYVAXDRVQWQ8ISKGNUQ.pcm
SwiftExplicitDependencyGeneratePcm arm64 /Users/admin/builder/spi-builder-workspace/.derivedData/SDKExplicitPrecompiledModules/_DarwinFoundation1-JOTYMOA1YZCIJ2NON6FQ848O.pcm
SwiftExplicitDependencyGeneratePcm arm64 /Users/admin/builder/spi-builder-workspace/.derivedData/SDKExplicitPrecompiledModules/_DarwinFoundation2-AOGAN1O02NKXRJN5V73AV3V3M.pcm
SwiftExplicitDependencyGeneratePcm arm64 /Users/admin/builder/spi-builder-workspace/.derivedData/SDKExplicitPrecompiledModules/_Builtin_limits-7JU2HP127LIT1X9E2V3D8WZ1.pcm
SwiftExplicitDependencyGeneratePcm arm64 /Users/admin/builder/spi-builder-workspace/.derivedData/SDKExplicitPrecompiledModules/_Builtin_stdint-6NFTB6IBKS143IVPGT1EKB7HO.pcm
SwiftExplicitDependencyGeneratePcm arm64 /Users/admin/builder/spi-builder-workspace/.derivedData/SDKExplicitPrecompiledModules/string_h-6EVHP7A717OUS5DMC78F79HWO.pcm
SwiftExplicitDependencyGeneratePcm arm64 /Users/admin/builder/spi-builder-workspace/.derivedData/SDKExplicitPrecompiledModules/sys_types-8GCAV1YMG5UUGHUID3CA20TCH.pcm
SwiftExplicitDependencyGeneratePcm arm64 /Users/admin/builder/spi-builder-workspace/.derivedData/SDKExplicitPrecompiledModules/_Builtin_tgmath-7ULT1EUHDHW4OZPSTT33H6QGE.pcm
SwiftExplicitDependencyGeneratePcm arm64 /Users/admin/builder/spi-builder-workspace/.derivedData/SDKExplicitPrecompiledModules/DeveloperToolsSupport-B1X8RI63V48AJRTH2RK6JAARV.pcm
SwiftExplicitDependencyGeneratePcm arm64 /Users/admin/builder/spi-builder-workspace/.derivedData/SDKExplicitPrecompiledModules/_Builtin_stdatomic-3YXHN678NGYM3NL9POJ2HVEIF.pcm
SwiftExplicitDependencyGeneratePcm arm64 /Users/admin/builder/spi-builder-workspace/.derivedData/SDKExplicitPrecompiledModules/_DarwinFoundation3-8SR3855WDFHQPR6G9GHOI2C07.pcm
SwiftExplicitDependencyGeneratePcm arm64 /Users/admin/builder/spi-builder-workspace/.derivedData/SDKExplicitPrecompiledModules/_Builtin_intrinsics-437O2R2NID4WAQVENR63GR82C.pcm
SwiftExplicitDependencyGeneratePcm arm64 /Users/admin/builder/spi-builder-workspace/.derivedData/SDKExplicitPrecompiledModules/_Builtin_inttypes-6X1IQ3QK9KEVKXOK9Y79EW7J3.pcm
SwiftExplicitDependencyGeneratePcm arm64 /Users/admin/builder/spi-builder-workspace/.derivedData/SDKExplicitPrecompiledModules/Darwin-DBSQAVBBPC3D2OMU5ZI2RXMST.pcm
SwiftExplicitDependencyGeneratePcm arm64 /Users/admin/builder/spi-builder-workspace/.derivedData/SDKExplicitPrecompiledModules/simd-117QUXEUT3Z7UQCUYWV2UA228.pcm
SwiftExplicitDependencyGeneratePcm arm64 /Users/admin/builder/spi-builder-workspace/.derivedData/SDKExplicitPrecompiledModules/MachO-EH3F5PJCIZG05NO51CEFSZYPW.pcm
SwiftExplicitDependencyGeneratePcm arm64 /Users/admin/builder/spi-builder-workspace/.derivedData/SDKExplicitPrecompiledModules/ObjectiveC-5250FDCE56N8508OR6XUYDKZM.pcm
SwiftExplicitDependencyGeneratePcm arm64 /Users/admin/builder/spi-builder-workspace/.derivedData/SDKExplicitPrecompiledModules/os_object-E2DGZ0SX0TULQHULZRPO6OKNW.pcm
SwiftExplicitDependencyGeneratePcm arm64 /Users/admin/builder/spi-builder-workspace/.derivedData/SDKExplicitPrecompiledModules/os_workgroup-DBUFF7811DKMX7VPBOJPGGF1U.pcm
SwiftExplicitDependencyGeneratePcm arm64 /Users/admin/builder/spi-builder-workspace/.derivedData/SDKExplicitPrecompiledModules/Spatial-7U8NLEFXSB8BR7PJQGVMF5A4Q.pcm
SwiftExplicitDependencyGeneratePcm arm64 /Users/admin/builder/spi-builder-workspace/.derivedData/SDKExplicitPrecompiledModules/Dispatch-1QL58A0V50C39KVAIC6C38SHL.pcm
SwiftExplicitDependencyGeneratePcm arm64 /Users/admin/builder/spi-builder-workspace/.derivedData/SDKExplicitPrecompiledModules/XPC-6O2DJFT3QUJ7QKTD3SNUB6PCR.pcm
SwiftExplicitDependencyGeneratePcm arm64 /Users/admin/builder/spi-builder-workspace/.derivedData/SDKExplicitPrecompiledModules/CoreFoundation-7TPJ7ENDC4L1A1ESHYI9TXS0D.pcm
SwiftExplicitDependencyGeneratePcm arm64 /Users/admin/builder/spi-builder-workspace/.derivedData/SDKExplicitPrecompiledModules/os-3GJI8H0BNAEZPQPQ1V0VVY3FY.pcm
SwiftExplicitDependencyGeneratePcm arm64 /Users/admin/builder/spi-builder-workspace/.derivedData/SDKExplicitPrecompiledModules/CoreAudioTypes-E7EH96HAL3G83QSWLT7VWYIP4.pcm
SwiftExplicitDependencyGeneratePcm arm64 /Users/admin/builder/spi-builder-workspace/.derivedData/SDKExplicitPrecompiledModules/CoreGraphics-CWSP3J98S2658BYCVL6RP99T3.pcm
SwiftExplicitDependencyGeneratePcm arm64 /Users/admin/builder/spi-builder-workspace/.derivedData/SDKExplicitPrecompiledModules/Security-8VMXEKVDA3MHUH9AOTP905DID.pcm
SwiftExplicitDependencyGeneratePcm arm64 /Users/admin/builder/spi-builder-workspace/.derivedData/SDKExplicitPrecompiledModules/CFNetwork-2CUR2VK9S3S3WPFXPNXNUWYGN.pcm
SwiftExplicitDependencyGeneratePcm arm64 /Users/admin/builder/spi-builder-workspace/.derivedData/SDKExplicitPrecompiledModules/CoreAudio-6IR1XRM0Q9YQZMFW89F3H4V3X.pcm
SwiftExplicitDependencyGeneratePcm arm64 /Users/admin/builder/spi-builder-workspace/.derivedData/SDKExplicitPrecompiledModules/Foundation-BSSIP64DIGUKMAYJOG1WPQ78X.pcm
SwiftExplicitDependencyGeneratePcm arm64 /Users/admin/builder/spi-builder-workspace/.derivedData/SDKExplicitPrecompiledModules/CoreText-59NY7PABM0I4V978161FOC04A.pcm
SwiftExplicitDependencyGeneratePcm arm64 /Users/admin/builder/spi-builder-workspace/.derivedData/SDKExplicitPrecompiledModules/ImageIO-88D4CLEBD4CLWQKT78PZ6H1O8.pcm
SwiftExplicitDependencyGeneratePcm arm64 /Users/admin/builder/spi-builder-workspace/.derivedData/SDKExplicitPrecompiledModules/UserNotifications-E9ZW5TH066WIJWH9080RC5NG4.pcm
SwiftExplicitDependencyGeneratePcm arm64 /Users/admin/builder/spi-builder-workspace/.derivedData/SDKExplicitPrecompiledModules/Symbols-B5AU9VM9Y7NU79RLMH13Z4IFM.pcm
SwiftExplicitDependencyGeneratePcm arm64 /Users/admin/builder/spi-builder-workspace/.derivedData/SDKExplicitPrecompiledModules/CoreTransferable-7V4O8DATEQ9F7SDNTCW8YWLG3.pcm
SwiftExplicitDependencyGeneratePcm arm64 /Users/admin/builder/spi-builder-workspace/.derivedData/SDKExplicitPrecompiledModules/IOSurface-38FJ1CKX9FV2RD97O64Z7QB17.pcm
SwiftExplicitDependencyGeneratePcm arm64 /Users/admin/builder/spi-builder-workspace/.derivedData/SDKExplicitPrecompiledModules/OSLog-7OT6HHTMY0ZFEQJ095LJZ6NLC.pcm
SwiftExplicitDependencyGeneratePcm arm64 /Users/admin/builder/spi-builder-workspace/.derivedData/SDKExplicitPrecompiledModules/DataDetection-37JIYZ2GWDA1L166PP1D9JKAF.pcm
SwiftExplicitDependencyGeneratePcm arm64 /Users/admin/builder/spi-builder-workspace/.derivedData/SDKExplicitPrecompiledModules/Accessibility-B6BODGZ4MQQTY0PBC4SHRP009.pcm
SwiftExplicitDependencyGeneratePcm arm64 /Users/admin/builder/spi-builder-workspace/.derivedData/SDKExplicitPrecompiledModules/_LocationEssentials-ETSJ65FELPWR8WH8G49R1DF2E.pcm
SwiftExplicitDependencyGeneratePcm arm64 /Users/admin/builder/spi-builder-workspace/.derivedData/SDKExplicitPrecompiledModules/UIUtilities-6ZFJ1AK4H8IBGEBMYQBWGBYLK.pcm
SwiftEmitModule normal arm64 Emitting\ module\ for\ Matchable (in target 'Matchable' from project 'Matchable')
SwiftCompile normal arm64 (in target 'Matchable' from project 'Matchable')
cd /Users/admin/builder/spi-builder-workspace/.swiftpm/xcode
SwiftExplicitDependencyGeneratePcm arm64 /Users/admin/builder/spi-builder-workspace/.derivedData/SDKExplicitPrecompiledModules/CoreData-DYMPHH3PH8AX9I1FHA4VFJ675.pcm
SwiftExplicitDependencyGeneratePcm arm64 /Users/admin/builder/spi-builder-workspace/.derivedData/SDKExplicitPrecompiledModules/UniformTypeIdentifiers-95CC8U42ZA9STP5K6GP9ZVJS5.pcm
SwiftCompile normal arm64 Compiling\ MatchFailedError.swift /Users/admin/builder/spi-builder-workspace/.dependencies/checkouts/Matchable/Sources/Matchable/MatchFailedError.swift (in target 'Matchable' from project 'Matchable')
SwiftCompile normal arm64 /Users/admin/builder/spi-builder-workspace/.dependencies/checkouts/Matchable/Sources/Matchable/MatchFailedError.swift (in target 'Matchable' from project 'Matchable')
cd /Users/admin/builder/spi-builder-workspace/.swiftpm/xcode
builtin-SwiftPerFileCompile MatchFailedError.swift
SwiftCompile normal arm64 Compiling\ Integer+Matchable.swift /Users/admin/builder/spi-builder-workspace/.dependencies/checkouts/Matchable/Sources/Matchable/Integer+Matchable.swift (in target 'Matchable' from project 'Matchable')
SwiftCompile normal arm64 /Users/admin/builder/spi-builder-workspace/.dependencies/checkouts/Matchable/Sources/Matchable/Integer+Matchable.swift (in target 'Matchable' from project 'Matchable')
cd /Users/admin/builder/spi-builder-workspace/.swiftpm/xcode
builtin-SwiftPerFileCompile Integer+Matchable.swift
SwiftExplicitDependencyGeneratePcm arm64 /Users/admin/builder/spi-builder-workspace/.derivedData/SDKExplicitPrecompiledModules/CoreLocation-YVXXAOMVX0JH2KO1XTTKTY51.pcm
SwiftCompile normal arm64 Compiling\ Optional+Matchable.swift /Users/admin/builder/spi-builder-workspace/.dependencies/checkouts/Matchable/Sources/Matchable/Optional+Matchable.swift (in target 'Matchable' from project 'Matchable')
SwiftCompile normal arm64 /Users/admin/builder/spi-builder-workspace/.dependencies/checkouts/Matchable/Sources/Matchable/Optional+Matchable.swift (in target 'Matchable' from project 'Matchable')
cd /Users/admin/builder/spi-builder-workspace/.swiftpm/xcode
builtin-SwiftPerFileCompile Optional+Matchable.swift
SwiftCompile normal arm64 Compiling\ MatchableCompound.swift /Users/admin/builder/spi-builder-workspace/.dependencies/checkouts/Matchable/Sources/Matchable/MatchableCompound.swift (in target 'Matchable' from project 'Matchable')
SwiftCompile normal arm64 /Users/admin/builder/spi-builder-workspace/.dependencies/checkouts/Matchable/Sources/Matchable/MatchableCompound.swift (in target 'Matchable' from project 'Matchable')
cd /Users/admin/builder/spi-builder-workspace/.swiftpm/xcode
builtin-SwiftPerFileCompile MatchableCompound.swift
SwiftExplicitDependencyGeneratePcm arm64 /Users/admin/builder/spi-builder-workspace/.derivedData/SDKExplicitPrecompiledModules/Metal-2KYBS7IML1SD788M91YV7Q0CC.pcm
SwiftExplicitDependencyGeneratePcm arm64 /Users/admin/builder/spi-builder-workspace/.derivedData/SDKExplicitPrecompiledModules/OpenGLES-4NY99CNDU9WUNUYEIXSS1QFGE.pcm
SwiftCompile normal arm64 Compiling\ FloatingPoint+Matchable.swift /Users/admin/builder/spi-builder-workspace/.dependencies/checkouts/Matchable/Sources/Matchable/FloatingPoint+Matchable.swift (in target 'Matchable' from project 'Matchable')
SwiftCompile normal arm64 /Users/admin/builder/spi-builder-workspace/.dependencies/checkouts/Matchable/Sources/Matchable/FloatingPoint+Matchable.swift (in target 'Matchable' from project 'Matchable')
cd /Users/admin/builder/spi-builder-workspace/.swiftpm/xcode
builtin-SwiftPerFileCompile FloatingPoint+Matchable.swift
SwiftCompile normal arm64 Compiling\ String+Matchable.swift /Users/admin/builder/spi-builder-workspace/.dependencies/checkouts/Matchable/Sources/Matchable/String+Matchable.swift (in target 'Matchable' from project 'Matchable')
SwiftCompile normal arm64 /Users/admin/builder/spi-builder-workspace/.dependencies/checkouts/Matchable/Sources/Matchable/String+Matchable.swift (in target 'Matchable' from project 'Matchable')
cd /Users/admin/builder/spi-builder-workspace/.swiftpm/xcode
builtin-SwiftPerFileCompile String+Matchable.swift
SwiftCompile normal arm64 Compiling\ Bool+Matchable.swift,\ Collections+Matchable.swift /Users/admin/builder/spi-builder-workspace/.dependencies/checkouts/Matchable/Sources/Matchable/Bool+Matchable.swift /Users/admin/builder/spi-builder-workspace/.dependencies/checkouts/Matchable/Sources/Matchable/Collections+Matchable.swift (in target 'Matchable' from project 'Matchable')
SwiftCompile normal arm64 /Users/admin/builder/spi-builder-workspace/.dependencies/checkouts/Matchable/Sources/Matchable/Bool+Matchable.swift (in target 'Matchable' from project 'Matchable')
cd /Users/admin/builder/spi-builder-workspace/.swiftpm/xcode
builtin-SwiftPerFileCompile Bool+Matchable.swift
SwiftCompile normal arm64 /Users/admin/builder/spi-builder-workspace/.dependencies/checkouts/Matchable/Sources/Matchable/Collections+Matchable.swift (in target 'Matchable' from project 'Matchable')
cd /Users/admin/builder/spi-builder-workspace/.swiftpm/xcode
builtin-SwiftPerFileCompile Collections+Matchable.swift
SwiftCompile normal arm64 Compiling\ Matchable.swift /Users/admin/builder/spi-builder-workspace/.dependencies/checkouts/Matchable/Sources/Matchable/Matchable.swift (in target 'Matchable' from project 'Matchable')
SwiftCompile normal arm64 /Users/admin/builder/spi-builder-workspace/.dependencies/checkouts/Matchable/Sources/Matchable/Matchable.swift (in target 'Matchable' from project 'Matchable')
cd /Users/admin/builder/spi-builder-workspace/.swiftpm/xcode
builtin-SwiftPerFileCompile Matchable.swift
SwiftCompile normal arm64 Compiling\ Date+Matchable.swift /Users/admin/builder/spi-builder-workspace/.dependencies/checkouts/Matchable/Sources/Matchable/Date+Matchable.swift (in target 'Matchable' from project 'Matchable')
SwiftCompile normal arm64 /Users/admin/builder/spi-builder-workspace/.dependencies/checkouts/Matchable/Sources/Matchable/Date+Matchable.swift (in target 'Matchable' from project 'Matchable')
cd /Users/admin/builder/spi-builder-workspace/.swiftpm/xcode
builtin-SwiftPerFileCompile Date+Matchable.swift
SwiftDriverJobDiscovery normal arm64 Emitting module for Matchable (in target 'Matchable' from project 'Matchable')
SwiftDriver\ Compilation\ Requirements Matchable normal arm64 com.apple.xcode.tools.swift.compiler (in target 'Matchable' from project 'Matchable')
cd /Users/admin/builder/spi-builder-workspace/.swiftpm/xcode
builtin-Swift-Compilation-Requirements -- /Applications/Xcode-27.0.0-Release.Candidate.app/Contents/Developer/Toolchains/XcodeDefault.xctoolchain/usr/bin/swiftc -parse-as-library -module-name Matchable -Onone @/Users/admin/builder/spi-builder-workspace/.derivedData/Build/Intermediates.noindex/Matchable.build/Debug-appletvos/Matchable-t.build/Objects-normal/arm64/Matchable.SwiftFileList -DSWIFT_PACKAGE -DDEBUG -DSWIFT_MODULE_RESOURCE_BUNDLE_UNAVAILABLE -DXcode -plugin-path /Applications/Xcode-27.0.0-Release.Candidate.app/Contents/Developer/Toolchains/XcodeDefault.xctoolchain/usr/lib/swift/host/plugins/testing -enable-experimental-feature DebugDescriptionMacro -sdk /Applications/Xcode-27.0.0-Release.Candidate.app/Contents/Developer/Platforms/AppleTVOS.platform/Developer/SDKs/AppleTVOS27.0.sdk -target arm64-apple-tvos15.0 -g -module-cache-path /Users/admin/builder/spi-builder-workspace/.derivedData/ModuleCache.noindex -Xfrontend -serialize-debugging-options -enable-testing -suppress-warnings -index-store-path /Users/admin/builder/spi-builder-workspace/.derivedData/Index.noindex/DataStore -Xcc -D_LIBCPP_HARDENING_MODE\=_LIBCPP_HARDENING_MODE_DEBUG -swift-version 5 -I /Users/admin/builder/spi-builder-workspace/.derivedData/Build/Products/Debug-appletvos -Isystem /Applications/Xcode-27.0.0-Release.Candidate.app/Contents/Developer/Platforms/AppleTVOS.platform/Developer/usr/lib -F /Users/admin/builder/spi-builder-workspace/.derivedData/Build/Products/Debug-appletvos -F /Applications/Xcode-27.0.0-Release.Candidate.app/Contents/Developer/Platforms/AppleTVOS.platform/Developer/Library/Frameworks -F /Applications/Xcode-27.0.0-Release.Candidate.app/Contents/Developer/Platforms/AppleTVOS.platform/Developer/SDKs/AppleTVOS27.0.sdk/Developer/Library/Frameworks -c -j10 -enable-batch-mode -incremental -Xcc -ivfsstatcache -Xcc /Users/admin/builder/spi-builder-workspace/.derivedData/SDKStatCaches.noindex/appletvos27.0-24J360-e829b21a6f8c9b70876ba0858053c044b32bfd8d43560033f8d89884cdb90028.sdkstatcache -output-file-map /Users/admin/builder/spi-builder-workspace/.derivedData/Build/Intermediates.noindex/Matchable.build/Debug-appletvos/Matchable-t.build/Objects-normal/arm64/Matchable-OutputFileMap.json -save-temps -no-color-diagnostics -explicit-module-build -module-cache-path /Users/admin/builder/spi-builder-workspace/.derivedData/Build/Intermediates.noindex/SwiftExplicitPrecompiledModules -clang-scanner-module-cache-path /Users/admin/builder/spi-builder-workspace/.derivedData/ModuleCache.noindex -sdk-module-cache-path /Users/admin/builder/spi-builder-workspace/.derivedData/SDKExplicitPrecompiledModules -emit-dependencies -emit-module -emit-module-path /Users/admin/builder/spi-builder-workspace/.derivedData/Build/Intermediates.noindex/Matchable.build/Debug-appletvos/Matchable-t.build/Objects-normal/arm64/Matchable.swiftmodule -serialize-diagnostics -dependency-scan-serialize-diagnostics-path /Users/admin/builder/spi-builder-workspace/.derivedData/Build/Intermediates.noindex/Matchable.build/Debug-appletvos/Matchable-t.build/Objects-normal/arm64/Matchable-dependency-scan.dia -validate-clang-modules-once -clang-build-session-file /Users/admin/builder/spi-builder-workspace/.derivedData/ModuleCache.noindex/Session.modulevalidation -Xcc -fmodules-prune-interval\=86400 -Xcc -fmodules-prune-after\=345600 -emit-const-values -const-gather-protocols-list /Users/admin/builder/spi-builder-workspace/.derivedData/Build/Intermediates.noindex/Matchable.build/Debug-appletvos/Matchable-t.build/Objects-normal/arm64/Matchable_const_extract_protocols.json -Xcc -I/Users/admin/builder/spi-builder-workspace/.derivedData/Build/Products/Debug-appletvos/include -Xcc -I/Users/admin/builder/spi-builder-workspace/.derivedData/Build/Intermediates.noindex/Matchable.build/Debug-appletvos/Matchable-t.build/DerivedSources-normal/arm64 -Xcc -I/Users/admin/builder/spi-builder-workspace/.derivedData/Build/Intermediates.noindex/Matchable.build/Debug-appletvos/Matchable-t.build/DerivedSources/arm64 -Xcc -I/Users/admin/builder/spi-builder-workspace/.derivedData/Build/Intermediates.noindex/Matchable.build/Debug-appletvos/Matchable-t.build/DerivedSources -Xcc -DSWIFT_PACKAGE -Xcc -DDEBUG\=1 -emit-objc-header -emit-objc-header-path /Users/admin/builder/spi-builder-workspace/.derivedData/Build/Intermediates.noindex/Matchable.build/Debug-appletvos/Matchable-t.build/Objects-normal/arm64/Matchable-Swift.h -working-directory /Users/admin/builder/spi-builder-workspace/.swiftpm/xcode -experimental-emit-module-separately -disable-cmo
SwiftExplicitDependencyGeneratePcm arm64 /Users/admin/builder/spi-builder-workspace/.derivedData/SDKExplicitPrecompiledModules/CoreVideo-DPU0PB5X0XLSVA2ETRGI6FJBM.pcm
SwiftMergeGeneratedHeaders /Users/admin/builder/spi-builder-workspace/.derivedData/Build/Intermediates.noindex/GeneratedModuleMaps-appletvos/Matchable-Swift.h /Users/admin/builder/spi-builder-workspace/.derivedData/Build/Intermediates.noindex/Matchable.build/Debug-appletvos/Matchable-t.build/Objects-normal/arm64/Matchable-Swift.h (in target 'Matchable' from project 'Matchable')
cd /Users/admin/builder/spi-builder-workspace/.dependencies/checkouts/Matchable
builtin-swiftHeaderTool -arch arm64 /Users/admin/builder/spi-builder-workspace/.derivedData/Build/Intermediates.noindex/Matchable.build/Debug-appletvos/Matchable-t.build/Objects-normal/arm64/Matchable-Swift.h -o /Users/admin/builder/spi-builder-workspace/.derivedData/Build/Intermediates.noindex/GeneratedModuleMaps-appletvos/Matchable-Swift.h
Copy /Users/admin/builder/spi-builder-workspace/.derivedData/Build/Products/Debug-appletvos/Matchable.swiftmodule/arm64-apple-tvos.swiftmodule /Users/admin/builder/spi-builder-workspace/.derivedData/Build/Intermediates.noindex/Matchable.build/Debug-appletvos/Matchable-t.build/Objects-normal/arm64/Matchable.swiftmodule (in target 'Matchable' from project 'Matchable')
cd /Users/admin/builder/spi-builder-workspace/.dependencies/checkouts/Matchable
builtin-copy -exclude .DS_Store -exclude CVS -exclude .svn -exclude .git -exclude .hg -resolve-src-symlinks -rename /Users/admin/builder/spi-builder-workspace/.derivedData/Build/Intermediates.noindex/Matchable.build/Debug-appletvos/Matchable-t.build/Objects-normal/arm64/Matchable.swiftmodule /Users/admin/builder/spi-builder-workspace/.derivedData/Build/Products/Debug-appletvos/Matchable.swiftmodule/arm64-apple-tvos.swiftmodule
Copy /Users/admin/builder/spi-builder-workspace/.derivedData/Build/Products/Debug-appletvos/Matchable.swiftmodule/arm64-apple-tvos.swiftdoc /Users/admin/builder/spi-builder-workspace/.derivedData/Build/Intermediates.noindex/Matchable.build/Debug-appletvos/Matchable-t.build/Objects-normal/arm64/Matchable.swiftdoc (in target 'Matchable' from project 'Matchable')
cd /Users/admin/builder/spi-builder-workspace/.dependencies/checkouts/Matchable
builtin-copy -exclude .DS_Store -exclude CVS -exclude .svn -exclude .git -exclude .hg -resolve-src-symlinks -rename /Users/admin/builder/spi-builder-workspace/.derivedData/Build/Intermediates.noindex/Matchable.build/Debug-appletvos/Matchable-t.build/Objects-normal/arm64/Matchable.swiftdoc /Users/admin/builder/spi-builder-workspace/.derivedData/Build/Products/Debug-appletvos/Matchable.swiftmodule/arm64-apple-tvos.swiftdoc
Copy /Users/admin/builder/spi-builder-workspace/.derivedData/Build/Products/Debug-appletvos/Matchable.swiftmodule/arm64-apple-tvos.abi.json /Users/admin/builder/spi-builder-workspace/.derivedData/Build/Intermediates.noindex/Matchable.build/Debug-appletvos/Matchable-t.build/Objects-normal/arm64/Matchable.abi.json (in target 'Matchable' from project 'Matchable')
cd /Users/admin/builder/spi-builder-workspace/.dependencies/checkouts/Matchable
builtin-copy -exclude .DS_Store -exclude CVS -exclude .svn -exclude .git -exclude .hg -resolve-src-symlinks -rename /Users/admin/builder/spi-builder-workspace/.derivedData/Build/Intermediates.noindex/Matchable.build/Debug-appletvos/Matchable-t.build/Objects-normal/arm64/Matchable.abi.json /Users/admin/builder/spi-builder-workspace/.derivedData/Build/Products/Debug-appletvos/Matchable.swiftmodule/arm64-apple-tvos.abi.json
Copy /Users/admin/builder/spi-builder-workspace/.derivedData/Build/Products/Debug-appletvos/Matchable.swiftmodule/Project/arm64-apple-tvos.swiftsourceinfo /Users/admin/builder/spi-builder-workspace/.derivedData/Build/Intermediates.noindex/Matchable.build/Debug-appletvos/Matchable-t.build/Objects-normal/arm64/Matchable.swiftsourceinfo (in target 'Matchable' from project 'Matchable')
cd /Users/admin/builder/spi-builder-workspace/.dependencies/checkouts/Matchable
builtin-copy -exclude .DS_Store -exclude CVS -exclude .svn -exclude .git -exclude .hg -resolve-src-symlinks -rename /Users/admin/builder/spi-builder-workspace/.derivedData/Build/Intermediates.noindex/Matchable.build/Debug-appletvos/Matchable-t.build/Objects-normal/arm64/Matchable.swiftsourceinfo /Users/admin/builder/spi-builder-workspace/.derivedData/Build/Products/Debug-appletvos/Matchable.swiftmodule/Project/arm64-apple-tvos.swiftsourceinfo
SwiftExplicitDependencyGeneratePcm arm64 /Users/admin/builder/spi-builder-workspace/.derivedData/SDKExplicitPrecompiledModules/QuartzCore-DJSYAWKXFGVSAK5CQMOB3JSR.pcm
SwiftExplicitDependencyGeneratePcm arm64 /Users/admin/builder/spi-builder-workspace/.derivedData/SDKExplicitPrecompiledModules/CoreImage-7S2AFJ8EIY3DUFYLEAX1JR1QV.pcm
SwiftExplicitDependencyGeneratePcm arm64 /Users/admin/builder/spi-builder-workspace/.derivedData/SDKExplicitPrecompiledModules/SwiftUICore-543QU5V2NHKUFCYFJDKUJ7NYG.pcm
SwiftExplicitDependencyGeneratePcm arm64 /Users/admin/builder/spi-builder-workspace/.derivedData/SDKExplicitPrecompiledModules/UIKit-1TKWN7VC2X6N3ITMRVA2G0EB2.pcm
SwiftExplicitDependencyGeneratePcm arm64 /Users/admin/builder/spi-builder-workspace/.derivedData/SDKExplicitPrecompiledModules/CoreMedia-4OUKVT03LV547KZJDPPJRJ4F8.pcm
SwiftExplicitDependencyGeneratePcm arm64 /Users/admin/builder/spi-builder-workspace/.derivedData/SDKExplicitPrecompiledModules/SwiftUI-7BV1YDT6IZWW6B8OC6ENV0Y0F.pcm
SwiftEmitModule normal arm64 Emitting\ module\ for\ RefreshableScrollView (in target 'RefreshableScrollView' from project 'RefreshableScrollView')
SwiftCompile normal arm64 (in target 'RefreshableScrollView' from project 'RefreshableScrollView')
cd /Users/admin/builder/spi-builder-workspace/.swiftpm/xcode
SwiftCompile normal arm64 Compiling\ NativeRefreshableScrollView.swift /Users/admin/builder/spi-builder-workspace/Sources/RefreshableScrollView/NativeRefreshableScrollView.swift (in target 'RefreshableScrollView' from project 'RefreshableScrollView')
SwiftCompile normal arm64 /Users/admin/builder/spi-builder-workspace/Sources/RefreshableScrollView/NativeRefreshableScrollView.swift (in target 'RefreshableScrollView' from project 'RefreshableScrollView')
cd /Users/admin/builder/spi-builder-workspace/.swiftpm/xcode
builtin-SwiftPerFileCompile NativeRefreshableScrollView.swift
/Users/admin/builder/spi-builder-workspace/Sources/RefreshableScrollView/NativeRefreshableScrollView.swift:39:34: error: 'UIRefreshControl' is unavailable in tvOS
37 | func setup(for content: Content, refreshAction: RefreshAction?, showsIndicators: Bool, axes: Axis.Set) {
38 |
39 | let refreshControl = UIRefreshControl()
| `- error: 'UIRefreshControl' is unavailable in tvOS
40 |
41 | let action = UIAction { _ in
/Applications/Xcode-27.0.0-Release.Candidate.app/Contents/Developer/Platforms/AppleTVOS.platform/Developer/SDKs/AppleTVOS27.0.sdk/System/Library/Frameworks/UIKit.framework/Headers/UIRefreshControl.h:16:12: note: 'UIRefreshControl' has been explicitly marked unavailable here
14 |
15 | UIKIT_EXTERN API_AVAILABLE(ios(6.0)) API_UNAVAILABLE(tvos, watchos) NS_SWIFT_UI_ACTOR
16 | @interface UIRefreshControl : UIControl
| `- note: 'UIRefreshControl' has been explicitly marked unavailable here
17 |
18 | /* The designated initializer
/Users/admin/builder/spi-builder-workspace/Sources/RefreshableScrollView/NativeRefreshableScrollView.swift:52:24: error: 'refreshControl' is unavailable in tvOS
50 |
51 | let scrollView = UIScrollView()
52 | scrollView.refreshControl = refreshControl
| `- error: 'refreshControl' is unavailable in tvOS
53 | scrollView.showsVerticalScrollIndicator = showsIndicators && axes.contains(.vertical)
54 | scrollView.showsHorizontalScrollIndicator = showsIndicators && axes.contains(.horizontal)
/Applications/Xcode-27.0.0-Release.Candidate.app/Contents/Developer/Platforms/AppleTVOS.platform/Developer/SDKs/AppleTVOS27.0.sdk/System/Library/Frameworks/UIKit.framework/Headers/UIScrollView.h:286:59: note: 'refreshControl' has been explicitly marked unavailable here
284 | @property(nonatomic) UIScrollViewKeyboardDismissMode keyboardDismissMode API_AVAILABLE(ios(7.0)) API_UNAVAILABLE(visionos); // default is UIScrollViewKeyboardDismissModeNone
285 |
286 | @property (nonatomic, strong, nullable) UIRefreshControl *refreshControl API_AVAILABLE(ios(10.0)) API_UNAVAILABLE(tvos, watchos);
| `- note: 'refreshControl' has been explicitly marked unavailable here
287 |
288 | /// Set this to YES to make the scroll view animate its content offset in response to keys like Page Up/Down, Home/End, and the arrow keys.
SwiftDriverJobDiscovery normal arm64 Emitting module for RefreshableScrollView (in target 'RefreshableScrollView' from project 'RefreshableScrollView')
SwiftDriver\ Compilation\ Requirements RefreshableScrollView normal arm64 com.apple.xcode.tools.swift.compiler (in target 'RefreshableScrollView' from project 'RefreshableScrollView')
cd /Users/admin/builder/spi-builder-workspace/.swiftpm/xcode
builtin-Swift-Compilation-Requirements -- /Applications/Xcode-27.0.0-Release.Candidate.app/Contents/Developer/Toolchains/XcodeDefault.xctoolchain/usr/bin/swiftc -parse-as-library -module-name RefreshableScrollView -Onone @/Users/admin/builder/spi-builder-workspace/.derivedData/Build/Intermediates.noindex/RefreshableScrollView.build/Debug-appletvos/RefreshableScrollView-t.build/Objects-normal/arm64/RefreshableScrollView.SwiftFileList -DSWIFT_PACKAGE -DDEBUG -DSWIFT_MODULE_RESOURCE_BUNDLE_UNAVAILABLE -DXcode -plugin-path /Applications/Xcode-27.0.0-Release.Candidate.app/Contents/Developer/Toolchains/XcodeDefault.xctoolchain/usr/lib/swift/host/plugins/testing -enable-experimental-feature DebugDescriptionMacro -sdk /Applications/Xcode-27.0.0-Release.Candidate.app/Contents/Developer/Platforms/AppleTVOS.platform/Developer/SDKs/AppleTVOS27.0.sdk -target arm64-apple-tvos15.0 -g -module-cache-path /Users/admin/builder/spi-builder-workspace/.derivedData/ModuleCache.noindex -Xfrontend -serialize-debugging-options -enable-testing -index-store-path /Users/admin/builder/spi-builder-workspace/.derivedData/Index.noindex/DataStore -Xcc -D_LIBCPP_HARDENING_MODE\=_LIBCPP_HARDENING_MODE_DEBUG -swift-version 5 -I /Users/admin/builder/spi-builder-workspace/.derivedData/Build/Products/Debug-appletvos -Isystem /Applications/Xcode-27.0.0-Release.Candidate.app/Contents/Developer/Platforms/AppleTVOS.platform/Developer/usr/lib -F /Users/admin/builder/spi-builder-workspace/.derivedData/Build/Products/Debug-appletvos -F /Applications/Xcode-27.0.0-Release.Candidate.app/Contents/Developer/Platforms/AppleTVOS.platform/Developer/Library/Frameworks -F /Applications/Xcode-27.0.0-Release.Candidate.app/Contents/Developer/Platforms/AppleTVOS.platform/Developer/SDKs/AppleTVOS27.0.sdk/Developer/Library/Frameworks -c -j10 -enable-batch-mode -incremental -Xcc -ivfsstatcache -Xcc /Users/admin/builder/spi-builder-workspace/.derivedData/SDKStatCaches.noindex/appletvos27.0-24J360-e829b21a6f8c9b70876ba0858053c044b32bfd8d43560033f8d89884cdb90028.sdkstatcache -output-file-map /Users/admin/builder/spi-builder-workspace/.derivedData/Build/Intermediates.noindex/RefreshableScrollView.build/Debug-appletvos/RefreshableScrollView-t.build/Objects-normal/arm64/RefreshableScrollView-OutputFileMap.json -save-temps -no-color-diagnostics -explicit-module-build -module-cache-path /Users/admin/builder/spi-builder-workspace/.derivedData/Build/Intermediates.noindex/SwiftExplicitPrecompiledModules -clang-scanner-module-cache-path /Users/admin/builder/spi-builder-workspace/.derivedData/ModuleCache.noindex -sdk-module-cache-path /Users/admin/builder/spi-builder-workspace/.derivedData/SDKExplicitPrecompiledModules -emit-dependencies -emit-module -emit-module-path /Users/admin/builder/spi-builder-workspace/.derivedData/Build/Intermediates.noindex/RefreshableScrollView.build/Debug-appletvos/RefreshableScrollView-t.build/Objects-normal/arm64/RefreshableScrollView.swiftmodule -serialize-diagnostics -dependency-scan-serialize-diagnostics-path /Users/admin/builder/spi-builder-workspace/.derivedData/Build/Intermediates.noindex/RefreshableScrollView.build/Debug-appletvos/RefreshableScrollView-t.build/Objects-normal/arm64/RefreshableScrollView-dependency-scan.dia -validate-clang-modules-once -clang-build-session-file /Users/admin/builder/spi-builder-workspace/.derivedData/ModuleCache.noindex/Session.modulevalidation -Xcc -fmodules-prune-interval\=86400 -Xcc -fmodules-prune-after\=345600 -emit-const-values -const-gather-protocols-list /Users/admin/builder/spi-builder-workspace/.derivedData/Build/Intermediates.noindex/RefreshableScrollView.build/Debug-appletvos/RefreshableScrollView-t.build/Objects-normal/arm64/RefreshableScrollView_const_extract_protocols.json -Xcc -I/Users/admin/builder/spi-builder-workspace/.derivedData/Build/Products/Debug-appletvos/include -Xcc -I/Users/admin/builder/spi-builder-workspace/.derivedData/Build/Intermediates.noindex/RefreshableScrollView.build/Debug-appletvos/RefreshableScrollView-t.build/DerivedSources-normal/arm64 -Xcc -I/Users/admin/builder/spi-builder-workspace/.derivedData/Build/Intermediates.noindex/RefreshableScrollView.build/Debug-appletvos/RefreshableScrollView-t.build/DerivedSources/arm64 -Xcc -I/Users/admin/builder/spi-builder-workspace/.derivedData/Build/Intermediates.noindex/RefreshableScrollView.build/Debug-appletvos/RefreshableScrollView-t.build/DerivedSources -Xcc -DSWIFT_PACKAGE -Xcc -DDEBUG\=1 -emit-objc-header -emit-objc-header-path /Users/admin/builder/spi-builder-workspace/.derivedData/Build/Intermediates.noindex/RefreshableScrollView.build/Debug-appletvos/RefreshableScrollView-t.build/Objects-normal/arm64/RefreshableScrollView-Swift.h -working-directory /Users/admin/builder/spi-builder-workspace/.swiftpm/xcode -experimental-emit-module-separately -disable-cmo
SwiftDriverJobDiscovery normal arm64 Compiling Date+Matchable.swift (in target 'Matchable' from project 'Matchable')
SwiftCompile normal arm64 Compiling\ IndicatorView.swift /Users/admin/builder/spi-builder-workspace/Sources/RefreshableScrollView/IndicatorView.swift (in target 'RefreshableScrollView' from project 'RefreshableScrollView')
SwiftCompile normal arm64 /Users/admin/builder/spi-builder-workspace/Sources/RefreshableScrollView/IndicatorView.swift (in target 'RefreshableScrollView' from project 'RefreshableScrollView')
cd /Users/admin/builder/spi-builder-workspace/.swiftpm/xcode
builtin-SwiftPerFileCompile IndicatorView.swift
SwiftCompile normal arm64 Compiling\ BoundsReaderView.swift /Users/admin/builder/spi-builder-workspace/Sources/RefreshableScrollView/BoundsReaderView.swift (in target 'RefreshableScrollView' from project 'RefreshableScrollView')
SwiftCompile normal arm64 /Users/admin/builder/spi-builder-workspace/Sources/RefreshableScrollView/BoundsReaderView.swift (in target 'RefreshableScrollView' from project 'RefreshableScrollView')
cd /Users/admin/builder/spi-builder-workspace/.swiftpm/xcode
builtin-SwiftPerFileCompile BoundsReaderView.swift
SwiftCompile normal arm64 Compiling\ RefreshableScrollView.swift /Users/admin/builder/spi-builder-workspace/Sources/RefreshableScrollView/RefreshableScrollView.swift (in target 'RefreshableScrollView' from project 'RefreshableScrollView')
SwiftCompile normal arm64 /Users/admin/builder/spi-builder-workspace/Sources/RefreshableScrollView/RefreshableScrollView.swift (in target 'RefreshableScrollView' from project 'RefreshableScrollView')
cd /Users/admin/builder/spi-builder-workspace/.swiftpm/xcode
builtin-SwiftPerFileCompile RefreshableScrollView.swift
SwiftDriverJobDiscovery normal arm64 Compiling Bool+Matchable.swift, Collections+Matchable.swift (in target 'Matchable' from project 'Matchable')
SwiftDriverJobDiscovery normal arm64 Compiling FloatingPoint+Matchable.swift (in target 'Matchable' from project 'Matchable')
SwiftCompile normal arm64 Compiling\ CustomActivityView.swift /Users/admin/builder/spi-builder-workspace/Sources/RefreshableScrollView/CustomActivityView.swift (in target 'RefreshableScrollView' from project 'RefreshableScrollView')
SwiftCompile normal arm64 /Users/admin/builder/spi-builder-workspace/Sources/RefreshableScrollView/CustomActivityView.swift (in target 'RefreshableScrollView' from project 'RefreshableScrollView')
cd /Users/admin/builder/spi-builder-workspace/.swiftpm/xcode
builtin-SwiftPerFileCompile CustomActivityView.swift
SwiftDriverJobDiscovery normal arm64 Compiling MatchableCompound.swift (in target 'Matchable' from project 'Matchable')
SwiftCompile normal arm64 Compiling\ RefreshState.swift /Users/admin/builder/spi-builder-workspace/Sources/RefreshableScrollView/RefreshState.swift (in target 'RefreshableScrollView' from project 'RefreshableScrollView')
SwiftCompile normal arm64 /Users/admin/builder/spi-builder-workspace/Sources/RefreshableScrollView/RefreshState.swift (in target 'RefreshableScrollView' from project 'RefreshableScrollView')
cd /Users/admin/builder/spi-builder-workspace/.swiftpm/xcode
builtin-SwiftPerFileCompile RefreshState.swift
SwiftDriverJobDiscovery normal arm64 Compiling Optional+Matchable.swift (in target 'Matchable' from project 'Matchable')
SwiftMergeGeneratedHeaders /Users/admin/builder/spi-builder-workspace/.derivedData/Build/Intermediates.noindex/GeneratedModuleMaps-appletvos/RefreshableScrollView-Swift.h /Users/admin/builder/spi-builder-workspace/.derivedData/Build/Intermediates.noindex/RefreshableScrollView.build/Debug-appletvos/RefreshableScrollView-t.build/Objects-normal/arm64/RefreshableScrollView-Swift.h (in target 'RefreshableScrollView' from project 'RefreshableScrollView')
cd /Users/admin/builder/spi-builder-workspace
builtin-swiftHeaderTool -arch arm64 /Users/admin/builder/spi-builder-workspace/.derivedData/Build/Intermediates.noindex/RefreshableScrollView.build/Debug-appletvos/RefreshableScrollView-t.build/Objects-normal/arm64/RefreshableScrollView-Swift.h -o /Users/admin/builder/spi-builder-workspace/.derivedData/Build/Intermediates.noindex/GeneratedModuleMaps-appletvos/RefreshableScrollView-Swift.h
SwiftDriverJobDiscovery normal arm64 Compiling Integer+Matchable.swift (in target 'Matchable' from project 'Matchable')
SwiftCompile normal arm64 Compiling\ RawRepresentable+Matchable.swift /Users/admin/builder/spi-builder-workspace/.dependencies/checkouts/Matchable/Sources/Matchable/RawRepresentable+Matchable.swift (in target 'Matchable' from project 'Matchable')
SwiftCompile normal arm64 /Users/admin/builder/spi-builder-workspace/.dependencies/checkouts/Matchable/Sources/Matchable/RawRepresentable+Matchable.swift (in target 'Matchable' from project 'Matchable')
cd /Users/admin/builder/spi-builder-workspace/.swiftpm/xcode
builtin-SwiftPerFileCompile RawRepresentable+Matchable.swift
SwiftDriverJobDiscovery normal arm64 Compiling String+Matchable.swift (in target 'Matchable' from project 'Matchable')
Copy /Users/admin/builder/spi-builder-workspace/.derivedData/Build/Products/Debug-appletvos/RefreshableScrollView.swiftmodule/arm64-apple-tvos.swiftmodule /Users/admin/builder/spi-builder-workspace/.derivedData/Build/Intermediates.noindex/RefreshableScrollView.build/Debug-appletvos/RefreshableScrollView-t.build/Objects-normal/arm64/RefreshableScrollView.swiftmodule (in target 'RefreshableScrollView' from project 'RefreshableScrollView')
cd /Users/admin/builder/spi-builder-workspace
builtin-copy -exclude .DS_Store -exclude CVS -exclude .svn -exclude .git -exclude .hg -resolve-src-symlinks -rename /Users/admin/builder/spi-builder-workspace/.derivedData/Build/Intermediates.noindex/RefreshableScrollView.build/Debug-appletvos/RefreshableScrollView-t.build/Objects-normal/arm64/RefreshableScrollView.swiftmodule /Users/admin/builder/spi-builder-workspace/.derivedData/Build/Products/Debug-appletvos/RefreshableScrollView.swiftmodule/arm64-apple-tvos.swiftmodule
Copy /Users/admin/builder/spi-builder-workspace/.derivedData/Build/Products/Debug-appletvos/RefreshableScrollView.swiftmodule/arm64-apple-tvos.swiftdoc /Users/admin/builder/spi-builder-workspace/.derivedData/Build/Intermediates.noindex/RefreshableScrollView.build/Debug-appletvos/RefreshableScrollView-t.build/Objects-normal/arm64/RefreshableScrollView.swiftdoc (in target 'RefreshableScrollView' from project 'RefreshableScrollView')
cd /Users/admin/builder/spi-builder-workspace
builtin-copy -exclude .DS_Store -exclude CVS -exclude .svn -exclude .git -exclude .hg -resolve-src-symlinks -rename /Users/admin/builder/spi-builder-workspace/.derivedData/Build/Intermediates.noindex/RefreshableScrollView.build/Debug-appletvos/RefreshableScrollView-t.build/Objects-normal/arm64/RefreshableScrollView.swiftdoc /Users/admin/builder/spi-builder-workspace/.derivedData/Build/Products/Debug-appletvos/RefreshableScrollView.swiftmodule/arm64-apple-tvos.swiftdoc
Copy /Users/admin/builder/spi-builder-workspace/.derivedData/Build/Products/Debug-appletvos/RefreshableScrollView.swiftmodule/arm64-apple-tvos.abi.json /Users/admin/builder/spi-builder-workspace/.derivedData/Build/Intermediates.noindex/RefreshableScrollView.build/Debug-appletvos/RefreshableScrollView-t.build/Objects-normal/arm64/RefreshableScrollView.abi.json (in target 'RefreshableScrollView' from project 'RefreshableScrollView')
cd /Users/admin/builder/spi-builder-workspace
builtin-copy -exclude .DS_Store -exclude CVS -exclude .svn -exclude .git -exclude .hg -resolve-src-symlinks -rename /Users/admin/builder/spi-builder-workspace/.derivedData/Build/Intermediates.noindex/RefreshableScrollView.build/Debug-appletvos/RefreshableScrollView-t.build/Objects-normal/arm64/RefreshableScrollView.abi.json /Users/admin/builder/spi-builder-workspace/.derivedData/Build/Products/Debug-appletvos/RefreshableScrollView.swiftmodule/arm64-apple-tvos.abi.json
SwiftDriverJobDiscovery normal arm64 Compiling MatchFailedError.swift (in target 'Matchable' from project 'Matchable')
Copy /Users/admin/builder/spi-builder-workspace/.derivedData/Build/Products/Debug-appletvos/RefreshableScrollView.swiftmodule/Project/arm64-apple-tvos.swiftsourceinfo /Users/admin/builder/spi-builder-workspace/.derivedData/Build/Intermediates.noindex/RefreshableScrollView.build/Debug-appletvos/RefreshableScrollView-t.build/Objects-normal/arm64/RefreshableScrollView.swiftsourceinfo (in target 'RefreshableScrollView' from project 'RefreshableScrollView')
cd /Users/admin/builder/spi-builder-workspace
builtin-copy -exclude .DS_Store -exclude CVS -exclude .svn -exclude .git -exclude .hg -resolve-src-symlinks -rename /Users/admin/builder/spi-builder-workspace/.derivedData/Build/Intermediates.noindex/RefreshableScrollView.build/Debug-appletvos/RefreshableScrollView-t.build/Objects-normal/arm64/RefreshableScrollView.swiftsourceinfo /Users/admin/builder/spi-builder-workspace/.derivedData/Build/Products/Debug-appletvos/RefreshableScrollView.swiftmodule/Project/arm64-apple-tvos.swiftsourceinfo
SwiftDriver XCTestExtensions normal arm64 com.apple.xcode.tools.swift.compiler (in target 'XCTestExtensions' from project 'XCTestExtensions')
cd /Users/admin/builder/spi-builder-workspace/.swiftpm/xcode
builtin-SwiftDriver -- /Applications/Xcode-27.0.0-Release.Candidate.app/Contents/Developer/Toolchains/XcodeDefault.xctoolchain/usr/bin/swiftc -parse-as-library -module-name XCTestExtensions -Onone @/Users/admin/builder/spi-builder-workspace/.derivedData/Build/Intermediates.noindex/XCTestExtensions.build/Debug-appletvos/XCTestExtensions-t.build/Objects-normal/arm64/XCTestExtensions.SwiftFileList -DSWIFT_PACKAGE -DDEBUG -DSWIFT_MODULE_RESOURCE_BUNDLE_UNAVAILABLE -DXcode -plugin-path /Applications/Xcode-27.0.0-Release.Candidate.app/Contents/Developer/Toolchains/XcodeDefault.xctoolchain/usr/lib/swift/host/plugins/testing -enable-experimental-feature DebugDescriptionMacro -sdk /Applications/Xcode-27.0.0-Release.Candidate.app/Contents/Developer/Platforms/AppleTVOS.platform/Developer/SDKs/AppleTVOS27.0.sdk -target arm64-apple-tvos15.0 -g -module-cache-path /Users/admin/builder/spi-builder-workspace/.derivedData/ModuleCache.noindex -Xfrontend -serialize-debugging-options -enable-testing -suppress-warnings -index-store-path /Users/admin/builder/spi-builder-workspace/.derivedData/Index.noindex/DataStore -Xcc -D_LIBCPP_HARDENING_MODE\=_LIBCPP_HARDENING_MODE_DEBUG -swift-version 5 -I /Users/admin/builder/spi-builder-workspace/.derivedData/Build/Products/Debug-appletvos -Isystem /Applications/Xcode-27.0.0-Release.Candidate.app/Contents/Developer/Platforms/AppleTVOS.platform/Developer/usr/lib -F /Users/admin/builder/spi-builder-workspace/.derivedData/Build/Products/Debug-appletvos/PackageFrameworks -F /Users/admin/builder/spi-builder-workspace/.derivedData/Build/Products/Debug-appletvos -F /Applications/Xcode-27.0.0-Release.Candidate.app/Contents/Developer/Platforms/AppleTVOS.platform/Developer/Library/Frameworks -F /Applications/Xcode-27.0.0-Release.Candidate.app/Contents/Developer/Platforms/AppleTVOS.platform/Developer/SDKs/AppleTVOS27.0.sdk/Developer/Library/Frameworks -c -j10 -enable-batch-mode -incremental -Xcc -ivfsstatcache -Xcc /Users/admin/builder/spi-builder-workspace/.derivedData/SDKStatCaches.noindex/appletvos27.0-24J360-e829b21a6f8c9b70876ba0858053c044b32bfd8d43560033f8d89884cdb90028.sdkstatcache -output-file-map /Users/admin/builder/spi-builder-workspace/.derivedData/Build/Intermediates.noindex/XCTestExtensions.build/Debug-appletvos/XCTestExtensions-t.build/Objects-normal/arm64/XCTestExtensions-OutputFileMap.json -save-temps -no-color-diagnostics -explicit-module-build -module-cache-path /Users/admin/builder/spi-builder-workspace/.derivedData/Build/Intermediates.noindex/SwiftExplicitPrecompiledModules -clang-scanner-module-cache-path /Users/admin/builder/spi-builder-workspace/.derivedData/ModuleCache.noindex -sdk-module-cache-path /Users/admin/builder/spi-builder-workspace/.derivedData/SDKExplicitPrecompiledModules -emit-dependencies -emit-module -emit-module-path /Users/admin/builder/spi-builder-workspace/.derivedData/Build/Intermediates.noindex/XCTestExtensions.build/Debug-appletvos/XCTestExtensions-t.build/Objects-normal/arm64/XCTestExtensions.swiftmodule -serialize-diagnostics -dependency-scan-serialize-diagnostics-path /Users/admin/builder/spi-builder-workspace/.derivedData/Build/Intermediates.noindex/XCTestExtensions.build/Debug-appletvos/XCTestExtensions-t.build/Objects-normal/arm64/XCTestExtensions-dependency-scan.dia -validate-clang-modules-once -clang-build-session-file /Users/admin/builder/spi-builder-workspace/.derivedData/ModuleCache.noindex/Session.modulevalidation -Xcc -fmodules-prune-interval\=86400 -Xcc -fmodules-prune-after\=345600 -emit-const-values -const-gather-protocols-list /Users/admin/builder/spi-builder-workspace/.derivedData/Build/Intermediates.noindex/XCTestExtensions.build/Debug-appletvos/XCTestExtensions-t.build/Objects-normal/arm64/XCTestExtensions_const_extract_protocols.json -Xcc -I/Users/admin/builder/spi-builder-workspace/.derivedData/Build/Products/Debug-appletvos/include -Xcc -I/Users/admin/builder/spi-builder-workspace/.derivedData/Build/Intermediates.noindex/XCTestExtensions.build/Debug-appletvos/XCTestExtensions-t.build/DerivedSources-normal/arm64 -Xcc -I/Users/admin/builder/spi-builder-workspace/.derivedData/Build/Intermediates.noindex/XCTestExtensions.build/Debug-appletvos/XCTestExtensions-t.build/DerivedSources/arm64 -Xcc -I/Users/admin/builder/spi-builder-workspace/.derivedData/Build/Intermediates.noindex/XCTestExtensions.build/Debug-appletvos/XCTestExtensions-t.build/DerivedSources -Xcc -DSWIFT_PACKAGE -Xcc -DDEBUG\=1 -emit-objc-header -emit-objc-header-path /Users/admin/builder/spi-builder-workspace/.derivedData/Build/Intermediates.noindex/XCTestExtensions.build/Debug-appletvos/XCTestExtensions-t.build/Objects-normal/arm64/XCTestExtensions-Swift.h -working-directory /Users/admin/builder/spi-builder-workspace/.swiftpm/xcode -experimental-emit-module-separately -disable-cmo
SwiftDriverJobDiscovery normal arm64 Compiling Matchable.swift (in target 'Matchable' from project 'Matchable')
SwiftDriverJobDiscovery normal arm64 Compiling RawRepresentable+Matchable.swift (in target 'Matchable' from project 'Matchable')
SwiftDriver\ Compilation Matchable normal arm64 com.apple.xcode.tools.swift.compiler (in target 'Matchable' from project 'Matchable')
cd /Users/admin/builder/spi-builder-workspace/.swiftpm/xcode
builtin-Swift-Compilation -- /Applications/Xcode-27.0.0-Release.Candidate.app/Contents/Developer/Toolchains/XcodeDefault.xctoolchain/usr/bin/swiftc -parse-as-library -module-name Matchable -Onone @/Users/admin/builder/spi-builder-workspace/.derivedData/Build/Intermediates.noindex/Matchable.build/Debug-appletvos/Matchable-t.build/Objects-normal/arm64/Matchable.SwiftFileList -DSWIFT_PACKAGE -DDEBUG -DSWIFT_MODULE_RESOURCE_BUNDLE_UNAVAILABLE -DXcode -plugin-path /Applications/Xcode-27.0.0-Release.Candidate.app/Contents/Developer/Toolchains/XcodeDefault.xctoolchain/usr/lib/swift/host/plugins/testing -enable-experimental-feature DebugDescriptionMacro -sdk /Applications/Xcode-27.0.0-Release.Candidate.app/Contents/Developer/Platforms/AppleTVOS.platform/Developer/SDKs/AppleTVOS27.0.sdk -target arm64-apple-tvos15.0 -g -module-cache-path /Users/admin/builder/spi-builder-workspace/.derivedData/ModuleCache.noindex -Xfrontend -serialize-debugging-options -enable-testing -suppress-warnings -index-store-path /Users/admin/builder/spi-builder-workspace/.derivedData/Index.noindex/DataStore -Xcc -D_LIBCPP_HARDENING_MODE\=_LIBCPP_HARDENING_MODE_DEBUG -swift-version 5 -I /Users/admin/builder/spi-builder-workspace/.derivedData/Build/Products/Debug-appletvos -Isystem /Applications/Xcode-27.0.0-Release.Candidate.app/Contents/Developer/Platforms/AppleTVOS.platform/Developer/usr/lib -F /Users/admin/builder/spi-builder-workspace/.derivedData/Build/Products/Debug-appletvos -F /Applications/Xcode-27.0.0-Release.Candidate.app/Contents/Developer/Platforms/AppleTVOS.platform/Developer/Library/Frameworks -F /Applications/Xcode-27.0.0-Release.Candidate.app/Contents/Developer/Platforms/AppleTVOS.platform/Developer/SDKs/AppleTVOS27.0.sdk/Developer/Library/Frameworks -c -j10 -enable-batch-mode -incremental -Xcc -ivfsstatcache -Xcc /Users/admin/builder/spi-builder-workspace/.derivedData/SDKStatCaches.noindex/appletvos27.0-24J360-e829b21a6f8c9b70876ba0858053c044b32bfd8d43560033f8d89884cdb90028.sdkstatcache -output-file-map /Users/admin/builder/spi-builder-workspace/.derivedData/Build/Intermediates.noindex/Matchable.build/Debug-appletvos/Matchable-t.build/Objects-normal/arm64/Matchable-OutputFileMap.json -save-temps -no-color-diagnostics -explicit-module-build -module-cache-path /Users/admin/builder/spi-builder-workspace/.derivedData/Build/Intermediates.noindex/SwiftExplicitPrecompiledModules -clang-scanner-module-cache-path /Users/admin/builder/spi-builder-workspace/.derivedData/ModuleCache.noindex -sdk-module-cache-path /Users/admin/builder/spi-builder-workspace/.derivedData/SDKExplicitPrecompiledModules -emit-dependencies -emit-module -emit-module-path /Users/admin/builder/spi-builder-workspace/.derivedData/Build/Intermediates.noindex/Matchable.build/Debug-appletvos/Matchable-t.build/Objects-normal/arm64/Matchable.swiftmodule -serialize-diagnostics -dependency-scan-serialize-diagnostics-path /Users/admin/builder/spi-builder-workspace/.derivedData/Build/Intermediates.noindex/Matchable.build/Debug-appletvos/Matchable-t.build/Objects-normal/arm64/Matchable-dependency-scan.dia -validate-clang-modules-once -clang-build-session-file /Users/admin/builder/spi-builder-workspace/.derivedData/ModuleCache.noindex/Session.modulevalidation -Xcc -fmodules-prune-interval\=86400 -Xcc -fmodules-prune-after\=345600 -emit-const-values -const-gather-protocols-list /Users/admin/builder/spi-builder-workspace/.derivedData/Build/Intermediates.noindex/Matchable.build/Debug-appletvos/Matchable-t.build/Objects-normal/arm64/Matchable_const_extract_protocols.json -Xcc -I/Users/admin/builder/spi-builder-workspace/.derivedData/Build/Products/Debug-appletvos/include -Xcc -I/Users/admin/builder/spi-builder-workspace/.derivedData/Build/Intermediates.noindex/Matchable.build/Debug-appletvos/Matchable-t.build/DerivedSources-normal/arm64 -Xcc -I/Users/admin/builder/spi-builder-workspace/.derivedData/Build/Intermediates.noindex/Matchable.build/Debug-appletvos/Matchable-t.build/DerivedSources/arm64 -Xcc -I/Users/admin/builder/spi-builder-workspace/.derivedData/Build/Intermediates.noindex/Matchable.build/Debug-appletvos/Matchable-t.build/DerivedSources -Xcc -DSWIFT_PACKAGE -Xcc -DDEBUG\=1 -emit-objc-header -emit-objc-header-path /Users/admin/builder/spi-builder-workspace/.derivedData/Build/Intermediates.noindex/Matchable.build/Debug-appletvos/Matchable-t.build/Objects-normal/arm64/Matchable-Swift.h -working-directory /Users/admin/builder/spi-builder-workspace/.swiftpm/xcode -experimental-emit-module-separately -disable-cmo
Ld /Users/admin/builder/spi-builder-workspace/.derivedData/Build/Products/Debug-appletvos/Matchable.o normal (in target 'Matchable' from project 'Matchable')
cd /Users/admin/builder/spi-builder-workspace/.dependencies/checkouts/Matchable
/Applications/Xcode-27.0.0-Release.Candidate.app/Contents/Developer/Toolchains/XcodeDefault.xctoolchain/usr/bin/clang -Xlinker -reproducible -target arm64-apple-tvos15.0 -r -isysroot /Applications/Xcode-27.0.0-Release.Candidate.app/Contents/Developer/Platforms/AppleTVOS.platform/Developer/SDKs/AppleTVOS27.0.sdk -O0 -w -Xlinker -no_warn_duplicate_libraries -F/Users/admin/builder/spi-builder-workspace/.derivedData/Build/Intermediates.noindex/EagerLinkingTBDs/Debug-appletvos -F/Users/admin/builder/spi-builder-workspace/.derivedData/Build/Products/Debug-appletvos -iframework /Applications/Xcode-27.0.0-Release.Candidate.app/Contents/Developer/Platforms/AppleTVOS.platform/Developer/Library/Frameworks -iframework /Applications/Xcode-27.0.0-Release.Candidate.app/Contents/Developer/Platforms/AppleTVOS.platform/Developer/SDKs/AppleTVOS27.0.sdk/Developer/Library/Frameworks -filelist /Users/admin/builder/spi-builder-workspace/.derivedData/Build/Intermediates.noindex/Matchable.build/Debug-appletvos/Matchable-t.build/Objects-normal/arm64/Matchable.LinkFileList -nostdlib -Xlinker -object_path_lto -Xlinker /Users/admin/builder/spi-builder-workspace/.derivedData/Build/Intermediates.noindex/Matchable.build/Debug-appletvos/Matchable-t.build/Objects-normal/arm64/Matchable_lto.o -Xlinker -no_deduplicate -Xlinker -dependency_info -Xlinker /Users/admin/builder/spi-builder-workspace/.derivedData/Build/Intermediates.noindex/Matchable.build/Debug-appletvos/Matchable-t.build/Objects-normal/arm64/Matchable_dependency_info.dat -fobjc-link-runtime -L/Applications/Xcode-27.0.0-Release.Candidate.app/Contents/Developer/Toolchains/XcodeDefault.xctoolchain/usr/lib/swift/appletvos -L/usr/lib/swift -Xlinker -add_ast_path -Xlinker /Users/admin/builder/spi-builder-workspace/.derivedData/Build/Intermediates.noindex/Matchable.build/Debug-appletvos/Matchable-t.build/Objects-normal/arm64/Matchable.swiftmodule -o /Users/admin/builder/spi-builder-workspace/.derivedData/Build/Products/Debug-appletvos/Matchable.o
ExtractAppIntentsMetadata (in target 'Matchable' from project 'Matchable')
cd /Users/admin/builder/spi-builder-workspace/.dependencies/checkouts/Matchable
/Applications/Xcode-27.0.0-Release.Candidate.app/Contents/Developer/Toolchains/XcodeDefault.xctoolchain/usr/bin/appintentsmetadataprocessor --toolchain-dir /var/run/com.apple.security.cryptexd/mnt/com.apple.MobileAsset.MetalToolchain-v27.1.266.1.ydx76r/Metal.xctoolchain --module-name Matchable --sdk-root /Applications/Xcode-27.0.0-Release.Candidate.app/Contents/Developer/Platforms/AppleTVOS.platform/Developer/SDKs/AppleTVOS27.0.sdk --xcode-version 27A266a --platform-family tvOS --deployment-target 15.0 --bundle-identifier matchable.Matchable --output /Users/admin/builder/spi-builder-workspace/.derivedData/Build/Products/Debug-appletvos/Matchable.appintents --target-triple arm64-apple-tvos15.0 --binary-file /Users/admin/builder/spi-builder-workspace/.derivedData/Build/Products/Debug-appletvos/Matchable.o --dependency-file /Users/admin/builder/spi-builder-workspace/.derivedData/Build/Intermediates.noindex/Matchable.build/Debug-appletvos/Matchable-t.build/Objects-normal/arm64/Matchable_dependency_info.dat --stringsdata-file /Users/admin/builder/spi-builder-workspace/.derivedData/Build/Intermediates.noindex/Matchable.build/Debug-appletvos/Matchable-t.build/Objects-normal/arm64/ExtractedAppShortcutsMetadata.stringsdata --source-file-list /Users/admin/builder/spi-builder-workspace/.derivedData/Build/Intermediates.noindex/Matchable.build/Debug-appletvos/Matchable-t.build/Objects-normal/arm64/Matchable.SwiftFileList --metadata-file-list /Users/admin/builder/spi-builder-workspace/.derivedData/Build/Intermediates.noindex/Matchable.build/Debug-appletvos/Matchable-t.build/Matchable.DependencyMetadataFileList --static-metadata-file-list /Users/admin/builder/spi-builder-workspace/.derivedData/Build/Intermediates.noindex/Matchable.build/Debug-appletvos/Matchable-t.build/Matchable.DependencyStaticMetadataFileList --swift-const-vals-list /Users/admin/builder/spi-builder-workspace/.derivedData/Build/Intermediates.noindex/Matchable.build/Debug-appletvos/Matchable-t.build/Objects-normal/arm64/Matchable.SwiftConstValuesFileList --force --compile-time-extraction --deployment-aware-processing --no-app-shortcuts-localization
2026-09-18 16:19:55.682 appintentsmetadataprocessor[838:5027] Starting appintentsmetadataprocessor export
2026-09-18 16:19:55.787 appintentsmetadataprocessor[838:5027] Extracted no relevant App Intents symbols, skipping writing output
SwiftExplicitDependencyGeneratePcm arm64 /Users/admin/builder/spi-builder-workspace/.derivedData/Build/Intermediates.noindex/SwiftExplicitPrecompiledModules/XCUIAutomation-FJBJYHY5O0CJFAW58X6D04WA.pcm
SwiftExplicitDependencyGeneratePcm arm64 /Users/admin/builder/spi-builder-workspace/.derivedData/SDKExplicitPrecompiledModules/CoreServices-2LPX99NW2QG44GNSEPKSMYBHY.pcm
SwiftExplicitDependencyGeneratePcm arm64 /Users/admin/builder/spi-builder-workspace/.derivedData/Build/Intermediates.noindex/SwiftExplicitPrecompiledModules/XCTest-7MV3G0KAJR9WCI4ZIQ137RH2R.pcm
SwiftExplicitDependencyCompileModuleFromInterface arm64 /Users/admin/builder/spi-builder-workspace/.derivedData/Build/Intermediates.noindex/SwiftExplicitPrecompiledModules/XCUIAutomation-210SQ6RQ6TUMZ.swiftmodule
SwiftExplicitDependencyCompileModuleFromInterface arm64 /Users/admin/builder/spi-builder-workspace/.derivedData/Build/Intermediates.noindex/SwiftExplicitPrecompiledModules/XCTest-303JGZX9ARS8K.swiftmodule
SwiftEmitModule normal arm64 Emitting\ module\ for\ XCTestExtensions (in target 'XCTestExtensions' from project 'XCTestExtensions')
SwiftCompile normal arm64 (in target 'XCTestExtensions' from project 'XCTestExtensions')
cd /Users/admin/builder/spi-builder-workspace/.swiftpm/xcode
SwiftCompile normal arm64 Compiling\ XCTestCase+WaitForAsync.swift /Users/admin/builder/spi-builder-workspace/.dependencies/checkouts/XCTestExtensions/Sources/XCTestExtensions/XCTestCase+WaitForAsync.swift (in target 'XCTestExtensions' from project 'XCTestExtensions')
SwiftCompile normal arm64 /Users/admin/builder/spi-builder-workspace/.dependencies/checkouts/XCTestExtensions/Sources/XCTestExtensions/XCTestCase+WaitForAsync.swift (in target 'XCTestExtensions' from project 'XCTestExtensions')
cd /Users/admin/builder/spi-builder-workspace/.swiftpm/xcode
builtin-SwiftPerFileCompile XCTestCase+WaitForAsync.swift
SwiftCompile normal arm64 Compiling\ XCUIApplication+UITesting.swift /Users/admin/builder/spi-builder-workspace/.dependencies/checkouts/XCTestExtensions/Sources/XCTestExtensions/XCUIApplication+UITesting.swift (in target 'XCTestExtensions' from project 'XCTestExtensions')
/Users/admin/builder/spi-builder-workspace/.dependencies/checkouts/XCTestExtensions/Sources/XCTestExtensions/XCUIApplication+UITesting.swift:66:26: error: cannot find 'Host' in scope
64 | deviceName = UIDevice.current.name
65 | #else
66 | deviceName = Host.current().name
| `- error: cannot find 'Host' in scope
67 | #endif
68 | if let deviceName {
Failed frontend command:
/Applications/Xcode-27.0.0-Release.Candidate.app/Contents/Developer/Toolchains/XcodeDefault.xctoolchain/usr/bin/swift-frontend -frontend -c /Users/admin/builder/spi-builder-workspace/.dependencies/checkouts/XCTestExtensions/Sources/XCTestExtensions/XCTAssert+Collections.swift /Users/admin/builder/spi-builder-workspace/.dependencies/checkouts/XCTestExtensions/Sources/XCTestExtensions/XCTAssert+Matching.swift /Users/admin/builder/spi-builder-workspace/.dependencies/checkouts/XCTestExtensions/Sources/XCTestExtensions/XCTAssert+Result.swift /Users/admin/builder/spi-builder-workspace/.dependencies/checkouts/XCTestExtensions/Sources/XCTestExtensions/XCTAssert+Types.swift /Users/admin/builder/spi-builder-workspace/.dependencies/checkouts/XCTestExtensions/Sources/XCTestExtensions/XCTAssertEqual+Data.swift /Users/admin/builder/spi-builder-workspace/.dependencies/checkouts/XCTestExtensions/Sources/XCTestExtensions/XCTAssertEqual+Result.swift /Users/admin/builder/spi-builder-workspace/.dependencies/checkouts/XCTestExtensions/Sources/XCTestExtensions/XCTAssertEqual+String.swift /Users/admin/builder/spi-builder-workspace/.dependencies/checkouts/XCTestExtensions/Sources/XCTestExtensions/XCTestCase+Combine.swift /Users/admin/builder/spi-builder-workspace/.dependencies/checkouts/XCTestExtensions/Sources/XCTestExtensions/XCTestCase+JSON.swift /Users/admin/builder/spi-builder-workspace/.dependencies/checkouts/XCTestExtensions/Sources/XCTestExtensions/XCTestCase+Resources.swift /Users/admin/builder/spi-builder-workspace/.dependencies/checkouts/XCTestExtensions/Sources/XCTestExtensions/XCTestCase+WaitForAsync.swift /Users/admin/builder/spi-builder-workspace/.dependencies/checkouts/XCTestExtensions/Sources/XCTestExtensions/XCTestMonitor.swift /Users/admin/builder/spi-builder-workspace/.dependencies/checkouts/XCTestExtensions/Sources/XCTestExtensions/XCTestRunner.swift -primary-file /Users/admin/builder/spi-builder-workspace/.dependencies/checkouts/XCTestExtensions/Sources/XCTestExtensions/XCUIApplication+UITesting.swift -emit-dependencies-path /Users/admin/builder/spi-builder-workspace/.derivedData/Build/Intermediates.noindex/XCTestExtensions.build/Debug-appletvos/XCTestExtensions-t.build/Objects-normal/arm64/XCUIApplication+UITesting.d -emit-const-values-path /Users/admin/builder/spi-builder-workspace/.derivedData/Build/Intermediates.noindex/XCTestExtensions.build/Debug-appletvos/XCTestExtensions-t.build/Objects-normal/arm64/XCUIApplication+UITesting.swiftconstvalues -emit-reference-dependencies-path /Users/admin/builder/spi-builder-workspace/.derivedData/Build/Intermediates.noindex/XCTestExtensions.build/Debug-appletvos/XCTestExtensions-t.build/Objects-normal/arm64/XCUIApplication+UITesting.swiftdeps -serialize-diagnostics-path /Users/admin/builder/spi-builder-workspace/.derivedData/Build/Intermediates.noindex/XCTestExtensions.build/Debug-appletvos/XCTestExtensions-t.build/Objects-normal/arm64/XCUIApplication+UITesting.dia -target arm64-apple-tvos15.0 -module-can-import-version Combine 3023 0 -disable-cross-import-overlay-search -load-resolved-plugin /Applications/Xcode-27.0.0-Release.Candidate.app/Contents/Developer/Platforms/AppleTVOS.platform/Developer/usr/lib/swift/host/plugins/libFoundationMacros.dylib\#/Applications/Xcode-27.0.0-Release.Candidate.app/Contents/Developer/Platforms/AppleTVOS.platform/Developer/usr/bin/swift-plugin-server\#FoundationMacros -load-resolved-plugin /Applications/Xcode-27.0.0-Release.Candidate.app/Contents/Developer/Platforms/AppleTVOS.platform/Developer/usr/lib/swift/host/plugins/libObservationMacros.dylib\#/Applications/Xcode-27.0.0-Release.Candidate.app/Contents/Developer/Platforms/AppleTVOS.platform/Developer/usr/bin/swift-plugin-server\#ObservationMacros -load-resolved-plugin /Applications/Xcode-27.0.0-Release.Candidate.app/Contents/Developer/Platforms/AppleTVOS.platform/Developer/usr/lib/swift/host/plugins/libPreviewsMacros.dylib\#/Applications/Xcode-27.0.0-Release.Candidate.app/Contents/Developer/Platforms/AppleTVOS.platform/Developer/usr/bin/swift-plugin-server\#PreviewsMacros -load-resolved-plugin /Applications/Xcode-27.0.0-Release.Candidate.app/Contents/Developer/Platforms/AppleTVOS.platform/Developer/usr/lib/swift/host/plugins/libSwiftMacros.dylib\#/Applications/Xcode-27.0.0-Release.Candidate.app/Contents/Developer/Platforms/AppleTVOS.platform/Developer/usr/bin/swift-plugin-server\#SwiftMacros -load-resolved-plugin /Applications/Xcode-27.0.0-Release.Candidate.app/Contents/Developer/Platforms/AppleTVOS.platform/Developer/usr/lib/swift/host/plugins/libSwiftUIMacros.dylib\#/Applications/Xcode-27.0.0-Release.Candidate.app/Contents/Developer/Platforms/AppleTVOS.platform/Developer/usr/bin/swift-plugin-server\#SwiftUIMacros -disable-implicit-swift-modules -Xcc -fno-implicit-modules -Xcc -fno-implicit-module-maps -explicit-swift-module-map-file /Users/admin/builder/spi-builder-workspace/.derivedData/Build/Intermediates.noindex/XCTestExtensions.build/Debug-appletvos/XCTestExtensions-t.build/Objects-normal/arm64/XCTestExtensions-dependencies-1.json -Xllvm -aarch64-use-tbi -enable-objc-interop -stack-check -sdk /Applications/Xcode-27.0.0-Release.Candidate.app/Contents/Developer/Platforms/AppleTVOS.platform/Developer/SDKs/AppleTVOS27.0.sdk -I /Users/admin/builder/spi-builder-workspace/.derivedData/Build/Products/Debug-appletvos -Isystem /Applications/Xcode-27.0.0-Release.Candidate.app/Contents/Developer/Platforms/AppleTVOS.platform/Developer/usr/lib -F /Users/admin/builder/spi-builder-workspace/.derivedData/Build/Products/Debug-appletvos/PackageFrameworks -F /Users/admin/builder/spi-builder-workspace/.derivedData/Build/Products/Debug-appletvos -F /Applications/Xcode-27.0.0-Release.Candidate.app/Contents/Developer/Platforms/AppleTVOS.platform/Developer/Library/Frameworks -F /Applications/Xcode-27.0.0-Release.Candidate.app/Contents/Developer/Platforms/AppleTVOS.platform/Developer/SDKs/AppleTVOS27.0.sdk/Developer/Library/Frameworks -module-cache-path /Users/admin/builder/spi-builder-workspace/.derivedData/Build/Intermediates.noindex/SwiftExplicitPrecompiledModules -no-color-diagnostics -Xcc -fno-color-diagnostics -enable-testing -g -debug-info-format\=dwarf -dwarf-version\=4 -suppress-warnings -swift-version 5 -Onone -D SWIFT_PACKAGE -D DEBUG -D SWIFT_MODULE_RESOURCE_BUNDLE_UNAVAILABLE -D Xcode -serialize-debugging-options -enable-experimental-feature DebugDescriptionMacro -empty-abi-descriptor -validate-clang-modules-once -clang-build-session-file /Users/admin/builder/spi-builder-workspace/.derivedData/ModuleCache.noindex/Session.modulevalidation -Xcc -working-directory -Xcc /Users/admin/builder/spi-builder-workspace/.swiftpm/xcode -enable-anonymous-context-mangled-names -file-compilation-dir /Users/admin/builder/spi-builder-workspace/.swiftpm/xcode -Xcc -D_LIBCPP_HARDENING_MODE\=_LIBCPP_HARDENING_MODE_DEBUG -Xcc -ivfsstatcache -Xcc /Users/admin/builder/spi-builder-workspace/.derivedData/SDKStatCaches.noindex/appletvos27.0-24J360-e829b21a6f8c9b70876ba0858053c044b32bfd8d43560033f8d89884cdb90028.sdkstatcache -Xcc -fmodules-prune-interval\=86400 -Xcc -fmodules-prune-after\=345600 -Xcc -I/Users/admin/builder/spi-builder-workspace/.derivedData/Build/Products/Debug-appletvos/include -Xcc -I/Users/admin/builder/spi-builder-workspace/.derivedData/Build/Intermediates.noindex/XCTestExtensions.build/Debug-appletvos/XCTestExtensions-t.build/DerivedSources-normal/arm64 -Xcc -I/Users/admin/builder/spi-builder-workspace/.derivedData/Build/Intermediates.noindex/XCTestExtensions.build/Debug-appletvos/XCTestExtensions-t.build/DerivedSources/arm64 -Xcc -I/Users/admin/builder/spi-builder-workspace/.derivedData/Build/Intermediates.noindex/XCTestExtensions.build/Debug-appletvos/XCTestExtensions-t.build/DerivedSources -Xcc -DSWIFT_PACKAGE -Xcc -DDEBUG\=1 -no-auto-bridging-header-chaining -module-name XCTestExtensions -const-gather-protocols-file /Users/admin/builder/spi-builder-workspace/.derivedData/Build/Intermediates.noindex/XCTestExtensions.build/Debug-appletvos/XCTestExtensions-t.build/Objects-normal/arm64/XCTestExtensions_const_extract_protocols.json -disable-clang-spi -clang-target arm64-apple-tvos27.0 -target-sdk-version 27.0 -target-sdk-name appletvos27.0 -in-process-plugin-server-path /Applications/Xcode-27.0.0-Release.Candidate.app/Contents/Developer/Toolchains/XcodeDefault.xctoolchain/usr/lib/swift/host/libSwiftInProcPluginServer.dylib -parse-as-library -o /Users/admin/builder/spi-builder-workspace/.derivedData/Build/Intermediates.noindex/XCTestExtensions.build/Debug-appletvos/XCTestExtensions-t.build/Objects-normal/arm64/XCUIApplication+UITesting.o -debug-module-path /Users/admin/builder/spi-builder-workspace/.derivedData/Build/Intermediates.noindex/XCTestExtensions.build/Debug-appletvos/XCTestExtensions-t.build/Objects-normal/arm64/XCTestExtensions.swiftmodule -index-unit-output-path /XCTestExtensions.build/Debug-appletvos/XCTestExtensions-t.build/Objects-normal/arm64/XCUIApplication+UITesting.o -index-store-path /Users/admin/builder/spi-builder-workspace/.derivedData/Index.noindex/DataStore -index-system-modules
SwiftCompile normal arm64 /Users/admin/builder/spi-builder-workspace/.dependencies/checkouts/XCTestExtensions/Sources/XCTestExtensions/XCUIApplication+UITesting.swift (in target 'XCTestExtensions' from project 'XCTestExtensions')
cd /Users/admin/builder/spi-builder-workspace/.swiftpm/xcode
builtin-SwiftPerFileCompile XCUIApplication+UITesting.swift
SwiftCompile normal arm64 Compiling\ XCTestCase+JSON.swift /Users/admin/builder/spi-builder-workspace/.dependencies/checkouts/XCTestExtensions/Sources/XCTestExtensions/XCTestCase+JSON.swift (in target 'XCTestExtensions' from project 'XCTestExtensions')
SwiftCompile normal arm64 /Users/admin/builder/spi-builder-workspace/.dependencies/checkouts/XCTestExtensions/Sources/XCTestExtensions/XCTestCase+JSON.swift (in target 'XCTestExtensions' from project 'XCTestExtensions')
cd /Users/admin/builder/spi-builder-workspace/.swiftpm/xcode
builtin-SwiftPerFileCompile XCTestCase+JSON.swift
SwiftCompile normal arm64 Compiling\ XCTestRunner.swift /Users/admin/builder/spi-builder-workspace/.dependencies/checkouts/XCTestExtensions/Sources/XCTestExtensions/XCTestRunner.swift (in target 'XCTestExtensions' from project 'XCTestExtensions')
SwiftCompile normal arm64 /Users/admin/builder/spi-builder-workspace/.dependencies/checkouts/XCTestExtensions/Sources/XCTestExtensions/XCTestRunner.swift (in target 'XCTestExtensions' from project 'XCTestExtensions')
cd /Users/admin/builder/spi-builder-workspace/.swiftpm/xcode
builtin-SwiftPerFileCompile XCTestRunner.swift
SwiftDriverJobDiscovery normal arm64 Emitting module for XCTestExtensions (in target 'XCTestExtensions' from project 'XCTestExtensions')
SwiftDriver\ Compilation\ Requirements XCTestExtensions normal arm64 com.apple.xcode.tools.swift.compiler (in target 'XCTestExtensions' from project 'XCTestExtensions')
cd /Users/admin/builder/spi-builder-workspace/.swiftpm/xcode
builtin-Swift-Compilation-Requirements -- /Applications/Xcode-27.0.0-Release.Candidate.app/Contents/Developer/Toolchains/XcodeDefault.xctoolchain/usr/bin/swiftc -parse-as-library -module-name XCTestExtensions -Onone @/Users/admin/builder/spi-builder-workspace/.derivedData/Build/Intermediates.noindex/XCTestExtensions.build/Debug-appletvos/XCTestExtensions-t.build/Objects-normal/arm64/XCTestExtensions.SwiftFileList -DSWIFT_PACKAGE -DDEBUG -DSWIFT_MODULE_RESOURCE_BUNDLE_UNAVAILABLE -DXcode -plugin-path /Applications/Xcode-27.0.0-Release.Candidate.app/Contents/Developer/Toolchains/XcodeDefault.xctoolchain/usr/lib/swift/host/plugins/testing -enable-experimental-feature DebugDescriptionMacro -sdk /Applications/Xcode-27.0.0-Release.Candidate.app/Contents/Developer/Platforms/AppleTVOS.platform/Developer/SDKs/AppleTVOS27.0.sdk -target arm64-apple-tvos15.0 -g -module-cache-path /Users/admin/builder/spi-builder-workspace/.derivedData/ModuleCache.noindex -Xfrontend -serialize-debugging-options -enable-testing -suppress-warnings -index-store-path /Users/admin/builder/spi-builder-workspace/.derivedData/Index.noindex/DataStore -Xcc -D_LIBCPP_HARDENING_MODE\=_LIBCPP_HARDENING_MODE_DEBUG -swift-version 5 -I /Users/admin/builder/spi-builder-workspace/.derivedData/Build/Products/Debug-appletvos -Isystem /Applications/Xcode-27.0.0-Release.Candidate.app/Contents/Developer/Platforms/AppleTVOS.platform/Developer/usr/lib -F /Users/admin/builder/spi-builder-workspace/.derivedData/Build/Products/Debug-appletvos/PackageFrameworks -F /Users/admin/builder/spi-builder-workspace/.derivedData/Build/Products/Debug-appletvos -F /Applications/Xcode-27.0.0-Release.Candidate.app/Contents/Developer/Platforms/AppleTVOS.platform/Developer/Library/Frameworks -F /Applications/Xcode-27.0.0-Release.Candidate.app/Contents/Developer/Platforms/AppleTVOS.platform/Developer/SDKs/AppleTVOS27.0.sdk/Developer/Library/Frameworks -c -j10 -enable-batch-mode -incremental -Xcc -ivfsstatcache -Xcc /Users/admin/builder/spi-builder-workspace/.derivedData/SDKStatCaches.noindex/appletvos27.0-24J360-e829b21a6f8c9b70876ba0858053c044b32bfd8d43560033f8d89884cdb90028.sdkstatcache -output-file-map /Users/admin/builder/spi-builder-workspace/.derivedData/Build/Intermediates.noindex/XCTestExtensions.build/Debug-appletvos/XCTestExtensions-t.build/Objects-normal/arm64/XCTestExtensions-OutputFileMap.json -save-temps -no-color-diagnostics -explicit-module-build -module-cache-path /Users/admin/builder/spi-builder-workspace/.derivedData/Build/Intermediates.noindex/SwiftExplicitPrecompiledModules -clang-scanner-module-cache-path /Users/admin/builder/spi-builder-workspace/.derivedData/ModuleCache.noindex -sdk-module-cache-path /Users/admin/builder/spi-builder-workspace/.derivedData/SDKExplicitPrecompiledModules -emit-dependencies -emit-module -emit-module-path /Users/admin/builder/spi-builder-workspace/.derivedData/Build/Intermediates.noindex/XCTestExtensions.build/Debug-appletvos/XCTestExtensions-t.build/Objects-normal/arm64/XCTestExtensions.swiftmodule -serialize-diagnostics -dependency-scan-serialize-diagnostics-path /Users/admin/builder/spi-builder-workspace/.derivedData/Build/Intermediates.noindex/XCTestExtensions.build/Debug-appletvos/XCTestExtensions-t.build/Objects-normal/arm64/XCTestExtensions-dependency-scan.dia -validate-clang-modules-once -clang-build-session-file /Users/admin/builder/spi-builder-workspace/.derivedData/ModuleCache.noindex/Session.modulevalidation -Xcc -fmodules-prune-interval\=86400 -Xcc -fmodules-prune-after\=345600 -emit-const-values -const-gather-protocols-list /Users/admin/builder/spi-builder-workspace/.derivedData/Build/Intermediates.noindex/XCTestExtensions.build/Debug-appletvos/XCTestExtensions-t.build/Objects-normal/arm64/XCTestExtensions_const_extract_protocols.json -Xcc -I/Users/admin/builder/spi-builder-workspace/.derivedData/Build/Products/Debug-appletvos/include -Xcc -I/Users/admin/builder/spi-builder-workspace/.derivedData/Build/Intermediates.noindex/XCTestExtensions.build/Debug-appletvos/XCTestExtensions-t.build/DerivedSources-normal/arm64 -Xcc -I/Users/admin/builder/spi-builder-workspace/.derivedData/Build/Intermediates.noindex/XCTestExtensions.build/Debug-appletvos/XCTestExtensions-t.build/DerivedSources/arm64 -Xcc -I/Users/admin/builder/spi-builder-workspace/.derivedData/Build/Intermediates.noindex/XCTestExtensions.build/Debug-appletvos/XCTestExtensions-t.build/DerivedSources -Xcc -DSWIFT_PACKAGE -Xcc -DDEBUG\=1 -emit-objc-header -emit-objc-header-path /Users/admin/builder/spi-builder-workspace/.derivedData/Build/Intermediates.noindex/XCTestExtensions.build/Debug-appletvos/XCTestExtensions-t.build/Objects-normal/arm64/XCTestExtensions-Swift.h -working-directory /Users/admin/builder/spi-builder-workspace/.swiftpm/xcode -experimental-emit-module-separately -disable-cmo
SwiftDriverJobDiscovery normal arm64 Compiling XCTestRunner.swift (in target 'XCTestExtensions' from project 'XCTestExtensions')
SwiftCompile normal arm64 Compiling\ XCTAssert+Collections.swift,\ XCTAssert+Matching.swift /Users/admin/builder/spi-builder-workspace/.dependencies/checkouts/XCTestExtensions/Sources/XCTestExtensions/XCTAssert+Collections.swift /Users/admin/builder/spi-builder-workspace/.dependencies/checkouts/XCTestExtensions/Sources/XCTestExtensions/XCTAssert+Matching.swift (in target 'XCTestExtensions' from project 'XCTestExtensions')
SwiftCompile normal arm64 /Users/admin/builder/spi-builder-workspace/.dependencies/checkouts/XCTestExtensions/Sources/XCTestExtensions/XCTAssert+Collections.swift (in target 'XCTestExtensions' from project 'XCTestExtensions')
cd /Users/admin/builder/spi-builder-workspace/.swiftpm/xcode
builtin-SwiftPerFileCompile XCTAssert+Collections.swift
SwiftCompile normal arm64 /Users/admin/builder/spi-builder-workspace/.dependencies/checkouts/XCTestExtensions/Sources/XCTestExtensions/XCTAssert+Matching.swift (in target 'XCTestExtensions' from project 'XCTestExtensions')
cd /Users/admin/builder/spi-builder-workspace/.swiftpm/xcode
builtin-SwiftPerFileCompile XCTAssert+Matching.swift
SwiftMergeGeneratedHeaders /Users/admin/builder/spi-builder-workspace/.derivedData/Build/Intermediates.noindex/GeneratedModuleMaps-appletvos/XCTestExtensions-Swift.h /Users/admin/builder/spi-builder-workspace/.derivedData/Build/Intermediates.noindex/XCTestExtensions.build/Debug-appletvos/XCTestExtensions-t.build/Objects-normal/arm64/XCTestExtensions-Swift.h (in target 'XCTestExtensions' from project 'XCTestExtensions')
cd /Users/admin/builder/spi-builder-workspace/.dependencies/checkouts/XCTestExtensions
builtin-swiftHeaderTool -arch arm64 /Users/admin/builder/spi-builder-workspace/.derivedData/Build/Intermediates.noindex/XCTestExtensions.build/Debug-appletvos/XCTestExtensions-t.build/Objects-normal/arm64/XCTestExtensions-Swift.h -o /Users/admin/builder/spi-builder-workspace/.derivedData/Build/Intermediates.noindex/GeneratedModuleMaps-appletvos/XCTestExtensions-Swift.h
SwiftDriverJobDiscovery normal arm64 Compiling XCTestCase+WaitForAsync.swift (in target 'XCTestExtensions' from project 'XCTestExtensions')
Copy /Users/admin/builder/spi-builder-workspace/.derivedData/Build/Products/Debug-appletvos/XCTestExtensions.swiftmodule/arm64-apple-tvos.swiftmodule /Users/admin/builder/spi-builder-workspace/.derivedData/Build/Intermediates.noindex/XCTestExtensions.build/Debug-appletvos/XCTestExtensions-t.build/Objects-normal/arm64/XCTestExtensions.swiftmodule (in target 'XCTestExtensions' from project 'XCTestExtensions')
cd /Users/admin/builder/spi-builder-workspace/.dependencies/checkouts/XCTestExtensions
builtin-copy -exclude .DS_Store -exclude CVS -exclude .svn -exclude .git -exclude .hg -resolve-src-symlinks -rename /Users/admin/builder/spi-builder-workspace/.derivedData/Build/Intermediates.noindex/XCTestExtensions.build/Debug-appletvos/XCTestExtensions-t.build/Objects-normal/arm64/XCTestExtensions.swiftmodule /Users/admin/builder/spi-builder-workspace/.derivedData/Build/Products/Debug-appletvos/XCTestExtensions.swiftmodule/arm64-apple-tvos.swiftmodule
PruneExplicitPrecompiledModules /Users/admin/builder/spi-builder-workspace/.derivedData/SDKExplicitPrecompiledModules
PruneExplicitPrecompiledModules /Users/admin/builder/spi-builder-workspace/.derivedData/Build/Intermediates.noindex/ExplicitPrecompiledModules
PruneExplicitPrecompiledModules /Users/admin/builder/spi-builder-workspace/.derivedData/Build/Intermediates.noindex/SwiftExplicitPrecompiledModules
2026-09-18 16:19:47.459 xcodebuild[724:4491] [MT] IDERunDestination: Supported platforms for the buildables in the current scheme is empty.
2026-09-18 16:19:47.600 xcodebuild[724:4491] [MT] IDERunDestination: Supported platforms for the buildables in the current scheme is empty.
** BUILD FAILED **
The following build commands failed:
SwiftCompile normal arm64 Compiling\ XCUIApplication+UITesting.swift /Users/admin/builder/spi-builder-workspace/.dependencies/checkouts/XCTestExtensions/Sources/XCTestExtensions/XCUIApplication+UITesting.swift (in target 'XCTestExtensions' from project 'XCTestExtensions')
SwiftCompile normal arm64 /Users/admin/builder/spi-builder-workspace/.dependencies/checkouts/XCTestExtensions/Sources/XCTestExtensions/XCUIApplication+UITesting.swift (in target 'XCTestExtensions' from project 'XCTestExtensions')
Building workspace RefreshableScrollView with scheme RefreshableScrollView
(3 failures)
Command line invocation:
/Applications/Xcode-27.0.0-Release.Candidate.app/Contents/Developer/usr/bin/xcodebuild -IDEClonedSourcePackagesDirPathOverride=/Users/admin/builder/spi-builder-workspace/.dependencies -resolvePackageDependencies
Resolve Package Graph
Resolved source packages:
Matchable: https://github.com/elegantchaos/Matchable.git @ 1.0.7
XCTestExtensions: https://github.com/elegantchaos/XCTestExtensions.git @ 1.5.1
RefreshableScrollView: /Users/admin/builder/spi-builder-workspace
resolved source packages: Matchable, XCTestExtensions, RefreshableScrollView
2026-09-18 16:19:58.578 xcodebuild[850:5128] [MT] IDERunDestination: Supported platforms for the buildables in the current scheme is empty.
2026-09-18 16:19:58.682 xcodebuild[850:5128] [MT] IDERunDestination: Supported platforms for the buildables in the current scheme is empty.
{
"dependencies" : [
{
"identity" : "xctestextensions",
"requirement" : {
"range" : [
{
"lower_bound" : "1.4.2",
"upper_bound" : "2.0.0"
}
]
},
"type" : "sourceControl",
"url" : "https://github.com/elegantchaos/XCTestExtensions.git"
}
],
"manifest_display_name" : "RefreshableScrollView",
"name" : "RefreshableScrollView",
"path" : "/Users/admin/builder/spi-builder-workspace",
"platforms" : [
{
"name" : "macos",
"version" : "12.0"
},
{
"name" : "maccatalyst",
"version" : "15.0"
},
{
"name" : "ios",
"version" : "15.0"
},
{
"name" : "tvos",
"version" : "15.0"
},
{
"name" : "watchos",
"version" : "8.0"
}
],
"products" : [
{
"name" : "RefreshableScrollView",
"targets" : [
"RefreshableScrollView"
],
"type" : {
"library" : [
"automatic"
]
}
}
],
"targets" : [
{
"c99name" : "RefreshableScrollViewTests",
"module_type" : "SwiftTarget",
"name" : "RefreshableScrollViewTests",
"path" : "Tests/RefreshableScrollViewTests",
"product_dependencies" : [
"XCTestExtensions"
],
"sources" : [
"RefreshableScrollViewTests.swift"
],
"target_dependencies" : [
"RefreshableScrollView"
],
"type" : "test"
},
{
"c99name" : "RefreshableScrollView",
"module_type" : "SwiftTarget",
"name" : "RefreshableScrollView",
"path" : "Sources/RefreshableScrollView",
"product_memberships" : [
"RefreshableScrollView"
],
"sources" : [
"BoundsReaderView.swift",
"CustomActivityView.swift",
"IndicatorView.swift",
"NativeRefreshableScrollView.swift",
"RefreshState.swift",
"RefreshableScrollView.swift"
],
"type" : "library"
}
],
"tools_version" : "5.5"
}
{
"workspace" : {
"name" : "RefreshableScrollView",
"schemes" : [
"Matchable",
"RefreshableScrollView",
"XCTestExtensions"
]
}
}
2026-09-18 16:19:59.839 xcodebuild[858:5199] [MT] IDERunDestination: Supported platforms for the buildables in the current scheme is empty.
2026-09-18 16:19:59.942 xcodebuild[858:5199] [MT] IDERunDestination: Supported platforms for the buildables in the current scheme is empty.
{
"workspace" : {
"name" : "RefreshableScrollView",
"schemes" : [
"Matchable",
"RefreshableScrollView",
"XCTestExtensions"
]
}
}
2026-09-18 16:20:00.900 xcodebuild[860:5235] [MT] IDERunDestination: Supported platforms for the buildables in the current scheme is empty.
2026-09-18 16:20:01.000 xcodebuild[860:5235] [MT] IDERunDestination: Supported platforms for the buildables in the current scheme is empty.
Running build ...
env DEVELOPER_DIR=/Applications/Xcode-27.0.0-Release.Candidate.app xcrun xcodebuild -IDEClonedSourcePackagesDirPathOverride=$PWD/.dependencies -skipMacroValidation -skipPackagePluginValidation -derivedDataPath $PWD/.derivedData build -scheme RefreshableScrollView -destination generic/platform=tvOS
Command line invocation:
/Applications/Xcode-27.0.0-Release.Candidate.app/Contents/Developer/usr/bin/xcodebuild -IDEClonedSourcePackagesDirPathOverride=/Users/admin/builder/spi-builder-workspace/.dependencies -skipMacroValidation -skipPackagePluginValidation -derivedDataPath /Users/admin/builder/spi-builder-workspace/.derivedData build -scheme RefreshableScrollView -destination generic/platform=tvOS
Resolve Package Graph
Resolved source packages:
RefreshableScrollView: /Users/admin/builder/spi-builder-workspace
XCTestExtensions: https://github.com/elegantchaos/XCTestExtensions.git @ 1.5.1
Matchable: https://github.com/elegantchaos/Matchable.git @ 1.0.7
ComputePackagePrebuildTargetDependencyGraph
Prepare packages
CreateBuildRequest
SendProjectDescription
CreateBuildOperation
ComputeTargetDependencyGraph
note: Building targets in dependency order
note: Target dependency graph (7 targets)
Target 'RefreshableScrollViewTests-product' in project 'RefreshableScrollView'
➜ Explicit dependency on target 'RefreshableScrollView' in project 'RefreshableScrollView'
➜ Explicit dependency on target 'XCTestExtensions-product' in project 'XCTestExtensions'
Target 'XCTestExtensions-product' in project 'XCTestExtensions'
➜ Explicit dependency on target 'XCTestExtensions' in project 'XCTestExtensions'
➜ Explicit dependency on target 'Matchable-product' in project 'Matchable'
Target 'XCTestExtensions' in project 'XCTestExtensions'
➜ Explicit dependency on target 'Matchable-product' in project 'Matchable'
Target 'Matchable-product' in project 'Matchable'
➜ Explicit dependency on target 'Matchable' in project 'Matchable'
Target 'Matchable' in project 'Matchable' (no dependencies)
Target 'RefreshableScrollView-product' in project 'RefreshableScrollView'
➜ Explicit dependency on target 'RefreshableScrollView' in project 'RefreshableScrollView'
Target 'RefreshableScrollView' in project 'RefreshableScrollView' (no dependencies)
GatherProvisioningInputs
CreateBuildDescription
ClangStatCache /Applications/Xcode-27.0.0-Release.Candidate.app/Contents/Developer/Toolchains/XcodeDefault.xctoolchain/usr/bin/clang-stat-cache /Applications/Xcode-27.0.0-Release.Candidate.app/Contents/Developer/Platforms/AppleTVOS.platform/Developer/SDKs/AppleTVOS27.0.sdk /Users/admin/builder/spi-builder-workspace/.derivedData/SDKStatCaches.noindex/appletvos27.0-24J360-e829b21a6f8c9b70876ba0858053c044b32bfd8d43560033f8d89884cdb90028.sdkstatcache
cd /Users/admin/builder/spi-builder-workspace/.swiftpm/xcode
/Applications/Xcode-27.0.0-Release.Candidate.app/Contents/Developer/Toolchains/XcodeDefault.xctoolchain/usr/bin/clang-stat-cache /Applications/Xcode-27.0.0-Release.Candidate.app/Contents/Developer/Platforms/AppleTVOS.platform/Developer/SDKs/AppleTVOS27.0.sdk -o /Users/admin/builder/spi-builder-workspace/.derivedData/SDKStatCaches.noindex/appletvos27.0-24J360-e829b21a6f8c9b70876ba0858053c044b32bfd8d43560033f8d89884cdb90028.sdkstatcache
Copy /Users/admin/builder/spi-builder-workspace/.derivedData/Build/Products/Debug-appletvos/XCTestExtensions.swiftmodule/arm64-apple-tvos.abi.json /Users/admin/builder/spi-builder-workspace/.derivedData/Build/Intermediates.noindex/XCTestExtensions.build/Debug-appletvos/XCTestExtensions-t.build/Objects-normal/arm64/XCTestExtensions.abi.json (in target 'XCTestExtensions' from project 'XCTestExtensions')
cd /Users/admin/builder/spi-builder-workspace/.dependencies/checkouts/XCTestExtensions
builtin-copy -exclude .DS_Store -exclude CVS -exclude .svn -exclude .git -exclude .hg -resolve-src-symlinks -rename /Users/admin/builder/spi-builder-workspace/.derivedData/Build/Intermediates.noindex/XCTestExtensions.build/Debug-appletvos/XCTestExtensions-t.build/Objects-normal/arm64/XCTestExtensions.abi.json /Users/admin/builder/spi-builder-workspace/.derivedData/Build/Products/Debug-appletvos/XCTestExtensions.swiftmodule/arm64-apple-tvos.abi.json
Copy /Users/admin/builder/spi-builder-workspace/.derivedData/Build/Products/Debug-appletvos/XCTestExtensions.swiftmodule/arm64-apple-tvos.swiftdoc /Users/admin/builder/spi-builder-workspace/.derivedData/Build/Intermediates.noindex/XCTestExtensions.build/Debug-appletvos/XCTestExtensions-t.build/Objects-normal/arm64/XCTestExtensions.swiftdoc (in target 'XCTestExtensions' from project 'XCTestExtensions')
cd /Users/admin/builder/spi-builder-workspace/.dependencies/checkouts/XCTestExtensions
builtin-copy -exclude .DS_Store -exclude CVS -exclude .svn -exclude .git -exclude .hg -resolve-src-symlinks -rename /Users/admin/builder/spi-builder-workspace/.derivedData/Build/Intermediates.noindex/XCTestExtensions.build/Debug-appletvos/XCTestExtensions-t.build/Objects-normal/arm64/XCTestExtensions.swiftdoc /Users/admin/builder/spi-builder-workspace/.derivedData/Build/Products/Debug-appletvos/XCTestExtensions.swiftmodule/arm64-apple-tvos.swiftdoc
Copy /Users/admin/builder/spi-builder-workspace/.derivedData/Build/Products/Debug-appletvos/XCTestExtensions.swiftmodule/arm64-apple-tvos.swiftmodule /Users/admin/builder/spi-builder-workspace/.derivedData/Build/Intermediates.noindex/XCTestExtensions.build/Debug-appletvos/XCTestExtensions-t.build/Objects-normal/arm64/XCTestExtensions.swiftmodule (in target 'XCTestExtensions' from project 'XCTestExtensions')
cd /Users/admin/builder/spi-builder-workspace/.dependencies/checkouts/XCTestExtensions
builtin-copy -exclude .DS_Store -exclude CVS -exclude .svn -exclude .git -exclude .hg -resolve-src-symlinks -rename /Users/admin/builder/spi-builder-workspace/.derivedData/Build/Intermediates.noindex/XCTestExtensions.build/Debug-appletvos/XCTestExtensions-t.build/Objects-normal/arm64/XCTestExtensions.swiftmodule /Users/admin/builder/spi-builder-workspace/.derivedData/Build/Products/Debug-appletvos/XCTestExtensions.swiftmodule/arm64-apple-tvos.swiftmodule
Copy /Users/admin/builder/spi-builder-workspace/.derivedData/Build/Products/Debug-appletvos/XCTestExtensions.swiftmodule/Project/arm64-apple-tvos.swiftsourceinfo /Users/admin/builder/spi-builder-workspace/.derivedData/Build/Intermediates.noindex/XCTestExtensions.build/Debug-appletvos/XCTestExtensions-t.build/Objects-normal/arm64/XCTestExtensions.swiftsourceinfo (in target 'XCTestExtensions' from project 'XCTestExtensions')
cd /Users/admin/builder/spi-builder-workspace/.dependencies/checkouts/XCTestExtensions
builtin-copy -exclude .DS_Store -exclude CVS -exclude .svn -exclude .git -exclude .hg -resolve-src-symlinks -rename /Users/admin/builder/spi-builder-workspace/.derivedData/Build/Intermediates.noindex/XCTestExtensions.build/Debug-appletvos/XCTestExtensions-t.build/Objects-normal/arm64/XCTestExtensions.swiftsourceinfo /Users/admin/builder/spi-builder-workspace/.derivedData/Build/Products/Debug-appletvos/XCTestExtensions.swiftmodule/Project/arm64-apple-tvos.swiftsourceinfo
SwiftDriver RefreshableScrollView normal arm64 com.apple.xcode.tools.swift.compiler (in target 'RefreshableScrollView' from project 'RefreshableScrollView')
cd /Users/admin/builder/spi-builder-workspace/.swiftpm/xcode
builtin-SwiftDriver -- /Applications/Xcode-27.0.0-Release.Candidate.app/Contents/Developer/Toolchains/XcodeDefault.xctoolchain/usr/bin/swiftc -parse-as-library -module-name RefreshableScrollView -Onone @/Users/admin/builder/spi-builder-workspace/.derivedData/Build/Intermediates.noindex/RefreshableScrollView.build/Debug-appletvos/RefreshableScrollView-t.build/Objects-normal/arm64/RefreshableScrollView.SwiftFileList -DSWIFT_PACKAGE -DDEBUG -DSWIFT_MODULE_RESOURCE_BUNDLE_UNAVAILABLE -DXcode -plugin-path /Applications/Xcode-27.0.0-Release.Candidate.app/Contents/Developer/Toolchains/XcodeDefault.xctoolchain/usr/lib/swift/host/plugins/testing -enable-experimental-feature DebugDescriptionMacro -sdk /Applications/Xcode-27.0.0-Release.Candidate.app/Contents/Developer/Platforms/AppleTVOS.platform/Developer/SDKs/AppleTVOS27.0.sdk -target arm64-apple-tvos15.0 -g -module-cache-path /Users/admin/builder/spi-builder-workspace/.derivedData/ModuleCache.noindex -Xfrontend -serialize-debugging-options -enable-testing -index-store-path /Users/admin/builder/spi-builder-workspace/.derivedData/Index.noindex/DataStore -Xcc -D_LIBCPP_HARDENING_MODE\=_LIBCPP_HARDENING_MODE_DEBUG -swift-version 5 -I /Users/admin/builder/spi-builder-workspace/.derivedData/Build/Products/Debug-appletvos -Isystem /Applications/Xcode-27.0.0-Release.Candidate.app/Contents/Developer/Platforms/AppleTVOS.platform/Developer/usr/lib -F /Users/admin/builder/spi-builder-workspace/.derivedData/Build/Products/Debug-appletvos -F /Applications/Xcode-27.0.0-Release.Candidate.app/Contents/Developer/Platforms/AppleTVOS.platform/Developer/Library/Frameworks -F /Applications/Xcode-27.0.0-Release.Candidate.app/Contents/Developer/Platforms/AppleTVOS.platform/Developer/SDKs/AppleTVOS27.0.sdk/Developer/Library/Frameworks -c -j10 -enable-batch-mode -incremental -Xcc -ivfsstatcache -Xcc /Users/admin/builder/spi-builder-workspace/.derivedData/SDKStatCaches.noindex/appletvos27.0-24J360-e829b21a6f8c9b70876ba0858053c044b32bfd8d43560033f8d89884cdb90028.sdkstatcache -output-file-map /Users/admin/builder/spi-builder-workspace/.derivedData/Build/Intermediates.noindex/RefreshableScrollView.build/Debug-appletvos/RefreshableScrollView-t.build/Objects-normal/arm64/RefreshableScrollView-OutputFileMap.json -save-temps -no-color-diagnostics -explicit-module-build -module-cache-path /Users/admin/builder/spi-builder-workspace/.derivedData/Build/Intermediates.noindex/SwiftExplicitPrecompiledModules -clang-scanner-module-cache-path /Users/admin/builder/spi-builder-workspace/.derivedData/ModuleCache.noindex -sdk-module-cache-path /Users/admin/builder/spi-builder-workspace/.derivedData/SDKExplicitPrecompiledModules -emit-dependencies -emit-module -emit-module-path /Users/admin/builder/spi-builder-workspace/.derivedData/Build/Intermediates.noindex/RefreshableScrollView.build/Debug-appletvos/RefreshableScrollView-t.build/Objects-normal/arm64/RefreshableScrollView.swiftmodule -serialize-diagnostics -dependency-scan-serialize-diagnostics-path /Users/admin/builder/spi-builder-workspace/.derivedData/Build/Intermediates.noindex/RefreshableScrollView.build/Debug-appletvos/RefreshableScrollView-t.build/Objects-normal/arm64/RefreshableScrollView-dependency-scan.dia -validate-clang-modules-once -clang-build-session-file /Users/admin/builder/spi-builder-workspace/.derivedData/ModuleCache.noindex/Session.modulevalidation -Xcc -fmodules-prune-interval\=86400 -Xcc -fmodules-prune-after\=345600 -emit-const-values -const-gather-protocols-list /Users/admin/builder/spi-builder-workspace/.derivedData/Build/Intermediates.noindex/RefreshableScrollView.build/Debug-appletvos/RefreshableScrollView-t.build/Objects-normal/arm64/RefreshableScrollView_const_extract_protocols.json -Xcc -I/Users/admin/builder/spi-builder-workspace/.derivedData/Build/Products/Debug-appletvos/include -Xcc -I/Users/admin/builder/spi-builder-workspace/.derivedData/Build/Intermediates.noindex/RefreshableScrollView.build/Debug-appletvos/RefreshableScrollView-t.build/DerivedSources-normal/arm64 -Xcc -I/Users/admin/builder/spi-builder-workspace/.derivedData/Build/Intermediates.noindex/RefreshableScrollView.build/Debug-appletvos/RefreshableScrollView-t.build/DerivedSources/arm64 -Xcc -I/Users/admin/builder/spi-builder-workspace/.derivedData/Build/Intermediates.noindex/RefreshableScrollView.build/Debug-appletvos/RefreshableScrollView-t.build/DerivedSources -Xcc -DSWIFT_PACKAGE -Xcc -DDEBUG\=1 -emit-objc-header -emit-objc-header-path /Users/admin/builder/spi-builder-workspace/.derivedData/Build/Intermediates.noindex/RefreshableScrollView.build/Debug-appletvos/RefreshableScrollView-t.build/Objects-normal/arm64/RefreshableScrollView-Swift.h -working-directory /Users/admin/builder/spi-builder-workspace/.swiftpm/xcode -experimental-emit-module-separately -disable-cmo
SwiftDriver XCTestExtensions normal arm64 com.apple.xcode.tools.swift.compiler (in target 'XCTestExtensions' from project 'XCTestExtensions')
cd /Users/admin/builder/spi-builder-workspace/.swiftpm/xcode
builtin-SwiftDriver -- /Applications/Xcode-27.0.0-Release.Candidate.app/Contents/Developer/Toolchains/XcodeDefault.xctoolchain/usr/bin/swiftc -parse-as-library -module-name XCTestExtensions -Onone @/Users/admin/builder/spi-builder-workspace/.derivedData/Build/Intermediates.noindex/XCTestExtensions.build/Debug-appletvos/XCTestExtensions-t.build/Objects-normal/arm64/XCTestExtensions.SwiftFileList -DSWIFT_PACKAGE -DDEBUG -DSWIFT_MODULE_RESOURCE_BUNDLE_UNAVAILABLE -DXcode -plugin-path /Applications/Xcode-27.0.0-Release.Candidate.app/Contents/Developer/Toolchains/XcodeDefault.xctoolchain/usr/lib/swift/host/plugins/testing -enable-experimental-feature DebugDescriptionMacro -sdk /Applications/Xcode-27.0.0-Release.Candidate.app/Contents/Developer/Platforms/AppleTVOS.platform/Developer/SDKs/AppleTVOS27.0.sdk -target arm64-apple-tvos15.0 -g -module-cache-path /Users/admin/builder/spi-builder-workspace/.derivedData/ModuleCache.noindex -Xfrontend -serialize-debugging-options -enable-testing -suppress-warnings -index-store-path /Users/admin/builder/spi-builder-workspace/.derivedData/Index.noindex/DataStore -Xcc -D_LIBCPP_HARDENING_MODE\=_LIBCPP_HARDENING_MODE_DEBUG -swift-version 5 -I /Users/admin/builder/spi-builder-workspace/.derivedData/Build/Products/Debug-appletvos -Isystem /Applications/Xcode-27.0.0-Release.Candidate.app/Contents/Developer/Platforms/AppleTVOS.platform/Developer/usr/lib -F /Users/admin/builder/spi-builder-workspace/.derivedData/Build/Products/Debug-appletvos/PackageFrameworks -F /Users/admin/builder/spi-builder-workspace/.derivedData/Build/Products/Debug-appletvos -F /Applications/Xcode-27.0.0-Release.Candidate.app/Contents/Developer/Platforms/AppleTVOS.platform/Developer/Library/Frameworks -F /Applications/Xcode-27.0.0-Release.Candidate.app/Contents/Developer/Platforms/AppleTVOS.platform/Developer/SDKs/AppleTVOS27.0.sdk/Developer/Library/Frameworks -c -j10 -enable-batch-mode -incremental -Xcc -ivfsstatcache -Xcc /Users/admin/builder/spi-builder-workspace/.derivedData/SDKStatCaches.noindex/appletvos27.0-24J360-e829b21a6f8c9b70876ba0858053c044b32bfd8d43560033f8d89884cdb90028.sdkstatcache -output-file-map /Users/admin/builder/spi-builder-workspace/.derivedData/Build/Intermediates.noindex/XCTestExtensions.build/Debug-appletvos/XCTestExtensions-t.build/Objects-normal/arm64/XCTestExtensions-OutputFileMap.json -save-temps -no-color-diagnostics -explicit-module-build -module-cache-path /Users/admin/builder/spi-builder-workspace/.derivedData/Build/Intermediates.noindex/SwiftExplicitPrecompiledModules -clang-scanner-module-cache-path /Users/admin/builder/spi-builder-workspace/.derivedData/ModuleCache.noindex -sdk-module-cache-path /Users/admin/builder/spi-builder-workspace/.derivedData/SDKExplicitPrecompiledModules -emit-dependencies -emit-module -emit-module-path /Users/admin/builder/spi-builder-workspace/.derivedData/Build/Intermediates.noindex/XCTestExtensions.build/Debug-appletvos/XCTestExtensions-t.build/Objects-normal/arm64/XCTestExtensions.swiftmodule -serialize-diagnostics -dependency-scan-serialize-diagnostics-path /Users/admin/builder/spi-builder-workspace/.derivedData/Build/Intermediates.noindex/XCTestExtensions.build/Debug-appletvos/XCTestExtensions-t.build/Objects-normal/arm64/XCTestExtensions-dependency-scan.dia -validate-clang-modules-once -clang-build-session-file /Users/admin/builder/spi-builder-workspace/.derivedData/ModuleCache.noindex/Session.modulevalidation -Xcc -fmodules-prune-interval\=86400 -Xcc -fmodules-prune-after\=345600 -emit-const-values -const-gather-protocols-list /Users/admin/builder/spi-builder-workspace/.derivedData/Build/Intermediates.noindex/XCTestExtensions.build/Debug-appletvos/XCTestExtensions-t.build/Objects-normal/arm64/XCTestExtensions_const_extract_protocols.json -Xcc -I/Users/admin/builder/spi-builder-workspace/.derivedData/Build/Products/Debug-appletvos/include -Xcc -I/Users/admin/builder/spi-builder-workspace/.derivedData/Build/Intermediates.noindex/XCTestExtensions.build/Debug-appletvos/XCTestExtensions-t.build/DerivedSources-normal/arm64 -Xcc -I/Users/admin/builder/spi-builder-workspace/.derivedData/Build/Intermediates.noindex/XCTestExtensions.build/Debug-appletvos/XCTestExtensions-t.build/DerivedSources/arm64 -Xcc -I/Users/admin/builder/spi-builder-workspace/.derivedData/Build/Intermediates.noindex/XCTestExtensions.build/Debug-appletvos/XCTestExtensions-t.build/DerivedSources -Xcc -DSWIFT_PACKAGE -Xcc -DDEBUG\=1 -emit-objc-header -emit-objc-header-path /Users/admin/builder/spi-builder-workspace/.derivedData/Build/Intermediates.noindex/XCTestExtensions.build/Debug-appletvos/XCTestExtensions-t.build/Objects-normal/arm64/XCTestExtensions-Swift.h -working-directory /Users/admin/builder/spi-builder-workspace/.swiftpm/xcode -experimental-emit-module-separately -disable-cmo
SwiftDriver RefreshableScrollViewTests normal arm64 com.apple.xcode.tools.swift.compiler (in target 'RefreshableScrollViewTests-product' from project 'RefreshableScrollView')
cd /Users/admin/builder/spi-builder-workspace/.swiftpm/xcode
builtin-SwiftDriver -- /Applications/Xcode-27.0.0-Release.Candidate.app/Contents/Developer/Toolchains/XcodeDefault.xctoolchain/usr/bin/swiftc -parse-as-library -module-name RefreshableScrollViewTests -Onone @/Users/admin/builder/spi-builder-workspace/.derivedData/Build/Intermediates.noindex/RefreshableScrollView.build/Debug-appletvos/RefreshableScrollViewTests-p.build/Objects-normal/arm64/RefreshableScrollViewTests.SwiftFileList -DSWIFT_PACKAGE -DDEBUG -DXcode -plugin-path /Applications/Xcode-27.0.0-Release.Candidate.app/Contents/Developer/Toolchains/XcodeDefault.xctoolchain/usr/lib/swift/host/plugins/testing -enable-experimental-feature DebugDescriptionMacro -sdk /Applications/Xcode-27.0.0-Release.Candidate.app/Contents/Developer/Platforms/AppleTVOS.platform/Developer/SDKs/AppleTVOS27.0.sdk -target arm64-apple-tvos17.0 -g -module-cache-path /Users/admin/builder/spi-builder-workspace/.derivedData/ModuleCache.noindex -Xfrontend -serialize-debugging-options -enable-testing -index-store-path /Users/admin/builder/spi-builder-workspace/.derivedData/Index.noindex/DataStore -Xcc -D_LIBCPP_HARDENING_MODE\=_LIBCPP_HARDENING_MODE_DEBUG -swift-version 5 -I /Users/admin/builder/spi-builder-workspace/.derivedData/Build/Products/Debug-appletvos -Isystem /Applications/Xcode-27.0.0-Release.Candidate.app/Contents/Developer/Platforms/AppleTVOS.platform/Developer/usr/lib -F /Users/admin/builder/spi-builder-workspace/.derivedData/Build/Products/Debug-appletvos/PackageFrameworks -F /Users/admin/builder/spi-builder-workspace/.derivedData/Build/Products/Debug-appletvos -F /Applications/Xcode-27.0.0-Release.Candidate.app/Contents/Developer/Platforms/AppleTVOS.platform/Developer/Library/Frameworks -F /Applications/Xcode-27.0.0-Release.Candidate.app/Contents/Developer/Platforms/AppleTVOS.platform/Developer/SDKs/AppleTVOS27.0.sdk/Developer/Library/Frameworks -c -j10 -enable-batch-mode -incremental -Xcc -ivfsstatcache -Xcc /Users/admin/builder/spi-builder-workspace/.derivedData/SDKStatCaches.noindex/appletvos27.0-24J360-e829b21a6f8c9b70876ba0858053c044b32bfd8d43560033f8d89884cdb90028.sdkstatcache -output-file-map /Users/admin/builder/spi-builder-workspace/.derivedData/Build/Intermediates.noindex/RefreshableScrollView.build/Debug-appletvos/RefreshableScrollViewTests-p.build/Objects-normal/arm64/RefreshableScrollViewTests-OutputFileMap.json -save-temps -no-color-diagnostics -explicit-module-build -module-cache-path /Users/admin/builder/spi-builder-workspace/.derivedData/Build/Intermediates.noindex/SwiftExplicitPrecompiledModules -clang-scanner-module-cache-path /Users/admin/builder/spi-builder-workspace/.derivedData/ModuleCache.noindex -sdk-module-cache-path /Users/admin/builder/spi-builder-workspace/.derivedData/SDKExplicitPrecompiledModules -emit-dependencies -emit-module -emit-module-path /Users/admin/builder/spi-builder-workspace/.derivedData/Build/Intermediates.noindex/RefreshableScrollView.build/Debug-appletvos/RefreshableScrollViewTests-p.build/Objects-normal/arm64/RefreshableScrollViewTests.swiftmodule -serialize-diagnostics -dependency-scan-serialize-diagnostics-path /Users/admin/builder/spi-builder-workspace/.derivedData/Build/Intermediates.noindex/RefreshableScrollView.build/Debug-appletvos/RefreshableScrollViewTests-p.build/Objects-normal/arm64/RefreshableScrollViewTests-dependency-scan.dia -validate-clang-modules-once -clang-build-session-file /Users/admin/builder/spi-builder-workspace/.derivedData/ModuleCache.noindex/Session.modulevalidation -Xcc -fmodules-prune-interval\=86400 -Xcc -fmodules-prune-after\=345600 -emit-const-values -const-gather-protocols-list /Users/admin/builder/spi-builder-workspace/.derivedData/Build/Intermediates.noindex/RefreshableScrollView.build/Debug-appletvos/RefreshableScrollViewTests-p.build/Objects-normal/arm64/RefreshableScrollViewTests_const_extract_protocols.json -Xcc -I/Users/admin/builder/spi-builder-workspace/.derivedData/Build/Products/Debug-appletvos/include -Xcc -I/Users/admin/builder/spi-builder-workspace/.derivedData/Build/Intermediates.noindex/RefreshableScrollView.build/Debug-appletvos/RefreshableScrollViewTests-p.build/DerivedSources-normal/arm64 -Xcc -I/Users/admin/builder/spi-builder-workspace/.derivedData/Build/Intermediates.noindex/RefreshableScrollView.build/Debug-appletvos/RefreshableScrollViewTests-p.build/DerivedSources/arm64 -Xcc -I/Users/admin/builder/spi-builder-workspace/.derivedData/Build/Intermediates.noindex/RefreshableScrollView.build/Debug-appletvos/RefreshableScrollViewTests-p.build/DerivedSources -Xcc -DSWIFT_PACKAGE -Xcc -DDEBUG\=1 -working-directory /Users/admin/builder/spi-builder-workspace/.swiftpm/xcode -experimental-emit-module-separately -disable-cmo
SwiftCompile normal arm64 Compiling\ CustomActivityView.swift /Users/admin/builder/spi-builder-workspace/Sources/RefreshableScrollView/CustomActivityView.swift (in target 'RefreshableScrollView' from project 'RefreshableScrollView')
SwiftCompile normal arm64 /Users/admin/builder/spi-builder-workspace/Sources/RefreshableScrollView/CustomActivityView.swift (in target 'RefreshableScrollView' from project 'RefreshableScrollView')
cd /Users/admin/builder/spi-builder-workspace/.swiftpm/xcode
builtin-SwiftPerFileCompile CustomActivityView.swift
SwiftCompile normal arm64 Compiling\ BoundsReaderView.swift /Users/admin/builder/spi-builder-workspace/Sources/RefreshableScrollView/BoundsReaderView.swift (in target 'RefreshableScrollView' from project 'RefreshableScrollView')
SwiftCompile normal arm64 /Users/admin/builder/spi-builder-workspace/Sources/RefreshableScrollView/BoundsReaderView.swift (in target 'RefreshableScrollView' from project 'RefreshableScrollView')
cd /Users/admin/builder/spi-builder-workspace/.swiftpm/xcode
builtin-SwiftPerFileCompile BoundsReaderView.swift
SwiftCompile normal arm64 Compiling\ IndicatorView.swift /Users/admin/builder/spi-builder-workspace/Sources/RefreshableScrollView/IndicatorView.swift (in target 'RefreshableScrollView' from project 'RefreshableScrollView')
SwiftCompile normal arm64 /Users/admin/builder/spi-builder-workspace/Sources/RefreshableScrollView/IndicatorView.swift (in target 'RefreshableScrollView' from project 'RefreshableScrollView')
cd /Users/admin/builder/spi-builder-workspace/.swiftpm/xcode
builtin-SwiftPerFileCompile IndicatorView.swift
SwiftCompile normal arm64 Compiling\ RefreshableScrollView.swift /Users/admin/builder/spi-builder-workspace/Sources/RefreshableScrollView/RefreshableScrollView.swift (in target 'RefreshableScrollView' from project 'RefreshableScrollView')
SwiftCompile normal arm64 /Users/admin/builder/spi-builder-workspace/Sources/RefreshableScrollView/RefreshableScrollView.swift (in target 'RefreshableScrollView' from project 'RefreshableScrollView')
cd /Users/admin/builder/spi-builder-workspace/.swiftpm/xcode
builtin-SwiftPerFileCompile RefreshableScrollView.swift
SwiftEmitModule normal arm64 Emitting\ module\ for\ RefreshableScrollView (in target 'RefreshableScrollView' from project 'RefreshableScrollView')
SwiftCompile normal arm64 (in target 'RefreshableScrollView' from project 'RefreshableScrollView')
cd /Users/admin/builder/spi-builder-workspace/.swiftpm/xcode
SwiftCompile normal arm64 Compiling\ RefreshState.swift /Users/admin/builder/spi-builder-workspace/Sources/RefreshableScrollView/RefreshState.swift (in target 'RefreshableScrollView' from project 'RefreshableScrollView')
SwiftCompile normal arm64 /Users/admin/builder/spi-builder-workspace/Sources/RefreshableScrollView/RefreshState.swift (in target 'RefreshableScrollView' from project 'RefreshableScrollView')
cd /Users/admin/builder/spi-builder-workspace/.swiftpm/xcode
builtin-SwiftPerFileCompile RefreshState.swift
SwiftCompile normal arm64 Compiling\ NativeRefreshableScrollView.swift /Users/admin/builder/spi-builder-workspace/Sources/RefreshableScrollView/NativeRefreshableScrollView.swift (in target 'RefreshableScrollView' from project 'RefreshableScrollView')
/Users/admin/builder/spi-builder-workspace/Sources/RefreshableScrollView/NativeRefreshableScrollView.swift:39:34: error: 'UIRefreshControl' is unavailable in tvOS
37 | func setup(for content: Content, refreshAction: RefreshAction?, showsIndicators: Bool, axes: Axis.Set) {
38 |
39 | let refreshControl = UIRefreshControl()
| `- error: 'UIRefreshControl' is unavailable in tvOS
40 |
41 | let action = UIAction { _ in
/Applications/Xcode-27.0.0-Release.Candidate.app/Contents/Developer/Platforms/AppleTVOS.platform/Developer/SDKs/AppleTVOS27.0.sdk/System/Library/Frameworks/UIKit.framework/Headers/UIRefreshControl.h:16:12: note: 'UIRefreshControl' has been explicitly marked unavailable here
14 |
15 | UIKIT_EXTERN API_AVAILABLE(ios(6.0)) API_UNAVAILABLE(tvos, watchos) NS_SWIFT_UI_ACTOR
16 | @interface UIRefreshControl : UIControl
| `- note: 'UIRefreshControl' has been explicitly marked unavailable here
17 |
18 | /* The designated initializer
/Users/admin/builder/spi-builder-workspace/Sources/RefreshableScrollView/NativeRefreshableScrollView.swift:52:24: error: 'refreshControl' is unavailable in tvOS
50 |
51 | let scrollView = UIScrollView()
52 | scrollView.refreshControl = refreshControl
| `- error: 'refreshControl' is unavailable in tvOS
53 | scrollView.showsVerticalScrollIndicator = showsIndicators && axes.contains(.vertical)
54 | scrollView.showsHorizontalScrollIndicator = showsIndicators && axes.contains(.horizontal)
/Applications/Xcode-27.0.0-Release.Candidate.app/Contents/Developer/Platforms/AppleTVOS.platform/Developer/SDKs/AppleTVOS27.0.sdk/System/Library/Frameworks/UIKit.framework/Headers/UIScrollView.h:286:59: note: 'refreshControl' has been explicitly marked unavailable here
284 | @property(nonatomic) UIScrollViewKeyboardDismissMode keyboardDismissMode API_AVAILABLE(ios(7.0)) API_UNAVAILABLE(visionos); // default is UIScrollViewKeyboardDismissModeNone
285 |
286 | @property (nonatomic, strong, nullable) UIRefreshControl *refreshControl API_AVAILABLE(ios(10.0)) API_UNAVAILABLE(tvos, watchos);
| `- note: 'refreshControl' has been explicitly marked unavailable here
287 |
288 | /// Set this to YES to make the scroll view animate its content offset in response to keys like Page Up/Down, Home/End, and the arrow keys.
SwiftCompile normal arm64 /Users/admin/builder/spi-builder-workspace/Sources/RefreshableScrollView/NativeRefreshableScrollView.swift (in target 'RefreshableScrollView' from project 'RefreshableScrollView')
cd /Users/admin/builder/spi-builder-workspace/.swiftpm/xcode
builtin-SwiftPerFileCompile NativeRefreshableScrollView.swift
SwiftCompile normal arm64 Compiling\ XCTAssert+Collections.swift,\ XCTAssert+Matching.swift /Users/admin/builder/spi-builder-workspace/.dependencies/checkouts/XCTestExtensions/Sources/XCTestExtensions/XCTAssert+Collections.swift /Users/admin/builder/spi-builder-workspace/.dependencies/checkouts/XCTestExtensions/Sources/XCTestExtensions/XCTAssert+Matching.swift (in target 'XCTestExtensions' from project 'XCTestExtensions')
SwiftCompile normal arm64 /Users/admin/builder/spi-builder-workspace/.dependencies/checkouts/XCTestExtensions/Sources/XCTestExtensions/XCTAssert+Collections.swift (in target 'XCTestExtensions' from project 'XCTestExtensions')
cd /Users/admin/builder/spi-builder-workspace/.swiftpm/xcode
builtin-SwiftPerFileCompile XCTAssert+Collections.swift
SwiftCompile normal arm64 /Users/admin/builder/spi-builder-workspace/.dependencies/checkouts/XCTestExtensions/Sources/XCTestExtensions/XCTAssert+Matching.swift (in target 'XCTestExtensions' from project 'XCTestExtensions')
cd /Users/admin/builder/spi-builder-workspace/.swiftpm/xcode
builtin-SwiftPerFileCompile XCTAssert+Matching.swift
SwiftEmitModule normal arm64 Emitting\ module\ for\ XCTestExtensions (in target 'XCTestExtensions' from project 'XCTestExtensions')
SwiftCompile normal arm64 (in target 'XCTestExtensions' from project 'XCTestExtensions')
cd /Users/admin/builder/spi-builder-workspace/.swiftpm/xcode
SwiftCompile normal arm64 Compiling\ XCTAssertEqual+Result.swift /Users/admin/builder/spi-builder-workspace/.dependencies/checkouts/XCTestExtensions/Sources/XCTestExtensions/XCTAssertEqual+Result.swift (in target 'XCTestExtensions' from project 'XCTestExtensions')
SwiftCompile normal arm64 /Users/admin/builder/spi-builder-workspace/.dependencies/checkouts/XCTestExtensions/Sources/XCTestExtensions/XCTAssertEqual+Result.swift (in target 'XCTestExtensions' from project 'XCTestExtensions')
cd /Users/admin/builder/spi-builder-workspace/.swiftpm/xcode
builtin-SwiftPerFileCompile XCTAssertEqual+Result.swift
SwiftDriverJobDiscovery normal arm64 Compiling XCTAssert+Collections.swift, XCTAssert+Matching.swift (in target 'XCTestExtensions' from project 'XCTestExtensions')
SwiftCompile normal arm64 Compiling\ XCUIApplication+UITesting.swift /Users/admin/builder/spi-builder-workspace/.dependencies/checkouts/XCTestExtensions/Sources/XCTestExtensions/XCUIApplication+UITesting.swift (in target 'XCTestExtensions' from project 'XCTestExtensions')
/Users/admin/builder/spi-builder-workspace/.dependencies/checkouts/XCTestExtensions/Sources/XCTestExtensions/XCUIApplication+UITesting.swift:66:26: error: cannot find 'Host' in scope
64 | deviceName = UIDevice.current.name
65 | #else
66 | deviceName = Host.current().name
| `- error: cannot find 'Host' in scope
67 | #endif
68 | if let deviceName {
Failed frontend command:
/Applications/Xcode-27.0.0-Release.Candidate.app/Contents/Developer/Toolchains/XcodeDefault.xctoolchain/usr/bin/swift-frontend -frontend -c /Users/admin/builder/spi-builder-workspace/.dependencies/checkouts/XCTestExtensions/Sources/XCTestExtensions/XCTAssert+Collections.swift /Users/admin/builder/spi-builder-workspace/.dependencies/checkouts/XCTestExtensions/Sources/XCTestExtensions/XCTAssert+Matching.swift /Users/admin/builder/spi-builder-workspace/.dependencies/checkouts/XCTestExtensions/Sources/XCTestExtensions/XCTAssert+Result.swift /Users/admin/builder/spi-builder-workspace/.dependencies/checkouts/XCTestExtensions/Sources/XCTestExtensions/XCTAssert+Types.swift /Users/admin/builder/spi-builder-workspace/.dependencies/checkouts/XCTestExtensions/Sources/XCTestExtensions/XCTAssertEqual+Data.swift /Users/admin/builder/spi-builder-workspace/.dependencies/checkouts/XCTestExtensions/Sources/XCTestExtensions/XCTAssertEqual+Result.swift /Users/admin/builder/spi-builder-workspace/.dependencies/checkouts/XCTestExtensions/Sources/XCTestExtensions/XCTAssertEqual+String.swift /Users/admin/builder/spi-builder-workspace/.dependencies/checkouts/XCTestExtensions/Sources/XCTestExtensions/XCTestCase+Combine.swift /Users/admin/builder/spi-builder-workspace/.dependencies/checkouts/XCTestExtensions/Sources/XCTestExtensions/XCTestCase+JSON.swift /Users/admin/builder/spi-builder-workspace/.dependencies/checkouts/XCTestExtensions/Sources/XCTestExtensions/XCTestCase+Resources.swift /Users/admin/builder/spi-builder-workspace/.dependencies/checkouts/XCTestExtensions/Sources/XCTestExtensions/XCTestCase+WaitForAsync.swift /Users/admin/builder/spi-builder-workspace/.dependencies/checkouts/XCTestExtensions/Sources/XCTestExtensions/XCTestMonitor.swift /Users/admin/builder/spi-builder-workspace/.dependencies/checkouts/XCTestExtensions/Sources/XCTestExtensions/XCTestRunner.swift -primary-file /Users/admin/builder/spi-builder-workspace/.dependencies/checkouts/XCTestExtensions/Sources/XCTestExtensions/XCUIApplication+UITesting.swift -emit-dependencies-path /Users/admin/builder/spi-builder-workspace/.derivedData/Build/Intermediates.noindex/XCTestExtensions.build/Debug-appletvos/XCTestExtensions-t.build/Objects-normal/arm64/XCUIApplication+UITesting.d -emit-const-values-path /Users/admin/builder/spi-builder-workspace/.derivedData/Build/Intermediates.noindex/XCTestExtensions.build/Debug-appletvos/XCTestExtensions-t.build/Objects-normal/arm64/XCUIApplication+UITesting.swiftconstvalues -emit-reference-dependencies-path /Users/admin/builder/spi-builder-workspace/.derivedData/Build/Intermediates.noindex/XCTestExtensions.build/Debug-appletvos/XCTestExtensions-t.build/Objects-normal/arm64/XCUIApplication+UITesting.swiftdeps -serialize-diagnostics-path /Users/admin/builder/spi-builder-workspace/.derivedData/Build/Intermediates.noindex/XCTestExtensions.build/Debug-appletvos/XCTestExtensions-t.build/Objects-normal/arm64/XCUIApplication+UITesting.dia -target arm64-apple-tvos15.0 -module-can-import-version Combine 3023 0 -disable-cross-import-overlay-search -load-resolved-plugin /Applications/Xcode-27.0.0-Release.Candidate.app/Contents/Developer/Platforms/AppleTVOS.platform/Developer/usr/lib/swift/host/plugins/libFoundationMacros.dylib\#/Applications/Xcode-27.0.0-Release.Candidate.app/Contents/Developer/Platforms/AppleTVOS.platform/Developer/usr/bin/swift-plugin-server\#FoundationMacros -load-resolved-plugin /Applications/Xcode-27.0.0-Release.Candidate.app/Contents/Developer/Platforms/AppleTVOS.platform/Developer/usr/lib/swift/host/plugins/libObservationMacros.dylib\#/Applications/Xcode-27.0.0-Release.Candidate.app/Contents/Developer/Platforms/AppleTVOS.platform/Developer/usr/bin/swift-plugin-server\#ObservationMacros -load-resolved-plugin /Applications/Xcode-27.0.0-Release.Candidate.app/Contents/Developer/Platforms/AppleTVOS.platform/Developer/usr/lib/swift/host/plugins/libPreviewsMacros.dylib\#/Applications/Xcode-27.0.0-Release.Candidate.app/Contents/Developer/Platforms/AppleTVOS.platform/Developer/usr/bin/swift-plugin-server\#PreviewsMacros -load-resolved-plugin /Applications/Xcode-27.0.0-Release.Candidate.app/Contents/Developer/Platforms/AppleTVOS.platform/Developer/usr/lib/swift/host/plugins/libSwiftMacros.dylib\#/Applications/Xcode-27.0.0-Release.Candidate.app/Contents/Developer/Platforms/AppleTVOS.platform/Developer/usr/bin/swift-plugin-server\#SwiftMacros -load-resolved-plugin /Applications/Xcode-27.0.0-Release.Candidate.app/Contents/Developer/Platforms/AppleTVOS.platform/Developer/usr/lib/swift/host/plugins/libSwiftUIMacros.dylib\#/Applications/Xcode-27.0.0-Release.Candidate.app/Contents/Developer/Platforms/AppleTVOS.platform/Developer/usr/bin/swift-plugin-server\#SwiftUIMacros -disable-implicit-swift-modules -Xcc -fno-implicit-modules -Xcc -fno-implicit-module-maps -explicit-swift-module-map-file /Users/admin/builder/spi-builder-workspace/.derivedData/Build/Intermediates.noindex/XCTestExtensions.build/Debug-appletvos/XCTestExtensions-t.build/Objects-normal/arm64/XCTestExtensions-dependencies-1.json -Xllvm -aarch64-use-tbi -enable-objc-interop -stack-check -sdk /Applications/Xcode-27.0.0-Release.Candidate.app/Contents/Developer/Platforms/AppleTVOS.platform/Developer/SDKs/AppleTVOS27.0.sdk -I /Users/admin/builder/spi-builder-workspace/.derivedData/Build/Products/Debug-appletvos -Isystem /Applications/Xcode-27.0.0-Release.Candidate.app/Contents/Developer/Platforms/AppleTVOS.platform/Developer/usr/lib -F /Users/admin/builder/spi-builder-workspace/.derivedData/Build/Products/Debug-appletvos/PackageFrameworks -F /Users/admin/builder/spi-builder-workspace/.derivedData/Build/Products/Debug-appletvos -F /Applications/Xcode-27.0.0-Release.Candidate.app/Contents/Developer/Platforms/AppleTVOS.platform/Developer/Library/Frameworks -F /Applications/Xcode-27.0.0-Release.Candidate.app/Contents/Developer/Platforms/AppleTVOS.platform/Developer/SDKs/AppleTVOS27.0.sdk/Developer/Library/Frameworks -module-cache-path /Users/admin/builder/spi-builder-workspace/.derivedData/Build/Intermediates.noindex/SwiftExplicitPrecompiledModules -no-color-diagnostics -Xcc -fno-color-diagnostics -enable-testing -g -debug-info-format\=dwarf -dwarf-version\=4 -suppress-warnings -swift-version 5 -Onone -D SWIFT_PACKAGE -D DEBUG -D SWIFT_MODULE_RESOURCE_BUNDLE_UNAVAILABLE -D Xcode -serialize-debugging-options -enable-experimental-feature DebugDescriptionMacro -empty-abi-descriptor -validate-clang-modules-once -clang-build-session-file /Users/admin/builder/spi-builder-workspace/.derivedData/ModuleCache.noindex/Session.modulevalidation -Xcc -working-directory -Xcc /Users/admin/builder/spi-builder-workspace/.swiftpm/xcode -enable-anonymous-context-mangled-names -file-compilation-dir /Users/admin/builder/spi-builder-workspace/.swiftpm/xcode -Xcc -D_LIBCPP_HARDENING_MODE\=_LIBCPP_HARDENING_MODE_DEBUG -Xcc -ivfsstatcache -Xcc /Users/admin/builder/spi-builder-workspace/.derivedData/SDKStatCaches.noindex/appletvos27.0-24J360-e829b21a6f8c9b70876ba0858053c044b32bfd8d43560033f8d89884cdb90028.sdkstatcache -Xcc -fmodules-prune-interval\=86400 -Xcc -fmodules-prune-after\=345600 -Xcc -I/Users/admin/builder/spi-builder-workspace/.derivedData/Build/Products/Debug-appletvos/include -Xcc -I/Users/admin/builder/spi-builder-workspace/.derivedData/Build/Intermediates.noindex/XCTestExtensions.build/Debug-appletvos/XCTestExtensions-t.build/DerivedSources-normal/arm64 -Xcc -I/Users/admin/builder/spi-builder-workspace/.derivedData/Build/Intermediates.noindex/XCTestExtensions.build/Debug-appletvos/XCTestExtensions-t.build/DerivedSources/arm64 -Xcc -I/Users/admin/builder/spi-builder-workspace/.derivedData/Build/Intermediates.noindex/XCTestExtensions.build/Debug-appletvos/XCTestExtensions-t.build/DerivedSources -Xcc -DSWIFT_PACKAGE -Xcc -DDEBUG\=1 -no-auto-bridging-header-chaining -module-name XCTestExtensions -const-gather-protocols-file /Users/admin/builder/spi-builder-workspace/.derivedData/Build/Intermediates.noindex/XCTestExtensions.build/Debug-appletvos/XCTestExtensions-t.build/Objects-normal/arm64/XCTestExtensions_const_extract_protocols.json -disable-clang-spi -clang-target arm64-apple-tvos27.0 -target-sdk-version 27.0 -target-sdk-name appletvos27.0 -in-process-plugin-server-path /Applications/Xcode-27.0.0-Release.Candidate.app/Contents/Developer/Toolchains/XcodeDefault.xctoolchain/usr/lib/swift/host/libSwiftInProcPluginServer.dylib -parse-as-library -o /Users/admin/builder/spi-builder-workspace/.derivedData/Build/Intermediates.noindex/XCTestExtensions.build/Debug-appletvos/XCTestExtensions-t.build/Objects-normal/arm64/XCUIApplication+UITesting.o -debug-module-path /Users/admin/builder/spi-builder-workspace/.derivedData/Build/Intermediates.noindex/XCTestExtensions.build/Debug-appletvos/XCTestExtensions-t.build/Objects-normal/arm64/XCTestExtensions.swiftmodule -index-unit-output-path /XCTestExtensions.build/Debug-appletvos/XCTestExtensions-t.build/Objects-normal/arm64/XCUIApplication+UITesting.o -index-store-path /Users/admin/builder/spi-builder-workspace/.derivedData/Index.noindex/DataStore -index-system-modules
SwiftCompile normal arm64 /Users/admin/builder/spi-builder-workspace/.dependencies/checkouts/XCTestExtensions/Sources/XCTestExtensions/XCUIApplication+UITesting.swift (in target 'XCTestExtensions' from project 'XCTestExtensions')
cd /Users/admin/builder/spi-builder-workspace/.swiftpm/xcode
builtin-SwiftPerFileCompile XCUIApplication+UITesting.swift
SwiftCompile normal arm64 Compiling\ XCTestCase+Resources.swift /Users/admin/builder/spi-builder-workspace/.dependencies/checkouts/XCTestExtensions/Sources/XCTestExtensions/XCTestCase+Resources.swift (in target 'XCTestExtensions' from project 'XCTestExtensions')
SwiftCompile normal arm64 /Users/admin/builder/spi-builder-workspace/.dependencies/checkouts/XCTestExtensions/Sources/XCTestExtensions/XCTestCase+Resources.swift (in target 'XCTestExtensions' from project 'XCTestExtensions')
cd /Users/admin/builder/spi-builder-workspace/.swiftpm/xcode
builtin-SwiftPerFileCompile XCTestCase+Resources.swift
SwiftCompile normal arm64 Compiling\ XCTAssert+Result.swift,\ XCTAssert+Types.swift /Users/admin/builder/spi-builder-workspace/.dependencies/checkouts/XCTestExtensions/Sources/XCTestExtensions/XCTAssert+Result.swift /Users/admin/builder/spi-builder-workspace/.dependencies/checkouts/XCTestExtensions/Sources/XCTestExtensions/XCTAssert+Types.swift (in target 'XCTestExtensions' from project 'XCTestExtensions')
SwiftCompile normal arm64 /Users/admin/builder/spi-builder-workspace/.dependencies/checkouts/XCTestExtensions/Sources/XCTestExtensions/XCTAssert+Result.swift (in target 'XCTestExtensions' from project 'XCTestExtensions')
cd /Users/admin/builder/spi-builder-workspace/.swiftpm/xcode
builtin-SwiftPerFileCompile XCTAssert+Result.swift
SwiftCompile normal arm64 /Users/admin/builder/spi-builder-workspace/.dependencies/checkouts/XCTestExtensions/Sources/XCTestExtensions/XCTAssert+Types.swift (in target 'XCTestExtensions' from project 'XCTestExtensions')
cd /Users/admin/builder/spi-builder-workspace/.swiftpm/xcode
builtin-SwiftPerFileCompile XCTAssert+Types.swift
SwiftExplicitDependencyCompileModuleFromInterface arm64 /Users/admin/builder/spi-builder-workspace/.derivedData/Build/Intermediates.noindex/SwiftExplicitPrecompiledModules/XCUIAutomation-11FHAB26TZA0P.swiftmodule
SwiftDriverJobDiscovery normal arm64 Compiling XCTAssertEqual+Result.swift (in target 'XCTestExtensions' from project 'XCTestExtensions')
SwiftCompile normal arm64 Compiling\ XCTestCase+Combine.swift /Users/admin/builder/spi-builder-workspace/.dependencies/checkouts/XCTestExtensions/Sources/XCTestExtensions/XCTestCase+Combine.swift (in target 'XCTestExtensions' from project 'XCTestExtensions')
SwiftCompile normal arm64 /Users/admin/builder/spi-builder-workspace/.dependencies/checkouts/XCTestExtensions/Sources/XCTestExtensions/XCTestCase+Combine.swift (in target 'XCTestExtensions' from project 'XCTestExtensions')
cd /Users/admin/builder/spi-builder-workspace/.swiftpm/xcode
builtin-SwiftPerFileCompile XCTestCase+Combine.swift
PruneExplicitPrecompiledModules /Users/admin/builder/spi-builder-workspace/.derivedData/Build/Intermediates.noindex/ExplicitPrecompiledModules
PruneExplicitPrecompiledModules /Users/admin/builder/spi-builder-workspace/.derivedData/Build/Intermediates.noindex/SwiftExplicitPrecompiledModules
PruneExplicitPrecompiledModules /Users/admin/builder/spi-builder-workspace/.derivedData/SDKExplicitPrecompiledModules
2026-09-18 16:20:01.956 xcodebuild[861:5261] [MT] IDERunDestination: Supported platforms for the buildables in the current scheme is empty.
2026-09-18 16:20:02.059 xcodebuild[861:5261] [MT] IDERunDestination: Supported platforms for the buildables in the current scheme is empty.
** BUILD FAILED **
The following build commands failed:
SwiftCompile normal arm64 Compiling\ XCUIApplication+UITesting.swift /Users/admin/builder/spi-builder-workspace/.dependencies/checkouts/XCTestExtensions/Sources/XCTestExtensions/XCUIApplication+UITesting.swift (in target 'XCTestExtensions' from project 'XCTestExtensions')
SwiftCompile normal arm64 /Users/admin/builder/spi-builder-workspace/.dependencies/checkouts/XCTestExtensions/Sources/XCTestExtensions/XCUIApplication+UITesting.swift (in target 'XCTestExtensions' from project 'XCTestExtensions')
Building workspace RefreshableScrollView with scheme RefreshableScrollView
(3 failures)
BUILD FAILURE 6.4 tvOS