Build Information
Failed to build AlamoFuzi, reference 3.0.0 (841609), with Swift 6.4 for macOS (Xcode) using Xcode 27.0 on 17 Sep 2026 05:08:23 UTC.
Build Command
env DEVELOPER_DIR=/Applications/Xcode-27.0.0-Release.Candidate.app xcrun xcodebuild -IDEClonedSourcePackagesDirPathOverride=$PWD/.dependencies -skipMacroValidation -skipPackagePluginValidation -derivedDataPath $PWD/.derivedData build -scheme AlamoFuzi -destination platform=macOS,arch=arm64Build Log
========================================
RunAll
========================================
Builder version: 5.1.0
Interrupt handler set up.
========================================
Checkout
========================================
Clone URL: https://github.com/thebluepotato/AlamoFuzi.git
Reference: 3.0.0
Initialized empty Git repository in /Users/admin/builder/spi-builder-workspace/.git/
From https://github.com/thebluepotato/AlamoFuzi
* tag 3.0.0 -> FETCH_HEAD
HEAD is now at 841609f Update Package.swift
Cloned https://github.com/thebluepotato/AlamoFuzi.git
Revision (git rev-parse @):
841609f2d93e460f009cc8770e23400f0e3f5160
SUCCESS checkout https://github.com/thebluepotato/AlamoFuzi.git at 3.0.0
========================================
Build
========================================
Selected platform: macosXcodebuild
Swift version: 6.4
Building package at path: $PWD
https://github.com/thebluepotato/AlamoFuzi.git
Command line invocation:
/Applications/Xcode-27.0.0-Release.Candidate.app/Contents/Developer/usr/bin/xcodebuild -IDEClonedSourcePackagesDirPathOverride=/Users/admin/builder/spi-builder-workspace/.dependencies -resolvePackageDependencies
resolved source packages:
{
"dependencies" : [
{
"identity" : "alamofire",
"requirement" : {
"range" : [
{
"lower_bound" : "5.0.0",
"upper_bound" : "6.0.0"
}
]
},
"type" : "sourceControl",
"url" : "https://github.com/Alamofire/Alamofire"
},
{
"identity" : "fuzi",
"requirement" : {
"range" : [
{
"lower_bound" : "3.1.2",
"upper_bound" : "4.0.0"
}
]
},
"type" : "sourceControl",
"url" : "https://github.com/cezheng/Fuzi"
}
],
"manifest_display_name" : "AlamoFuzi",
"name" : "AlamoFuzi",
"path" : "/Users/admin/builder/spi-builder-workspace",
"platforms" : [
{
"name" : "macos",
"version" : "10.12"
},
{
"name" : "ios",
"version" : "10.0"
},
{
"name" : "tvos",
"version" : "10.0"
},
{
"name" : "watchos",
"version" : "3.0"
}
],
"products" : [
{
"name" : "AlamoFuzi",
"targets" : [
"AlamoFuzi"
],
"type" : {
"library" : [
"automatic"
]
}
}
],
"targets" : [
{
"c99name" : "AlamoFuziTests",
"module_type" : "SwiftTarget",
"name" : "AlamoFuziTests",
"path" : "Tests",
"sources" : [
"AlamoFuziTests.swift"
],
"target_dependencies" : [
"AlamoFuzi"
],
"type" : "test"
},
{
"c99name" : "AlamoFuzi",
"module_type" : "SwiftTarget",
"name" : "AlamoFuzi",
"path" : "Sources",
"product_dependencies" : [
"Alamofire",
"Fuzi"
],
"product_memberships" : [
"AlamoFuzi"
],
"sources" : [
"AlamoFuzi.swift"
],
"type" : "library"
}
],
"tools_version" : "5.1"
}
{
"project" : {
"configurations" : [
"Debug",
"Release"
],
"name" : "AlamoFuzi",
"schemes" : [
"AlamoFuzi-iOS",
"AlamoFuzi-OSX",
"AlamoFuzi-tvOS",
"AlamoFuzi-watchOS"
],
"targets" : [
"AlamoFuzi-iOS",
"AlamoFuzi-OSX",
"AlamoFuzi-watchOS",
"AlamoFuzi-tvOS",
"AlamoFuziTests"
]
}
}
{
"workspace" : {
"name" : "AlamoFuzi",
"schemes" : [
"AlamoFuzi"
]
}
}
2026-09-17 01:08:06.869 xcodebuild[616:3849] [MT] IDERunDestination: Supported platforms for the buildables in the current scheme is empty.
Running build ...
env DEVELOPER_DIR=/Applications/Xcode-27.0.0-Release.Candidate.app xcrun xcodebuild -IDEClonedSourcePackagesDirPathOverride=$PWD/.dependencies -skipMacroValidation -skipPackagePluginValidation -derivedDataPath $PWD/.derivedData build -scheme AlamoFuzi -destination platform=macOS,arch=arm64
Command line invocation:
/Applications/Xcode-27.0.0-Release.Candidate.app/Contents/Developer/usr/bin/xcodebuild -IDEClonedSourcePackagesDirPathOverride=/Users/admin/builder/spi-builder-workspace/.dependencies -skipMacroValidation -skipPackagePluginValidation -derivedDataPath /Users/admin/builder/spi-builder-workspace/.derivedData build -scheme AlamoFuzi -destination platform=macOS,arch=arm64
Resolve Package Graph
Resolve Package Graph
Resolved source packages:
Fuzi: https://github.com/cezheng/Fuzi @ 3.1.3
Alamofire: https://github.com/Alamofire/Alamofire @ 5.12.2
AlamoFuzi: /Users/admin/builder/spi-builder-workspace
ComputePackagePrebuildTargetDependencyGraph
Prepare packages
CreateBuildRequest
SendProjectDescription
CreateBuildOperation
ComputeTargetDependencyGraph
note: Building targets in dependency order
note: Target dependency graph (7 targets)
Target 'AlamoFuzi-product' in project 'AlamoFuzi'
➜ Explicit dependency on target 'AlamoFuzi' in project 'AlamoFuzi'
➜ Explicit dependency on target 'Alamofire-product' in project 'Alamofire'
➜ Explicit dependency on target 'Fuzi-product' in project 'Fuzi'
Target 'AlamoFuzi' in project 'AlamoFuzi'
➜ Explicit dependency on target 'Alamofire-product' in project 'Alamofire'
➜ Explicit dependency on target 'Fuzi-product' in project 'Fuzi'
Target 'Fuzi-product' in project 'Fuzi'
➜ Explicit dependency on target 'Fuzi' in project 'Fuzi'
Target 'Fuzi' in project 'Fuzi' (no dependencies)
Target 'Alamofire-product' in project 'Alamofire'
➜ Explicit dependency on target 'Alamofire' in project 'Alamofire'
➜ Explicit dependency on target 'Alamofire_Alamofire' in project 'Alamofire'
Target 'Alamofire' in project 'Alamofire'
➜ Explicit dependency on target 'Alamofire_Alamofire' in project 'Alamofire'
Target 'Alamofire_Alamofire' in project 'Alamofire' (no dependencies)
GatherProvisioningInputs
CreateBuildDescription
ExecuteExternalTool /Applications/Xcode-27.0.0-Release.Candidate.app/Contents/Developer/Toolchains/XcodeDefault.xctoolchain/usr/bin/swiftc --version
ExecuteExternalTool /Applications/Xcode-27.0.0-Release.Candidate.app/Contents/Developer/Toolchains/XcodeDefault.xctoolchain/usr/bin/clang -v -E -dM -isysroot /Applications/Xcode-27.0.0-Release.Candidate.app/Contents/Developer/Platforms/MacOSX.platform/Developer/SDKs/MacOSX27.0.sdk -x c -c /dev/null
ExecuteExternalTool /Applications/Xcode-27.0.0-Release.Candidate.app/Contents/Developer/Toolchains/XcodeDefault.xctoolchain/usr/bin/ld -version_details
Build description signature: a1f5a080ba0bc15028607ed93ef0a69d
Build description path: /Users/admin/builder/spi-builder-workspace/.derivedData/Build/Intermediates.noindex/XCBuildData/a1f5a080ba0bc15028607ed93ef0a69d.xcbuilddata
CreateBuildDirectory /Users/admin/builder/spi-builder-workspace/.derivedData/SDKExplicitPrecompiledModules
cd /Users/admin/builder/spi-builder-workspace/.swiftpm/xcode
builtin-create-build-directory /Users/admin/builder/spi-builder-workspace/.derivedData/SDKExplicitPrecompiledModules
CreateBuildDirectory /Users/admin/builder/spi-builder-workspace/.derivedData/ModuleCache.noindex
cd /Users/admin/builder/spi-builder-workspace/.swiftpm/xcode
builtin-create-build-directory /Users/admin/builder/spi-builder-workspace/.derivedData/ModuleCache.noindex
CreateBuildDirectory /Users/admin/builder/spi-builder-workspace/.derivedData/CompilationCache.noindex
cd /Users/admin/builder/spi-builder-workspace/.swiftpm/xcode
builtin-create-build-directory /Users/admin/builder/spi-builder-workspace/.derivedData/CompilationCache.noindex
CreateBuildDirectory /Users/admin/builder/spi-builder-workspace/.derivedData/Build/Intermediates.noindex
cd /Users/admin/builder/spi-builder-workspace/.swiftpm/xcode
builtin-create-build-directory /Users/admin/builder/spi-builder-workspace/.derivedData/Build/Intermediates.noindex
ClangStatCache /Applications/Xcode-27.0.0-Release.Candidate.app/Contents/Developer/Toolchains/XcodeDefault.xctoolchain/usr/bin/clang-stat-cache /Applications/Xcode-27.0.0-Release.Candidate.app/Contents/Developer/Platforms/MacOSX.platform/Developer/SDKs/MacOSX27.0.sdk /Users/admin/builder/spi-builder-workspace/.derivedData/SDKStatCaches.noindex/macosx27.0-26A425-e829b21a6f8c9b70876ba0858053c0446a22442a12e9d48fe1a705f55a1adfc4.sdkstatcache
cd /Users/admin/builder/spi-builder-workspace/.swiftpm/xcode
/Applications/Xcode-27.0.0-Release.Candidate.app/Contents/Developer/Toolchains/XcodeDefault.xctoolchain/usr/bin/clang-stat-cache /Applications/Xcode-27.0.0-Release.Candidate.app/Contents/Developer/Platforms/MacOSX.platform/Developer/SDKs/MacOSX27.0.sdk -o /Users/admin/builder/spi-builder-workspace/.derivedData/SDKStatCaches.noindex/macosx27.0-26A425-e829b21a6f8c9b70876ba0858053c0446a22442a12e9d48fe1a705f55a1adfc4.sdkstatcache
CreateBuildDirectory /Users/admin/builder/spi-builder-workspace/.derivedData/Build/Products
cd /Users/admin/builder/spi-builder-workspace/.swiftpm/xcode
builtin-create-build-directory /Users/admin/builder/spi-builder-workspace/.derivedData/Build/Products
CreateBuildDirectory /Users/admin/builder/spi-builder-workspace/.derivedData/Build/Intermediates.noindex/SwiftExplicitPrecompiledModules
cd /Users/admin/builder/spi-builder-workspace/.swiftpm/xcode
builtin-create-build-directory /Users/admin/builder/spi-builder-workspace/.derivedData/Build/Intermediates.noindex/SwiftExplicitPrecompiledModules
CreateBuildDirectory /Users/admin/builder/spi-builder-workspace/.derivedData/Build/Intermediates.noindex/PrecompiledHeaders
cd /Users/admin/builder/spi-builder-workspace/.swiftpm/xcode
builtin-create-build-directory /Users/admin/builder/spi-builder-workspace/.derivedData/Build/Intermediates.noindex/PrecompiledHeaders
CreateBuildDirectory /Users/admin/builder/spi-builder-workspace/.derivedData/Build/Intermediates.noindex/ExplicitPrecompiledModules
cd /Users/admin/builder/spi-builder-workspace/.swiftpm/xcode
builtin-create-build-directory /Users/admin/builder/spi-builder-workspace/.derivedData/Build/Intermediates.noindex/ExplicitPrecompiledModules
CreateBuildDirectory /Users/admin/builder/spi-builder-workspace/.derivedData/Build/Intermediates.noindex/EagerLinkingTBDs/Debug
cd /Users/admin/builder/spi-builder-workspace/.swiftpm/xcode
builtin-create-build-directory /Users/admin/builder/spi-builder-workspace/.derivedData/Build/Intermediates.noindex/EagerLinkingTBDs/Debug
CreateBuildDirectory /Users/admin/builder/spi-builder-workspace/.derivedData/Build/Products/Debug
cd /Users/admin/builder/spi-builder-workspace/.swiftpm/xcode
builtin-create-build-directory /Users/admin/builder/spi-builder-workspace/.derivedData/Build/Products/Debug
CreateBuildDirectory /Users/admin/builder/spi-builder-workspace/.derivedData/Build/Products/Debug/PackageFrameworks
cd /Users/admin/builder/spi-builder-workspace/.swiftpm/xcode
builtin-create-build-directory /Users/admin/builder/spi-builder-workspace/.derivedData/Build/Products/Debug/PackageFrameworks
MkDir /Users/admin/builder/spi-builder-workspace/.derivedData/Build/Products/Debug/Alamofire_Alamofire.bundle/Contents (in target 'Alamofire_Alamofire' from project 'Alamofire')
cd /Users/admin/builder/spi-builder-workspace/.dependencies/checkouts/Alamofire
/bin/mkdir -p /Users/admin/builder/spi-builder-workspace/.derivedData/Build/Products/Debug/Alamofire_Alamofire.bundle/Contents
MkDir /Users/admin/builder/spi-builder-workspace/.derivedData/Build/Products/Debug/Alamofire_Alamofire.bundle/Contents/Resources (in target 'Alamofire_Alamofire' from project 'Alamofire')
cd /Users/admin/builder/spi-builder-workspace/.dependencies/checkouts/Alamofire
/bin/mkdir -p /Users/admin/builder/spi-builder-workspace/.derivedData/Build/Products/Debug/Alamofire_Alamofire.bundle/Contents/Resources
WriteAuxiliaryFile /Users/admin/builder/spi-builder-workspace/.derivedData/Build/Intermediates.noindex/Alamofire.build/Debug/Alamofire_Alamofire-b.build/Alamofire_Alamofire.DependencyStaticMetadataFileList (in target 'Alamofire_Alamofire' from project 'Alamofire')
cd /Users/admin/builder/spi-builder-workspace/.dependencies/checkouts/Alamofire
write-file /Users/admin/builder/spi-builder-workspace/.derivedData/Build/Intermediates.noindex/Alamofire.build/Debug/Alamofire_Alamofire-b.build/Alamofire_Alamofire.DependencyStaticMetadataFileList
WriteAuxiliaryFile /Users/admin/builder/spi-builder-workspace/.derivedData/Build/Intermediates.noindex/Alamofire.build/Debug/Alamofire_Alamofire-b.build/empty-Alamofire_Alamofire.plist (in target 'Alamofire_Alamofire' from project 'Alamofire')
cd /Users/admin/builder/spi-builder-workspace/.dependencies/checkouts/Alamofire
write-file /Users/admin/builder/spi-builder-workspace/.derivedData/Build/Intermediates.noindex/Alamofire.build/Debug/Alamofire_Alamofire-b.build/empty-Alamofire_Alamofire.plist
WriteAuxiliaryFile /Users/admin/builder/spi-builder-workspace/.derivedData/Build/Intermediates.noindex/Alamofire.build/Debug/Alamofire_Alamofire-b.build/Alamofire_Alamofire.DependencyMetadataFileList (in target 'Alamofire_Alamofire' from project 'Alamofire')
cd /Users/admin/builder/spi-builder-workspace/.dependencies/checkouts/Alamofire
write-file /Users/admin/builder/spi-builder-workspace/.derivedData/Build/Intermediates.noindex/Alamofire.build/Debug/Alamofire_Alamofire-b.build/Alamofire_Alamofire.DependencyMetadataFileList
WriteAuxiliaryFile /Users/admin/builder/spi-builder-workspace/.derivedData/Build/Intermediates.noindex/Fuzi.build/Debug/Fuzi-t.build/Objects-normal/arm64/Fuzi_const_extract_protocols.json (in target 'Fuzi' from project 'Fuzi')
cd /Users/admin/builder/spi-builder-workspace/.dependencies/checkouts/Fuzi
write-file /Users/admin/builder/spi-builder-workspace/.derivedData/Build/Intermediates.noindex/Fuzi.build/Debug/Fuzi-t.build/Objects-normal/arm64/Fuzi_const_extract_protocols.json
WriteAuxiliaryFile /Users/admin/builder/spi-builder-workspace/.derivedData/Build/Intermediates.noindex/Fuzi.build/Debug/Fuzi-t.build/Objects-normal/arm64/Fuzi-OutputFileMap.json (in target 'Fuzi' from project 'Fuzi')
cd /Users/admin/builder/spi-builder-workspace/.dependencies/checkouts/Fuzi
write-file /Users/admin/builder/spi-builder-workspace/.derivedData/Build/Intermediates.noindex/Fuzi.build/Debug/Fuzi-t.build/Objects-normal/arm64/Fuzi-OutputFileMap.json
WriteAuxiliaryFile /Users/admin/builder/spi-builder-workspace/.derivedData/Build/Intermediates.noindex/Fuzi.build/Debug/Fuzi-t.build/Objects-normal/arm64/Fuzi.SwiftConstValuesFileList (in target 'Fuzi' from project 'Fuzi')
cd /Users/admin/builder/spi-builder-workspace/.dependencies/checkouts/Fuzi
write-file /Users/admin/builder/spi-builder-workspace/.derivedData/Build/Intermediates.noindex/Fuzi.build/Debug/Fuzi-t.build/Objects-normal/arm64/Fuzi.SwiftConstValuesFileList
WriteAuxiliaryFile /Users/admin/builder/spi-builder-workspace/.derivedData/Build/Intermediates.noindex/Fuzi.build/Debug/Fuzi-t.build/Objects-normal/arm64/Fuzi.LinkFileList (in target 'Fuzi' from project 'Fuzi')
cd /Users/admin/builder/spi-builder-workspace/.dependencies/checkouts/Fuzi
write-file /Users/admin/builder/spi-builder-workspace/.derivedData/Build/Intermediates.noindex/Fuzi.build/Debug/Fuzi-t.build/Objects-normal/arm64/Fuzi.LinkFileList
WriteAuxiliaryFile /Users/admin/builder/spi-builder-workspace/.derivedData/Build/Intermediates.noindex/Fuzi.build/Debug/Fuzi-t.build/Objects-normal/arm64/Fuzi.SwiftFileList (in target 'Fuzi' from project 'Fuzi')
cd /Users/admin/builder/spi-builder-workspace/.dependencies/checkouts/Fuzi
write-file /Users/admin/builder/spi-builder-workspace/.derivedData/Build/Intermediates.noindex/Fuzi.build/Debug/Fuzi-t.build/Objects-normal/arm64/Fuzi.SwiftFileList
WriteAuxiliaryFile /Users/admin/builder/spi-builder-workspace/.derivedData/Build/Intermediates.noindex/Fuzi.build/Debug/Fuzi-t.build/Fuzi.modulemap (in target 'Fuzi' from project 'Fuzi')
cd /Users/admin/builder/spi-builder-workspace/.dependencies/checkouts/Fuzi
write-file /Users/admin/builder/spi-builder-workspace/.derivedData/Build/Intermediates.noindex/Fuzi.build/Debug/Fuzi-t.build/Fuzi.modulemap
WriteAuxiliaryFile /Users/admin/builder/spi-builder-workspace/.derivedData/Build/Intermediates.noindex/Fuzi.build/Debug/Fuzi-t.build/Fuzi.DependencyStaticMetadataFileList (in target 'Fuzi' from project 'Fuzi')
cd /Users/admin/builder/spi-builder-workspace/.dependencies/checkouts/Fuzi
write-file /Users/admin/builder/spi-builder-workspace/.derivedData/Build/Intermediates.noindex/Fuzi.build/Debug/Fuzi-t.build/Fuzi.DependencyStaticMetadataFileList
WriteAuxiliaryFile /Users/admin/builder/spi-builder-workspace/.derivedData/Build/Intermediates.noindex/Fuzi.build/Debug/Fuzi-t.build/Fuzi.DependencyMetadataFileList (in target 'Fuzi' from project 'Fuzi')
cd /Users/admin/builder/spi-builder-workspace/.dependencies/checkouts/Fuzi
write-file /Users/admin/builder/spi-builder-workspace/.derivedData/Build/Intermediates.noindex/Fuzi.build/Debug/Fuzi-t.build/Fuzi.DependencyMetadataFileList
WriteAuxiliaryFile /Users/admin/builder/spi-builder-workspace/.derivedData/Build/Intermediates.noindex/Alamofire.build/Debug/Alamofire-t.build/Objects-normal/arm64/Alamofire_const_extract_protocols.json (in target 'Alamofire' from project 'Alamofire')
cd /Users/admin/builder/spi-builder-workspace/.dependencies/checkouts/Alamofire
write-file /Users/admin/builder/spi-builder-workspace/.derivedData/Build/Intermediates.noindex/Alamofire.build/Debug/Alamofire-t.build/Objects-normal/arm64/Alamofire_const_extract_protocols.json
WriteAuxiliaryFile /Users/admin/builder/spi-builder-workspace/.derivedData/Build/Intermediates.noindex/Alamofire.build/Debug/Alamofire-t.build/Objects-normal/arm64/Alamofire.SwiftFileList (in target 'Alamofire' from project 'Alamofire')
cd /Users/admin/builder/spi-builder-workspace/.dependencies/checkouts/Alamofire
write-file /Users/admin/builder/spi-builder-workspace/.derivedData/Build/Intermediates.noindex/Alamofire.build/Debug/Alamofire-t.build/Objects-normal/arm64/Alamofire.SwiftFileList
WriteAuxiliaryFile /Users/admin/builder/spi-builder-workspace/.derivedData/Build/Intermediates.noindex/Alamofire.build/Debug/Alamofire-t.build/Objects-normal/arm64/Alamofire.SwiftConstValuesFileList (in target 'Alamofire' from project 'Alamofire')
cd /Users/admin/builder/spi-builder-workspace/.dependencies/checkouts/Alamofire
write-file /Users/admin/builder/spi-builder-workspace/.derivedData/Build/Intermediates.noindex/Alamofire.build/Debug/Alamofire-t.build/Objects-normal/arm64/Alamofire.SwiftConstValuesFileList
WriteAuxiliaryFile /Users/admin/builder/spi-builder-workspace/.derivedData/Build/Intermediates.noindex/Alamofire.build/Debug/Alamofire-t.build/Objects-normal/arm64/Alamofire.LinkFileList (in target 'Alamofire' from project 'Alamofire')
cd /Users/admin/builder/spi-builder-workspace/.dependencies/checkouts/Alamofire
write-file /Users/admin/builder/spi-builder-workspace/.derivedData/Build/Intermediates.noindex/Alamofire.build/Debug/Alamofire-t.build/Objects-normal/arm64/Alamofire.LinkFileList
WriteAuxiliaryFile /Users/admin/builder/spi-builder-workspace/.derivedData/Build/Intermediates.noindex/Alamofire.build/Debug/Alamofire-t.build/Objects-normal/arm64/Alamofire-OutputFileMap.json (in target 'Alamofire' from project 'Alamofire')
cd /Users/admin/builder/spi-builder-workspace/.dependencies/checkouts/Alamofire
write-file /Users/admin/builder/spi-builder-workspace/.derivedData/Build/Intermediates.noindex/Alamofire.build/Debug/Alamofire-t.build/Objects-normal/arm64/Alamofire-OutputFileMap.json
WriteAuxiliaryFile /Users/admin/builder/spi-builder-workspace/.derivedData/Build/Intermediates.noindex/Alamofire.build/Debug/Alamofire-t.build/DerivedSources/resource_bundle_accessor.swift (in target 'Alamofire' from project 'Alamofire')
cd /Users/admin/builder/spi-builder-workspace/.dependencies/checkouts/Alamofire
write-file /Users/admin/builder/spi-builder-workspace/.derivedData/Build/Intermediates.noindex/Alamofire.build/Debug/Alamofire-t.build/DerivedSources/resource_bundle_accessor.swift
WriteAuxiliaryFile /Users/admin/builder/spi-builder-workspace/.derivedData/Build/Intermediates.noindex/Alamofire.build/Debug/Alamofire-t.build/Alamofire.modulemap (in target 'Alamofire' from project 'Alamofire')
cd /Users/admin/builder/spi-builder-workspace/.dependencies/checkouts/Alamofire
write-file /Users/admin/builder/spi-builder-workspace/.derivedData/Build/Intermediates.noindex/Alamofire.build/Debug/Alamofire-t.build/Alamofire.modulemap
WriteAuxiliaryFile /Users/admin/builder/spi-builder-workspace/.derivedData/Build/Intermediates.noindex/Alamofire.build/Debug/Alamofire-t.build/Alamofire.DependencyMetadataFileList (in target 'Alamofire' from project 'Alamofire')
cd /Users/admin/builder/spi-builder-workspace/.dependencies/checkouts/Alamofire
write-file /Users/admin/builder/spi-builder-workspace/.derivedData/Build/Intermediates.noindex/Alamofire.build/Debug/Alamofire-t.build/Alamofire.DependencyMetadataFileList
WriteAuxiliaryFile /Users/admin/builder/spi-builder-workspace/.derivedData/Build/Intermediates.noindex/Alamofire.build/Debug/Alamofire-t.build/Alamofire.DependencyStaticMetadataFileList (in target 'Alamofire' from project 'Alamofire')
cd /Users/admin/builder/spi-builder-workspace/.dependencies/checkouts/Alamofire
write-file /Users/admin/builder/spi-builder-workspace/.derivedData/Build/Intermediates.noindex/Alamofire.build/Debug/Alamofire-t.build/Alamofire.DependencyStaticMetadataFileList
Copy /Users/admin/builder/spi-builder-workspace/.derivedData/Build/Intermediates.noindex/GeneratedModuleMaps/Fuzi.modulemap /Users/admin/builder/spi-builder-workspace/.derivedData/Build/Intermediates.noindex/Fuzi.build/Debug/Fuzi-t.build/Fuzi.modulemap (in target 'Fuzi' from project 'Fuzi')
cd /Users/admin/builder/spi-builder-workspace/.dependencies/checkouts/Fuzi
builtin-copy -exclude .DS_Store -exclude CVS -exclude .svn -exclude .git -exclude .hg -resolve-src-symlinks /Users/admin/builder/spi-builder-workspace/.derivedData/Build/Intermediates.noindex/Fuzi.build/Debug/Fuzi-t.build/Fuzi.modulemap /Users/admin/builder/spi-builder-workspace/.derivedData/Build/Intermediates.noindex/GeneratedModuleMaps
WriteAuxiliaryFile /Users/admin/builder/spi-builder-workspace/.derivedData/Build/Intermediates.noindex/AlamoFuzi.build/Debug/AlamoFuzi-t.build/Objects-normal/arm64/AlamoFuzi.SwiftConstValuesFileList (in target 'AlamoFuzi' from project 'AlamoFuzi')
cd /Users/admin/builder/spi-builder-workspace
write-file /Users/admin/builder/spi-builder-workspace/.derivedData/Build/Intermediates.noindex/AlamoFuzi.build/Debug/AlamoFuzi-t.build/Objects-normal/arm64/AlamoFuzi.SwiftConstValuesFileList
WriteAuxiliaryFile /Users/admin/builder/spi-builder-workspace/.derivedData/Build/Intermediates.noindex/AlamoFuzi.build/Debug/AlamoFuzi-t.build/Objects-normal/arm64/AlamoFuzi_const_extract_protocols.json (in target 'AlamoFuzi' from project 'AlamoFuzi')
cd /Users/admin/builder/spi-builder-workspace
write-file /Users/admin/builder/spi-builder-workspace/.derivedData/Build/Intermediates.noindex/AlamoFuzi.build/Debug/AlamoFuzi-t.build/Objects-normal/arm64/AlamoFuzi_const_extract_protocols.json
WriteAuxiliaryFile /Users/admin/builder/spi-builder-workspace/.derivedData/Build/Intermediates.noindex/AlamoFuzi.build/Debug/AlamoFuzi-t.build/Objects-normal/arm64/AlamoFuzi.SwiftFileList (in target 'AlamoFuzi' from project 'AlamoFuzi')
cd /Users/admin/builder/spi-builder-workspace
write-file /Users/admin/builder/spi-builder-workspace/.derivedData/Build/Intermediates.noindex/AlamoFuzi.build/Debug/AlamoFuzi-t.build/Objects-normal/arm64/AlamoFuzi.SwiftFileList
WriteAuxiliaryFile /Users/admin/builder/spi-builder-workspace/.derivedData/Build/Intermediates.noindex/AlamoFuzi.build/Debug/AlamoFuzi-t.build/Objects-normal/arm64/AlamoFuzi.LinkFileList (in target 'AlamoFuzi' from project 'AlamoFuzi')
cd /Users/admin/builder/spi-builder-workspace
write-file /Users/admin/builder/spi-builder-workspace/.derivedData/Build/Intermediates.noindex/AlamoFuzi.build/Debug/AlamoFuzi-t.build/Objects-normal/arm64/AlamoFuzi.LinkFileList
WriteAuxiliaryFile /Users/admin/builder/spi-builder-workspace/.derivedData/Build/Intermediates.noindex/AlamoFuzi.build/Debug/AlamoFuzi-t.build/Objects-normal/arm64/AlamoFuzi-OutputFileMap.json (in target 'AlamoFuzi' from project 'AlamoFuzi')
cd /Users/admin/builder/spi-builder-workspace
write-file /Users/admin/builder/spi-builder-workspace/.derivedData/Build/Intermediates.noindex/AlamoFuzi.build/Debug/AlamoFuzi-t.build/Objects-normal/arm64/AlamoFuzi-OutputFileMap.json
Copy /Users/admin/builder/spi-builder-workspace/.derivedData/Build/Intermediates.noindex/GeneratedModuleMaps/Alamofire.modulemap /Users/admin/builder/spi-builder-workspace/.derivedData/Build/Intermediates.noindex/Alamofire.build/Debug/Alamofire-t.build/Alamofire.modulemap (in target 'Alamofire' from project 'Alamofire')
cd /Users/admin/builder/spi-builder-workspace/.dependencies/checkouts/Alamofire
builtin-copy -exclude .DS_Store -exclude CVS -exclude .svn -exclude .git -exclude .hg -resolve-src-symlinks /Users/admin/builder/spi-builder-workspace/.derivedData/Build/Intermediates.noindex/Alamofire.build/Debug/Alamofire-t.build/Alamofire.modulemap /Users/admin/builder/spi-builder-workspace/.derivedData/Build/Intermediates.noindex/GeneratedModuleMaps
WriteAuxiliaryFile /Users/admin/builder/spi-builder-workspace/.derivedData/Build/Intermediates.noindex/AlamoFuzi.build/Debug/AlamoFuzi-t.build/AlamoFuzi.modulemap (in target 'AlamoFuzi' from project 'AlamoFuzi')
cd /Users/admin/builder/spi-builder-workspace
write-file /Users/admin/builder/spi-builder-workspace/.derivedData/Build/Intermediates.noindex/AlamoFuzi.build/Debug/AlamoFuzi-t.build/AlamoFuzi.modulemap
WriteAuxiliaryFile /Users/admin/builder/spi-builder-workspace/.derivedData/Build/Intermediates.noindex/AlamoFuzi.build/Debug/AlamoFuzi-t.build/AlamoFuzi.DependencyStaticMetadataFileList (in target 'AlamoFuzi' from project 'AlamoFuzi')
cd /Users/admin/builder/spi-builder-workspace
write-file /Users/admin/builder/spi-builder-workspace/.derivedData/Build/Intermediates.noindex/AlamoFuzi.build/Debug/AlamoFuzi-t.build/AlamoFuzi.DependencyStaticMetadataFileList
WriteAuxiliaryFile /Users/admin/builder/spi-builder-workspace/.derivedData/Build/Intermediates.noindex/AlamoFuzi.build/Debug/AlamoFuzi-t.build/AlamoFuzi.DependencyMetadataFileList (in target 'AlamoFuzi' from project 'AlamoFuzi')
cd /Users/admin/builder/spi-builder-workspace
write-file /Users/admin/builder/spi-builder-workspace/.derivedData/Build/Intermediates.noindex/AlamoFuzi.build/Debug/AlamoFuzi-t.build/AlamoFuzi.DependencyMetadataFileList
MkDir /Users/admin/builder/spi-builder-workspace/.derivedData/Build/Products/Debug/Alamofire_Alamofire.bundle (in target 'Alamofire_Alamofire' from project 'Alamofire')
cd /Users/admin/builder/spi-builder-workspace/.dependencies/checkouts/Alamofire
/bin/mkdir -p /Users/admin/builder/spi-builder-workspace/.derivedData/Build/Products/Debug/Alamofire_Alamofire.bundle
Copy /Users/admin/builder/spi-builder-workspace/.derivedData/Build/Intermediates.noindex/GeneratedModuleMaps/AlamoFuzi.modulemap /Users/admin/builder/spi-builder-workspace/.derivedData/Build/Intermediates.noindex/AlamoFuzi.build/Debug/AlamoFuzi-t.build/AlamoFuzi.modulemap (in target 'AlamoFuzi' from project 'AlamoFuzi')
cd /Users/admin/builder/spi-builder-workspace
builtin-copy -exclude .DS_Store -exclude CVS -exclude .svn -exclude .git -exclude .hg -resolve-src-symlinks /Users/admin/builder/spi-builder-workspace/.derivedData/Build/Intermediates.noindex/AlamoFuzi.build/Debug/AlamoFuzi-t.build/AlamoFuzi.modulemap /Users/admin/builder/spi-builder-workspace/.derivedData/Build/Intermediates.noindex/GeneratedModuleMaps
CpResource /Users/admin/builder/spi-builder-workspace/.derivedData/Build/Products/Debug/Alamofire_Alamofire.bundle/Contents/Resources/PrivacyInfo.xcprivacy /Users/admin/builder/spi-builder-workspace/.dependencies/checkouts/Alamofire/Source/PrivacyInfo.xcprivacy (in target 'Alamofire_Alamofire' from project 'Alamofire')
cd /Users/admin/builder/spi-builder-workspace/.dependencies/checkouts/Alamofire
builtin-copy -exclude .DS_Store -exclude CVS -exclude .svn -exclude .git -exclude .hg -resolve-src-symlinks /Users/admin/builder/spi-builder-workspace/.dependencies/checkouts/Alamofire/Source/PrivacyInfo.xcprivacy /Users/admin/builder/spi-builder-workspace/.derivedData/Build/Products/Debug/Alamofire_Alamofire.bundle/Contents/Resources
ProcessInfoPlistFile /Users/admin/builder/spi-builder-workspace/.derivedData/Build/Products/Debug/Alamofire_Alamofire.bundle/Contents/Info.plist /Users/admin/builder/spi-builder-workspace/.derivedData/Build/Intermediates.noindex/Alamofire.build/Debug/Alamofire_Alamofire-b.build/empty-Alamofire_Alamofire.plist (in target 'Alamofire_Alamofire' from project 'Alamofire')
cd /Users/admin/builder/spi-builder-workspace/.dependencies/checkouts/Alamofire
builtin-infoPlistUtility /Users/admin/builder/spi-builder-workspace/.derivedData/Build/Intermediates.noindex/Alamofire.build/Debug/Alamofire_Alamofire-b.build/empty-Alamofire_Alamofire.plist -producttype com.apple.product-type.bundle -expandbuildsettings -platform macosx -o /Users/admin/builder/spi-builder-workspace/.derivedData/Build/Products/Debug/Alamofire_Alamofire.bundle/Contents/Info.plist
RegisterExecutionPolicyException /Users/admin/builder/spi-builder-workspace/.derivedData/Build/Products/Debug/Alamofire_Alamofire.bundle (in target 'Alamofire_Alamofire' from project 'Alamofire')
cd /Users/admin/builder/spi-builder-workspace/.dependencies/checkouts/Alamofire
builtin-RegisterExecutionPolicyException /Users/admin/builder/spi-builder-workspace/.derivedData/Build/Products/Debug/Alamofire_Alamofire.bundle
Touch /Users/admin/builder/spi-builder-workspace/.derivedData/Build/Products/Debug/Alamofire_Alamofire.bundle (in target 'Alamofire_Alamofire' from project 'Alamofire')
cd /Users/admin/builder/spi-builder-workspace/.dependencies/checkouts/Alamofire
/usr/bin/touch -c /Users/admin/builder/spi-builder-workspace/.derivedData/Build/Products/Debug/Alamofire_Alamofire.bundle
SwiftDriver Fuzi normal arm64 com.apple.xcode.tools.swift.compiler (in target 'Fuzi' from project 'Fuzi')
cd /Users/admin/builder/spi-builder-workspace/.swiftpm/xcode
builtin-SwiftDriver -- /Applications/Xcode-27.0.0-Release.Candidate.app/Contents/Developer/Toolchains/XcodeDefault.xctoolchain/usr/bin/swiftc -parse-as-library -module-name Fuzi -Onone @/Users/admin/builder/spi-builder-workspace/.derivedData/Build/Intermediates.noindex/Fuzi.build/Debug/Fuzi-t.build/Objects-normal/arm64/Fuzi.SwiftFileList -DSWIFT_PACKAGE -DDEBUG -DSWIFT_MODULE_RESOURCE_BUNDLE_UNAVAILABLE -DXcode -plugin-path /Applications/Xcode-27.0.0-Release.Candidate.app/Contents/Developer/Toolchains/XcodeDefault.xctoolchain/usr/lib/swift/host/plugins/testing -enable-experimental-feature DebugDescriptionMacro -sdk /Applications/Xcode-27.0.0-Release.Candidate.app/Contents/Developer/Platforms/MacOSX.platform/Developer/SDKs/MacOSX27.0.sdk -target arm64-apple-macos12.0 -g -module-cache-path /Users/admin/builder/spi-builder-workspace/.derivedData/ModuleCache.noindex -Xfrontend -serialize-debugging-options -profile-coverage-mapping -profile-generate -enable-testing -suppress-warnings -index-store-path /Users/admin/builder/spi-builder-workspace/.derivedData/Index.noindex/DataStore -Xcc -D_LIBCPP_HARDENING_MODE\=_LIBCPP_HARDENING_MODE_DEBUG -swift-version 5 -I /Users/admin/builder/spi-builder-workspace/.derivedData/Build/Products/Debug -Isystem /Applications/Xcode-27.0.0-Release.Candidate.app/Contents/Developer/Platforms/MacOSX.platform/Developer/usr/lib -F /Users/admin/builder/spi-builder-workspace/.derivedData/Build/Products/Debug -F /Applications/Xcode-27.0.0-Release.Candidate.app/Contents/Developer/Platforms/MacOSX.platform/Developer/Library/Frameworks -c -j10 -enable-batch-mode -incremental -Xcc -ivfsstatcache -Xcc /Users/admin/builder/spi-builder-workspace/.derivedData/SDKStatCaches.noindex/macosx27.0-26A425-e829b21a6f8c9b70876ba0858053c0446a22442a12e9d48fe1a705f55a1adfc4.sdkstatcache -output-file-map /Users/admin/builder/spi-builder-workspace/.derivedData/Build/Intermediates.noindex/Fuzi.build/Debug/Fuzi-t.build/Objects-normal/arm64/Fuzi-OutputFileMap.json -save-temps -no-color-diagnostics -explicit-module-build -module-cache-path /Users/admin/builder/spi-builder-workspace/.derivedData/Build/Intermediates.noindex/SwiftExplicitPrecompiledModules -clang-scanner-module-cache-path /Users/admin/builder/spi-builder-workspace/.derivedData/ModuleCache.noindex -sdk-module-cache-path /Users/admin/builder/spi-builder-workspace/.derivedData/SDKExplicitPrecompiledModules -emit-dependencies -emit-module -emit-module-path /Users/admin/builder/spi-builder-workspace/.derivedData/Build/Intermediates.noindex/Fuzi.build/Debug/Fuzi-t.build/Objects-normal/arm64/Fuzi.swiftmodule -serialize-diagnostics -dependency-scan-serialize-diagnostics-path /Users/admin/builder/spi-builder-workspace/.derivedData/Build/Intermediates.noindex/Fuzi.build/Debug/Fuzi-t.build/Objects-normal/arm64/Fuzi-dependency-scan.dia -validate-clang-modules-once -clang-build-session-file /Users/admin/builder/spi-builder-workspace/.derivedData/ModuleCache.noindex/Session.modulevalidation -Xcc -fmodules-prune-interval\=86400 -Xcc -fmodules-prune-after\=345600 -emit-const-values -const-gather-protocols-list /Users/admin/builder/spi-builder-workspace/.derivedData/Build/Intermediates.noindex/Fuzi.build/Debug/Fuzi-t.build/Objects-normal/arm64/Fuzi_const_extract_protocols.json -Xcc -I/Users/admin/builder/spi-builder-workspace/.derivedData/Build/Products/Debug/include -Xcc -I/Users/admin/builder/spi-builder-workspace/.derivedData/Build/Intermediates.noindex/Fuzi.build/Debug/Fuzi-t.build/DerivedSources-normal/arm64 -Xcc -I/Users/admin/builder/spi-builder-workspace/.derivedData/Build/Intermediates.noindex/Fuzi.build/Debug/Fuzi-t.build/DerivedSources/arm64 -Xcc -I/Users/admin/builder/spi-builder-workspace/.derivedData/Build/Intermediates.noindex/Fuzi.build/Debug/Fuzi-t.build/DerivedSources -Xcc -DSWIFT_PACKAGE -Xcc -DDEBUG\=1 -emit-objc-header -emit-objc-header-path /Users/admin/builder/spi-builder-workspace/.derivedData/Build/Intermediates.noindex/Fuzi.build/Debug/Fuzi-t.build/Objects-normal/arm64/Fuzi-Swift.h -working-directory /Users/admin/builder/spi-builder-workspace/.swiftpm/xcode -experimental-emit-module-separately -disable-cmo
SwiftDriver Alamofire normal arm64 com.apple.xcode.tools.swift.compiler (in target 'Alamofire' from project 'Alamofire')
cd /Users/admin/builder/spi-builder-workspace/.swiftpm/xcode
builtin-SwiftDriver -- /Applications/Xcode-27.0.0-Release.Candidate.app/Contents/Developer/Toolchains/XcodeDefault.xctoolchain/usr/bin/swiftc -parse-as-library -module-name Alamofire -Onone @/Users/admin/builder/spi-builder-workspace/.derivedData/Build/Intermediates.noindex/Alamofire.build/Debug/Alamofire-t.build/Objects-normal/arm64/Alamofire.SwiftFileList -DSWIFT_PACKAGE -DDEBUG -DSWIFT_MODULE_RESOURCE_BUNDLE_AVAILABLE -DXcode -enable-upcoming-feature ExistentialAny -plugin-path /Applications/Xcode-27.0.0-Release.Candidate.app/Contents/Developer/Toolchains/XcodeDefault.xctoolchain/usr/lib/swift/host/plugins/testing -enable-experimental-feature DebugDescriptionMacro -sdk /Applications/Xcode-27.0.0-Release.Candidate.app/Contents/Developer/Platforms/MacOSX.platform/Developer/SDKs/MacOSX27.0.sdk -target arm64-apple-macos12.0 -g -module-cache-path /Users/admin/builder/spi-builder-workspace/.derivedData/ModuleCache.noindex -Xfrontend -serialize-debugging-options -profile-coverage-mapping -profile-generate -enable-testing -suppress-warnings -index-store-path /Users/admin/builder/spi-builder-workspace/.derivedData/Index.noindex/DataStore -Xcc -D_LIBCPP_HARDENING_MODE\=_LIBCPP_HARDENING_MODE_DEBUG -swift-version 5 -I /Users/admin/builder/spi-builder-workspace/.derivedData/Build/Products/Debug -Isystem /Applications/Xcode-27.0.0-Release.Candidate.app/Contents/Developer/Platforms/MacOSX.platform/Developer/usr/lib -F /Users/admin/builder/spi-builder-workspace/.derivedData/Build/Products/Debug -F /Applications/Xcode-27.0.0-Release.Candidate.app/Contents/Developer/Platforms/MacOSX.platform/Developer/Library/Frameworks -c -j10 -enable-batch-mode -incremental -Xcc -ivfsstatcache -Xcc /Users/admin/builder/spi-builder-workspace/.derivedData/SDKStatCaches.noindex/macosx27.0-26A425-e829b21a6f8c9b70876ba0858053c0446a22442a12e9d48fe1a705f55a1adfc4.sdkstatcache -output-file-map /Users/admin/builder/spi-builder-workspace/.derivedData/Build/Intermediates.noindex/Alamofire.build/Debug/Alamofire-t.build/Objects-normal/arm64/Alamofire-OutputFileMap.json -save-temps -no-color-diagnostics -explicit-module-build -module-cache-path /Users/admin/builder/spi-builder-workspace/.derivedData/Build/Intermediates.noindex/SwiftExplicitPrecompiledModules -clang-scanner-module-cache-path /Users/admin/builder/spi-builder-workspace/.derivedData/ModuleCache.noindex -sdk-module-cache-path /Users/admin/builder/spi-builder-workspace/.derivedData/SDKExplicitPrecompiledModules -emit-dependencies -emit-module -emit-module-path /Users/admin/builder/spi-builder-workspace/.derivedData/Build/Intermediates.noindex/Alamofire.build/Debug/Alamofire-t.build/Objects-normal/arm64/Alamofire.swiftmodule -serialize-diagnostics -dependency-scan-serialize-diagnostics-path /Users/admin/builder/spi-builder-workspace/.derivedData/Build/Intermediates.noindex/Alamofire.build/Debug/Alamofire-t.build/Objects-normal/arm64/Alamofire-dependency-scan.dia -user-module-version 5.12.2 -validate-clang-modules-once -clang-build-session-file /Users/admin/builder/spi-builder-workspace/.derivedData/ModuleCache.noindex/Session.modulevalidation -Xcc -fmodules-prune-interval\=86400 -Xcc -fmodules-prune-after\=345600 -package-name alamofire -emit-const-values -const-gather-protocols-list /Users/admin/builder/spi-builder-workspace/.derivedData/Build/Intermediates.noindex/Alamofire.build/Debug/Alamofire-t.build/Objects-normal/arm64/Alamofire_const_extract_protocols.json -Xcc -I/Users/admin/builder/spi-builder-workspace/.derivedData/Build/Products/Debug/include -Xcc -I/Users/admin/builder/spi-builder-workspace/.derivedData/Build/Intermediates.noindex/Alamofire.build/Debug/Alamofire-t.build/DerivedSources-normal/arm64 -Xcc -I/Users/admin/builder/spi-builder-workspace/.derivedData/Build/Intermediates.noindex/Alamofire.build/Debug/Alamofire-t.build/DerivedSources/arm64 -Xcc -I/Users/admin/builder/spi-builder-workspace/.derivedData/Build/Intermediates.noindex/Alamofire.build/Debug/Alamofire-t.build/DerivedSources -Xcc -DSWIFT_PACKAGE -Xcc -DDEBUG\=1 -emit-objc-header -emit-objc-header-path /Users/admin/builder/spi-builder-workspace/.derivedData/Build/Intermediates.noindex/Alamofire.build/Debug/Alamofire-t.build/Objects-normal/arm64/Alamofire-Swift.h -working-directory /Users/admin/builder/spi-builder-workspace/.swiftpm/xcode -experimental-emit-module-separately -disable-cmo
SwiftExplicitDependencyGeneratePcm arm64 /Users/admin/builder/spi-builder-workspace/.derivedData/SDKExplicitPrecompiledModules/_SwiftConcurrencyShims-BLUUWKI6AGMD7TJ4RGYS7DP6T.pcm
SwiftExplicitDependencyGeneratePcm arm64 /Users/admin/builder/spi-builder-workspace/.derivedData/SDKExplicitPrecompiledModules/_Builtin_float-105CRCDRP90FQCQO5ZX1LHV7H.pcm
SwiftExplicitDependencyGeneratePcm arm64 /Users/admin/builder/spi-builder-workspace/.derivedData/SDKExplicitPrecompiledModules/_AvailabilityInternal-CJTV5E7EL3MWRA437DUFPBVN2.pcm
SwiftExplicitDependencyGeneratePcm arm64 /Users/admin/builder/spi-builder-workspace/.derivedData/SDKExplicitPrecompiledModules/_Builtin_stdbool-KYV2HKP8IKLKMKQS9DGA2GUQ.pcm
SwiftExplicitDependencyGeneratePcm arm64 /Users/admin/builder/spi-builder-workspace/.derivedData/SDKExplicitPrecompiledModules/_Builtin_stdarg-7CFWA9OSW5N24E7PG4ZOCF1VH.pcm
SwiftExplicitDependencyGeneratePcm arm64 /Users/admin/builder/spi-builder-workspace/.derivedData/SDKExplicitPrecompiledModules/ptrauth-2W92ZJRLNJU99RJUQGGJG3OC3.pcm
SwiftExplicitDependencyGeneratePcm arm64 /Users/admin/builder/spi-builder-workspace/.derivedData/SDKExplicitPrecompiledModules/_Builtin_stddef-3GI9GOKXSW3QCTFOI1USFLDZO.pcm
SwiftExplicitDependencyGeneratePcm arm64 /Users/admin/builder/spi-builder-workspace/.derivedData/SDKExplicitPrecompiledModules/SwiftShims-C4V0DQ62WSTCYBYGILXXGQNO3.pcm
SwiftExplicitDependencyGeneratePcm arm64 /Users/admin/builder/spi-builder-workspace/.derivedData/SDKExplicitPrecompiledModules/ptrcheck-DHLCBWKPNUZOYTPJ1J3QVTCXK.pcm
SwiftExplicitDependencyGeneratePcm arm64 /Users/admin/builder/spi-builder-workspace/.derivedData/SDKExplicitPrecompiledModules/_DarwinFoundation1-7PRJIG163YE9KSKYA3BS35ZZP.pcm
SwiftExplicitDependencyGeneratePcm arm64 /Users/admin/builder/spi-builder-workspace/.derivedData/SDKExplicitPrecompiledModules/_DarwinFoundation2-94WUUGE4H5R03OWXE0QFZX1DN.pcm
SwiftExplicitDependencyGeneratePcm arm64 /Users/admin/builder/spi-builder-workspace/.derivedData/SDKExplicitPrecompiledModules/_Builtin_limits-AXGUGXBFPC0I7QDLJFB0K341Y.pcm
SwiftExplicitDependencyGeneratePcm arm64 /Users/admin/builder/spi-builder-workspace/.derivedData/SDKExplicitPrecompiledModules/sys_types-F4RNCN6UR5R5OWTLTOUM7TN3E.pcm
SwiftExplicitDependencyGeneratePcm arm64 /Users/admin/builder/spi-builder-workspace/.derivedData/SDKExplicitPrecompiledModules/string_h-10WPXBF3YFYMX5HUAW06LSABR.pcm
SwiftExplicitDependencyGeneratePcm arm64 /Users/admin/builder/spi-builder-workspace/.derivedData/SDKExplicitPrecompiledModules/_Builtin_stdint-22CBBOK8BNSF0UELDCAXSHGB.pcm
SwiftExplicitDependencyGeneratePcm arm64 /Users/admin/builder/spi-builder-workspace/.derivedData/SDKExplicitPrecompiledModules/_DarwinFoundation3-32PO5Q4RCB6WXH5VFO3HA3AVS.pcm
SwiftExplicitDependencyGeneratePcm arm64 /Users/admin/builder/spi-builder-workspace/.derivedData/SDKExplicitPrecompiledModules/_Builtin_stdatomic-8LN7S35C6I48KJOCW7VPXX04X.pcm
SwiftExplicitDependencyGeneratePcm arm64 /Users/admin/builder/spi-builder-workspace/.derivedData/SDKExplicitPrecompiledModules/libDER-5RCYOD0PCUUY2UGMBNE9LI8N9.pcm
SwiftExplicitDependencyGeneratePcm arm64 /Users/admin/builder/spi-builder-workspace/.derivedData/SDKExplicitPrecompiledModules/zlib-9ZSDGWVRZ6G2AW7TQUKOAPHI8.pcm
SwiftExplicitDependencyGeneratePcm arm64 /Users/admin/builder/spi-builder-workspace/.derivedData/SDKExplicitPrecompiledModules/libxml2-44OOCIYO6Z7NQMHCNG6N3W9TX.pcm
SwiftExplicitDependencyGeneratePcm arm64 /Users/admin/builder/spi-builder-workspace/.derivedData/SDKExplicitPrecompiledModules/_Builtin_inttypes-1U6AP9A8AJ4G9WD98E9RHLGTJ.pcm
SwiftExplicitDependencyGeneratePcm arm64 /Users/admin/builder/spi-builder-workspace/.derivedData/SDKExplicitPrecompiledModules/Darwin-1RAAWNGKQM8YGHV0YJNNN5YDY.pcm
SwiftExplicitDependencyGeneratePcm arm64 /Users/admin/builder/spi-builder-workspace/.derivedData/SDKExplicitPrecompiledModules/MachO-AWTJ65TFR7TMST2NUE6ZCC1SL.pcm
SwiftExplicitDependencyGeneratePcm arm64 /Users/admin/builder/spi-builder-workspace/.derivedData/SDKExplicitPrecompiledModules/libkern-22MDXN9G35RPO3OLKX9B2PN16.pcm
SwiftExplicitDependencyGeneratePcm arm64 /Users/admin/builder/spi-builder-workspace/.derivedData/SDKExplicitPrecompiledModules/launch-2XAORMJNLLVS0OVKC1M0752GY.pcm
SwiftExplicitDependencyGeneratePcm arm64 /Users/admin/builder/spi-builder-workspace/.derivedData/SDKExplicitPrecompiledModules/ObjectiveC-B89IQP2TC4CFSWOUMTUZRI1VZ.pcm
SwiftExplicitDependencyGeneratePcm arm64 /Users/admin/builder/spi-builder-workspace/.derivedData/SDKExplicitPrecompiledModules/os_object-3KLCCI03OX6OQTLJ92KQH2KIO.pcm
SwiftExplicitDependencyGeneratePcm arm64 /Users/admin/builder/spi-builder-workspace/.derivedData/SDKExplicitPrecompiledModules/os_workgroup-10SJ5M8R2OB4BG1TPFL9SZMKV.pcm
SwiftExplicitDependencyGeneratePcm arm64 /Users/admin/builder/spi-builder-workspace/.derivedData/SDKExplicitPrecompiledModules/Dispatch-NAMWF9KN29KC7Z5OS3TTTAE8.pcm
SwiftExplicitDependencyGeneratePcm arm64 /Users/admin/builder/spi-builder-workspace/.derivedData/SDKExplicitPrecompiledModules/CoreFoundation-4ZIITQ30SOGUQE8KJAB99ZV0Q.pcm
SwiftExplicitDependencyGeneratePcm arm64 /Users/admin/builder/spi-builder-workspace/.derivedData/SDKExplicitPrecompiledModules/XPC-E1MSAZG4ZNL24S2WK6K6Y7GWW.pcm
SwiftExplicitDependencyGeneratePcm arm64 /Users/admin/builder/spi-builder-workspace/.derivedData/SDKExplicitPrecompiledModules/dnssd-5V92N9LLMCLZ0RRCJ1W0WH553.pcm
SwiftExplicitDependencyGeneratePcm arm64 /Users/admin/builder/spi-builder-workspace/.derivedData/SDKExplicitPrecompiledModules/os-BYOEVK2GEMB4Q8WWHGZGREA00.pcm
SwiftExplicitDependencyGeneratePcm arm64 /Users/admin/builder/spi-builder-workspace/.derivedData/SDKExplicitPrecompiledModules/CFNetwork-CVHS5CT20191MFYXQIEDWSRGJ.pcm
SwiftExplicitDependencyGeneratePcm arm64 /Users/admin/builder/spi-builder-workspace/.derivedData/SDKExplicitPrecompiledModules/Security-ESPJ7FP0YAY1EL3VXBGY9MCZ8.pcm
SwiftExplicitDependencyGeneratePcm arm64 /Users/admin/builder/spi-builder-workspace/.derivedData/SDKExplicitPrecompiledModules/IOKit-6H3X691EDBH124EYTC2PEOP5T.pcm
SwiftExplicitDependencyGeneratePcm arm64 /Users/admin/builder/spi-builder-workspace/.derivedData/SDKExplicitPrecompiledModules/SystemConfiguration-2BT4ZOIZTG2NAYMCCJKO15ZUE.pcm
SwiftExplicitDependencyGeneratePcm arm64 /Users/admin/builder/spi-builder-workspace/.derivedData/SDKExplicitPrecompiledModules/DiskArbitration-ZNZZU7T0SYELB0DAR56WQF0R.pcm
SwiftExplicitDependencyGeneratePcm arm64 /Users/admin/builder/spi-builder-workspace/.derivedData/SDKExplicitPrecompiledModules/CoreServices-CGCGY0FOMEQGSNMO3HQSC09XU.pcm
SwiftExplicitDependencyGeneratePcm arm64 /Users/admin/builder/spi-builder-workspace/.derivedData/SDKExplicitPrecompiledModules/Foundation-44WR0NU86C67CV5BW8W1MGKNG.pcm
SwiftExplicitDependencyGeneratePcm arm64 /Users/admin/builder/spi-builder-workspace/.derivedData/SDKExplicitPrecompiledModules/UniformTypeIdentifiers-5LG8RE3Q01MBLZVRR3FFHHL5H.pcm
SwiftCompile normal arm64 Compiling\ Helpers.swift /Users/admin/builder/spi-builder-workspace/.dependencies/checkouts/Fuzi/Sources/Helpers.swift (in target 'Fuzi' from project 'Fuzi')
SwiftCompile normal arm64 /Users/admin/builder/spi-builder-workspace/.dependencies/checkouts/Fuzi/Sources/Helpers.swift (in target 'Fuzi' from project 'Fuzi')
cd /Users/admin/builder/spi-builder-workspace/.swiftpm/xcode
builtin-SwiftPerFileCompile Helpers.swift
SwiftEmitModule normal arm64 Emitting\ module\ for\ Fuzi (in target 'Fuzi' from project 'Fuzi')
SwiftCompile normal arm64 (in target 'Fuzi' from project 'Fuzi')
cd /Users/admin/builder/spi-builder-workspace/.swiftpm/xcode
SwiftExplicitDependencyGeneratePcm arm64 /Users/admin/builder/spi-builder-workspace/.derivedData/SDKExplicitPrecompiledModules/Network-DNJ6CH9B8OJ51G462QPX58B5X.pcm
SwiftCompile normal arm64 Compiling\ Element.swift /Users/admin/builder/spi-builder-workspace/.dependencies/checkouts/Fuzi/Sources/Element.swift (in target 'Fuzi' from project 'Fuzi')
SwiftCompile normal arm64 /Users/admin/builder/spi-builder-workspace/.dependencies/checkouts/Fuzi/Sources/Element.swift (in target 'Fuzi' from project 'Fuzi')
cd /Users/admin/builder/spi-builder-workspace/.swiftpm/xcode
builtin-SwiftPerFileCompile Element.swift
SwiftCompile normal arm64 Compiling\ Error.swift /Users/admin/builder/spi-builder-workspace/.dependencies/checkouts/Fuzi/Sources/Error.swift (in target 'Fuzi' from project 'Fuzi')
SwiftCompile normal arm64 /Users/admin/builder/spi-builder-workspace/.dependencies/checkouts/Fuzi/Sources/Error.swift (in target 'Fuzi' from project 'Fuzi')
cd /Users/admin/builder/spi-builder-workspace/.swiftpm/xcode
builtin-SwiftPerFileCompile Error.swift
SwiftCompile normal arm64 Compiling\ NodeSet.swift /Users/admin/builder/spi-builder-workspace/.dependencies/checkouts/Fuzi/Sources/NodeSet.swift (in target 'Fuzi' from project 'Fuzi')
SwiftCompile normal arm64 /Users/admin/builder/spi-builder-workspace/.dependencies/checkouts/Fuzi/Sources/NodeSet.swift (in target 'Fuzi' from project 'Fuzi')
cd /Users/admin/builder/spi-builder-workspace/.swiftpm/xcode
builtin-SwiftPerFileCompile NodeSet.swift
SwiftCompile normal arm64 Compiling\ Node.swift /Users/admin/builder/spi-builder-workspace/.dependencies/checkouts/Fuzi/Sources/Node.swift (in target 'Fuzi' from project 'Fuzi')
SwiftCompile normal arm64 /Users/admin/builder/spi-builder-workspace/.dependencies/checkouts/Fuzi/Sources/Node.swift (in target 'Fuzi' from project 'Fuzi')
cd /Users/admin/builder/spi-builder-workspace/.swiftpm/xcode
builtin-SwiftPerFileCompile Node.swift
SwiftCompile normal arm64 Compiling\ Queryable.swift /Users/admin/builder/spi-builder-workspace/.dependencies/checkouts/Fuzi/Sources/Queryable.swift (in target 'Fuzi' from project 'Fuzi')
SwiftCompile normal arm64 /Users/admin/builder/spi-builder-workspace/.dependencies/checkouts/Fuzi/Sources/Queryable.swift (in target 'Fuzi' from project 'Fuzi')
cd /Users/admin/builder/spi-builder-workspace/.swiftpm/xcode
builtin-SwiftPerFileCompile Queryable.swift
SwiftCompile normal arm64 Compiling\ Document.swift /Users/admin/builder/spi-builder-workspace/.dependencies/checkouts/Fuzi/Sources/Document.swift (in target 'Fuzi' from project 'Fuzi')
SwiftCompile normal arm64 /Users/admin/builder/spi-builder-workspace/.dependencies/checkouts/Fuzi/Sources/Document.swift (in target 'Fuzi' from project 'Fuzi')
cd /Users/admin/builder/spi-builder-workspace/.swiftpm/xcode
builtin-SwiftPerFileCompile Document.swift
SwiftEmitModule normal arm64 Emitting\ module\ for\ Alamofire (in target 'Alamofire' from project 'Alamofire')
SwiftCompile normal arm64 (in target 'Alamofire' from project 'Alamofire')
cd /Users/admin/builder/spi-builder-workspace/.swiftpm/xcode
SwiftCompile normal arm64 Compiling\ CachedResponseHandler.swift,\ Combine.swift,\ Concurrency.swift,\ EventMonitor.swift /Users/admin/builder/spi-builder-workspace/.dependencies/checkouts/Alamofire/Source/Features/CachedResponseHandler.swift /Users/admin/builder/spi-builder-workspace/.dependencies/checkouts/Alamofire/Source/Features/Combine.swift /Users/admin/builder/spi-builder-workspace/.dependencies/checkouts/Alamofire/Source/Features/Concurrency.swift /Users/admin/builder/spi-builder-workspace/.dependencies/checkouts/Alamofire/Source/Features/EventMonitor.swift (in target 'Alamofire' from project 'Alamofire')
SwiftCompile normal arm64 /Users/admin/builder/spi-builder-workspace/.dependencies/checkouts/Alamofire/Source/Features/CachedResponseHandler.swift (in target 'Alamofire' from project 'Alamofire')
cd /Users/admin/builder/spi-builder-workspace/.swiftpm/xcode
builtin-SwiftPerFileCompile CachedResponseHandler.swift
SwiftCompile normal arm64 /Users/admin/builder/spi-builder-workspace/.dependencies/checkouts/Alamofire/Source/Features/Combine.swift (in target 'Alamofire' from project 'Alamofire')
cd /Users/admin/builder/spi-builder-workspace/.swiftpm/xcode
builtin-SwiftPerFileCompile Combine.swift
SwiftCompile normal arm64 /Users/admin/builder/spi-builder-workspace/.dependencies/checkouts/Alamofire/Source/Features/Concurrency.swift (in target 'Alamofire' from project 'Alamofire')
cd /Users/admin/builder/spi-builder-workspace/.swiftpm/xcode
builtin-SwiftPerFileCompile Concurrency.swift
SwiftCompile normal arm64 /Users/admin/builder/spi-builder-workspace/.dependencies/checkouts/Alamofire/Source/Features/EventMonitor.swift (in target 'Alamofire' from project 'Alamofire')
cd /Users/admin/builder/spi-builder-workspace/.swiftpm/xcode
builtin-SwiftPerFileCompile EventMonitor.swift
SwiftCompile normal arm64 Compiling\ RetryPolicy.swift,\ ServerTrustEvaluation.swift,\ URLEncodedFormEncoder.swift,\ Validation.swift /Users/admin/builder/spi-builder-workspace/.dependencies/checkouts/Alamofire/Source/Features/RetryPolicy.swift /Users/admin/builder/spi-builder-workspace/.dependencies/checkouts/Alamofire/Source/Features/ServerTrustEvaluation.swift /Users/admin/builder/spi-builder-workspace/.dependencies/checkouts/Alamofire/Source/Features/URLEncodedFormEncoder.swift /Users/admin/builder/spi-builder-workspace/.dependencies/checkouts/Alamofire/Source/Features/Validation.swift (in target 'Alamofire' from project 'Alamofire')
SwiftCompile normal arm64 /Users/admin/builder/spi-builder-workspace/.dependencies/checkouts/Alamofire/Source/Features/RetryPolicy.swift (in target 'Alamofire' from project 'Alamofire')
cd /Users/admin/builder/spi-builder-workspace/.swiftpm/xcode
builtin-SwiftPerFileCompile RetryPolicy.swift
SwiftCompile normal arm64 /Users/admin/builder/spi-builder-workspace/.dependencies/checkouts/Alamofire/Source/Features/ServerTrustEvaluation.swift (in target 'Alamofire' from project 'Alamofire')
cd /Users/admin/builder/spi-builder-workspace/.swiftpm/xcode
builtin-SwiftPerFileCompile ServerTrustEvaluation.swift
SwiftCompile normal arm64 /Users/admin/builder/spi-builder-workspace/.dependencies/checkouts/Alamofire/Source/Features/URLEncodedFormEncoder.swift (in target 'Alamofire' from project 'Alamofire')
cd /Users/admin/builder/spi-builder-workspace/.swiftpm/xcode
builtin-SwiftPerFileCompile URLEncodedFormEncoder.swift
SwiftCompile normal arm64 /Users/admin/builder/spi-builder-workspace/.dependencies/checkouts/Alamofire/Source/Features/Validation.swift (in target 'Alamofire' from project 'Alamofire')
cd /Users/admin/builder/spi-builder-workspace/.swiftpm/xcode
builtin-SwiftPerFileCompile Validation.swift
SwiftDriverJobDiscovery normal arm64 Emitting module for Fuzi (in target 'Fuzi' from project 'Fuzi')
SwiftDriver\ Compilation\ Requirements Fuzi normal arm64 com.apple.xcode.tools.swift.compiler (in target 'Fuzi' from project 'Fuzi')
cd /Users/admin/builder/spi-builder-workspace/.swiftpm/xcode
builtin-Swift-Compilation-Requirements -- /Applications/Xcode-27.0.0-Release.Candidate.app/Contents/Developer/Toolchains/XcodeDefault.xctoolchain/usr/bin/swiftc -parse-as-library -module-name Fuzi -Onone @/Users/admin/builder/spi-builder-workspace/.derivedData/Build/Intermediates.noindex/Fuzi.build/Debug/Fuzi-t.build/Objects-normal/arm64/Fuzi.SwiftFileList -DSWIFT_PACKAGE -DDEBUG -DSWIFT_MODULE_RESOURCE_BUNDLE_UNAVAILABLE -DXcode -plugin-path /Applications/Xcode-27.0.0-Release.Candidate.app/Contents/Developer/Toolchains/XcodeDefault.xctoolchain/usr/lib/swift/host/plugins/testing -enable-experimental-feature DebugDescriptionMacro -sdk /Applications/Xcode-27.0.0-Release.Candidate.app/Contents/Developer/Platforms/MacOSX.platform/Developer/SDKs/MacOSX27.0.sdk -target arm64-apple-macos12.0 -g -module-cache-path /Users/admin/builder/spi-builder-workspace/.derivedData/ModuleCache.noindex -Xfrontend -serialize-debugging-options -profile-coverage-mapping -profile-generate -enable-testing -suppress-warnings -index-store-path /Users/admin/builder/spi-builder-workspace/.derivedData/Index.noindex/DataStore -Xcc -D_LIBCPP_HARDENING_MODE\=_LIBCPP_HARDENING_MODE_DEBUG -swift-version 5 -I /Users/admin/builder/spi-builder-workspace/.derivedData/Build/Products/Debug -Isystem /Applications/Xcode-27.0.0-Release.Candidate.app/Contents/Developer/Platforms/MacOSX.platform/Developer/usr/lib -F /Users/admin/builder/spi-builder-workspace/.derivedData/Build/Products/Debug -F /Applications/Xcode-27.0.0-Release.Candidate.app/Contents/Developer/Platforms/MacOSX.platform/Developer/Library/Frameworks -c -j10 -enable-batch-mode -incremental -Xcc -ivfsstatcache -Xcc /Users/admin/builder/spi-builder-workspace/.derivedData/SDKStatCaches.noindex/macosx27.0-26A425-e829b21a6f8c9b70876ba0858053c0446a22442a12e9d48fe1a705f55a1adfc4.sdkstatcache -output-file-map /Users/admin/builder/spi-builder-workspace/.derivedData/Build/Intermediates.noindex/Fuzi.build/Debug/Fuzi-t.build/Objects-normal/arm64/Fuzi-OutputFileMap.json -save-temps -no-color-diagnostics -explicit-module-build -module-cache-path /Users/admin/builder/spi-builder-workspace/.derivedData/Build/Intermediates.noindex/SwiftExplicitPrecompiledModules -clang-scanner-module-cache-path /Users/admin/builder/spi-builder-workspace/.derivedData/ModuleCache.noindex -sdk-module-cache-path /Users/admin/builder/spi-builder-workspace/.derivedData/SDKExplicitPrecompiledModules -emit-dependencies -emit-module -emit-module-path /Users/admin/builder/spi-builder-workspace/.derivedData/Build/Intermediates.noindex/Fuzi.build/Debug/Fuzi-t.build/Objects-normal/arm64/Fuzi.swiftmodule -serialize-diagnostics -dependency-scan-serialize-diagnostics-path /Users/admin/builder/spi-builder-workspace/.derivedData/Build/Intermediates.noindex/Fuzi.build/Debug/Fuzi-t.build/Objects-normal/arm64/Fuzi-dependency-scan.dia -validate-clang-modules-once -clang-build-session-file /Users/admin/builder/spi-builder-workspace/.derivedData/ModuleCache.noindex/Session.modulevalidation -Xcc -fmodules-prune-interval\=86400 -Xcc -fmodules-prune-after\=345600 -emit-const-values -const-gather-protocols-list /Users/admin/builder/spi-builder-workspace/.derivedData/Build/Intermediates.noindex/Fuzi.build/Debug/Fuzi-t.build/Objects-normal/arm64/Fuzi_const_extract_protocols.json -Xcc -I/Users/admin/builder/spi-builder-workspace/.derivedData/Build/Products/Debug/include -Xcc -I/Users/admin/builder/spi-builder-workspace/.derivedData/Build/Intermediates.noindex/Fuzi.build/Debug/Fuzi-t.build/DerivedSources-normal/arm64 -Xcc -I/Users/admin/builder/spi-builder-workspace/.derivedData/Build/Intermediates.noindex/Fuzi.build/Debug/Fuzi-t.build/DerivedSources/arm64 -Xcc -I/Users/admin/builder/spi-builder-workspace/.derivedData/Build/Intermediates.noindex/Fuzi.build/Debug/Fuzi-t.build/DerivedSources -Xcc -DSWIFT_PACKAGE -Xcc -DDEBUG\=1 -emit-objc-header -emit-objc-header-path /Users/admin/builder/spi-builder-workspace/.derivedData/Build/Intermediates.noindex/Fuzi.build/Debug/Fuzi-t.build/Objects-normal/arm64/Fuzi-Swift.h -working-directory /Users/admin/builder/spi-builder-workspace/.swiftpm/xcode -experimental-emit-module-separately -disable-cmo
SwiftDriverJobDiscovery normal arm64 Emitting module for Alamofire (in target 'Alamofire' from project 'Alamofire')
SwiftDriver\ Compilation\ Requirements Alamofire normal arm64 com.apple.xcode.tools.swift.compiler (in target 'Alamofire' from project 'Alamofire')
cd /Users/admin/builder/spi-builder-workspace/.swiftpm/xcode
builtin-Swift-Compilation-Requirements -- /Applications/Xcode-27.0.0-Release.Candidate.app/Contents/Developer/Toolchains/XcodeDefault.xctoolchain/usr/bin/swiftc -parse-as-library -module-name Alamofire -Onone @/Users/admin/builder/spi-builder-workspace/.derivedData/Build/Intermediates.noindex/Alamofire.build/Debug/Alamofire-t.build/Objects-normal/arm64/Alamofire.SwiftFileList -DSWIFT_PACKAGE -DDEBUG -DSWIFT_MODULE_RESOURCE_BUNDLE_AVAILABLE -DXcode -enable-upcoming-feature ExistentialAny -plugin-path /Applications/Xcode-27.0.0-Release.Candidate.app/Contents/Developer/Toolchains/XcodeDefault.xctoolchain/usr/lib/swift/host/plugins/testing -enable-experimental-feature DebugDescriptionMacro -sdk /Applications/Xcode-27.0.0-Release.Candidate.app/Contents/Developer/Platforms/MacOSX.platform/Developer/SDKs/MacOSX27.0.sdk -target arm64-apple-macos12.0 -g -module-cache-path /Users/admin/builder/spi-builder-workspace/.derivedData/ModuleCache.noindex -Xfrontend -serialize-debugging-options -profile-coverage-mapping -profile-generate -enable-testing -suppress-warnings -index-store-path /Users/admin/builder/spi-builder-workspace/.derivedData/Index.noindex/DataStore -Xcc -D_LIBCPP_HARDENING_MODE\=_LIBCPP_HARDENING_MODE_DEBUG -swift-version 5 -I /Users/admin/builder/spi-builder-workspace/.derivedData/Build/Products/Debug -Isystem /Applications/Xcode-27.0.0-Release.Candidate.app/Contents/Developer/Platforms/MacOSX.platform/Developer/usr/lib -F /Users/admin/builder/spi-builder-workspace/.derivedData/Build/Products/Debug -F /Applications/Xcode-27.0.0-Release.Candidate.app/Contents/Developer/Platforms/MacOSX.platform/Developer/Library/Frameworks -c -j10 -enable-batch-mode -incremental -Xcc -ivfsstatcache -Xcc /Users/admin/builder/spi-builder-workspace/.derivedData/SDKStatCaches.noindex/macosx27.0-26A425-e829b21a6f8c9b70876ba0858053c0446a22442a12e9d48fe1a705f55a1adfc4.sdkstatcache -output-file-map /Users/admin/builder/spi-builder-workspace/.derivedData/Build/Intermediates.noindex/Alamofire.build/Debug/Alamofire-t.build/Objects-normal/arm64/Alamofire-OutputFileMap.json -save-temps -no-color-diagnostics -explicit-module-build -module-cache-path /Users/admin/builder/spi-builder-workspace/.derivedData/Build/Intermediates.noindex/SwiftExplicitPrecompiledModules -clang-scanner-module-cache-path /Users/admin/builder/spi-builder-workspace/.derivedData/ModuleCache.noindex -sdk-module-cache-path /Users/admin/builder/spi-builder-workspace/.derivedData/SDKExplicitPrecompiledModules -emit-dependencies -emit-module -emit-module-path /Users/admin/builder/spi-builder-workspace/.derivedData/Build/Intermediates.noindex/Alamofire.build/Debug/Alamofire-t.build/Objects-normal/arm64/Alamofire.swiftmodule -serialize-diagnostics -dependency-scan-serialize-diagnostics-path /Users/admin/builder/spi-builder-workspace/.derivedData/Build/Intermediates.noindex/Alamofire.build/Debug/Alamofire-t.build/Objects-normal/arm64/Alamofire-dependency-scan.dia -user-module-version 5.12.2 -validate-clang-modules-once -clang-build-session-file /Users/admin/builder/spi-builder-workspace/.derivedData/ModuleCache.noindex/Session.modulevalidation -Xcc -fmodules-prune-interval\=86400 -Xcc -fmodules-prune-after\=345600 -package-name alamofire -emit-const-values -const-gather-protocols-list /Users/admin/builder/spi-builder-workspace/.derivedData/Build/Intermediates.noindex/Alamofire.build/Debug/Alamofire-t.build/Objects-normal/arm64/Alamofire_const_extract_protocols.json -Xcc -I/Users/admin/builder/spi-builder-workspace/.derivedData/Build/Products/Debug/include -Xcc -I/Users/admin/builder/spi-builder-workspace/.derivedData/Build/Intermediates.noindex/Alamofire.build/Debug/Alamofire-t.build/DerivedSources-normal/arm64 -Xcc -I/Users/admin/builder/spi-builder-workspace/.derivedData/Build/Intermediates.noindex/Alamofire.build/Debug/Alamofire-t.build/DerivedSources/arm64 -Xcc -I/Users/admin/builder/spi-builder-workspace/.derivedData/Build/Intermediates.noindex/Alamofire.build/Debug/Alamofire-t.build/DerivedSources -Xcc -DSWIFT_PACKAGE -Xcc -DDEBUG\=1 -emit-objc-header -emit-objc-header-path /Users/admin/builder/spi-builder-workspace/.derivedData/Build/Intermediates.noindex/Alamofire.build/Debug/Alamofire-t.build/Objects-normal/arm64/Alamofire-Swift.h -working-directory /Users/admin/builder/spi-builder-workspace/.swiftpm/xcode -experimental-emit-module-separately -disable-cmo
SwiftCompile normal arm64 Compiling\ RedirectHandler.swift,\ RequestCompression.swift,\ RequestInterceptor.swift,\ ResponseSerialization.swift /Users/admin/builder/spi-builder-workspace/.dependencies/checkouts/Alamofire/Source/Features/RedirectHandler.swift /Users/admin/builder/spi-builder-workspace/.dependencies/checkouts/Alamofire/Source/Features/RequestCompression.swift /Users/admin/builder/spi-builder-workspace/.dependencies/checkouts/Alamofire/Source/Features/RequestInterceptor.swift /Users/admin/builder/spi-builder-workspace/.dependencies/checkouts/Alamofire/Source/Features/ResponseSerialization.swift (in target 'Alamofire' from project 'Alamofire')
SwiftCompile normal arm64 /Users/admin/builder/spi-builder-workspace/.dependencies/checkouts/Alamofire/Source/Features/RedirectHandler.swift (in target 'Alamofire' from project 'Alamofire')
cd /Users/admin/builder/spi-builder-workspace/.swiftpm/xcode
builtin-SwiftPerFileCompile RedirectHandler.swift
SwiftCompile normal arm64 /Users/admin/builder/spi-builder-workspace/.dependencies/checkouts/Alamofire/Source/Features/RequestCompression.swift (in target 'Alamofire' from project 'Alamofire')
cd /Users/admin/builder/spi-builder-workspace/.swiftpm/xcode
builtin-SwiftPerFileCompile RequestCompression.swift
SwiftCompile normal arm64 /Users/admin/builder/spi-builder-workspace/.dependencies/checkouts/Alamofire/Source/Features/RequestInterceptor.swift (in target 'Alamofire' from project 'Alamofire')
cd /Users/admin/builder/spi-builder-workspace/.swiftpm/xcode
builtin-SwiftPerFileCompile RequestInterceptor.swift
SwiftCompile normal arm64 /Users/admin/builder/spi-builder-workspace/.dependencies/checkouts/Alamofire/Source/Features/ResponseSerialization.swift (in target 'Alamofire' from project 'Alamofire')
cd /Users/admin/builder/spi-builder-workspace/.swiftpm/xcode
builtin-SwiftPerFileCompile ResponseSerialization.swift
SwiftMergeGeneratedHeaders /Users/admin/builder/spi-builder-workspace/.derivedData/Build/Intermediates.noindex/GeneratedModuleMaps/Fuzi-Swift.h /Users/admin/builder/spi-builder-workspace/.derivedData/Build/Intermediates.noindex/Fuzi.build/Debug/Fuzi-t.build/Objects-normal/arm64/Fuzi-Swift.h (in target 'Fuzi' from project 'Fuzi')
cd /Users/admin/builder/spi-builder-workspace/.dependencies/checkouts/Fuzi
builtin-swiftHeaderTool -arch arm64 /Users/admin/builder/spi-builder-workspace/.derivedData/Build/Intermediates.noindex/Fuzi.build/Debug/Fuzi-t.build/Objects-normal/arm64/Fuzi-Swift.h -o /Users/admin/builder/spi-builder-workspace/.derivedData/Build/Intermediates.noindex/GeneratedModuleMaps/Fuzi-Swift.h
SwiftDriverJobDiscovery normal arm64 Compiling RedirectHandler.swift, RequestCompression.swift, RequestInterceptor.swift, ResponseSerialization.swift (in target 'Alamofire' from project 'Alamofire')
Copy /Users/admin/builder/spi-builder-workspace/.derivedData/Build/Products/Debug/Fuzi.swiftmodule/arm64-apple-macos.swiftmodule /Users/admin/builder/spi-builder-workspace/.derivedData/Build/Intermediates.noindex/Fuzi.build/Debug/Fuzi-t.build/Objects-normal/arm64/Fuzi.swiftmodule (in target 'Fuzi' from project 'Fuzi')
cd /Users/admin/builder/spi-builder-workspace/.dependencies/checkouts/Fuzi
builtin-copy -exclude .DS_Store -exclude CVS -exclude .svn -exclude .git -exclude .hg -resolve-src-symlinks -rename /Users/admin/builder/spi-builder-workspace/.derivedData/Build/Intermediates.noindex/Fuzi.build/Debug/Fuzi-t.build/Objects-normal/arm64/Fuzi.swiftmodule /Users/admin/builder/spi-builder-workspace/.derivedData/Build/Products/Debug/Fuzi.swiftmodule/arm64-apple-macos.swiftmodule
Copy /Users/admin/builder/spi-builder-workspace/.derivedData/Build/Products/Debug/Fuzi.swiftmodule/arm64-apple-macos.swiftdoc /Users/admin/builder/spi-builder-workspace/.derivedData/Build/Intermediates.noindex/Fuzi.build/Debug/Fuzi-t.build/Objects-normal/arm64/Fuzi.swiftdoc (in target 'Fuzi' from project 'Fuzi')
cd /Users/admin/builder/spi-builder-workspace/.dependencies/checkouts/Fuzi
builtin-copy -exclude .DS_Store -exclude CVS -exclude .svn -exclude .git -exclude .hg -resolve-src-symlinks -rename /Users/admin/builder/spi-builder-workspace/.derivedData/Build/Intermediates.noindex/Fuzi.build/Debug/Fuzi-t.build/Objects-normal/arm64/Fuzi.swiftdoc /Users/admin/builder/spi-builder-workspace/.derivedData/Build/Products/Debug/Fuzi.swiftmodule/arm64-apple-macos.swiftdoc
Copy /Users/admin/builder/spi-builder-workspace/.derivedData/Build/Products/Debug/Fuzi.swiftmodule/arm64-apple-macos.abi.json /Users/admin/builder/spi-builder-workspace/.derivedData/Build/Intermediates.noindex/Fuzi.build/Debug/Fuzi-t.build/Objects-normal/arm64/Fuzi.abi.json (in target 'Fuzi' from project 'Fuzi')
cd /Users/admin/builder/spi-builder-workspace/.dependencies/checkouts/Fuzi
builtin-copy -exclude .DS_Store -exclude CVS -exclude .svn -exclude .git -exclude .hg -resolve-src-symlinks -rename /Users/admin/builder/spi-builder-workspace/.derivedData/Build/Intermediates.noindex/Fuzi.build/Debug/Fuzi-t.build/Objects-normal/arm64/Fuzi.abi.json /Users/admin/builder/spi-builder-workspace/.derivedData/Build/Products/Debug/Fuzi.swiftmodule/arm64-apple-macos.abi.json
Copy /Users/admin/builder/spi-builder-workspace/.derivedData/Build/Products/Debug/Fuzi.swiftmodule/Project/arm64-apple-macos.swiftsourceinfo /Users/admin/builder/spi-builder-workspace/.derivedData/Build/Intermediates.noindex/Fuzi.build/Debug/Fuzi-t.build/Objects-normal/arm64/Fuzi.swiftsourceinfo (in target 'Fuzi' from project 'Fuzi')
cd /Users/admin/builder/spi-builder-workspace/.dependencies/checkouts/Fuzi
builtin-copy -exclude .DS_Store -exclude CVS -exclude .svn -exclude .git -exclude .hg -resolve-src-symlinks -rename /Users/admin/builder/spi-builder-workspace/.derivedData/Build/Intermediates.noindex/Fuzi.build/Debug/Fuzi-t.build/Objects-normal/arm64/Fuzi.swiftsourceinfo /Users/admin/builder/spi-builder-workspace/.derivedData/Build/Products/Debug/Fuzi.swiftmodule/Project/arm64-apple-macos.swiftsourceinfo
SwiftMergeGeneratedHeaders /Users/admin/builder/spi-builder-workspace/.derivedData/Build/Intermediates.noindex/GeneratedModuleMaps/Alamofire-Swift.h /Users/admin/builder/spi-builder-workspace/.derivedData/Build/Intermediates.noindex/Alamofire.build/Debug/Alamofire-t.build/Objects-normal/arm64/Alamofire-Swift.h (in target 'Alamofire' from project 'Alamofire')
cd /Users/admin/builder/spi-builder-workspace/.dependencies/checkouts/Alamofire
builtin-swiftHeaderTool -arch arm64 /Users/admin/builder/spi-builder-workspace/.derivedData/Build/Intermediates.noindex/Alamofire.build/Debug/Alamofire-t.build/Objects-normal/arm64/Alamofire-Swift.h -o /Users/admin/builder/spi-builder-workspace/.derivedData/Build/Intermediates.noindex/GeneratedModuleMaps/Alamofire-Swift.h
Copy /Users/admin/builder/spi-builder-workspace/.derivedData/Build/Products/Debug/Alamofire.swiftmodule/arm64-apple-macos.swiftdoc /Users/admin/builder/spi-builder-workspace/.derivedData/Build/Intermediates.noindex/Alamofire.build/Debug/Alamofire-t.build/Objects-normal/arm64/Alamofire.swiftdoc (in target 'Alamofire' from project 'Alamofire')
cd /Users/admin/builder/spi-builder-workspace/.dependencies/checkouts/Alamofire
builtin-copy -exclude .DS_Store -exclude CVS -exclude .svn -exclude .git -exclude .hg -resolve-src-symlinks -rename /Users/admin/builder/spi-builder-workspace/.derivedData/Build/Intermediates.noindex/Alamofire.build/Debug/Alamofire-t.build/Objects-normal/arm64/Alamofire.swiftdoc /Users/admin/builder/spi-builder-workspace/.derivedData/Build/Products/Debug/Alamofire.swiftmodule/arm64-apple-macos.swiftdoc
Copy /Users/admin/builder/spi-builder-workspace/.derivedData/Build/Products/Debug/Alamofire.swiftmodule/arm64-apple-macos.swiftmodule /Users/admin/builder/spi-builder-workspace/.derivedData/Build/Intermediates.noindex/Alamofire.build/Debug/Alamofire-t.build/Objects-normal/arm64/Alamofire.swiftmodule (in target 'Alamofire' from project 'Alamofire')
cd /Users/admin/builder/spi-builder-workspace/.dependencies/checkouts/Alamofire
builtin-copy -exclude .DS_Store -exclude CVS -exclude .svn -exclude .git -exclude .hg -resolve-src-symlinks -rename /Users/admin/builder/spi-builder-workspace/.derivedData/Build/Intermediates.noindex/Alamofire.build/Debug/Alamofire-t.build/Objects-normal/arm64/Alamofire.swiftmodule /Users/admin/builder/spi-builder-workspace/.derivedData/Build/Products/Debug/Alamofire.swiftmodule/arm64-apple-macos.swiftmodule
SwiftDriverJobDiscovery normal arm64 Compiling RetryPolicy.swift, ServerTrustEvaluation.swift, URLEncodedFormEncoder.swift, Validation.swift (in target 'Alamofire' from project 'Alamofire')
Copy /Users/admin/builder/spi-builder-workspace/.derivedData/Build/Products/Debug/Alamofire.swiftmodule/arm64-apple-macos.abi.json /Users/admin/builder/spi-builder-workspace/.derivedData/Build/Intermediates.noindex/Alamofire.build/Debug/Alamofire-t.build/Objects-normal/arm64/Alamofire.abi.json (in target 'Alamofire' from project 'Alamofire')
cd /Users/admin/builder/spi-builder-workspace/.dependencies/checkouts/Alamofire
builtin-copy -exclude .DS_Store -exclude CVS -exclude .svn -exclude .git -exclude .hg -resolve-src-symlinks -rename /Users/admin/builder/spi-builder-workspace/.derivedData/Build/Intermediates.noindex/Alamofire.build/Debug/Alamofire-t.build/Objects-normal/arm64/Alamofire.abi.json /Users/admin/builder/spi-builder-workspace/.derivedData/Build/Products/Debug/Alamofire.swiftmodule/arm64-apple-macos.abi.json
Copy /Users/admin/builder/spi-builder-workspace/.derivedData/Build/Products/Debug/Alamofire.swiftmodule/Project/arm64-apple-macos.swiftsourceinfo /Users/admin/builder/spi-builder-workspace/.derivedData/Build/Intermediates.noindex/Alamofire.build/Debug/Alamofire-t.build/Objects-normal/arm64/Alamofire.swiftsourceinfo (in target 'Alamofire' from project 'Alamofire')
cd /Users/admin/builder/spi-builder-workspace/.dependencies/checkouts/Alamofire
builtin-copy -exclude .DS_Store -exclude CVS -exclude .svn -exclude .git -exclude .hg -resolve-src-symlinks -rename /Users/admin/builder/spi-builder-workspace/.derivedData/Build/Intermediates.noindex/Alamofire.build/Debug/Alamofire-t.build/Objects-normal/arm64/Alamofire.swiftsourceinfo /Users/admin/builder/spi-builder-workspace/.derivedData/Build/Products/Debug/Alamofire.swiftmodule/Project/arm64-apple-macos.swiftsourceinfo
SwiftCompile normal arm64 Compiling\ WebSocketRequest.swift,\ DispatchQueue+Alamofire.swift,\ OperationQueue+Alamofire.swift,\ Result+Alamofire.swift,\ StringEncoding+Alamofire.swift /Users/admin/builder/spi-builder-workspace/.dependencies/checkouts/Alamofire/Source/Core/WebSocketRequest.swift /Users/admin/builder/spi-builder-workspace/.dependencies/checkouts/Alamofire/Source/Extensions/DispatchQueue+Alamofire.swift /Users/admin/builder/spi-builder-workspace/.dependencies/checkouts/Alamofire/Source/Extensions/OperationQueue+Alamofire.swift /Users/admin/builder/spi-builder-workspace/.dependencies/checkouts/Alamofire/Source/Extensions/Result+Alamofire.swift /Users/admin/builder/spi-builder-workspace/.dependencies/checkouts/Alamofire/Source/Extensions/StringEncoding+Alamofire.swift (in target 'Alamofire' from project 'Alamofire')
SwiftCompile normal arm64 /Users/admin/builder/spi-builder-workspace/.dependencies/checkouts/Alamofire/Source/Core/WebSocketRequest.swift (in target 'Alamofire' from project 'Alamofire')
cd /Users/admin/builder/spi-builder-workspace/.swiftpm/xcode
builtin-SwiftPerFileCompile WebSocketRequest.swift
SwiftCompile normal arm64 /Users/admin/builder/spi-builder-workspace/.dependencies/checkouts/Alamofire/Source/Extensions/DispatchQueue+Alamofire.swift (in target 'Alamofire' from project 'Alamofire')
cd /Users/admin/builder/spi-builder-workspace/.swiftpm/xcode
builtin-SwiftPerFileCompile DispatchQueue+Alamofire.swift
SwiftCompile normal arm64 /Users/admin/builder/spi-builder-workspace/.dependencies/checkouts/Alamofire/Source/Extensions/OperationQueue+Alamofire.swift (in target 'Alamofire' from project 'Alamofire')
cd /Users/admin/builder/spi-builder-workspace/.swiftpm/xcode
builtin-SwiftPerFileCompile OperationQueue+Alamofire.swift
SwiftCompile normal arm64 /Users/admin/builder/spi-builder-workspace/.dependencies/checkouts/Alamofire/Source/Extensions/Result+Alamofire.swift (in target 'Alamofire' from project 'Alamofire')
cd /Users/admin/builder/spi-builder-workspace/.swiftpm/xcode
builtin-SwiftPerFileCompile Result+Alamofire.swift
SwiftCompile normal arm64 /Users/admin/builder/spi-builder-workspace/.dependencies/checkouts/Alamofire/Source/Extensions/StringEncoding+Alamofire.swift (in target 'Alamofire' from project 'Alamofire')
cd /Users/admin/builder/spi-builder-workspace/.swiftpm/xcode
builtin-SwiftPerFileCompile StringEncoding+Alamofire.swift
SwiftCompile normal arm64 Compiling\ resource_bundle_accessor.swift,\ Alamofire.swift,\ AFError.swift,\ DataRequest.swift,\ DataStreamRequest.swift /Users/admin/builder/spi-builder-workspace/.derivedData/Build/Intermediates.noindex/Alamofire.build/Debug/Alamofire-t.build/DerivedSources/resource_bundle_accessor.swift /Users/admin/builder/spi-builder-workspace/.dependencies/checkouts/Alamofire/Source/Alamofire.swift /Users/admin/builder/spi-builder-workspace/.dependencies/checkouts/Alamofire/Source/Core/AFError.swift /Users/admin/builder/spi-builder-workspace/.dependencies/checkouts/Alamofire/Source/Core/DataRequest.swift /Users/admin/builder/spi-builder-workspace/.dependencies/checkouts/Alamofire/Source/Core/DataStreamRequest.swift (in target 'Alamofire' from project 'Alamofire')
SwiftCompile normal arm64 /Users/admin/builder/spi-builder-workspace/.derivedData/Build/Intermediates.noindex/Alamofire.build/Debug/Alamofire-t.build/DerivedSources/resource_bundle_accessor.swift (in target 'Alamofire' from project 'Alamofire')
cd /Users/admin/builder/spi-builder-workspace/.swiftpm/xcode
builtin-SwiftPerFileCompile resource_bundle_accessor.swift
SwiftCompile normal arm64 /Users/admin/builder/spi-builder-workspace/.dependencies/checkouts/Alamofire/Source/Alamofire.swift (in target 'Alamofire' from project 'Alamofire')
cd /Users/admin/builder/spi-builder-workspace/.swiftpm/xcode
builtin-SwiftPerFileCompile Alamofire.swift
SwiftCompile normal arm64 /Users/admin/builder/spi-builder-workspace/.dependencies/checkouts/Alamofire/Source/Core/AFError.swift (in target 'Alamofire' from project 'Alamofire')
cd /Users/admin/builder/spi-builder-workspace/.swiftpm/xcode
builtin-SwiftPerFileCompile AFError.swift
SwiftCompile normal arm64 /Users/admin/builder/spi-builder-workspace/.dependencies/checkouts/Alamofire/Source/Core/DataRequest.swift (in target 'Alamofire' from project 'Alamofire')
cd /Users/admin/builder/spi-builder-workspace/.swiftpm/xcode
builtin-SwiftPerFileCompile DataRequest.swift
SwiftCompile normal arm64 /Users/admin/builder/spi-builder-workspace/.dependencies/checkouts/Alamofire/Source/Core/DataStreamRequest.swift (in target 'Alamofire' from project 'Alamofire')
cd /Users/admin/builder/spi-builder-workspace/.swiftpm/xcode
builtin-SwiftPerFileCompile DataStreamRequest.swift
SwiftCompile normal arm64 Compiling\ Response.swift,\ Session.swift,\ SessionDelegate.swift,\ URLConvertible+URLRequestConvertible.swift,\ UploadRequest.swift /Users/admin/builder/spi-builder-workspace/.dependencies/checkouts/Alamofire/Source/Core/Response.swift /Users/admin/builder/spi-builder-workspace/.dependencies/checkouts/Alamofire/Source/Core/Session.swift /Users/admin/builder/spi-builder-workspace/.dependencies/checkouts/Alamofire/Source/Core/SessionDelegate.swift /Users/admin/builder/spi-builder-workspace/.dependencies/checkouts/Alamofire/Source/Core/URLConvertible+URLRequestConvertible.swift /Users/admin/builder/spi-builder-workspace/.dependencies/checkouts/Alamofire/Source/Core/UploadRequest.swift (in target 'Alamofire' from project 'Alamofire')
SwiftCompile normal arm64 /Users/admin/builder/spi-builder-workspace/.dependencies/checkouts/Alamofire/Source/Core/Response.swift (in target 'Alamofire' from project 'Alamofire')
cd /Users/admin/builder/spi-builder-workspace/.swiftpm/xcode
builtin-SwiftPerFileCompile Response.swift
SwiftCompile normal arm64 /Users/admin/builder/spi-builder-workspace/.dependencies/checkouts/Alamofire/Source/Core/Session.swift (in target 'Alamofire' from project 'Alamofire')
cd /Users/admin/builder/spi-builder-workspace/.swiftpm/xcode
builtin-SwiftPerFileCompile Session.swift
SwiftCompile normal arm64 /Users/admin/builder/spi-builder-workspace/.dependencies/checkouts/Alamofire/Source/Core/SessionDelegate.swift (in target 'Alamofire' from project 'Alamofire')
cd /Users/admin/builder/spi-builder-workspace/.swiftpm/xcode
builtin-SwiftPerFileCompile SessionDelegate.swift
SwiftCompile normal arm64 /Users/admin/builder/spi-builder-workspace/.dependencies/checkouts/Alamofire/Source/Core/URLConvertible+URLRequestConvertible.swift (in target 'Alamofire' from project 'Alamofire')
cd /Users/admin/builder/spi-builder-workspace/.swiftpm/xcode
builtin-SwiftPerFileCompile URLConvertible+URLRequestConvertible.swift
SwiftCompile normal arm64 /Users/admin/builder/spi-builder-workspace/.dependencies/checkouts/Alamofire/Source/Core/UploadRequest.swift (in target 'Alamofire' from project 'Alamofire')
cd /Users/admin/builder/spi-builder-workspace/.swiftpm/xcode
builtin-SwiftPerFileCompile UploadRequest.swift
SwiftDriverJobDiscovery normal arm64 Compiling CachedResponseHandler.swift, Combine.swift, Concurrency.swift, EventMonitor.swift (in target 'Alamofire' from project 'Alamofire')
SwiftDriverJobDiscovery normal arm64 Compiling Error.swift (in target 'Fuzi' from project 'Fuzi')
SwiftCompile normal arm64 Compiling\ URLRequest+Alamofire.swift,\ URLSessionConfiguration+Alamofire.swift,\ AlamofireExtended.swift,\ AuthenticationInterceptor.swift /Users/admin/builder/spi-builder-workspace/.dependencies/checkouts/Alamofire/Source/Extensions/URLRequest+Alamofire.swift /Users/admin/builder/spi-builder-workspace/.dependencies/checkouts/Alamofire/Source/Extensions/URLSessionConfiguration+Alamofire.swift /Users/admin/builder/spi-builder-workspace/.dependencies/checkouts/Alamofire/Source/Features/AlamofireExtended.swift /Users/admin/builder/spi-builder-workspace/.dependencies/checkouts/Alamofire/Source/Features/AuthenticationInterceptor.swift (in target 'Alamofire' from project 'Alamofire')
SwiftCompile normal arm64 /Users/admin/builder/spi-builder-workspace/.dependencies/checkouts/Alamofire/Source/Extensions/URLRequest+Alamofire.swift (in target 'Alamofire' from project 'Alamofire')
cd /Users/admin/builder/spi-builder-workspace/.swiftpm/xcode
builtin-SwiftPerFileCompile URLRequest+Alamofire.swift
SwiftCompile normal arm64 /Users/admin/builder/spi-builder-workspace/.dependencies/checkouts/Alamofire/Source/Extensions/URLSessionConfiguration+Alamofire.swift (in target 'Alamofire' from project 'Alamofire')
cd /Users/admin/builder/spi-builder-workspace/.swiftpm/xcode
builtin-SwiftPerFileCompile URLSessionConfiguration+Alamofire.swift
SwiftCompile normal arm64 /Users/admin/builder/spi-builder-workspace/.dependencies/checkouts/Alamofire/Source/Features/AlamofireExtended.swift (in target 'Alamofire' from project 'Alamofire')
cd /Users/admin/builder/spi-builder-workspace/.swiftpm/xcode
builtin-SwiftPerFileCompile AlamofireExtended.swift
SwiftCompile normal arm64 /Users/admin/builder/spi-builder-workspace/.dependencies/checkouts/Alamofire/Source/Features/AuthenticationInterceptor.swift (in target 'Alamofire' from project 'Alamofire')
cd /Users/admin/builder/spi-builder-workspace/.swiftpm/xcode
builtin-SwiftPerFileCompile AuthenticationInterceptor.swift
SwiftDriverJobDiscovery normal arm64 Compiling Node.swift (in target 'Fuzi' from project 'Fuzi')
SwiftCompile normal arm64 Compiling\ MultipartFormData.swift,\ MultipartUpload.swift,\ NetworkReachabilityManager.swift,\ OfflineRetrier.swift /Users/admin/builder/spi-builder-workspace/.dependencies/checkouts/Alamofire/Source/Features/MultipartFormData.swift /Users/admin/builder/spi-builder-workspace/.dependencies/checkouts/Alamofire/Source/Features/MultipartUpload.swift /Users/admin/builder/spi-builder-workspace/.dependencies/checkouts/Alamofire/Source/Features/NetworkReachabilityManager.swift /Users/admin/builder/spi-builder-workspace/.dependencies/checkouts/Alamofire/Source/Features/OfflineRetrier.swift (in target 'Alamofire' from project 'Alamofire')
SwiftCompile normal arm64 /Users/admin/builder/spi-builder-workspace/.dependencies/checkouts/Alamofire/Source/Features/MultipartFormData.swift (in target 'Alamofire' from project 'Alamofire')
cd /Users/admin/builder/spi-builder-workspace/.swiftpm/xcode
builtin-SwiftPerFileCompile MultipartFormData.swift
SwiftCompile normal arm64 /Users/admin/builder/spi-builder-workspace/.dependencies/checkouts/Alamofire/Source/Features/MultipartUpload.swift (in target 'Alamofire' from project 'Alamofire')
cd /Users/admin/builder/spi-builder-workspace/.swiftpm/xcode
builtin-SwiftPerFileCompile MultipartUpload.swift
SwiftCompile normal arm64 /Users/admin/builder/spi-builder-workspace/.dependencies/checkouts/Alamofire/Source/Features/NetworkReachabilityManager.swift (in target 'Alamofire' from project 'Alamofire')
cd /Users/admin/builder/spi-builder-workspace/.swiftpm/xcode
builtin-SwiftPerFileCompile NetworkReachabilityManager.swift
SwiftCompile normal arm64 /Users/admin/builder/spi-builder-workspace/.dependencies/checkouts/Alamofire/Source/Features/OfflineRetrier.swift (in target 'Alamofire' from project 'Alamofire')
cd /Users/admin/builder/spi-builder-workspace/.swiftpm/xcode
builtin-SwiftPerFileCompile OfflineRetrier.swift
SwiftDriverJobDiscovery normal arm64 Compiling Element.swift (in target 'Fuzi' from project 'Fuzi')
SwiftCompile normal arm64 Compiling\ DownloadRequest.swift,\ HTTPHeaders.swift,\ HTTPMethod.swift,\ Instant.swift,\ Notifications.swift /Users/admin/builder/spi-builder-workspace/.dependencies/checkouts/Alamofire/Source/Core/DownloadRequest.swift /Users/admin/builder/spi-builder-workspace/.dependencies/checkouts/Alamofire/Source/Core/HTTPHeaders.swift /Users/admin/builder/spi-builder-workspace/.dependencies/checkouts/Alamofire/Source/Core/HTTPMethod.swift /Users/admin/builder/spi-builder-workspace/.dependencies/checkouts/Alamofire/Source/Core/Instant.swift /Users/admin/builder/spi-builder-workspace/.dependencies/checkouts/Alamofire/Source/Core/Notifications.swift (in target 'Alamofire' from project 'Alamofire')
SwiftCompile normal arm64 /Users/admin/builder/spi-builder-workspace/.dependencies/checkouts/Alamofire/Source/Core/DownloadRequest.swift (in target 'Alamofire' from project 'Alamofire')
cd /Users/admin/builder/spi-builder-workspace/.swiftpm/xcode
builtin-SwiftPerFileCompile DownloadRequest.swift
SwiftCompile normal arm64 /Users/admin/builder/spi-builder-workspace/.dependencies/checkouts/Alamofire/Source/Core/HTTPHeaders.swift (in target 'Alamofire' from project 'Alamofire')
cd /Users/admin/builder/spi-builder-workspace/.swiftpm/xcode
builtin-SwiftPerFileCompile HTTPHeaders.swift
SwiftCompile normal arm64 /Users/admin/builder/spi-builder-workspace/.dependencies/checkouts/Alamofire/Source/Core/HTTPMethod.swift (in target 'Alamofire' from project 'Alamofire')
cd /Users/admin/builder/spi-builder-workspace/.swiftpm/xcode
builtin-SwiftPerFileCompile HTTPMethod.swift
SwiftCompile normal arm64 /Users/admin/builder/spi-builder-workspace/.dependencies/checkouts/Alamofire/Source/Core/Instant.swift (in target 'Alamofire' from project 'Alamofire')
cd /Users/admin/builder/spi-builder-workspace/.swiftpm/xcode
builtin-SwiftPerFileCompile Instant.swift
SwiftCompile normal arm64 /Users/admin/builder/spi-builder-workspace/.dependencies/checkouts/Alamofire/Source/Core/Notifications.swift (in target 'Alamofire' from project 'Alamofire')
cd /Users/admin/builder/spi-builder-workspace/.swiftpm/xcode
builtin-SwiftPerFileCompile Notifications.swift
SwiftDriverJobDiscovery normal arm64 Compiling NodeSet.swift (in target 'Fuzi' from project 'Fuzi')
SwiftCompile normal arm64 Compiling\ ParameterEncoder.swift,\ ParameterEncoding.swift,\ Protected.swift,\ Request.swift,\ RequestTaskMap.swift /Users/admin/builder/spi-builder-workspace/.dependencies/checkouts/Alamofire/Source/Core/ParameterEncoder.swift /Users/admin/builder/spi-builder-workspace/.dependencies/checkouts/Alamofire/Source/Core/ParameterEncoding.swift /Users/admin/builder/spi-builder-workspace/.dependencies/checkouts/Alamofire/Source/Core/Protected.swift /Users/admin/builder/spi-builder-workspace/.dependencies/checkouts/Alamofire/Source/Core/Request.swift /Users/admin/builder/spi-builder-workspace/.dependencies/checkouts/Alamofire/Source/Core/RequestTaskMap.swift (in target 'Alamofire' from project 'Alamofire')
SwiftCompile normal arm64 /Users/admin/builder/spi-builder-workspace/.dependencies/checkouts/Alamofire/Source/Core/ParameterEncoder.swift (in target 'Alamofire' from project 'Alamofire')
cd /Users/admin/builder/spi-builder-workspace/.swiftpm/xcode
builtin-SwiftPerFileCompile ParameterEncoder.swift
SwiftCompile normal arm64 /Users/admin/builder/spi-builder-workspace/.dependencies/checkouts/Alamofire/Source/Core/ParameterEncoding.swift (in target 'Alamofire' from project 'Alamofire')
cd /Users/admin/builder/spi-builder-workspace/.swiftpm/xcode
builtin-SwiftPerFileCompile ParameterEncoding.swift
SwiftCompile normal arm64 /Users/admin/builder/spi-builder-workspace/.dependencies/checkouts/Alamofire/Source/Core/Protected.swift (in target 'Alamofire' from project 'Alamofire')
cd /Users/admin/builder/spi-builder-workspace/.swiftpm/xcode
builtin-SwiftPerFileCompile Protected.swift
SwiftCompile normal arm64 /Users/admin/builder/spi-builder-workspace/.dependencies/checkouts/Alamofire/Source/Core/Request.swift (in target 'Alamofire' from project 'Alamofire')
cd /Users/admin/builder/spi-builder-workspace/.swiftpm/xcode
builtin-SwiftPerFileCompile Request.swift
SwiftCompile normal arm64 /Users/admin/builder/spi-builder-workspace/.dependencies/checkouts/Alamofire/Source/Core/RequestTaskMap.swift (in target 'Alamofire' from project 'Alamofire')
cd /Users/admin/builder/spi-builder-workspace/.swiftpm/xcode
builtin-SwiftPerFileCompile RequestTaskMap.swift
SwiftDriverJobDiscovery normal arm64 Compiling Helpers.swift (in target 'Fuzi' from project 'Fuzi')
SwiftDriver AlamoFuzi normal arm64 com.apple.xcode.tools.swift.compiler (in target 'AlamoFuzi' from project 'AlamoFuzi')
cd /Users/admin/builder/spi-builder-workspace/.swiftpm/xcode
builtin-SwiftDriver -- /Applications/Xcode-27.0.0-Release.Candidate.app/Contents/Developer/Toolchains/XcodeDefault.xctoolchain/usr/bin/swiftc -parse-as-library -module-name AlamoFuzi -Onone @/Users/admin/builder/spi-builder-workspace/.derivedData/Build/Intermediates.noindex/AlamoFuzi.build/Debug/AlamoFuzi-t.build/Objects-normal/arm64/AlamoFuzi.SwiftFileList -DSWIFT_PACKAGE -DDEBUG -DSWIFT_MODULE_RESOURCE_BUNDLE_UNAVAILABLE -DXcode -plugin-path /Applications/Xcode-27.0.0-Release.Candidate.app/Contents/Developer/Toolchains/XcodeDefault.xctoolchain/usr/lib/swift/host/plugins/testing -enable-experimental-feature DebugDescriptionMacro -sdk /Applications/Xcode-27.0.0-Release.Candidate.app/Contents/Developer/Platforms/MacOSX.platform/Developer/SDKs/MacOSX27.0.sdk -target arm64-apple-macos12.0 -g -module-cache-path /Users/admin/builder/spi-builder-workspace/.derivedData/ModuleCache.noindex -Xfrontend -serialize-debugging-options -profile-coverage-mapping -profile-generate -enable-testing -index-store-path /Users/admin/builder/spi-builder-workspace/.derivedData/Index.noindex/DataStore -Xcc -D_LIBCPP_HARDENING_MODE\=_LIBCPP_HARDENING_MODE_DEBUG -swift-version 5 -I /Users/admin/builder/spi-builder-workspace/.derivedData/Build/Products/Debug -Isystem /Applications/Xcode-27.0.0-Release.Candidate.app/Contents/Developer/Platforms/MacOSX.platform/Developer/usr/lib -F /Users/admin/builder/spi-builder-workspace/.derivedData/Build/Products/Debug/PackageFrameworks -F /Users/admin/builder/spi-builder-workspace/.derivedData/Build/Products/Debug -F /Applications/Xcode-27.0.0-Release.Candidate.app/Contents/Developer/Platforms/MacOSX.platform/Developer/Library/Frameworks -c -j10 -enable-batch-mode -incremental -Xcc -ivfsstatcache -Xcc /Users/admin/builder/spi-builder-workspace/.derivedData/SDKStatCaches.noindex/macosx27.0-26A425-e829b21a6f8c9b70876ba0858053c0446a22442a12e9d48fe1a705f55a1adfc4.sdkstatcache -output-file-map /Users/admin/builder/spi-builder-workspace/.derivedData/Build/Intermediates.noindex/AlamoFuzi.build/Debug/AlamoFuzi-t.build/Objects-normal/arm64/AlamoFuzi-OutputFileMap.json -save-temps -no-color-diagnostics -explicit-module-build -module-cache-path /Users/admin/builder/spi-builder-workspace/.derivedData/Build/Intermediates.noindex/SwiftExplicitPrecompiledModules -clang-scanner-module-cache-path /Users/admin/builder/spi-builder-workspace/.derivedData/ModuleCache.noindex -sdk-module-cache-path /Users/admin/builder/spi-builder-workspace/.derivedData/SDKExplicitPrecompiledModules -emit-dependencies -emit-module -emit-module-path /Users/admin/builder/spi-builder-workspace/.derivedData/Build/Intermediates.noindex/AlamoFuzi.build/Debug/AlamoFuzi-t.build/Objects-normal/arm64/AlamoFuzi.swiftmodule -serialize-diagnostics -dependency-scan-serialize-diagnostics-path /Users/admin/builder/spi-builder-workspace/.derivedData/Build/Intermediates.noindex/AlamoFuzi.build/Debug/AlamoFuzi-t.build/Objects-normal/arm64/AlamoFuzi-dependency-scan.dia -validate-clang-modules-once -clang-build-session-file /Users/admin/builder/spi-builder-workspace/.derivedData/ModuleCache.noindex/Session.modulevalidation -Xcc -fmodules-prune-interval\=86400 -Xcc -fmodules-prune-after\=345600 -emit-const-values -const-gather-protocols-list /Users/admin/builder/spi-builder-workspace/.derivedData/Build/Intermediates.noindex/AlamoFuzi.build/Debug/AlamoFuzi-t.build/Objects-normal/arm64/AlamoFuzi_const_extract_protocols.json -Xcc -I/Users/admin/builder/spi-builder-workspace/.derivedData/Build/Products/Debug/include -Xcc -I/Users/admin/builder/spi-builder-workspace/.derivedData/Build/Intermediates.noindex/AlamoFuzi.build/Debug/AlamoFuzi-t.build/DerivedSources-normal/arm64 -Xcc -I/Users/admin/builder/spi-builder-workspace/.derivedData/Build/Intermediates.noindex/AlamoFuzi.build/Debug/AlamoFuzi-t.build/DerivedSources/arm64 -Xcc -I/Users/admin/builder/spi-builder-workspace/.derivedData/Build/Intermediates.noindex/AlamoFuzi.build/Debug/AlamoFuzi-t.build/DerivedSources -Xcc -DSWIFT_PACKAGE -Xcc -DDEBUG\=1 -emit-objc-header -emit-objc-header-path /Users/admin/builder/spi-builder-workspace/.derivedData/Build/Intermediates.noindex/AlamoFuzi.build/Debug/AlamoFuzi-t.build/Objects-normal/arm64/AlamoFuzi-Swift.h -working-directory /Users/admin/builder/spi-builder-workspace/.swiftpm/xcode -experimental-emit-module-separately -disable-cmo
SwiftDriverJobDiscovery normal arm64 Compiling Document.swift (in target 'Fuzi' from project 'Fuzi')
SwiftDriverJobDiscovery normal arm64 Compiling Queryable.swift (in target 'Fuzi' from project 'Fuzi')
SwiftDriver\ Compilation Fuzi normal arm64 com.apple.xcode.tools.swift.compiler (in target 'Fuzi' from project 'Fuzi')
cd /Users/admin/builder/spi-builder-workspace/.swiftpm/xcode
builtin-Swift-Compilation -- /Applications/Xcode-27.0.0-Release.Candidate.app/Contents/Developer/Toolchains/XcodeDefault.xctoolchain/usr/bin/swiftc -parse-as-library -module-name Fuzi -Onone @/Users/admin/builder/spi-builder-workspace/.derivedData/Build/Intermediates.noindex/Fuzi.build/Debug/Fuzi-t.build/Objects-normal/arm64/Fuzi.SwiftFileList -DSWIFT_PACKAGE -DDEBUG -DSWIFT_MODULE_RESOURCE_BUNDLE_UNAVAILABLE -DXcode -plugin-path /Applications/Xcode-27.0.0-Release.Candidate.app/Contents/Developer/Toolchains/XcodeDefault.xctoolchain/usr/lib/swift/host/plugins/testing -enable-experimental-feature DebugDescriptionMacro -sdk /Applications/Xcode-27.0.0-Release.Candidate.app/Contents/Developer/Platforms/MacOSX.platform/Developer/SDKs/MacOSX27.0.sdk -target arm64-apple-macos12.0 -g -module-cache-path /Users/admin/builder/spi-builder-workspace/.derivedData/ModuleCache.noindex -Xfrontend -serialize-debugging-options -profile-coverage-mapping -profile-generate -enable-testing -suppress-warnings -index-store-path /Users/admin/builder/spi-builder-workspace/.derivedData/Index.noindex/DataStore -Xcc -D_LIBCPP_HARDENING_MODE\=_LIBCPP_HARDENING_MODE_DEBUG -swift-version 5 -I /Users/admin/builder/spi-builder-workspace/.derivedData/Build/Products/Debug -Isystem /Applications/Xcode-27.0.0-Release.Candidate.app/Contents/Developer/Platforms/MacOSX.platform/Developer/usr/lib -F /Users/admin/builder/spi-builder-workspace/.derivedData/Build/Products/Debug -F /Applications/Xcode-27.0.0-Release.Candidate.app/Contents/Developer/Platforms/MacOSX.platform/Developer/Library/Frameworks -c -j10 -enable-batch-mode -incremental -Xcc -ivfsstatcache -Xcc /Users/admin/builder/spi-builder-workspace/.derivedData/SDKStatCaches.noindex/macosx27.0-26A425-e829b21a6f8c9b70876ba0858053c0446a22442a12e9d48fe1a705f55a1adfc4.sdkstatcache -output-file-map /Users/admin/builder/spi-builder-workspace/.derivedData/Build/Intermediates.noindex/Fuzi.build/Debug/Fuzi-t.build/Objects-normal/arm64/Fuzi-OutputFileMap.json -save-temps -no-color-diagnostics -explicit-module-build -module-cache-path /Users/admin/builder/spi-builder-workspace/.derivedData/Build/Intermediates.noindex/SwiftExplicitPrecompiledModules -clang-scanner-module-cache-path /Users/admin/builder/spi-builder-workspace/.derivedData/ModuleCache.noindex -sdk-module-cache-path /Users/admin/builder/spi-builder-workspace/.derivedData/SDKExplicitPrecompiledModules -emit-dependencies -emit-module -emit-module-path /Users/admin/builder/spi-builder-workspace/.derivedData/Build/Intermediates.noindex/Fuzi.build/Debug/Fuzi-t.build/Objects-normal/arm64/Fuzi.swiftmodule -serialize-diagnostics -dependency-scan-serialize-diagnostics-path /Users/admin/builder/spi-builder-workspace/.derivedData/Build/Intermediates.noindex/Fuzi.build/Debug/Fuzi-t.build/Objects-normal/arm64/Fuzi-dependency-scan.dia -validate-clang-modules-once -clang-build-session-file /Users/admin/builder/spi-builder-workspace/.derivedData/ModuleCache.noindex/Session.modulevalidation -Xcc -fmodules-prune-interval\=86400 -Xcc -fmodules-prune-after\=345600 -emit-const-values -const-gather-protocols-list /Users/admin/builder/spi-builder-workspace/.derivedData/Build/Intermediates.noindex/Fuzi.build/Debug/Fuzi-t.build/Objects-normal/arm64/Fuzi_const_extract_protocols.json -Xcc -I/Users/admin/builder/spi-builder-workspace/.derivedData/Build/Products/Debug/include -Xcc -I/Users/admin/builder/spi-builder-workspace/.derivedData/Build/Intermediates.noindex/Fuzi.build/Debug/Fuzi-t.build/DerivedSources-normal/arm64 -Xcc -I/Users/admin/builder/spi-builder-workspace/.derivedData/Build/Intermediates.noindex/Fuzi.build/Debug/Fuzi-t.build/DerivedSources/arm64 -Xcc -I/Users/admin/builder/spi-builder-workspace/.derivedData/Build/Intermediates.noindex/Fuzi.build/Debug/Fuzi-t.build/DerivedSources -Xcc -DSWIFT_PACKAGE -Xcc -DDEBUG\=1 -emit-objc-header -emit-objc-header-path /Users/admin/builder/spi-builder-workspace/.derivedData/Build/Intermediates.noindex/Fuzi.build/Debug/Fuzi-t.build/Objects-normal/arm64/Fuzi-Swift.h -working-directory /Users/admin/builder/spi-builder-workspace/.swiftpm/xcode -experimental-emit-module-separately -disable-cmo
Ld /Users/admin/builder/spi-builder-workspace/.derivedData/Build/Products/Debug/Fuzi.o normal (in target 'Fuzi' from project 'Fuzi')
cd /Users/admin/builder/spi-builder-workspace/.dependencies/checkouts/Fuzi
/Applications/Xcode-27.0.0-Release.Candidate.app/Contents/Developer/Toolchains/XcodeDefault.xctoolchain/usr/bin/clang -Xlinker -reproducible -target arm64-apple-macos12.0 -r -isysroot /Applications/Xcode-27.0.0-Release.Candidate.app/Contents/Developer/Platforms/MacOSX.platform/Developer/SDKs/MacOSX27.0.sdk -O0 -w -Xlinker -no_warn_duplicate_libraries -F/Users/admin/builder/spi-builder-workspace/.derivedData/Build/Intermediates.noindex/EagerLinkingTBDs/Debug -F/Users/admin/builder/spi-builder-workspace/.derivedData/Build/Products/Debug -iframework /Applications/Xcode-27.0.0-Release.Candidate.app/Contents/Developer/Platforms/MacOSX.platform/Developer/Library/Frameworks -filelist /Users/admin/builder/spi-builder-workspace/.derivedData/Build/Intermediates.noindex/Fuzi.build/Debug/Fuzi-t.build/Objects-normal/arm64/Fuzi.LinkFileList -nostdlib -Xlinker -object_path_lto -Xlinker /Users/admin/builder/spi-builder-workspace/.derivedData/Build/Intermediates.noindex/Fuzi.build/Debug/Fuzi-t.build/Objects-normal/arm64/Fuzi_lto.o -Xlinker -no_deduplicate -Xlinker -debug_variant -Xlinker -dependency_info -Xlinker /Users/admin/builder/spi-builder-workspace/.derivedData/Build/Intermediates.noindex/Fuzi.build/Debug/Fuzi-t.build/Objects-normal/arm64/Fuzi_dependency_info.dat -fobjc-link-runtime -L/Applications/Xcode-27.0.0-Release.Candidate.app/Contents/Developer/Toolchains/XcodeDefault.xctoolchain/usr/lib/swift/macosx -L/usr/lib/swift -Xlinker -add_ast_path -Xlinker /Users/admin/builder/spi-builder-workspace/.derivedData/Build/Intermediates.noindex/Fuzi.build/Debug/Fuzi-t.build/Objects-normal/arm64/Fuzi.swiftmodule -o /Users/admin/builder/spi-builder-workspace/.derivedData/Build/Products/Debug/Fuzi.o
ExtractAppIntentsMetadata (in target 'Fuzi' from project 'Fuzi')
cd /Users/admin/builder/spi-builder-workspace/.dependencies/checkouts/Fuzi
/Applications/Xcode-27.0.0-Release.Candidate.app/Contents/Developer/Toolchains/XcodeDefault.xctoolchain/usr/bin/appintentsmetadataprocessor --toolchain-dir /var/run/com.apple.security.cryptexd/mnt/com.apple.MobileAsset.MetalToolchain-v27.1.266.1.Z1I9FV/Metal.xctoolchain --module-name Fuzi --sdk-root /Applications/Xcode-27.0.0-Release.Candidate.app/Contents/Developer/Platforms/MacOSX.platform/Developer/SDKs/MacOSX27.0.sdk --xcode-version 27A266a --platform-family macOS --deployment-target 12.0 --bundle-identifier fuzi.Fuzi --output /Users/admin/builder/spi-builder-workspace/.derivedData/Build/Products/Debug/Fuzi.appintents --target-triple arm64-apple-macos12.0 --binary-file /Users/admin/builder/spi-builder-workspace/.derivedData/Build/Products/Debug/Fuzi.o --dependency-file /Users/admin/builder/spi-builder-workspace/.derivedData/Build/Intermediates.noindex/Fuzi.build/Debug/Fuzi-t.build/Objects-normal/arm64/Fuzi_dependency_info.dat --stringsdata-file /Users/admin/builder/spi-builder-workspace/.derivedData/Build/Intermediates.noindex/Fuzi.build/Debug/Fuzi-t.build/Objects-normal/arm64/ExtractedAppShortcutsMetadata.stringsdata --source-file-list /Users/admin/builder/spi-builder-workspace/.derivedData/Build/Intermediates.noindex/Fuzi.build/Debug/Fuzi-t.build/Objects-normal/arm64/Fuzi.SwiftFileList --metadata-file-list /Users/admin/builder/spi-builder-workspace/.derivedData/Build/Intermediates.noindex/Fuzi.build/Debug/Fuzi-t.build/Fuzi.DependencyMetadataFileList --static-metadata-file-list /Users/admin/builder/spi-builder-workspace/.derivedData/Build/Intermediates.noindex/Fuzi.build/Debug/Fuzi-t.build/Fuzi.DependencyStaticMetadataFileList --swift-const-vals-list /Users/admin/builder/spi-builder-workspace/.derivedData/Build/Intermediates.noindex/Fuzi.build/Debug/Fuzi-t.build/Objects-normal/arm64/Fuzi.SwiftConstValuesFileList --force --compile-time-extraction --deployment-aware-processing --no-app-shortcuts-localization
2026-09-17 01:08:19.263 appintentsmetadataprocessor[823:5088] Starting appintentsmetadataprocessor export
2026-09-17 01:08:19.393 appintentsmetadataprocessor[823:5088] Extracted no relevant App Intents symbols, skipping writing output
SwiftCompile normal arm64 Compiling\ AlamoFuzi.swift /Users/admin/builder/spi-builder-workspace/Sources/AlamoFuzi.swift (in target 'AlamoFuzi' from project 'AlamoFuzi')
/Users/admin/builder/spi-builder-workspace/Sources/AlamoFuzi.swift:44:115: error: 'XMLDocument' is ambiguous for type lookup in this context
42 |
43 | public struct XMLSerializer: ResponseSerializer {
44 | public func serialize(request: URLRequest?, response: HTTPURLResponse?, data: Data?, error: Error?) throws -> XMLDocument {
| `- error: 'XMLDocument' is ambiguous for type lookup in this context
45 | // Call the existing StringResponseSerializer to get many behaviors automatically.
46 | let data = try DataResponseSerializer().serialize(request: request,
Fuzi.XMLDocument:1:12: note: found this candidate
1 | open class XMLDocument {
| `- note: found this candidate
2 | lazy open fileprivate(set) var version: String? { get set }
3 | lazy open fileprivate(set) var encoding: String.Encoding { get set }
/Applications/Xcode-27.0.0-Release.Candidate.app/Contents/Developer/Platforms/MacOSX.platform/Developer/SDKs/MacOSX27.0.sdk/System/Library/Frameworks/Foundation.framework/Headers/NSXMLDocument.h:81:12: note: found this candidate
79 | ///
80 | /// Because of the architecture and data model of NSXML, when it parses and processes a source of XML it cannot know about your subclass unless you override the class method ``replacementClass(for:)`` to return your custom class in place of an `NSXML` class. If your custom class has no direct `NSXML` counterpart—for example, it is a subclass of `NSXMLNode` that represents CDATA sections—then you can walk the tree after it has been created and insert the new node where appropriate.
81 | @interface NSXMLDocument : NSXMLNode {
| `- note: found this candidate
82 | @protected
83 | NSString *_encoding;
/Users/admin/builder/spi-builder-workspace/Sources/AlamoFuzi.swift:43:15: error: type 'XMLSerializer' does not conform to protocol 'DataResponseSerializerProtocol'
41 | }
42 |
43 | public struct XMLSerializer: ResponseSerializer {
| `- error: type 'XMLSerializer' does not conform to protocol 'DataResponseSerializerProtocol'
44 | public func serialize(request: URLRequest?, response: HTTPURLResponse?, data: Data?, error: Error?) throws -> XMLDocument {
45 | // Call the existing StringResponseSerializer to get many behaviors automatically.
/Users/admin/builder/spi-builder-workspace/Sources/AlamoFuzi.swift:43:15: error: type 'XMLSerializer' does not conform to protocol 'DownloadResponseSerializerProtocol'
41 | }
42 |
43 | public struct XMLSerializer: ResponseSerializer {
| |- error: type 'XMLSerializer' does not conform to protocol 'DownloadResponseSerializerProtocol'
| `- note: add stubs for conformance
44 | public func serialize(request: URLRequest?, response: HTTPURLResponse?, data: Data?, error: Error?) throws -> XMLDocument {
45 | // Call the existing StringResponseSerializer to get many behaviors automatically.
Alamofire.DataResponseSerializerProtocol.SerializedObject:2:16: note: protocol requires nested type 'SerializedObject'
1 | protocol DataResponseSerializerProtocol {
2 | associatedtype SerializedObject : Sendable}
| `- note: protocol requires nested type 'SerializedObject'
3 |
SwiftCompile normal arm64 /Users/admin/builder/spi-builder-workspace/Sources/AlamoFuzi.swift (in target 'AlamoFuzi' from project 'AlamoFuzi')
cd /Users/admin/builder/spi-builder-workspace/.swiftpm/xcode
builtin-SwiftPerFileCompile AlamoFuzi.swift
SwiftEmitModule normal arm64 Emitting\ module\ for\ AlamoFuzi (in target 'AlamoFuzi' from project 'AlamoFuzi')
/Users/admin/builder/spi-builder-workspace/Sources/AlamoFuzi.swift:44:115: error: 'XMLDocument' is ambiguous for type lookup in this context
42 |
43 | public struct XMLSerializer: ResponseSerializer {
44 | public func serialize(request: URLRequest?, response: HTTPURLResponse?, data: Data?, error: Error?) throws -> XMLDocument {
| `- error: 'XMLDocument' is ambiguous for type lookup in this context
45 | // Call the existing StringResponseSerializer to get many behaviors automatically.
46 | let data = try DataResponseSerializer().serialize(request: request,
Fuzi.XMLDocument:1:12: note: found this candidate
1 | open class XMLDocument {
| `- note: found this candidate
2 | lazy open fileprivate(set) var version: String? { get set }
3 | lazy open fileprivate(set) var encoding: String.Encoding { get set }
/Applications/Xcode-27.0.0-Release.Candidate.app/Contents/Developer/Platforms/MacOSX.platform/Developer/SDKs/MacOSX27.0.sdk/System/Library/Frameworks/Foundation.framework/Headers/NSXMLDocument.h:81:12: note: found this candidate
79 | ///
80 | /// Because of the architecture and data model of NSXML, when it parses and processes a source of XML it cannot know about your subclass unless you override the class method ``replacementClass(for:)`` to return your custom class in place of an `NSXML` class. If your custom class has no direct `NSXML` counterpart—for example, it is a subclass of `NSXMLNode` that represents CDATA sections—then you can walk the tree after it has been created and insert the new node where appropriate.
81 | @interface NSXMLDocument : NSXMLNode {
| `- note: found this candidate
82 | @protected
83 | NSString *_encoding;
/Users/admin/builder/spi-builder-workspace/Sources/AlamoFuzi.swift:43:15: error: type 'XMLSerializer' does not conform to protocol 'DataResponseSerializerProtocol'
41 | }
42 |
43 | public struct XMLSerializer: ResponseSerializer {
| `- error: type 'XMLSerializer' does not conform to protocol 'DataResponseSerializerProtocol'
44 | public func serialize(request: URLRequest?, response: HTTPURLResponse?, data: Data?, error: Error?) throws -> XMLDocument {
45 | // Call the existing StringResponseSerializer to get many behaviors automatically.
/Users/admin/builder/spi-builder-workspace/Sources/AlamoFuzi.swift:43:15: error: type 'XMLSerializer' does not conform to protocol 'DownloadResponseSerializerProtocol'
41 | }
42 |
43 | public struct XMLSerializer: ResponseSerializer {
| |- error: type 'XMLSerializer' does not conform to protocol 'DownloadResponseSerializerProtocol'
| `- note: add stubs for conformance
44 | public func serialize(request: URLRequest?, response: HTTPURLResponse?, data: Data?, error: Error?) throws -> XMLDocument {
45 | // Call the existing StringResponseSerializer to get many behaviors automatically.
Alamofire.DataResponseSerializerProtocol.SerializedObject:2:16: note: protocol requires nested type 'SerializedObject'
1 | protocol DataResponseSerializerProtocol {
2 | associatedtype SerializedObject : Sendable}
| `- note: protocol requires nested type 'SerializedObject'
3 |
/Users/admin/builder/spi-builder-workspace/Sources/AlamoFuzi.swift:132:74: error: 'XMLDocument' is ambiguous for type lookup in this context
130 | @discardableResult
131 | public func responseXML(queue: DispatchQueue = .main,
132 | completionHandler: @escaping (AFDataResponse<XMLDocument>) -> Void) -> Self {
| `- error: 'XMLDocument' is ambiguous for type lookup in this context
133 | return response(queue: queue,
134 | responseSerializer: XMLSerializer(),
Fuzi.XMLDocument:1:12: note: found this candidate
1 | open class XMLDocument {
| `- note: found this candidate
2 | lazy open fileprivate(set) var version: String? { get set }
3 | lazy open fileprivate(set) var encoding: String.Encoding { get set }
/Applications/Xcode-27.0.0-Release.Candidate.app/Contents/Developer/Platforms/MacOSX.platform/Developer/SDKs/MacOSX27.0.sdk/System/Library/Frameworks/Foundation.framework/Headers/NSXMLDocument.h:81:12: note: found this candidate
79 | ///
80 | /// Because of the architecture and data model of NSXML, when it parses and processes a source of XML it cannot know about your subclass unless you override the class method ``replacementClass(for:)`` to return your custom class in place of an `NSXML` class. If your custom class has no direct `NSXML` counterpart—for example, it is a subclass of `NSXMLNode` that represents CDATA sections—then you can walk the tree after it has been created and insert the new node where appropriate.
81 | @interface NSXMLDocument : NSXMLNode {
| `- note: found this candidate
82 | @protected
83 | NSString *_encoding;
Failed frontend command:
/Applications/Xcode-27.0.0-Release.Candidate.app/Contents/Developer/Toolchains/XcodeDefault.xctoolchain/usr/bin/swift-frontend -frontend -emit-module -experimental-skip-non-inlinable-function-bodies-without-types /Users/admin/builder/spi-builder-workspace/Sources/AlamoFuzi.swift -target arm64-apple-macos12.0 -disable-cross-import-overlay-search -load-resolved-plugin /Applications/Xcode-27.0.0-Release.Candidate.app/Contents/Developer/Platforms/MacOSX.platform/Developer/usr/lib/swift/host/plugins/libFoundationMacros.dylib\#/Applications/Xcode-27.0.0-Release.Candidate.app/Contents/Developer/Platforms/MacOSX.platform/Developer/usr/bin/swift-plugin-server\#FoundationMacros -load-resolved-plugin /Applications/Xcode-27.0.0-Release.Candidate.app/Contents/Developer/Platforms/MacOSX.platform/Developer/usr/lib/swift/host/plugins/libObservationMacros.dylib\#/Applications/Xcode-27.0.0-Release.Candidate.app/Contents/Developer/Platforms/MacOSX.platform/Developer/usr/bin/swift-plugin-server\#ObservationMacros -load-resolved-plugin /Applications/Xcode-27.0.0-Release.Candidate.app/Contents/Developer/Platforms/MacOSX.platform/Developer/usr/lib/swift/host/plugins/libSwiftMacros.dylib\#/Applications/Xcode-27.0.0-Release.Candidate.app/Contents/Developer/Platforms/MacOSX.platform/Developer/usr/bin/swift-plugin-server\#SwiftMacros -disable-implicit-swift-modules -Xcc -fno-implicit-modules -Xcc -fno-implicit-module-maps -explicit-swift-module-map-file /Users/admin/builder/spi-builder-workspace/.derivedData/Build/Intermediates.noindex/AlamoFuzi.build/Debug/AlamoFuzi-t.build/Objects-normal/arm64/AlamoFuzi-dependencies-1.json -Xllvm -aarch64-use-tbi -enable-objc-interop -stack-check -sdk /Applications/Xcode-27.0.0-Release.Candidate.app/Contents/Developer/Platforms/MacOSX.platform/Developer/SDKs/MacOSX27.0.sdk -I /Users/admin/builder/spi-builder-workspace/.derivedData/Build/Products/Debug -Isystem /Applications/Xcode-27.0.0-Release.Candidate.app/Contents/Developer/Platforms/MacOSX.platform/Developer/usr/lib -F /Users/admin/builder/spi-builder-workspace/.derivedData/Build/Products/Debug/PackageFrameworks -F /Users/admin/builder/spi-builder-workspace/.derivedData/Build/Products/Debug -F /Applications/Xcode-27.0.0-Release.Candidate.app/Contents/Developer/Platforms/MacOSX.platform/Developer/Library/Frameworks -module-cache-path /Users/admin/builder/spi-builder-workspace/.derivedData/Build/Intermediates.noindex/SwiftExplicitPrecompiledModules -no-color-diagnostics -Xcc -fno-color-diagnostics -enable-testing -g -debug-info-format\=dwarf -dwarf-version\=4 -profile-generate -profile-coverage-mapping -swift-version 5 -Onone -D SWIFT_PACKAGE -D DEBUG -D SWIFT_MODULE_RESOURCE_BUNDLE_UNAVAILABLE -D Xcode -serialize-debugging-options -enable-experimental-feature DebugDescriptionMacro -empty-abi-descriptor -validate-clang-modules-once -clang-build-session-file /Users/admin/builder/spi-builder-workspace/.derivedData/ModuleCache.noindex/Session.modulevalidation -Xcc -working-directory -Xcc /Users/admin/builder/spi-builder-workspace/.swiftpm/xcode -enable-anonymous-context-mangled-names -file-compilation-dir /Users/admin/builder/spi-builder-workspace/.swiftpm/xcode -Xcc -D_LIBCPP_HARDENING_MODE\=_LIBCPP_HARDENING_MODE_DEBUG -Xcc -ivfsstatcache -Xcc /Users/admin/builder/spi-builder-workspace/.derivedData/SDKStatCaches.noindex/macosx27.0-26A425-e829b21a6f8c9b70876ba0858053c0446a22442a12e9d48fe1a705f55a1adfc4.sdkstatcache -Xcc -fmodules-prune-interval\=86400 -Xcc -fmodules-prune-after\=345600 -Xcc -I/Users/admin/builder/spi-builder-workspace/.derivedData/Build/Products/Debug/include -Xcc -I/Users/admin/builder/spi-builder-workspace/.derivedData/Build/Intermediates.noindex/AlamoFuzi.build/Debug/AlamoFuzi-t.build/DerivedSources-normal/arm64 -Xcc -I/Users/admin/builder/spi-builder-workspace/.derivedData/Build/Intermediates.noindex/AlamoFuzi.build/Debug/AlamoFuzi-t.build/DerivedSources/arm64 -Xcc -I/Users/admin/builder/spi-builder-workspace/.derivedData/Build/Intermediates.noindex/AlamoFuzi.build/Debug/AlamoFuzi-t.build/DerivedSources -Xcc -DSWIFT_PACKAGE -Xcc -DDEBUG\=1 -no-auto-bridging-header-chaining -module-name AlamoFuzi -const-gather-protocols-file /Users/admin/builder/spi-builder-workspace/.derivedData/Build/Intermediates.noindex/AlamoFuzi.build/Debug/AlamoFuzi-t.build/Objects-normal/arm64/AlamoFuzi_const_extract_protocols.json -disable-clang-spi -clang-target arm64-apple-macos27.0 -target-sdk-version 27.0 -target-sdk-name macosx27.0 -in-process-plugin-server-path /Applications/Xcode-27.0.0-Release.Candidate.app/Contents/Developer/Toolchains/XcodeDefault.xctoolchain/usr/lib/swift/host/libSwiftInProcPluginServer.dylib -emit-module-doc-path /Users/admin/builder/spi-builder-workspace/.derivedData/Build/Intermediates.noindex/AlamoFuzi.build/Debug/AlamoFuzi-t.build/Objects-normal/arm64/AlamoFuzi.swiftdoc -emit-module-source-info-path /Users/admin/builder/spi-builder-workspace/.derivedData/Build/Intermediates.noindex/AlamoFuzi.build/Debug/AlamoFuzi-t.build/Objects-normal/arm64/AlamoFuzi.swiftsourceinfo -emit-objc-header-path /Users/admin/builder/spi-builder-workspace/.derivedData/Build/Intermediates.noindex/AlamoFuzi.build/Debug/AlamoFuzi-t.build/Objects-normal/arm64/AlamoFuzi-Swift.h -serialize-diagnostics-path /Users/admin/builder/spi-builder-workspace/.derivedData/Build/Intermediates.noindex/AlamoFuzi.build/Debug/AlamoFuzi-t.build/Objects-normal/arm64/AlamoFuzi-primary-emit-module.dia -emit-dependencies-path /Users/admin/builder/spi-builder-workspace/.derivedData/Build/Intermediates.noindex/AlamoFuzi.build/Debug/AlamoFuzi-t.build/Objects-normal/arm64/AlamoFuzi-primary-emit-module.d -parse-as-library -o /Users/admin/builder/spi-builder-workspace/.derivedData/Build/Intermediates.noindex/AlamoFuzi.build/Debug/AlamoFuzi-t.build/Objects-normal/arm64/AlamoFuzi.swiftmodule -emit-abi-descriptor-path /Users/admin/builder/spi-builder-workspace/.derivedData/Build/Intermediates.noindex/AlamoFuzi.build/Debug/AlamoFuzi-t.build/Objects-normal/arm64/AlamoFuzi.abi.json
SwiftCompile normal arm64 (in target 'AlamoFuzi' from project 'AlamoFuzi')
cd /Users/admin/builder/spi-builder-workspace/.swiftpm/xcode
SwiftDriverJobDiscovery normal arm64 Compiling URLRequest+Alamofire.swift, URLSessionConfiguration+Alamofire.swift, AlamofireExtended.swift, AuthenticationInterceptor.swift (in target 'Alamofire' from project 'Alamofire')
PruneExplicitPrecompiledModules /Users/admin/builder/spi-builder-workspace/.derivedData/SDKExplicitPrecompiledModules
PruneExplicitPrecompiledModules /Users/admin/builder/spi-builder-workspace/.derivedData/Build/Intermediates.noindex/SwiftExplicitPrecompiledModules
PruneExplicitPrecompiledModules /Users/admin/builder/spi-builder-workspace/.derivedData/Build/Intermediates.noindex/ExplicitPrecompiledModules
2026-09-17 01:08:09.534 xcodebuild[728:4597] [MT] IDERunDestination: Supported platforms for the buildables in the current scheme is empty.
--- xcodebuild: WARNING: Using the first of multiple matching destinations:
{ platform:macOS, arch:arm64, id:44ae428dbf309737f621834eb24493d9dd4744c8, name:My Mac }
{ platform:macOS, arch:arm64, variant:Mac Catalyst, id:44ae428dbf309737f621834eb24493d9dd4744c8, name:My Mac }
{ platform:macOS, arch:arm64, variant:DriverKit, id:44ae428dbf309737f621834eb24493d9dd4744c8, name:My Mac }
{ platform:macOS, arch:arm64, variant:Designed for [iPad,iPhone], id:44ae428dbf309737f621834eb24493d9dd4744c8, name:My Mac }
** BUILD FAILED **
The following build commands failed:
SwiftEmitModule normal arm64 Emitting\ module\ for\ AlamoFuzi (in target 'AlamoFuzi' from project 'AlamoFuzi')
SwiftCompile normal arm64 (in target 'AlamoFuzi' from project 'AlamoFuzi')
Building workspace AlamoFuzi with scheme AlamoFuzi
(3 failures)
Command line invocation:
/Applications/Xcode-27.0.0-Release.Candidate.app/Contents/Developer/usr/bin/xcodebuild -IDEClonedSourcePackagesDirPathOverride=/Users/admin/builder/spi-builder-workspace/.dependencies -resolvePackageDependencies
Resolve Package Graph
Resolved source packages:
Fuzi: https://github.com/cezheng/Fuzi @ 3.1.3
AlamoFuzi: /Users/admin/builder/spi-builder-workspace
Alamofire: https://github.com/Alamofire/Alamofire @ 5.12.2
resolved source packages: Fuzi, AlamoFuzi, Alamofire
2026-09-17 01:08:20.598 xcodebuild[826:5172] [MT] IDERunDestination: Supported platforms for the buildables in the current scheme is empty.
{
"dependencies" : [
{
"identity" : "alamofire",
"requirement" : {
"range" : [
{
"lower_bound" : "5.0.0",
"upper_bound" : "6.0.0"
}
]
},
"type" : "sourceControl",
"url" : "https://github.com/Alamofire/Alamofire"
},
{
"identity" : "fuzi",
"requirement" : {
"range" : [
{
"lower_bound" : "3.1.2",
"upper_bound" : "4.0.0"
}
]
},
"type" : "sourceControl",
"url" : "https://github.com/cezheng/Fuzi"
}
],
"manifest_display_name" : "AlamoFuzi",
"name" : "AlamoFuzi",
"path" : "/Users/admin/builder/spi-builder-workspace",
"platforms" : [
{
"name" : "macos",
"version" : "10.12"
},
{
"name" : "ios",
"version" : "10.0"
},
{
"name" : "tvos",
"version" : "10.0"
},
{
"name" : "watchos",
"version" : "3.0"
}
],
"products" : [
{
"name" : "AlamoFuzi",
"targets" : [
"AlamoFuzi"
],
"type" : {
"library" : [
"automatic"
]
}
}
],
"targets" : [
{
"c99name" : "AlamoFuziTests",
"module_type" : "SwiftTarget",
"name" : "AlamoFuziTests",
"path" : "Tests",
"sources" : [
"AlamoFuziTests.swift"
],
"target_dependencies" : [
"AlamoFuzi"
],
"type" : "test"
},
{
"c99name" : "AlamoFuzi",
"module_type" : "SwiftTarget",
"name" : "AlamoFuzi",
"path" : "Sources",
"product_dependencies" : [
"Alamofire",
"Fuzi"
],
"product_memberships" : [
"AlamoFuzi"
],
"sources" : [
"AlamoFuzi.swift"
],
"type" : "library"
}
],
"tools_version" : "5.1"
}
{
"workspace" : {
"name" : "AlamoFuzi",
"schemes" : [
"AlamoFuzi"
]
}
}
2026-09-17 01:08:21.931 xcodebuild[834:5241] [MT] IDERunDestination: Supported platforms for the buildables in the current scheme is empty.
Running build ...
env DEVELOPER_DIR=/Applications/Xcode-27.0.0-Release.Candidate.app xcrun xcodebuild -IDEClonedSourcePackagesDirPathOverride=$PWD/.dependencies -skipMacroValidation -skipPackagePluginValidation -derivedDataPath $PWD/.derivedData build -scheme AlamoFuzi -destination platform=macOS,arch=arm64
Command line invocation:
/Applications/Xcode-27.0.0-Release.Candidate.app/Contents/Developer/usr/bin/xcodebuild -IDEClonedSourcePackagesDirPathOverride=/Users/admin/builder/spi-builder-workspace/.dependencies -skipMacroValidation -skipPackagePluginValidation -derivedDataPath /Users/admin/builder/spi-builder-workspace/.derivedData build -scheme AlamoFuzi -destination platform=macOS,arch=arm64
Resolve Package Graph
Resolved source packages:
Fuzi: https://github.com/cezheng/Fuzi @ 3.1.3
Alamofire: https://github.com/Alamofire/Alamofire @ 5.12.2
AlamoFuzi: /Users/admin/builder/spi-builder-workspace
ComputePackagePrebuildTargetDependencyGraph
Prepare packages
CreateBuildRequest
SendProjectDescription
CreateBuildOperation
ComputeTargetDependencyGraph
note: Building targets in dependency order
note: Target dependency graph (7 targets)
Target 'AlamoFuzi-product' in project 'AlamoFuzi'
➜ Explicit dependency on target 'AlamoFuzi' in project 'AlamoFuzi'
➜ Explicit dependency on target 'Alamofire-product' in project 'Alamofire'
➜ Explicit dependency on target 'Fuzi-product' in project 'Fuzi'
Target 'AlamoFuzi' in project 'AlamoFuzi'
➜ Explicit dependency on target 'Alamofire-product' in project 'Alamofire'
➜ Explicit dependency on target 'Fuzi-product' in project 'Fuzi'
Target 'Fuzi-product' in project 'Fuzi'
➜ Explicit dependency on target 'Fuzi' in project 'Fuzi'
Target 'Fuzi' in project 'Fuzi' (no dependencies)
Target 'Alamofire-product' in project 'Alamofire'
➜ Explicit dependency on target 'Alamofire' in project 'Alamofire'
➜ Explicit dependency on target 'Alamofire_Alamofire' in project 'Alamofire'
Target 'Alamofire' in project 'Alamofire'
➜ Explicit dependency on target 'Alamofire_Alamofire' in project 'Alamofire'
Target 'Alamofire_Alamofire' in project 'Alamofire' (no dependencies)
GatherProvisioningInputs
CreateBuildDescription
ClangStatCache /Applications/Xcode-27.0.0-Release.Candidate.app/Contents/Developer/Toolchains/XcodeDefault.xctoolchain/usr/bin/clang-stat-cache /Applications/Xcode-27.0.0-Release.Candidate.app/Contents/Developer/Platforms/MacOSX.platform/Developer/SDKs/MacOSX27.0.sdk /Users/admin/builder/spi-builder-workspace/.derivedData/SDKStatCaches.noindex/macosx27.0-26A425-e829b21a6f8c9b70876ba0858053c0446a22442a12e9d48fe1a705f55a1adfc4.sdkstatcache
cd /Users/admin/builder/spi-builder-workspace/.swiftpm/xcode
/Applications/Xcode-27.0.0-Release.Candidate.app/Contents/Developer/Toolchains/XcodeDefault.xctoolchain/usr/bin/clang-stat-cache /Applications/Xcode-27.0.0-Release.Candidate.app/Contents/Developer/Platforms/MacOSX.platform/Developer/SDKs/MacOSX27.0.sdk -o /Users/admin/builder/spi-builder-workspace/.derivedData/SDKStatCaches.noindex/macosx27.0-26A425-e829b21a6f8c9b70876ba0858053c0446a22442a12e9d48fe1a705f55a1adfc4.sdkstatcache
SwiftDriver AlamoFuzi normal arm64 com.apple.xcode.tools.swift.compiler (in target 'AlamoFuzi' from project 'AlamoFuzi')
cd /Users/admin/builder/spi-builder-workspace/.swiftpm/xcode
builtin-SwiftDriver -- /Applications/Xcode-27.0.0-Release.Candidate.app/Contents/Developer/Toolchains/XcodeDefault.xctoolchain/usr/bin/swiftc -parse-as-library -module-name AlamoFuzi -Onone @/Users/admin/builder/spi-builder-workspace/.derivedData/Build/Intermediates.noindex/AlamoFuzi.build/Debug/AlamoFuzi-t.build/Objects-normal/arm64/AlamoFuzi.SwiftFileList -DSWIFT_PACKAGE -DDEBUG -DSWIFT_MODULE_RESOURCE_BUNDLE_UNAVAILABLE -DXcode -plugin-path /Applications/Xcode-27.0.0-Release.Candidate.app/Contents/Developer/Toolchains/XcodeDefault.xctoolchain/usr/lib/swift/host/plugins/testing -enable-experimental-feature DebugDescriptionMacro -sdk /Applications/Xcode-27.0.0-Release.Candidate.app/Contents/Developer/Platforms/MacOSX.platform/Developer/SDKs/MacOSX27.0.sdk -target arm64-apple-macos12.0 -g -module-cache-path /Users/admin/builder/spi-builder-workspace/.derivedData/ModuleCache.noindex -Xfrontend -serialize-debugging-options -profile-coverage-mapping -profile-generate -enable-testing -index-store-path /Users/admin/builder/spi-builder-workspace/.derivedData/Index.noindex/DataStore -Xcc -D_LIBCPP_HARDENING_MODE\=_LIBCPP_HARDENING_MODE_DEBUG -swift-version 5 -I /Users/admin/builder/spi-builder-workspace/.derivedData/Build/Products/Debug -Isystem /Applications/Xcode-27.0.0-Release.Candidate.app/Contents/Developer/Platforms/MacOSX.platform/Developer/usr/lib -F /Users/admin/builder/spi-builder-workspace/.derivedData/Build/Products/Debug/PackageFrameworks -F /Users/admin/builder/spi-builder-workspace/.derivedData/Build/Products/Debug -F /Applications/Xcode-27.0.0-Release.Candidate.app/Contents/Developer/Platforms/MacOSX.platform/Developer/Library/Frameworks -c -j10 -enable-batch-mode -incremental -Xcc -ivfsstatcache -Xcc /Users/admin/builder/spi-builder-workspace/.derivedData/SDKStatCaches.noindex/macosx27.0-26A425-e829b21a6f8c9b70876ba0858053c0446a22442a12e9d48fe1a705f55a1adfc4.sdkstatcache -output-file-map /Users/admin/builder/spi-builder-workspace/.derivedData/Build/Intermediates.noindex/AlamoFuzi.build/Debug/AlamoFuzi-t.build/Objects-normal/arm64/AlamoFuzi-OutputFileMap.json -save-temps -no-color-diagnostics -explicit-module-build -module-cache-path /Users/admin/builder/spi-builder-workspace/.derivedData/Build/Intermediates.noindex/SwiftExplicitPrecompiledModules -clang-scanner-module-cache-path /Users/admin/builder/spi-builder-workspace/.derivedData/ModuleCache.noindex -sdk-module-cache-path /Users/admin/builder/spi-builder-workspace/.derivedData/SDKExplicitPrecompiledModules -emit-dependencies -emit-module -emit-module-path /Users/admin/builder/spi-builder-workspace/.derivedData/Build/Intermediates.noindex/AlamoFuzi.build/Debug/AlamoFuzi-t.build/Objects-normal/arm64/AlamoFuzi.swiftmodule -serialize-diagnostics -dependency-scan-serialize-diagnostics-path /Users/admin/builder/spi-builder-workspace/.derivedData/Build/Intermediates.noindex/AlamoFuzi.build/Debug/AlamoFuzi-t.build/Objects-normal/arm64/AlamoFuzi-dependency-scan.dia -validate-clang-modules-once -clang-build-session-file /Users/admin/builder/spi-builder-workspace/.derivedData/ModuleCache.noindex/Session.modulevalidation -Xcc -fmodules-prune-interval\=86400 -Xcc -fmodules-prune-after\=345600 -emit-const-values -const-gather-protocols-list /Users/admin/builder/spi-builder-workspace/.derivedData/Build/Intermediates.noindex/AlamoFuzi.build/Debug/AlamoFuzi-t.build/Objects-normal/arm64/AlamoFuzi_const_extract_protocols.json -Xcc -I/Users/admin/builder/spi-builder-workspace/.derivedData/Build/Products/Debug/include -Xcc -I/Users/admin/builder/spi-builder-workspace/.derivedData/Build/Intermediates.noindex/AlamoFuzi.build/Debug/AlamoFuzi-t.build/DerivedSources-normal/arm64 -Xcc -I/Users/admin/builder/spi-builder-workspace/.derivedData/Build/Intermediates.noindex/AlamoFuzi.build/Debug/AlamoFuzi-t.build/DerivedSources/arm64 -Xcc -I/Users/admin/builder/spi-builder-workspace/.derivedData/Build/Intermediates.noindex/AlamoFuzi.build/Debug/AlamoFuzi-t.build/DerivedSources -Xcc -DSWIFT_PACKAGE -Xcc -DDEBUG\=1 -emit-objc-header -emit-objc-header-path /Users/admin/builder/spi-builder-workspace/.derivedData/Build/Intermediates.noindex/AlamoFuzi.build/Debug/AlamoFuzi-t.build/Objects-normal/arm64/AlamoFuzi-Swift.h -working-directory /Users/admin/builder/spi-builder-workspace/.swiftpm/xcode -experimental-emit-module-separately -disable-cmo
SwiftDriver Alamofire normal arm64 com.apple.xcode.tools.swift.compiler (in target 'Alamofire' from project 'Alamofire')
cd /Users/admin/builder/spi-builder-workspace/.swiftpm/xcode
builtin-SwiftDriver -- /Applications/Xcode-27.0.0-Release.Candidate.app/Contents/Developer/Toolchains/XcodeDefault.xctoolchain/usr/bin/swiftc -parse-as-library -module-name Alamofire -Onone @/Users/admin/builder/spi-builder-workspace/.derivedData/Build/Intermediates.noindex/Alamofire.build/Debug/Alamofire-t.build/Objects-normal/arm64/Alamofire.SwiftFileList -DSWIFT_PACKAGE -DDEBUG -DSWIFT_MODULE_RESOURCE_BUNDLE_AVAILABLE -DXcode -enable-upcoming-feature ExistentialAny -plugin-path /Applications/Xcode-27.0.0-Release.Candidate.app/Contents/Developer/Toolchains/XcodeDefault.xctoolchain/usr/lib/swift/host/plugins/testing -enable-experimental-feature DebugDescriptionMacro -sdk /Applications/Xcode-27.0.0-Release.Candidate.app/Contents/Developer/Platforms/MacOSX.platform/Developer/SDKs/MacOSX27.0.sdk -target arm64-apple-macos12.0 -g -module-cache-path /Users/admin/builder/spi-builder-workspace/.derivedData/ModuleCache.noindex -Xfrontend -serialize-debugging-options -profile-coverage-mapping -profile-generate -enable-testing -suppress-warnings -index-store-path /Users/admin/builder/spi-builder-workspace/.derivedData/Index.noindex/DataStore -Xcc -D_LIBCPP_HARDENING_MODE\=_LIBCPP_HARDENING_MODE_DEBUG -swift-version 5 -I /Users/admin/builder/spi-builder-workspace/.derivedData/Build/Products/Debug -Isystem /Applications/Xcode-27.0.0-Release.Candidate.app/Contents/Developer/Platforms/MacOSX.platform/Developer/usr/lib -F /Users/admin/builder/spi-builder-workspace/.derivedData/Build/Products/Debug -F /Applications/Xcode-27.0.0-Release.Candidate.app/Contents/Developer/Platforms/MacOSX.platform/Developer/Library/Frameworks -c -j10 -enable-batch-mode -incremental -Xcc -ivfsstatcache -Xcc /Users/admin/builder/spi-builder-workspace/.derivedData/SDKStatCaches.noindex/macosx27.0-26A425-e829b21a6f8c9b70876ba0858053c0446a22442a12e9d48fe1a705f55a1adfc4.sdkstatcache -output-file-map /Users/admin/builder/spi-builder-workspace/.derivedData/Build/Intermediates.noindex/Alamofire.build/Debug/Alamofire-t.build/Objects-normal/arm64/Alamofire-OutputFileMap.json -save-temps -no-color-diagnostics -explicit-module-build -module-cache-path /Users/admin/builder/spi-builder-workspace/.derivedData/Build/Intermediates.noindex/SwiftExplicitPrecompiledModules -clang-scanner-module-cache-path /Users/admin/builder/spi-builder-workspace/.derivedData/ModuleCache.noindex -sdk-module-cache-path /Users/admin/builder/spi-builder-workspace/.derivedData/SDKExplicitPrecompiledModules -emit-dependencies -emit-module -emit-module-path /Users/admin/builder/spi-builder-workspace/.derivedData/Build/Intermediates.noindex/Alamofire.build/Debug/Alamofire-t.build/Objects-normal/arm64/Alamofire.swiftmodule -serialize-diagnostics -dependency-scan-serialize-diagnostics-path /Users/admin/builder/spi-builder-workspace/.derivedData/Build/Intermediates.noindex/Alamofire.build/Debug/Alamofire-t.build/Objects-normal/arm64/Alamofire-dependency-scan.dia -user-module-version 5.12.2 -validate-clang-modules-once -clang-build-session-file /Users/admin/builder/spi-builder-workspace/.derivedData/ModuleCache.noindex/Session.modulevalidation -Xcc -fmodules-prune-interval\=86400 -Xcc -fmodules-prune-after\=345600 -package-name alamofire -emit-const-values -const-gather-protocols-list /Users/admin/builder/spi-builder-workspace/.derivedData/Build/Intermediates.noindex/Alamofire.build/Debug/Alamofire-t.build/Objects-normal/arm64/Alamofire_const_extract_protocols.json -Xcc -I/Users/admin/builder/spi-builder-workspace/.derivedData/Build/Products/Debug/include -Xcc -I/Users/admin/builder/spi-builder-workspace/.derivedData/Build/Intermediates.noindex/Alamofire.build/Debug/Alamofire-t.build/DerivedSources-normal/arm64 -Xcc -I/Users/admin/builder/spi-builder-workspace/.derivedData/Build/Intermediates.noindex/Alamofire.build/Debug/Alamofire-t.build/DerivedSources/arm64 -Xcc -I/Users/admin/builder/spi-builder-workspace/.derivedData/Build/Intermediates.noindex/Alamofire.build/Debug/Alamofire-t.build/DerivedSources -Xcc -DSWIFT_PACKAGE -Xcc -DDEBUG\=1 -emit-objc-header -emit-objc-header-path /Users/admin/builder/spi-builder-workspace/.derivedData/Build/Intermediates.noindex/Alamofire.build/Debug/Alamofire-t.build/Objects-normal/arm64/Alamofire-Swift.h -working-directory /Users/admin/builder/spi-builder-workspace/.swiftpm/xcode -experimental-emit-module-separately -disable-cmo
SwiftEmitModule normal arm64 Emitting\ module\ for\ AlamoFuzi (in target 'AlamoFuzi' from project 'AlamoFuzi')
/Users/admin/builder/spi-builder-workspace/Sources/AlamoFuzi.swift:44:115: error: 'XMLDocument' is ambiguous for type lookup in this context
42 |
43 | public struct XMLSerializer: ResponseSerializer {
44 | public func serialize(request: URLRequest?, response: HTTPURLResponse?, data: Data?, error: Error?) throws -> XMLDocument {
| `- error: 'XMLDocument' is ambiguous for type lookup in this context
45 | // Call the existing StringResponseSerializer to get many behaviors automatically.
46 | let data = try DataResponseSerializer().serialize(request: request,
Fuzi.XMLDocument:1:12: note: found this candidate
1 | open class XMLDocument {
| `- note: found this candidate
2 | lazy open fileprivate(set) var version: String? { get set }
3 | lazy open fileprivate(set) var encoding: String.Encoding { get set }
/Applications/Xcode-27.0.0-Release.Candidate.app/Contents/Developer/Platforms/MacOSX.platform/Developer/SDKs/MacOSX27.0.sdk/System/Library/Frameworks/Foundation.framework/Headers/NSXMLDocument.h:81:12: note: found this candidate
79 | ///
80 | /// Because of the architecture and data model of NSXML, when it parses and processes a source of XML it cannot know about your subclass unless you override the class method ``replacementClass(for:)`` to return your custom class in place of an `NSXML` class. If your custom class has no direct `NSXML` counterpart—for example, it is a subclass of `NSXMLNode` that represents CDATA sections—then you can walk the tree after it has been created and insert the new node where appropriate.
81 | @interface NSXMLDocument : NSXMLNode {
| `- note: found this candidate
82 | @protected
83 | NSString *_encoding;
/Users/admin/builder/spi-builder-workspace/Sources/AlamoFuzi.swift:43:15: error: type 'XMLSerializer' does not conform to protocol 'DataResponseSerializerProtocol'
41 | }
42 |
43 | public struct XMLSerializer: ResponseSerializer {
| `- error: type 'XMLSerializer' does not conform to protocol 'DataResponseSerializerProtocol'
44 | public func serialize(request: URLRequest?, response: HTTPURLResponse?, data: Data?, error: Error?) throws -> XMLDocument {
45 | // Call the existing StringResponseSerializer to get many behaviors automatically.
/Users/admin/builder/spi-builder-workspace/Sources/AlamoFuzi.swift:43:15: error: type 'XMLSerializer' does not conform to protocol 'DownloadResponseSerializerProtocol'
41 | }
42 |
43 | public struct XMLSerializer: ResponseSerializer {
| |- error: type 'XMLSerializer' does not conform to protocol 'DownloadResponseSerializerProtocol'
| `- note: add stubs for conformance
44 | public func serialize(request: URLRequest?, response: HTTPURLResponse?, data: Data?, error: Error?) throws -> XMLDocument {
45 | // Call the existing StringResponseSerializer to get many behaviors automatically.
Alamofire.DataResponseSerializerProtocol.SerializedObject:2:16: note: protocol requires nested type 'SerializedObject'
1 | protocol DataResponseSerializerProtocol {
2 | associatedtype SerializedObject : Sendable}
| `- note: protocol requires nested type 'SerializedObject'
3 |
/Users/admin/builder/spi-builder-workspace/Sources/AlamoFuzi.swift:132:74: error: 'XMLDocument' is ambiguous for type lookup in this context
130 | @discardableResult
131 | public func responseXML(queue: DispatchQueue = .main,
132 | completionHandler: @escaping (AFDataResponse<XMLDocument>) -> Void) -> Self {
| `- error: 'XMLDocument' is ambiguous for type lookup in this context
133 | return response(queue: queue,
134 | responseSerializer: XMLSerializer(),
Fuzi.XMLDocument:1:12: note: found this candidate
1 | open class XMLDocument {
| `- note: found this candidate
2 | lazy open fileprivate(set) var version: String? { get set }
3 | lazy open fileprivate(set) var encoding: String.Encoding { get set }
/Applications/Xcode-27.0.0-Release.Candidate.app/Contents/Developer/Platforms/MacOSX.platform/Developer/SDKs/MacOSX27.0.sdk/System/Library/Frameworks/Foundation.framework/Headers/NSXMLDocument.h:81:12: note: found this candidate
79 | ///
80 | /// Because of the architecture and data model of NSXML, when it parses and processes a source of XML it cannot know about your subclass unless you override the class method ``replacementClass(for:)`` to return your custom class in place of an `NSXML` class. If your custom class has no direct `NSXML` counterpart—for example, it is a subclass of `NSXMLNode` that represents CDATA sections—then you can walk the tree after it has been created and insert the new node where appropriate.
81 | @interface NSXMLDocument : NSXMLNode {
| `- note: found this candidate
82 | @protected
83 | NSString *_encoding;
Failed frontend command:
SwiftCompile normal arm64 (in target 'AlamoFuzi' from project 'AlamoFuzi')
cd /Users/admin/builder/spi-builder-workspace/.swiftpm/xcode
/Applications/Xcode-27.0.0-Release.Candidate.app/Contents/Developer/Toolchains/XcodeDefault.xctoolchain/usr/bin/swift-frontend -frontend -emit-module -experimental-skip-non-inlinable-function-bodies-without-types /Users/admin/builder/spi-builder-workspace/Sources/AlamoFuzi.swift -target arm64-apple-macos12.0 -disable-cross-import-overlay-search -load-resolved-plugin /Applications/Xcode-27.0.0-Release.Candidate.app/Contents/Developer/Platforms/MacOSX.platform/Developer/usr/lib/swift/host/plugins/libFoundationMacros.dylib\#/Applications/Xcode-27.0.0-Release.Candidate.app/Contents/Developer/Platforms/MacOSX.platform/Developer/usr/bin/swift-plugin-server\#FoundationMacros -load-resolved-plugin /Applications/Xcode-27.0.0-Release.Candidate.app/Contents/Developer/Platforms/MacOSX.platform/Developer/usr/lib/swift/host/plugins/libObservationMacros.dylib\#/Applications/Xcode-27.0.0-Release.Candidate.app/Contents/Developer/Platforms/MacOSX.platform/Developer/usr/bin/swift-plugin-server\#ObservationMacros -load-resolved-plugin /Applications/Xcode-27.0.0-Release.Candidate.app/Contents/Developer/Platforms/MacOSX.platform/Developer/usr/lib/swift/host/plugins/libSwiftMacros.dylib\#/Applications/Xcode-27.0.0-Release.Candidate.app/Contents/Developer/Platforms/MacOSX.platform/Developer/usr/bin/swift-plugin-server\#SwiftMacros -disable-implicit-swift-modules -Xcc -fno-implicit-modules -Xcc -fno-implicit-module-maps -explicit-swift-module-map-file /Users/admin/builder/spi-builder-workspace/.derivedData/Build/Intermediates.noindex/AlamoFuzi.build/Debug/AlamoFuzi-t.build/Objects-normal/arm64/AlamoFuzi-dependencies-1.json -Xllvm -aarch64-use-tbi -enable-objc-interop -stack-check -sdk /Applications/Xcode-27.0.0-Release.Candidate.app/Contents/Developer/Platforms/MacOSX.platform/Developer/SDKs/MacOSX27.0.sdk -I /Users/admin/builder/spi-builder-workspace/.derivedData/Build/Products/Debug -Isystem /Applications/Xcode-27.0.0-Release.Candidate.app/Contents/Developer/Platforms/MacOSX.platform/Developer/usr/lib -F /Users/admin/builder/spi-builder-workspace/.derivedData/Build/Products/Debug/PackageFrameworks -F /Users/admin/builder/spi-builder-workspace/.derivedData/Build/Products/Debug -F /Applications/Xcode-27.0.0-Release.Candidate.app/Contents/Developer/Platforms/MacOSX.platform/Developer/Library/Frameworks -module-cache-path /Users/admin/builder/spi-builder-workspace/.derivedData/Build/Intermediates.noindex/SwiftExplicitPrecompiledModules -no-color-diagnostics -Xcc -fno-color-diagnostics -enable-testing -g -debug-info-format\=dwarf -dwarf-version\=4 -profile-generate -profile-coverage-mapping -swift-version 5 -Onone -D SWIFT_PACKAGE -D DEBUG -D SWIFT_MODULE_RESOURCE_BUNDLE_UNAVAILABLE -D Xcode -serialize-debugging-options -enable-experimental-feature DebugDescriptionMacro -empty-abi-descriptor -validate-clang-modules-once -clang-build-session-file /Users/admin/builder/spi-builder-workspace/.derivedData/ModuleCache.noindex/Session.modulevalidation -Xcc -working-directory -Xcc /Users/admin/builder/spi-builder-workspace/.swiftpm/xcode -enable-anonymous-context-mangled-names -file-compilation-dir /Users/admin/builder/spi-builder-workspace/.swiftpm/xcode -Xcc -D_LIBCPP_HARDENING_MODE\=_LIBCPP_HARDENING_MODE_DEBUG -Xcc -ivfsstatcache -Xcc /Users/admin/builder/spi-builder-workspace/.derivedData/SDKStatCaches.noindex/macosx27.0-26A425-e829b21a6f8c9b70876ba0858053c0446a22442a12e9d48fe1a705f55a1adfc4.sdkstatcache -Xcc -fmodules-prune-interval\=86400 -Xcc -fmodules-prune-after\=345600 -Xcc -I/Users/admin/builder/spi-builder-workspace/.derivedData/Build/Products/Debug/include -Xcc -I/Users/admin/builder/spi-builder-workspace/.derivedData/Build/Intermediates.noindex/AlamoFuzi.build/Debug/AlamoFuzi-t.build/DerivedSources-normal/arm64 -Xcc -I/Users/admin/builder/spi-builder-workspace/.derivedData/Build/Intermediates.noindex/AlamoFuzi.build/Debug/AlamoFuzi-t.build/DerivedSources/arm64 -Xcc -I/Users/admin/builder/spi-builder-workspace/.derivedData/Build/Intermediates.noindex/AlamoFuzi.build/Debug/AlamoFuzi-t.build/DerivedSources -Xcc -DSWIFT_PACKAGE -Xcc -DDEBUG\=1 -no-auto-bridging-header-chaining -module-name AlamoFuzi -const-gather-protocols-file /Users/admin/builder/spi-builder-workspace/.derivedData/Build/Intermediates.noindex/AlamoFuzi.build/Debug/AlamoFuzi-t.build/Objects-normal/arm64/AlamoFuzi_const_extract_protocols.json -disable-clang-spi -clang-target arm64-apple-macos27.0 -target-sdk-version 27.0 -target-sdk-name macosx27.0 -in-process-plugin-server-path /Applications/Xcode-27.0.0-Release.Candidate.app/Contents/Developer/Toolchains/XcodeDefault.xctoolchain/usr/lib/swift/host/libSwiftInProcPluginServer.dylib -emit-module-doc-path /Users/admin/builder/spi-builder-workspace/.derivedData/Build/Intermediates.noindex/AlamoFuzi.build/Debug/AlamoFuzi-t.build/Objects-normal/arm64/AlamoFuzi.swiftdoc -emit-module-source-info-path /Users/admin/builder/spi-builder-workspace/.derivedData/Build/Intermediates.noindex/AlamoFuzi.build/Debug/AlamoFuzi-t.build/Objects-normal/arm64/AlamoFuzi.swiftsourceinfo -emit-objc-header-path /Users/admin/builder/spi-builder-workspace/.derivedData/Build/Intermediates.noindex/AlamoFuzi.build/Debug/AlamoFuzi-t.build/Objects-normal/arm64/AlamoFuzi-Swift.h -serialize-diagnostics-path /Users/admin/builder/spi-builder-workspace/.derivedData/Build/Intermediates.noindex/AlamoFuzi.build/Debug/AlamoFuzi-t.build/Objects-normal/arm64/AlamoFuzi-primary-emit-module.dia -emit-dependencies-path /Users/admin/builder/spi-builder-workspace/.derivedData/Build/Intermediates.noindex/AlamoFuzi.build/Debug/AlamoFuzi-t.build/Objects-normal/arm64/AlamoFuzi-primary-emit-module.d -parse-as-library -o /Users/admin/builder/spi-builder-workspace/.derivedData/Build/Intermediates.noindex/AlamoFuzi.build/Debug/AlamoFuzi-t.build/Objects-normal/arm64/AlamoFuzi.swiftmodule -emit-abi-descriptor-path /Users/admin/builder/spi-builder-workspace/.derivedData/Build/Intermediates.noindex/AlamoFuzi.build/Debug/AlamoFuzi-t.build/Objects-normal/arm64/AlamoFuzi.abi.json
SwiftCompile normal arm64 Compiling\ AlamoFuzi.swift /Users/admin/builder/spi-builder-workspace/Sources/AlamoFuzi.swift (in target 'AlamoFuzi' from project 'AlamoFuzi')
SwiftCompile normal arm64 /Users/admin/builder/spi-builder-workspace/Sources/AlamoFuzi.swift (in target 'AlamoFuzi' from project 'AlamoFuzi')
cd /Users/admin/builder/spi-builder-workspace/.swiftpm/xcode
builtin-SwiftPerFileCompile AlamoFuzi.swift
/Users/admin/builder/spi-builder-workspace/Sources/AlamoFuzi.swift:44:115: error: 'XMLDocument' is ambiguous for type lookup in this context
42 |
43 | public struct XMLSerializer: ResponseSerializer {
44 | public func serialize(request: URLRequest?, response: HTTPURLResponse?, data: Data?, error: Error?) throws -> XMLDocument {
| `- error: 'XMLDocument' is ambiguous for type lookup in this context
45 | // Call the existing StringResponseSerializer to get many behaviors automatically.
46 | let data = try DataResponseSerializer().serialize(request: request,
Fuzi.XMLDocument:1:12: note: found this candidate
1 | open class XMLDocument {
| `- note: found this candidate
2 | lazy open fileprivate(set) var version: String? { get set }
3 | lazy open fileprivate(set) var encoding: String.Encoding { get set }
/Applications/Xcode-27.0.0-Release.Candidate.app/Contents/Developer/Platforms/MacOSX.platform/Developer/SDKs/MacOSX27.0.sdk/System/Library/Frameworks/Foundation.framework/Headers/NSXMLDocument.h:81:12: note: found this candidate
79 | ///
80 | /// Because of the architecture and data model of NSXML, when it parses and processes a source of XML it cannot know about your subclass unless you override the class method ``replacementClass(for:)`` to return your custom class in place of an `NSXML` class. If your custom class has no direct `NSXML` counterpart—for example, it is a subclass of `NSXMLNode` that represents CDATA sections—then you can walk the tree after it has been created and insert the new node where appropriate.
81 | @interface NSXMLDocument : NSXMLNode {
| `- note: found this candidate
82 | @protected
83 | NSString *_encoding;
/Users/admin/builder/spi-builder-workspace/Sources/AlamoFuzi.swift:43:15: error: type 'XMLSerializer' does not conform to protocol 'DataResponseSerializerProtocol'
41 | }
42 |
43 | public struct XMLSerializer: ResponseSerializer {
| `- error: type 'XMLSerializer' does not conform to protocol 'DataResponseSerializerProtocol'
44 | public func serialize(request: URLRequest?, response: HTTPURLResponse?, data: Data?, error: Error?) throws -> XMLDocument {
45 | // Call the existing StringResponseSerializer to get many behaviors automatically.
/Users/admin/builder/spi-builder-workspace/Sources/AlamoFuzi.swift:43:15: error: type 'XMLSerializer' does not conform to protocol 'DownloadResponseSerializerProtocol'
41 | }
42 |
43 | public struct XMLSerializer: ResponseSerializer {
| |- error: type 'XMLSerializer' does not conform to protocol 'DownloadResponseSerializerProtocol'
| `- note: add stubs for conformance
44 | public func serialize(request: URLRequest?, response: HTTPURLResponse?, data: Data?, error: Error?) throws -> XMLDocument {
45 | // Call the existing StringResponseSerializer to get many behaviors automatically.
Alamofire.DataResponseSerializerProtocol.SerializedObject:2:16: note: protocol requires nested type 'SerializedObject'
1 | protocol DataResponseSerializerProtocol {
2 | associatedtype SerializedObject : Sendable}
| `- note: protocol requires nested type 'SerializedObject'
3 |
SwiftCompile normal arm64 Compiling\ HTTPHeaders.swift,\ HTTPMethod.swift,\ Instant.swift /Users/admin/builder/spi-builder-workspace/.dependencies/checkouts/Alamofire/Source/Core/HTTPHeaders.swift /Users/admin/builder/spi-builder-workspace/.dependencies/checkouts/Alamofire/Source/Core/HTTPMethod.swift /Users/admin/builder/spi-builder-workspace/.dependencies/checkouts/Alamofire/Source/Core/Instant.swift (in target 'Alamofire' from project 'Alamofire')
SwiftCompile normal arm64 /Users/admin/builder/spi-builder-workspace/.dependencies/checkouts/Alamofire/Source/Core/HTTPHeaders.swift (in target 'Alamofire' from project 'Alamofire')
cd /Users/admin/builder/spi-builder-workspace/.swiftpm/xcode
builtin-SwiftPerFileCompile HTTPHeaders.swift
SwiftCompile normal arm64 /Users/admin/builder/spi-builder-workspace/.dependencies/checkouts/Alamofire/Source/Core/HTTPMethod.swift (in target 'Alamofire' from project 'Alamofire')
cd /Users/admin/builder/spi-builder-workspace/.swiftpm/xcode
builtin-SwiftPerFileCompile HTTPMethod.swift
SwiftCompile normal arm64 /Users/admin/builder/spi-builder-workspace/.dependencies/checkouts/Alamofire/Source/Core/Instant.swift (in target 'Alamofire' from project 'Alamofire')
cd /Users/admin/builder/spi-builder-workspace/.swiftpm/xcode
builtin-SwiftPerFileCompile Instant.swift
SwiftCompile normal arm64 Compiling\ DataRequest.swift,\ DataStreamRequest.swift,\ DownloadRequest.swift /Users/admin/builder/spi-builder-workspace/.dependencies/checkouts/Alamofire/Source/Core/DataRequest.swift /Users/admin/builder/spi-builder-workspace/.dependencies/checkouts/Alamofire/Source/Core/DataStreamRequest.swift /Users/admin/builder/spi-builder-workspace/.dependencies/checkouts/Alamofire/Source/Core/DownloadRequest.swift (in target 'Alamofire' from project 'Alamofire')
SwiftCompile normal arm64 /Users/admin/builder/spi-builder-workspace/.dependencies/checkouts/Alamofire/Source/Core/DataRequest.swift (in target 'Alamofire' from project 'Alamofire')
cd /Users/admin/builder/spi-builder-workspace/.swiftpm/xcode
builtin-SwiftPerFileCompile DataRequest.swift
SwiftCompile normal arm64 /Users/admin/builder/spi-builder-workspace/.dependencies/checkouts/Alamofire/Source/Core/DataStreamRequest.swift (in target 'Alamofire' from project 'Alamofire')
cd /Users/admin/builder/spi-builder-workspace/.swiftpm/xcode
builtin-SwiftPerFileCompile DataStreamRequest.swift
SwiftCompile normal arm64 /Users/admin/builder/spi-builder-workspace/.dependencies/checkouts/Alamofire/Source/Core/DownloadRequest.swift (in target 'Alamofire' from project 'Alamofire')
cd /Users/admin/builder/spi-builder-workspace/.swiftpm/xcode
builtin-SwiftPerFileCompile DownloadRequest.swift
SwiftCompile normal arm64 Compiling\ URLConvertible+URLRequestConvertible.swift,\ UploadRequest.swift,\ WebSocketRequest.swift /Users/admin/builder/spi-builder-workspace/.dependencies/checkouts/Alamofire/Source/Core/URLConvertible+URLRequestConvertible.swift /Users/admin/builder/spi-builder-workspace/.dependencies/checkouts/Alamofire/Source/Core/UploadRequest.swift /Users/admin/builder/spi-builder-workspace/.dependencies/checkouts/Alamofire/Source/Core/WebSocketRequest.swift (in target 'Alamofire' from project 'Alamofire')
SwiftCompile normal arm64 /Users/admin/builder/spi-builder-workspace/.dependencies/checkouts/Alamofire/Source/Core/URLConvertible+URLRequestConvertible.swift (in target 'Alamofire' from project 'Alamofire')
cd /Users/admin/builder/spi-builder-workspace/.swiftpm/xcode
builtin-SwiftPerFileCompile URLConvertible+URLRequestConvertible.swift
SwiftCompile normal arm64 /Users/admin/builder/spi-builder-workspace/.dependencies/checkouts/Alamofire/Source/Core/UploadRequest.swift (in target 'Alamofire' from project 'Alamofire')
cd /Users/admin/builder/spi-builder-workspace/.swiftpm/xcode
builtin-SwiftPerFileCompile UploadRequest.swift
SwiftCompile normal arm64 /Users/admin/builder/spi-builder-workspace/.dependencies/checkouts/Alamofire/Source/Core/WebSocketRequest.swift (in target 'Alamofire' from project 'Alamofire')
cd /Users/admin/builder/spi-builder-workspace/.swiftpm/xcode
builtin-SwiftPerFileCompile WebSocketRequest.swift
SwiftCompile normal arm64 Compiling\ Notifications.swift,\ ParameterEncoder.swift,\ ParameterEncoding.swift /Users/admin/builder/spi-builder-workspace/.dependencies/checkouts/Alamofire/Source/Core/Notifications.swift /Users/admin/builder/spi-builder-workspace/.dependencies/checkouts/Alamofire/Source/Core/ParameterEncoder.swift /Users/admin/builder/spi-builder-workspace/.dependencies/checkouts/Alamofire/Source/Core/ParameterEncoding.swift (in target 'Alamofire' from project 'Alamofire')
SwiftCompile normal arm64 /Users/admin/builder/spi-builder-workspace/.dependencies/checkouts/Alamofire/Source/Core/Notifications.swift (in target 'Alamofire' from project 'Alamofire')
cd /Users/admin/builder/spi-builder-workspace/.swiftpm/xcode
builtin-SwiftPerFileCompile Notifications.swift
SwiftCompile normal arm64 /Users/admin/builder/spi-builder-workspace/.dependencies/checkouts/Alamofire/Source/Core/ParameterEncoder.swift (in target 'Alamofire' from project 'Alamofire')
cd /Users/admin/builder/spi-builder-workspace/.swiftpm/xcode
builtin-SwiftPerFileCompile ParameterEncoder.swift
SwiftCompile normal arm64 /Users/admin/builder/spi-builder-workspace/.dependencies/checkouts/Alamofire/Source/Core/ParameterEncoding.swift (in target 'Alamofire' from project 'Alamofire')
cd /Users/admin/builder/spi-builder-workspace/.swiftpm/xcode
builtin-SwiftPerFileCompile ParameterEncoding.swift
SwiftCompile normal arm64 Compiling\ Protected.swift,\ Request.swift,\ RequestTaskMap.swift /Users/admin/builder/spi-builder-workspace/.dependencies/checkouts/Alamofire/Source/Core/Protected.swift /Users/admin/builder/spi-builder-workspace/.dependencies/checkouts/Alamofire/Source/Core/Request.swift /Users/admin/builder/spi-builder-workspace/.dependencies/checkouts/Alamofire/Source/Core/RequestTaskMap.swift (in target 'Alamofire' from project 'Alamofire')
SwiftCompile normal arm64 /Users/admin/builder/spi-builder-workspace/.dependencies/checkouts/Alamofire/Source/Core/Protected.swift (in target 'Alamofire' from project 'Alamofire')
cd /Users/admin/builder/spi-builder-workspace/.swiftpm/xcode
builtin-SwiftPerFileCompile Protected.swift
SwiftCompile normal arm64 /Users/admin/builder/spi-builder-workspace/.dependencies/checkouts/Alamofire/Source/Core/Request.swift (in target 'Alamofire' from project 'Alamofire')
cd /Users/admin/builder/spi-builder-workspace/.swiftpm/xcode
builtin-SwiftPerFileCompile Request.swift
SwiftCompile normal arm64 /Users/admin/builder/spi-builder-workspace/.dependencies/checkouts/Alamofire/Source/Core/RequestTaskMap.swift (in target 'Alamofire' from project 'Alamofire')
cd /Users/admin/builder/spi-builder-workspace/.swiftpm/xcode
builtin-SwiftPerFileCompile RequestTaskMap.swift
SwiftCompile normal arm64 Compiling\ resource_bundle_accessor.swift,\ Alamofire.swift,\ AFError.swift /Users/admin/builder/spi-builder-workspace/.derivedData/Build/Intermediates.noindex/Alamofire.build/Debug/Alamofire-t.build/DerivedSources/resource_bundle_accessor.swift /Users/admin/builder/spi-builder-workspace/.dependencies/checkouts/Alamofire/Source/Alamofire.swift /Users/admin/builder/spi-builder-workspace/.dependencies/checkouts/Alamofire/Source/Core/AFError.swift (in target 'Alamofire' from project 'Alamofire')
SwiftCompile normal arm64 /Users/admin/builder/spi-builder-workspace/.derivedData/Build/Intermediates.noindex/Alamofire.build/Debug/Alamofire-t.build/DerivedSources/resource_bundle_accessor.swift (in target 'Alamofire' from project 'Alamofire')
cd /Users/admin/builder/spi-builder-workspace/.swiftpm/xcode
builtin-SwiftPerFileCompile resource_bundle_accessor.swift
SwiftCompile normal arm64 /Users/admin/builder/spi-builder-workspace/.dependencies/checkouts/Alamofire/Source/Alamofire.swift (in target 'Alamofire' from project 'Alamofire')
cd /Users/admin/builder/spi-builder-workspace/.swiftpm/xcode
builtin-SwiftPerFileCompile Alamofire.swift
SwiftCompile normal arm64 /Users/admin/builder/spi-builder-workspace/.dependencies/checkouts/Alamofire/Source/Core/AFError.swift (in target 'Alamofire' from project 'Alamofire')
cd /Users/admin/builder/spi-builder-workspace/.swiftpm/xcode
builtin-SwiftPerFileCompile AFError.swift
SwiftCompile normal arm64 Compiling\ DispatchQueue+Alamofire.swift,\ OperationQueue+Alamofire.swift,\ Result+Alamofire.swift /Users/admin/builder/spi-builder-workspace/.dependencies/checkouts/Alamofire/Source/Extensions/DispatchQueue+Alamofire.swift /Users/admin/builder/spi-builder-workspace/.dependencies/checkouts/Alamofire/Source/Extensions/OperationQueue+Alamofire.swift /Users/admin/builder/spi-builder-workspace/.dependencies/checkouts/Alamofire/Source/Extensions/Result+Alamofire.swift (in target 'Alamofire' from project 'Alamofire')
SwiftCompile normal arm64 /Users/admin/builder/spi-builder-workspace/.dependencies/checkouts/Alamofire/Source/Extensions/DispatchQueue+Alamofire.swift (in target 'Alamofire' from project 'Alamofire')
cd /Users/admin/builder/spi-builder-workspace/.swiftpm/xcode
builtin-SwiftPerFileCompile DispatchQueue+Alamofire.swift
SwiftCompile normal arm64 /Users/admin/builder/spi-builder-workspace/.dependencies/checkouts/Alamofire/Source/Extensions/OperationQueue+Alamofire.swift (in target 'Alamofire' from project 'Alamofire')
cd /Users/admin/builder/spi-builder-workspace/.swiftpm/xcode
builtin-SwiftPerFileCompile OperationQueue+Alamofire.swift
SwiftCompile normal arm64 /Users/admin/builder/spi-builder-workspace/.dependencies/checkouts/Alamofire/Source/Extensions/Result+Alamofire.swift (in target 'Alamofire' from project 'Alamofire')
cd /Users/admin/builder/spi-builder-workspace/.swiftpm/xcode
builtin-SwiftPerFileCompile Result+Alamofire.swift
SwiftCompile normal arm64 Compiling\ Response.swift,\ Session.swift,\ SessionDelegate.swift /Users/admin/builder/spi-builder-workspace/.dependencies/checkouts/Alamofire/Source/Core/Response.swift /Users/admin/builder/spi-builder-workspace/.dependencies/checkouts/Alamofire/Source/Core/Session.swift /Users/admin/builder/spi-builder-workspace/.dependencies/checkouts/Alamofire/Source/Core/SessionDelegate.swift (in target 'Alamofire' from project 'Alamofire')
SwiftCompile normal arm64 /Users/admin/builder/spi-builder-workspace/.dependencies/checkouts/Alamofire/Source/Core/Response.swift (in target 'Alamofire' from project 'Alamofire')
cd /Users/admin/builder/spi-builder-workspace/.swiftpm/xcode
builtin-SwiftPerFileCompile Response.swift
SwiftCompile normal arm64 /Users/admin/builder/spi-builder-workspace/.dependencies/checkouts/Alamofire/Source/Core/Session.swift (in target 'Alamofire' from project 'Alamofire')
cd /Users/admin/builder/spi-builder-workspace/.swiftpm/xcode
builtin-SwiftPerFileCompile Session.swift
SwiftCompile normal arm64 /Users/admin/builder/spi-builder-workspace/.dependencies/checkouts/Alamofire/Source/Core/SessionDelegate.swift (in target 'Alamofire' from project 'Alamofire')
cd /Users/admin/builder/spi-builder-workspace/.swiftpm/xcode
builtin-SwiftPerFileCompile SessionDelegate.swift
SwiftEmitModule normal arm64 Emitting\ module\ for\ Alamofire (in target 'Alamofire' from project 'Alamofire')
SwiftCompile normal arm64 (in target 'Alamofire' from project 'Alamofire')
cd /Users/admin/builder/spi-builder-workspace/.swiftpm/xcode
PruneExplicitPrecompiledModules /Users/admin/builder/spi-builder-workspace/.derivedData/SDKExplicitPrecompiledModules
PruneExplicitPrecompiledModules /Users/admin/builder/spi-builder-workspace/.derivedData/Build/Intermediates.noindex/ExplicitPrecompiledModules
PruneExplicitPrecompiledModules /Users/admin/builder/spi-builder-workspace/.derivedData/Build/Intermediates.noindex/SwiftExplicitPrecompiledModules
2026-09-17 01:08:22.998 xcodebuild[835:5267] [MT] IDERunDestination: Supported platforms for the buildables in the current scheme is empty.
--- xcodebuild: WARNING: Using the first of multiple matching destinations:
{ platform:macOS, arch:arm64, id:44ae428dbf309737f621834eb24493d9dd4744c8, name:My Mac }
{ platform:macOS, arch:arm64, variant:Mac Catalyst, id:44ae428dbf309737f621834eb24493d9dd4744c8, name:My Mac }
{ platform:macOS, arch:arm64, variant:DriverKit, id:44ae428dbf309737f621834eb24493d9dd4744c8, name:My Mac }
{ platform:macOS, arch:arm64, variant:Designed for [iPad,iPhone], id:44ae428dbf309737f621834eb24493d9dd4744c8, name:My Mac }
** BUILD FAILED **
The following build commands failed:
SwiftCompile normal arm64 (in target 'AlamoFuzi' from project 'AlamoFuzi')
SwiftEmitModule normal arm64 Emitting\ module\ for\ AlamoFuzi (in target 'AlamoFuzi' from project 'AlamoFuzi')
Building workspace AlamoFuzi with scheme AlamoFuzi
(3 failures)
BUILD FAILURE 6.4 macosXcodebuild