The Swift Package Index logo.Swift Package Index

Build Information

Failed to build snap-swift-data, reference main (922f73), with Swift 6.1 for watchOS using Xcode 16.3 on 6 Jul 2026 19:19:48 UTC.

Build Command

No build command. This typically means the build failed at an early stage where we determine the build command.

Build Log

========================================
RunAll
========================================
Builder version: undefined version: run 'make version' to update
Interrupt handler set up.
========================================
Checkout
========================================
Clone URL: https://github.com/simonnickel/snap-swift-data.git
Reference: main
Initialized empty Git repository in /Users/admin/builder/spi-builder-workspace/.git/
From https://github.com/simonnickel/snap-swift-data
 * branch            main       -> FETCH_HEAD
 * [new branch]      main       -> origin/main
HEAD is now at 922f73e Update agent setup
Cloned https://github.com/simonnickel/snap-swift-data.git
Revision (git rev-parse @):
922f73e7e4e734293684c45656e07e8762c41dbf
SPI manifest file found: $PWD/.spi.yml
SUCCESS checkout https://github.com/simonnickel/snap-swift-data.git at main
========================================
Build
========================================
Selected platform:         watchOS
Swift version:             6.1
Building package at path:  $PWD
https://github.com/simonnickel/snap-swift-data.git
https://github.com/simonnickel/snap-swift-data.git
error: 'spi-builder-workspace': package 'spi-builder-workspace' is using Swift tools version 6.3.0 but the installed version is 6.1.0
error: fatalError
Command line invocation:
    /Applications/Xcode-16.3.0.app/Contents/Developer/usr/bin/xcodebuild -IDEClonedSourcePackagesDirPathOverride=/Users/admin/builder/spi-builder-workspace/.dependencies -resolvePackageDependencies
Resolve Package Graph
package 'spi-builder-workspace' is using Swift tools version 6.3.0 but the installed version is 6.1.0
Resolved source packages:
  spi-builder-workspace: (null)
2026-07-06 12:19:47.645 xcodebuild[506:2883] Writing error result bundle to /var/folders/5k/5yc19ymj0jqd5v0zvgfqz0xw0000gn/T/ResultBundle_2026-06-07_12-19-0047.xcresult
xcodebuild: error: Could not resolve package dependencies:
  package 'spi-builder-workspace' is using Swift tools version 6.3.0 but the installed version is 6.1.0
Command line invocation:
    /Applications/Xcode-16.3.0.app/Contents/Developer/usr/bin/xcodebuild -IDEClonedSourcePackagesDirPathOverride=/Users/admin/builder/spi-builder-workspace/.dependencies -resolvePackageDependencies
Resolve Package Graph
package 'spi-builder-workspace' is using Swift tools version 6.3.0 but the installed version is 6.1.0
Resolved source packages:
  spi-builder-workspace: (null)
2026-07-06 12:19:48.352 xcodebuild[516:2985] Writing error result bundle to /var/folders/5k/5yc19ymj0jqd5v0zvgfqz0xw0000gn/T/ResultBundle_2026-06-07_12-19-0048.xcresult
xcodebuild: error: Could not resolve package dependencies:
  package 'spi-builder-workspace' is using Swift tools version 6.3.0 but the installed version is 6.1.0
BUILD FAILURE 6.1 watchOS