Build Information
Failed to build DITranquillity, reference master (ea8f1e), with Swift 6.3 for Android on 26 Jun 2026 14:10:19 UTC.
Build Command
bash -c docker run --pull=always --rm -v "checkouts-53886770-0":/host -w "$PWD" -e JAVA_HOME="/root/.sdkman/candidates/java/current" -e SPI_BUILD="1" -e SPI_PROCESSING="1" registry.gitlab.com/saguaro1/spi-images:android-6.3-latest swift build --swift-sdk aarch64-unknown-linux-android28 2>&1Build Log
========================================
RunAll
========================================
Builder version: 0e64495ecc1688c3b3e031a5ef1348b5c05091ae
Interrupt handler set up.
========================================
Checkout
========================================
Clone URL: https://github.com/ivlevAstef/DITranquillity.git
Reference: master
Initialized empty Git repository in /host/spi-builder-workspace/.git/
hint: Using 'master' as the name for the initial branch. This default branch name
hint: is subject to change. To configure the initial branch name to use in all
hint: of your new repositories, which will suppress this warning, call:
hint:
hint: git config --global init.defaultBranch <name>
hint:
hint: Names commonly chosen instead of 'master' are 'main', 'trunk' and
hint: 'development'. The just-created branch can be renamed via this command:
hint:
hint: git branch -m <name>
From https://github.com/ivlevAstef/DITranquillity
* branch master -> FETCH_HEAD
* [new branch] master -> origin/master
HEAD is now at ea8f1ee merge bug... remove no needed files
Cloned https://github.com/ivlevAstef/DITranquillity.git
Revision (git rev-parse @):
ea8f1eeb97737c0e85d9e51cbb230fafa35772a8
SUCCESS checkout https://github.com/ivlevAstef/DITranquillity.git at master
========================================
Build
========================================
Selected platform: android
Swift version: 6.3
Building package at path: $PWD
https://github.com/ivlevAstef/DITranquillity.git
Running build ...
bash -c docker run --pull=always --rm -v "checkouts-53886770-0":/host -w "$PWD" -e JAVA_HOME="/root/.sdkman/candidates/java/current" -e SPI_BUILD="1" -e SPI_PROCESSING="1" registry.gitlab.com/saguaro1/spi-images:android-6.3-latest swift build --swift-sdk aarch64-unknown-linux-android28 2>&1
android-6.3-latest: Pulling from saguaro1/spi-images
Digest: sha256:451958f7df55f9af673f8b0851dc526f2aee3222db374ae53b89fa21ad564bc8
Status: Image is up to date for registry.gitlab.com/saguaro1/spi-images:android-6.3-latest
Building for debugging...
[0/2] Write sources
[1/2] Write swift-version-272D24FF697CF451.txt
error: emit-module command failed with exit code 1 (use -v to see invocation)
[3/45] Emitting module DITranquillity
/host/spi-builder-workspace/Sources/Core/Internal/threads/FastLock.swift:50:8: error: no such module 'Darwin'
48 | #else
49 |
50 | import Darwin
| `- error: no such module 'Darwin'
51 |
52 | private class UnfairLock: FastLock {
[4/51] Compiling DITranquillity ComponentAlternativeType.swift
/host/spi-builder-workspace/Sources/Core/Internal/threads/FastLock.swift:50:8: error: no such module 'Darwin'
48 | #else
49 |
50 | import Darwin
| `- error: no such module 'Darwin'
51 |
52 | private class UnfairLock: FastLock {
[5/51] Compiling DITranquillity DIComponentBuilder+as.swift
/host/spi-builder-workspace/Sources/Core/Internal/threads/FastLock.swift:50:8: error: no such module 'Darwin'
48 | #else
49 |
50 | import Darwin
| `- error: no such module 'Darwin'
51 |
52 | private class UnfairLock: FastLock {
[6/51] Compiling DITranquillity DIComponentBuilder+injection.swift
/host/spi-builder-workspace/Sources/Core/Internal/threads/FastLock.swift:50:8: error: no such module 'Darwin'
48 | #else
49 |
50 | import Darwin
| `- error: no such module 'Darwin'
51 |
52 | private class UnfairLock: FastLock {
[7/51] Compiling DITranquillity DIComponentBuilder+lifetime.swift
/host/spi-builder-workspace/Sources/Core/Internal/threads/FastLock.swift:50:8: error: no such module 'Darwin'
48 | #else
49 |
50 | import Darwin
| `- error: no such module 'Darwin'
51 |
52 | private class UnfairLock: FastLock {
[8/51] Compiling DITranquillity DIComponentBuilder.swift
/host/spi-builder-workspace/Sources/Core/Internal/threads/FastLock.swift:50:8: error: no such module 'Darwin'
48 | #else
49 |
50 | import Darwin
| `- error: no such module 'Darwin'
51 |
52 | private class UnfairLock: FastLock {
[9/51] Compiling DITranquillity DIContainer+async.swift
/host/spi-builder-workspace/Sources/Core/Internal/threads/FastLock.swift:50:8: error: no such module 'Darwin'
48 | #else
49 |
50 | import Darwin
| `- error: no such module 'Darwin'
51 |
52 | private class UnfairLock: FastLock {
[10/51] Compiling DITranquillity DIEdge.swift
/host/spi-builder-workspace/Sources/Core/Internal/threads/FastLock.swift:50:8: error: no such module 'Darwin'
48 | #else
49 |
50 | import Darwin
| `- error: no such module 'Darwin'
51 |
52 | private class UnfairLock: FastLock {
[11/51] Compiling DITranquillity DIGraph+Cycle.swift
/host/spi-builder-workspace/Sources/Core/Internal/threads/FastLock.swift:50:8: error: no such module 'Darwin'
48 | #else
49 |
50 | import Darwin
| `- error: no such module 'Darwin'
51 |
52 | private class UnfairLock: FastLock {
[12/51] Compiling DITranquillity DIGraph+Validate.swift
/host/spi-builder-workspace/Sources/Core/Internal/threads/FastLock.swift:50:8: error: no such module 'Darwin'
48 | #else
49 |
50 | import Darwin
| `- error: no such module 'Darwin'
51 |
52 | private class UnfairLock: FastLock {
[13/51] Compiling DITranquillity DIGraph+ValidationErrors.swift
/host/spi-builder-workspace/Sources/Core/Internal/threads/FastLock.swift:50:8: error: no such module 'Darwin'
48 | #else
49 |
50 | import Darwin
| `- error: no such module 'Darwin'
51 |
52 | private class UnfairLock: FastLock {
[14/51] Compiling DITranquillity DIGraph.swift
/host/spi-builder-workspace/Sources/Core/Internal/threads/FastLock.swift:50:8: error: no such module 'Darwin'
48 | #else
49 |
50 | import Darwin
| `- error: no such module 'Darwin'
51 |
52 | private class UnfairLock: FastLock {
[15/51] Compiling DITranquillity DIVertex.swift
/host/spi-builder-workspace/Sources/Core/Internal/threads/FastLock.swift:50:8: error: no such module 'Darwin'
48 | #else
49 |
50 | import Darwin
| `- error: no such module 'Darwin'
51 |
52 | private class UnfairLock: FastLock {
[16/51] Compiling DITranquillity Modificators.swift
/host/spi-builder-workspace/Sources/Core/Internal/threads/FastLock.swift:50:8: error: no such module 'Darwin'
48 | #else
49 |
50 | import Darwin
| `- error: no such module 'Darwin'
51 |
52 | private class UnfairLock: FastLock {
[17/51] Compiling DITranquillity ParsedType.swift
/host/spi-builder-workspace/Sources/Core/Internal/threads/FastLock.swift:50:8: error: no such module 'Darwin'
48 | #else
49 |
50 | import Darwin
| `- error: no such module 'Darwin'
51 |
52 | private class UnfairLock: FastLock {
[18/51] Compiling DITranquillity ProtocolMagic.swift
/host/spi-builder-workspace/Sources/Core/Internal/threads/FastLock.swift:50:8: error: no such module 'Darwin'
48 | #else
49 |
50 | import Darwin
| `- error: no such module 'Darwin'
51 |
52 | private class UnfairLock: FastLock {
[19/51] Compiling DITranquillity SpecificType.swift
/host/spi-builder-workspace/Sources/Core/Internal/threads/FastLock.swift:50:8: error: no such module 'Darwin'
48 | #else
49 |
50 | import Darwin
| `- error: no such module 'Darwin'
51 |
52 | private class UnfairLock: FastLock {
[20/51] Compiling DITranquillity TypeKey.swift
/host/spi-builder-workspace/Sources/Core/Internal/threads/FastLock.swift:50:8: error: no such module 'Darwin'
48 | #else
49 |
50 | import Darwin
| `- error: no such module 'Darwin'
51 |
52 | private class UnfairLock: FastLock {
[21/51] Compiling DITranquillity Resolver+Async.swift
/host/spi-builder-workspace/Sources/Core/Internal/threads/FastLock.swift:50:8: error: no such module 'Darwin'
48 | #else
49 |
50 | import Darwin
| `- error: no such module 'Darwin'
51 |
52 | private class UnfairLock: FastLock {
[22/51] Compiling DITranquillity Component.swift
/host/spi-builder-workspace/Sources/Core/Internal/threads/FastLock.swift:50:8: error: no such module 'Darwin'
48 | #else
49 |
50 | import Darwin
| `- error: no such module 'Darwin'
51 |
52 | private class UnfairLock: FastLock {
[23/51] Compiling DITranquillity ExtensionsContainer.swift
/host/spi-builder-workspace/Sources/Core/Internal/threads/FastLock.swift:50:8: error: no such module 'Darwin'
48 | #else
49 |
50 | import Darwin
| `- error: no such module 'Darwin'
51 |
52 | private class UnfairLock: FastLock {
[24/51] Compiling DITranquillity FrameworksDependenciesContainer.swift
/host/spi-builder-workspace/Sources/Core/Internal/threads/FastLock.swift:50:8: error: no such module 'Darwin'
48 | #else
49 |
50 | import Darwin
| `- error: no such module 'Darwin'
51 |
52 | private class UnfairLock: FastLock {
[25/51] Compiling DITranquillity Log.swift
/host/spi-builder-workspace/Sources/Core/Internal/threads/FastLock.swift:50:8: error: no such module 'Darwin'
48 | #else
49 |
50 | import Darwin
| `- error: no such module 'Darwin'
51 |
52 | private class UnfairLock: FastLock {
[26/51] Compiling DITranquillity MethodMaker.swift
/host/spi-builder-workspace/Sources/Core/Internal/threads/FastLock.swift:50:8: error: no such module 'Darwin'
48 | #else
49 |
50 | import Darwin
| `- error: no such module 'Darwin'
51 |
52 | private class UnfairLock: FastLock {
[27/51] Compiling DITranquillity MethodSignature.swift
/host/spi-builder-workspace/Sources/Core/Internal/threads/FastLock.swift:50:8: error: no such module 'Darwin'
48 | #else
49 |
50 | import Darwin
| `- error: no such module 'Darwin'
51 |
52 | private class UnfairLock: FastLock {
[28/51] Compiling DITranquillity DIContainer+register.swift
/host/spi-builder-workspace/Sources/Core/Internal/threads/FastLock.swift:50:8: error: no such module 'Darwin'
48 | #else
49 |
50 | import Darwin
| `- error: no such module 'Darwin'
51 |
52 | private class UnfairLock: FastLock {
[29/51] Compiling DITranquillity DIContainer+sync.swift
/host/spi-builder-workspace/Sources/Core/Internal/threads/FastLock.swift:50:8: error: no such module 'Darwin'
48 | #else
49 |
50 | import Darwin
| `- error: no such module 'Darwin'
51 |
52 | private class UnfairLock: FastLock {
[30/51] Compiling DITranquillity DIContainer.swift
/host/spi-builder-workspace/Sources/Core/Internal/threads/FastLock.swift:50:8: error: no such module 'Darwin'
48 | #else
49 |
50 | import Darwin
| `- error: no such module 'Darwin'
51 |
52 | private class UnfairLock: FastLock {
[31/51] Compiling DITranquillity DIComponentPriority.swift
/host/spi-builder-workspace/Sources/Core/Internal/threads/FastLock.swift:50:8: error: no such module 'Darwin'
48 | #else
49 |
50 | import Darwin
| `- error: no such module 'Darwin'
51 |
52 | private class UnfairLock: FastLock {
[32/51] Compiling DITranquillity DILifetime.swift
/host/spi-builder-workspace/Sources/Core/Internal/threads/FastLock.swift:50:8: error: no such module 'Darwin'
48 | #else
49 |
50 | import Darwin
| `- error: no such module 'Darwin'
51 |
52 | private class UnfairLock: FastLock {
[33/51] Compiling DITranquillity DIModificators.swift
/host/spi-builder-workspace/Sources/Core/Internal/threads/FastLock.swift:50:8: error: no such module 'Darwin'
48 | #else
49 |
50 | import Darwin
| `- error: no such module 'Darwin'
51 |
52 | private class UnfairLock: FastLock {
[34/51] Compiling DITranquillity DIScope.swift
/host/spi-builder-workspace/Sources/Core/Internal/threads/FastLock.swift:50:8: error: no such module 'Darwin'
48 | #else
49 |
50 | import Darwin
| `- error: no such module 'Darwin'
51 |
52 | private class UnfairLock: FastLock {
[35/51] Compiling DITranquillity DISettings.swift
/host/spi-builder-workspace/Sources/Core/Internal/threads/FastLock.swift:50:8: error: no such module 'Darwin'
48 | #else
49 |
50 | import Darwin
| `- error: no such module 'Darwin'
51 |
52 | private class UnfairLock: FastLock {
[36/51] Compiling DITranquillity DIStorage.swift
/host/spi-builder-workspace/Sources/Core/Internal/threads/FastLock.swift:50:8: error: no such module 'Darwin'
48 | #else
49 |
50 | import Darwin
| `- error: no such module 'Darwin'
51 |
52 | private class UnfairLock: FastLock {
[37/51] Compiling DITranquillity DITypes.swift
/host/spi-builder-workspace/Sources/Core/Internal/threads/FastLock.swift:50:8: error: no such module 'Darwin'
48 | #else
49 |
50 | import Darwin
| `- error: no such module 'Darwin'
51 |
52 | private class UnfairLock: FastLock {
[38/51] Compiling DITranquillity AsyncLazy.swift
/host/spi-builder-workspace/Sources/Core/Internal/threads/FastLock.swift:50:8: error: no such module 'Darwin'
48 | #else
49 |
50 | import Darwin
| `- error: no such module 'Darwin'
51 |
52 | private class UnfairLock: FastLock {
[39/51] Compiling DITranquillity AsyncProvider.swift
/host/spi-builder-workspace/Sources/Core/Internal/threads/FastLock.swift:50:8: error: no such module 'Darwin'
48 | #else
49 |
50 | import Darwin
| `- error: no such module 'Darwin'
51 |
52 | private class UnfairLock: FastLock {
[40/51] Compiling DITranquillity DIExtensions.swift
/host/spi-builder-workspace/Sources/Core/Internal/threads/FastLock.swift:50:8: error: no such module 'Darwin'
48 | #else
49 |
50 | import Darwin
| `- error: no such module 'Darwin'
51 |
52 | private class UnfairLock: FastLock {
[41/51] Compiling DITranquillity Lazy.swift
/host/spi-builder-workspace/Sources/Core/Internal/threads/FastLock.swift:50:8: error: no such module 'Darwin'
48 | #else
49 |
50 | import Darwin
| `- error: no such module 'Darwin'
51 |
52 | private class UnfairLock: FastLock {
[42/51] Compiling DITranquillity Provider.swift
/host/spi-builder-workspace/Sources/Core/Internal/threads/FastLock.swift:50:8: error: no such module 'Darwin'
48 | #else
49 |
50 | import Darwin
| `- error: no such module 'Darwin'
51 |
52 | private class UnfairLock: FastLock {
[43/51] Compiling DITranquillity DIFramework.swift
/host/spi-builder-workspace/Sources/Core/Internal/threads/FastLock.swift:50:8: error: no such module 'Darwin'
48 | #else
49 |
50 | import Darwin
| `- error: no such module 'Darwin'
51 |
52 | private class UnfairLock: FastLock {
[44/51] Compiling DITranquillity DIPart.swift
/host/spi-builder-workspace/Sources/Core/Internal/threads/FastLock.swift:50:8: error: no such module 'Darwin'
48 | #else
49 |
50 | import Darwin
| `- error: no such module 'Darwin'
51 |
52 | private class UnfairLock: FastLock {
[45/51] Compiling DITranquillity AnyArguments.swift
/host/spi-builder-workspace/Sources/Core/Internal/threads/FastLock.swift:50:8: error: no such module 'Darwin'
48 | #else
49 |
50 | import Darwin
| `- error: no such module 'Darwin'
51 |
52 | private class UnfairLock: FastLock {
[46/51] Compiling DITranquillity Resolver+Sync.swift
/host/spi-builder-workspace/Sources/Core/Internal/threads/FastLock.swift:50:8: error: no such module 'Darwin'
48 | #else
49 |
50 | import Darwin
| `- error: no such module 'Darwin'
51 |
52 | private class UnfairLock: FastLock {
[47/51] Compiling DITranquillity Resolver.swift
/host/spi-builder-workspace/Sources/Core/Internal/threads/FastLock.swift:50:8: error: no such module 'Darwin'
48 | #else
49 |
50 | import Darwin
| `- error: no such module 'Darwin'
51 |
52 | private class UnfairLock: FastLock {
[48/51] Compiling DITranquillity FastLock.swift
/host/spi-builder-workspace/Sources/Core/Internal/threads/FastLock.swift:50:8: error: no such module 'Darwin'
48 | #else
49 |
50 | import Darwin
| `- error: no such module 'Darwin'
51 |
52 | private class UnfairLock: FastLock {
[49/51] Compiling DITranquillity Multithread.swift
/host/spi-builder-workspace/Sources/Core/Internal/threads/FastLock.swift:50:8: error: no such module 'Darwin'
48 | #else
49 |
50 | import Darwin
| `- error: no such module 'Darwin'
51 |
52 | private class UnfairLock: FastLock {
[50/51] Compiling DITranquillity ThreadDictionary.swift
/host/spi-builder-workspace/Sources/Core/Internal/threads/FastLock.swift:50:8: error: no such module 'Darwin'
48 | #else
49 |
50 | import Darwin
| `- error: no such module 'Darwin'
51 |
52 | private class UnfairLock: FastLock {
[51/51] Compiling DITranquillity DIContainer+makeGraph.swift
/host/spi-builder-workspace/Sources/Core/Internal/threads/FastLock.swift:50:8: error: no such module 'Darwin'
48 | #else
49 |
50 | import Darwin
| `- error: no such module 'Darwin'
51 |
52 | private class UnfairLock: FastLock {
BUILD FAILURE 6.3 android