The Swift Package Index logo.Swift Package Index

Build Information

Failed to build Dynamic, reference 1.2.0 (ab9a25), with Swift 6.4 for Wasm on 17 Sep 2026 05:50:39 UTC.

Build Command

bash -c docker run --pull=always --rm -v "checkouts-53886769-1":/host -w "$PWD" -e JAVA_HOME="/root/.sdkman/candidates/java/current" -e SPI_BUILD="1" -e SPI_PROCESSING="1" registry.gitlab.com/saguaro1/spi-images:wasm-6.4-latest swift build --swift-sdk swift-6.4.x-DEVELOPMENT-SNAPSHOT-2026-09-04-a_wasm 2>&1

Build Log

========================================
RunAll
========================================
Builder version: 5.1.0
Interrupt handler set up.
========================================
Checkout
========================================
Clone URL: https://github.com/mhdhejazi/Dynamic.git
Reference: 1.2.0
Initialized empty Git repository in /host/spi-builder-workspace/.git/
hint: Using 'master' as the name for the initial branch. This default branch name
hint: is subject to change. To configure the initial branch name to use in all
hint: of your new repositories, which will suppress this warning, call:
hint:
hint: 	git config --global init.defaultBranch <name>
hint:
hint: Names commonly chosen instead of 'master' are 'main', 'trunk' and
hint: 'development'. The just-created branch can be renamed via this command:
hint:
hint: 	git branch -m <name>
From https://github.com/mhdhejazi/Dynamic
 * tag               1.2.0      -> FETCH_HEAD
HEAD is now at ab9a257 Use the proper setter name for boolean properties.
Cloned https://github.com/mhdhejazi/Dynamic.git
Revision (git rev-parse @):
ab9a2570862d54aed2663691bb767f881226a12f
SUCCESS checkout https://github.com/mhdhejazi/Dynamic.git at 1.2.0
========================================
Build
========================================
Selected platform:         wasm
Swift version:             6.4
Building package at path:  $PWD
https://github.com/mhdhejazi/Dynamic.git
Running build ...
bash -c docker run --pull=always --rm -v "checkouts-53886769-1":/host -w "$PWD" -e JAVA_HOME="/root/.sdkman/candidates/java/current" -e SPI_BUILD="1" -e SPI_PROCESSING="1" registry.gitlab.com/saguaro1/spi-images:wasm-6.4-latest swift build --swift-sdk swift-6.4.x-DEVELOPMENT-SNAPSHOT-2026-09-04-a_wasm 2>&1
wasm-6.4-latest: Pulling from saguaro1/spi-images
Digest: sha256:4328fdb43c680d205c1d6761b1e3267aa38277eefdda9ddfb17b6a0f1a77857a
Status: Image is up to date for registry.gitlab.com/saguaro1/spi-images:wasm-6.4-latest
Building for debugging...
[Planning deferred tasks]
error: SwiftCompile normal wasm32 failed with a nonzero exit code. Command line:     cd /host

/host/spi-builder-workspace/Sources/Dynamic/Dynamic.swift:267:28: error: cannot find type 'Selector' in scope
265 |     public var asInt: Int? { unwrap() }
266 |     public var asUInt: UInt? { unwrap() }
267 |     public var asSelector: Selector? { unwrap() }
    |                            `- error: cannot find type 'Selector' in scope
268 |
269 |     public func asInferred<T>() -> T? { unwrap() }
/host/spi-builder-workspace/Sources/Dynamic/Invocation.swift:14:27: error: cannot find type 'Selector' in scope
 12 |
 13 |     private let target: NSObject
 14 |     private let selector: Selector
    |                           `- error: cannot find type 'Selector' in scope
 15 |
 16 |     var invocation: NSObject?
/host/spi-builder-workspace/Sources/Dynamic/Invocation.swift:38:38: error: cannot find type 'Selector' in scope
 36 |     private(set) var isInvoked: Bool = false
 37 |
 38 |     init(target: NSObject, selector: Selector) throws {
    |                                      `- error: cannot find type 'Selector' in scope
 39 |         self.target = target
 40 |         self.selector = selector
/host/spi-builder-workspace/Sources/Dynamic/Invocation.swift:117:50: error: cannot find type 'NSInteger' in scope
115 |     }
116 |
117 |     func setArgument(_ argument: Any?, at index: NSInteger) {
    |                                                  `- error: cannot find type 'NSInteger' in scope
118 |         guard let invocation = invocation else { return }
119 |
/host/spi-builder-workspace/Sources/Dynamic/Invocation.swift:218:66: error: cannot find type 'Selector' in scope
216 |
217 | public enum InvocationError: CustomNSError {
218 |     case unrecognizedSelector(_ classType: AnyClass, _ selector: Selector)
    |                                                                  `- error: cannot find type 'Selector' in scope
219 |
220 |     public static var errorDomain: String { String(describing: Invocation.self) }
/host/spi-builder-workspace/Sources/Dynamic/TypeMapping.swift:35:10: error: cannot find 'URLRequest' in scope
 33 |         (URLComponents.self, NSURLComponents.self),
 34 |         (URLQueryItem.self, NSURLQueryItem.self),
 35 |         (URLRequest.self, NSURLRequest.self),
    |          `- error: cannot find 'URLRequest' in scope
 36 |         (UUID.self, NSUUID.self)
 37 |     ]
/host/spi-builder-workspace/Sources/Dynamic/TypeMapping.swift:35:27: error: cannot find 'NSURLRequest' in scope
 33 |         (URLComponents.self, NSURLComponents.self),
 34 |         (URLQueryItem.self, NSURLQueryItem.self),
 35 |         (URLRequest.self, NSURLRequest.self),
    |                           `- error: cannot find 'NSURLRequest' in scope
 36 |         (UUID.self, NSUUID.self)
 37 |     ]
Failed frontend command:
/usr/bin/swift-frontend -frontend -emit-module -experimental-skip-non-inlinable-function-bodies-without-types /host/spi-builder-workspace/Sources/Dynamic/Dynamic.swift /host/spi-builder-workspace/Sources/Dynamic/Invocation.swift /host/spi-builder-workspace/Sources/Dynamic/Logger.swift /host/spi-builder-workspace/Sources/Dynamic/TypeMapping.swift -target wasm32-unknown-wasip1 -disable-objc-interop -sdk /root/.swiftpm/swift-sdks/swift-6.4.x-DEVELOPMENT-SNAPSHOT-2026-09-04-a_wasm.artifactbundle/swift-6.4.x-DEVELOPMENT-SNAPSHOT-2026-09-04-a_wasm/wasm32-unknown-wasip1/WASI.sdk -sysroot /root/.swiftpm/swift-sdks/swift-6.4.x-DEVELOPMENT-SNAPSHOT-2026-09-04-a_wasm.artifactbundle/swift-6.4.x-DEVELOPMENT-SNAPSHOT-2026-09-04-a_wasm/wasm32-unknown-wasip1/WASI.sdk -I /host/spi-builder-workspace/.build/out/Products/Debug-webassembly-wasm32 -module-cache-path /host/spi-builder-workspace/.build/out/ModuleCache.noindex -color-diagnostics -Xcc -fcolor-diagnostics -enable-testing -g -debug-info-format\=dwarf -dwarf-version\=4 -swift-version 5 -Onone -D SWIFT_PACKAGE -D DEBUG -D SWIFT_MODULE_RESOURCE_BUNDLE_UNAVAILABLE -D Xcode -serialize-debugging-options -enable-experimental-feature DebugDescriptionMacro -empty-abi-descriptor -external-plugin-path /usr/lib/swift/host/plugins/testing\#/usr/bin/swift-plugin-server -validate-clang-modules-once -clang-build-session-file /host/spi-builder-workspace/.build/out/ModuleCache.noindex/Session.modulevalidation -Xcc -working-directory -Xcc /host -resource-dir /root/.swiftpm/swift-sdks/swift-6.4.x-DEVELOPMENT-SNAPSHOT-2026-09-04-a_wasm.artifactbundle/swift-6.4.x-DEVELOPMENT-SNAPSHOT-2026-09-04-a_wasm/wasm32-unknown-wasip1/swift.xctoolchain/usr/lib/swift_static -use-static-resource-dir -enable-anonymous-context-mangled-names -file-compilation-dir /host -Xcc -resource-dir -Xcc /root/.swiftpm/swift-sdks/swift-6.4.x-DEVELOPMENT-SNAPSHOT-2026-09-04-a_wasm.artifactbundle/swift-6.4.x-DEVELOPMENT-SNAPSHOT-2026-09-04-a_wasm/wasm32-unknown-wasip1/swift.xctoolchain/usr/lib/swift_static/clang -Xcc -D_LIBCPP_HARDENING_MODE\=_LIBCPP_HARDENING_MODE_DEBUG -Xcc -fmodules-prune-interval\=86400 -Xcc -fmodules-prune-after\=345600 -Xcc -I/host/spi-builder-workspace/.build/out/Products/Debug-webassembly-wasm32/include -Xcc -I/host/spi-builder-workspace/.build/out/Intermediates.noindex/Dynamic.build/Debug-webassembly-wasm32/Dynamic-t.build/DerivedSources-normal/wasm32 -Xcc -I/host/spi-builder-workspace/.build/out/Intermediates.noindex/Dynamic.build/Debug-webassembly-wasm32/Dynamic-t.build/DerivedSources/wasm32 -Xcc -I/host/spi-builder-workspace/.build/out/Intermediates.noindex/Dynamic.build/Debug-webassembly-wasm32/Dynamic-t.build/DerivedSources -Xcc -DSWIFT_PACKAGE -Xcc -DDEBUG\=1 -no-auto-bridging-header-chaining -module-name Dynamic -const-gather-protocols-file /host/spi-builder-workspace/.build/out/Intermediates.noindex/Dynamic.build/Debug-webassembly-wasm32/Dynamic-t.build/Objects-normal/wasm32/Dynamic_const_extract_protocols.json -in-process-plugin-server-path /usr/lib/swift/host/libSwiftInProcPluginServer.so -plugin-path /usr/lib/swift/host/plugins -plugin-path /usr/local/lib/swift/host/plugins -emit-module-doc-path /host/spi-builder-workspace/.build/out/Intermediates.noindex/Dynamic.build/Debug-webassembly-wasm32/Dynamic-t.build/Objects-normal/wasm32/Modules/Dynamic.swiftdoc -emit-module-source-info-path /host/spi-builder-workspace/.build/out/Intermediates.noindex/Dynamic.build/Debug-webassembly-wasm32/Dynamic-t.build/Objects-normal/wasm32/Modules/Dynamic.swiftsourceinfo -emit-objc-header-path /host/spi-builder-workspace/.build/out/Intermediates.noindex/Dynamic.build/Debug-webassembly-wasm32/Dynamic-t.build/Objects-normal/wasm32/Dynamic-Swift.h -serialize-diagnostics-path /host/spi-builder-workspace/.build/out/Intermediates.noindex/Dynamic.build/Debug-webassembly-wasm32/Dynamic-t.build/Objects-normal/wasm32/Dynamic-primary-emit-module.dia -emit-dependencies-path /host/spi-builder-workspace/.build/out/Intermediates.noindex/Dynamic.build/Debug-webassembly-wasm32/Dynamic-t.build/Objects-normal/wasm32/Dynamic-primary-emit-module.d -parse-as-library -o /host/spi-builder-workspace/.build/out/Intermediates.noindex/Dynamic.build/Debug-webassembly-wasm32/Dynamic-t.build/Objects-normal/wasm32/Modules/Dynamic.swiftmodule
error: Build failed
BUILD FAILURE 6.4 wasm