Build Information
Failed to build SchafKit, reference 1.2.1 (66d05e), with Swift 6.4 for visionOS using Xcode 27.0 on 19 Sep 2026 22:15:25 UTC.
Build Command
env DEVELOPER_DIR=/Applications/Xcode-27.0.0-Release.Candidate.app xcrun xcodebuild -IDEClonedSourcePackagesDirPathOverride=$PWD/.dependencies -skipMacroValidation -skipPackagePluginValidation -derivedDataPath $PWD/.derivedData build -scheme SchafKit -destination generic/platform=xrOSBuild Log
========================================
RunAll
========================================
Builder version: 5.1.0
Interrupt handler set up.
========================================
Checkout
========================================
Clone URL: https://github.com/FiveSheepCo/SchafKit.git
Reference: 1.2.1
Initialized empty Git repository in /Users/admin/builder/spi-builder-workspace/.git/
From https://github.com/FiveSheepCo/SchafKit
* tag 1.2.1 -> FETCH_HEAD
HEAD is now at 66d05e8 Make `onChange` available on all SwiftUI OS versions
Cloned https://github.com/FiveSheepCo/SchafKit.git
Revision (git rev-parse @):
66d05e846aff52ebc69723be14c8745680c763e7
SUCCESS checkout https://github.com/FiveSheepCo/SchafKit.git at 1.2.1
========================================
Build
========================================
Selected platform: visionOS
Swift version: 6.4
Building package at path: $PWD
https://github.com/FiveSheepCo/SchafKit.git
Command line invocation:
/Applications/Xcode-27.0.0-Release.Candidate.app/Contents/Developer/usr/bin/xcodebuild -IDEClonedSourcePackagesDirPathOverride=/Users/admin/builder/spi-builder-workspace/.dependencies -resolvePackageDependencies
Resolve Package Graph
Resolve Package Graph
Resolved source packages:
SchafKit: /Users/admin/builder/spi-builder-workspace
resolved source packages: SchafKit
2026-09-19 18:14:30.319 xcodebuild[524:3006] [MT] IDERunDestination: Supported platforms for the buildables in the current scheme is empty.
2026-09-19 18:14:30.471 xcodebuild[524:3006] [MT] IDERunDestination: Supported platforms for the buildables in the current scheme is empty.
2026-09-19 18:14:32.064 xcodebuild[524:3006] [MT] IDERunDestination: Supported platforms for the buildables in the current scheme is empty.
{
"dependencies" : [
],
"manifest_display_name" : "SchafKit",
"name" : "SchafKit",
"path" : "/Users/admin/builder/spi-builder-workspace",
"platforms" : [
{
"name" : "macos",
"version" : "10.15"
},
{
"name" : "ios",
"version" : "13.0"
},
{
"name" : "watchos",
"version" : "6.0"
},
{
"name" : "tvos",
"version" : "13.0"
}
],
"products" : [
{
"name" : "SchafKit",
"targets" : [
"SchafKit"
],
"type" : {
"library" : [
"automatic"
]
}
}
],
"targets" : [
{
"c99name" : "SchafKitTests",
"module_type" : "SwiftTarget",
"name" : "SchafKitTests",
"path" : "Tests/SchafKitTests",
"resources" : [
{
"path" : "/Users/admin/builder/spi-builder-workspace/Tests/SchafKitTests/Images",
"rule" : {
"copy" : {
}
}
}
],
"sources" : [
"Common/Options/JSOptionSet.swift",
"Common/Structs/JS8BitRGBARepresentation.swift",
"Common/Structs/JSJsonRepresentable.swift",
"Common/Structs/JSRGBARepresentation.swift",
"Common/Units/JSTimeUnit.swift",
"Common/Units/OKUnit.swift",
"Extensions/Collections/Array.swift",
"Extensions/Collections/Dictionary.swift",
"Extensions/Other/NSRegularExpression.swift",
"Extensions/Scalar/Character.swift",
"Extensions/Scalar/Double.swift",
"Extensions/Scalar/String.swift",
"Extensions/UIKit+AppKit/UIColor.swift",
"Extensions/UIKit+AppKit/UIImage.swift",
"Kit/Cryptography.swift",
"Kit/Keychain.swift",
"Kit/Network.swift",
"Kit/Regex.swift",
"Tests.swift"
],
"target_dependencies" : [
"SchafKit"
],
"type" : "test"
},
{
"c99name" : "SchafKit",
"module_type" : "SwiftTarget",
"name" : "SchafKit",
"path" : "Sources/SchafKit",
"product_memberships" : [
"SchafKit"
],
"sources" : [
"Common/BackgroundPublished.swift",
"Common/Blocks.swift",
"Common/CodableSettingStorage.swift",
"Common/Enums/SKAxis.swift",
"Common/Options/SKOptionSet.swift",
"Common/Options/SKOptions.swift",
"Common/OrderedDictionary.swift",
"Common/PropertyWrappers/EquatablePublished.swift",
"Common/PropertyWrappers/SettingStorage.swift",
"Common/Publishable.swift",
"Common/PublishedCodableSettingStorage.swift",
"Common/PublishedSettingStorage.swift",
"Common/Structs/SK8BitRGBARepresentation.swift",
"Common/Structs/SKHSLARepresentation.swift",
"Common/Structs/SKJsonRepresentable.swift",
"Common/Structs/SKRGBARepresentation.swift",
"Common/Units/SKTimeUnit.swift",
"Common/Units/SKUnit.swift",
"Extensions/Collections/Array.swift",
"Extensions/Collections/Collection.swift",
"Extensions/Collections/Dictionary.swift",
"Extensions/Collections/Sequence.swift",
"Extensions/CoreData/NSManagedObjectContext.swift",
"Extensions/Generic/Bool.swift",
"Extensions/Generic/CGPoint.swift",
"Extensions/Generic/Character.swift",
"Extensions/Generic/Data.swift",
"Extensions/Generic/Date.swift",
"Extensions/Generic/DateFormatter.swift",
"Extensions/Generic/Double.swift",
"Extensions/Generic/Hashable.swift",
"Extensions/Generic/NSAttributedString.swift",
"Extensions/Generic/NSMutableAttributedString.swift",
"Extensions/Generic/NSObject.swift",
"Extensions/Generic/String+Markdown.swift",
"Extensions/Generic/String.swift",
"Extensions/Generic/TimeInterval.swift",
"Extensions/Generic/Timer.swift",
"Extensions/Generic/URL.swift",
"Extensions/Other/CGImage.swift",
"Extensions/Other/Digest+Hex.swift",
"Extensions/Other/NSLayoutConstraint.swift",
"Extensions/Other/NSRegularExpression.swift",
"Extensions/Other/Optional.swift",
"Extensions/Other/Result.swift",
"Extensions/SwiftUI/Color+Components.swift",
"Extensions/SwiftUI/Color+UIColor.swift",
"Extensions/SwiftUI/Image+SFSymbols.swift",
"Extensions/SwiftUI/View+Erase.swift",
"Extensions/UIKit+AppKit/UIAlertController.swift",
"Extensions/UIKit+AppKit/UIColor.swift",
"Extensions/UIKit+AppKit/UIDevice.swift",
"Extensions/UIKit+AppKit/UIImage.swift",
"Extensions/UIKit+AppKit/UIView.swift",
"Extensions/UIKit+AppKit/UIViewController.swift",
"Kit/Alerting/Platforms/SKAlerting-iOS+tvOS.swift",
"Kit/Alerting/Platforms/SKAlerting-macOS.swift",
"Kit/Alerting/Platforms/SKAlerting-watchOS.swift",
"Kit/Alerting/Platforms/_MultiInputView.swift",
"Kit/Alerting/SKAlerting.Action.Block.swift",
"Kit/Alerting/SKAlerting.Action.Style.swift",
"Kit/Alerting/SKAlerting.Action.swift",
"Kit/Alerting/SKAlerting.Style.swift",
"Kit/Alerting/SKAlerting.TextFieldConfiguration.swift",
"Kit/Alerting/SKAlerting.swift",
"Kit/Cross Platform/Application.swift",
"Kit/Cross Platform/Screen.swift",
"Kit/Cryptography/Curve25519XSalsa20Poly1305BoxAlgorithm.swift",
"Kit/Cryptography/Ed25519Algorithm.swift",
"Kit/Cryptography/SKCryptography.swift",
"Kit/Cryptography/XSalsa20Poly1305SecretBoxAlgorithm.swift",
"Kit/Dispatch/SKDispatchHelper.swift",
"Kit/FileSystem/SKDirectory.swift",
"Kit/FileSystem/SKFile.swift",
"Kit/FileSystem/SKFileSystemItem.swift",
"Kit/Keychain/SKKeychain.swift",
"Kit/Networking/Request/SKNetworking.Request.Body.swift",
"Kit/Networking/Request/SKNetworking.Request.HeaderField.swift",
"Kit/Networking/Request/SKNetworking.Request.Method.swift",
"Kit/Networking/Request/SKNetworking.Request.Options.swift",
"Kit/Networking/Request/SKNetworking.Request.swift",
"Kit/Networking/Response/SKNetworking.Response.Status.swift",
"Kit/Networking/Response/SKNetworking.Response.swift",
"Kit/Networking/Result/SKNetworking.Result.swift",
"Kit/Networking/SKNetworking.Endpoint.swift",
"Kit/Networking/SKNetworking._Helper.swift",
"Kit/Networking/SKNetworking.swift",
"Kit/Networking/SKNetworkingBlocks.swift",
"Kit/Regular Expression/SKRegexMatch.swift",
"Kit/Regular Expression/String+OKRegexMatch.swift",
"Kit/SchafKit.swift",
"Kit/StoreKit/SKStoreKitHelper.swift",
"Kit/SwiftUI/Components/AFText.swift",
"Kit/SwiftUI/Components/AlignedText.swift",
"Kit/SwiftUI/Components/Blur.swift",
"Kit/SwiftUI/Components/EmojiTextFieldView.swift",
"Kit/SwiftUI/Components/FixedToggle.swift",
"Kit/SwiftUI/Components/LabeledView.swift",
"Kit/SwiftUI/Components/PresentationLink.swift",
"Kit/SwiftUI/Components/RoundedCorners.swift",
"Kit/SwiftUI/Components/SearchBar.swift",
"Kit/SwiftUI/Components/TimePicker.swift",
"Kit/SwiftUI/Helpers/AppearanceHandler.swift",
"Kit/SwiftUI/Helpers/KeyboardResponder.swift",
"Kit/SwiftUI/View.swift",
"Platform-Specific/iOS+tvOS/Classes/OKSubtileNotification.swift",
"Platform-Specific/iOS+tvOS/UIApplication.swift"
],
"type" : "library"
}
],
"tools_version" : "5.5"
}
{
"workspace" : {
"name" : "SchafKit",
"schemes" : [
"SchafKit"
]
}
}
2026-09-19 18:15:12.244 xcodebuild[622:3933] [MT] IDERunDestination: Supported platforms for the buildables in the current scheme is empty.
2026-09-19 18:15:12.345 xcodebuild[622:3933] [MT] IDERunDestination: Supported platforms for the buildables in the current scheme is empty.
Running build ...
env DEVELOPER_DIR=/Applications/Xcode-27.0.0-Release.Candidate.app xcrun xcodebuild -IDEClonedSourcePackagesDirPathOverride=$PWD/.dependencies -skipMacroValidation -skipPackagePluginValidation -derivedDataPath $PWD/.derivedData build -scheme SchafKit -destination generic/platform=xrOS
Command line invocation:
/Applications/Xcode-27.0.0-Release.Candidate.app/Contents/Developer/usr/bin/xcodebuild -IDEClonedSourcePackagesDirPathOverride=/Users/admin/builder/spi-builder-workspace/.dependencies -skipMacroValidation -skipPackagePluginValidation -derivedDataPath /Users/admin/builder/spi-builder-workspace/.derivedData build -scheme SchafKit -destination generic/platform=xrOS
Resolve Package Graph
Resolved source packages:
SchafKit: /Users/admin/builder/spi-builder-workspace
ComputePackagePrebuildTargetDependencyGraph
Prepare packages
CreateBuildRequest
SendProjectDescription
CreateBuildOperation
ComputeTargetDependencyGraph
note: Building targets in dependency order
note: Target dependency graph (4 targets)
Target 'SchafKitTests-product' in project 'SchafKit'
➜ Explicit dependency on target 'SchafKit_SchafKitTests' in project 'SchafKit'
➜ Explicit dependency on target 'SchafKit' in project 'SchafKit'
Target 'SchafKit_SchafKitTests' in project 'SchafKit' (no dependencies)
Target 'SchafKit-product' in project 'SchafKit'
➜ Explicit dependency on target 'SchafKit' in project 'SchafKit'
Target 'SchafKit' in project 'SchafKit' (no dependencies)
GatherProvisioningInputs
CreateBuildDescription
ExecuteExternalTool /Applications/Xcode-27.0.0-Release.Candidate.app/Contents/Developer/Toolchains/XcodeDefault.xctoolchain/usr/bin/clang -v -E -dM -isysroot /Applications/Xcode-27.0.0-Release.Candidate.app/Contents/Developer/Platforms/XROS.platform/Developer/SDKs/XROS27.0.sdk -x c -c /dev/null
ExecuteExternalTool /Applications/Xcode-27.0.0-Release.Candidate.app/Contents/Developer/Toolchains/XcodeDefault.xctoolchain/usr/bin/swiftc --version
ExecuteExternalTool /Applications/Xcode-27.0.0-Release.Candidate.app/Contents/Developer/Toolchains/XcodeDefault.xctoolchain/usr/bin/ld -version_details
Build description signature: e23abbc036081affcd4989ef401dec47
Build description path: /Users/admin/builder/spi-builder-workspace/.derivedData/Build/Intermediates.noindex/XCBuildData/e23abbc036081affcd4989ef401dec47.xcbuilddata
CreateBuildDirectory /Users/admin/builder/spi-builder-workspace/.derivedData/ModuleCache.noindex
cd /Users/admin/builder/spi-builder-workspace/.swiftpm/xcode
builtin-create-build-directory /Users/admin/builder/spi-builder-workspace/.derivedData/ModuleCache.noindex
CreateBuildDirectory /Users/admin/builder/spi-builder-workspace/.derivedData/SDKExplicitPrecompiledModules
cd /Users/admin/builder/spi-builder-workspace/.swiftpm/xcode
builtin-create-build-directory /Users/admin/builder/spi-builder-workspace/.derivedData/SDKExplicitPrecompiledModules
CreateBuildDirectory /Users/admin/builder/spi-builder-workspace/.derivedData/CompilationCache.noindex
cd /Users/admin/builder/spi-builder-workspace/.swiftpm/xcode
builtin-create-build-directory /Users/admin/builder/spi-builder-workspace/.derivedData/CompilationCache.noindex
ClangStatCache /Applications/Xcode-27.0.0-Release.Candidate.app/Contents/Developer/Toolchains/XcodeDefault.xctoolchain/usr/bin/clang-stat-cache /Applications/Xcode-27.0.0-Release.Candidate.app/Contents/Developer/Platforms/XROS.platform/Developer/SDKs/XROS27.0.sdk /Users/admin/builder/spi-builder-workspace/.derivedData/SDKStatCaches.noindex/xros27.0-24M361-e829b21a6f8c9b70876ba0858053c044735bd543db762f57723cac368afd1ce4.sdkstatcache
cd /Users/admin/builder/spi-builder-workspace/.swiftpm/xcode
/Applications/Xcode-27.0.0-Release.Candidate.app/Contents/Developer/Toolchains/XcodeDefault.xctoolchain/usr/bin/clang-stat-cache /Applications/Xcode-27.0.0-Release.Candidate.app/Contents/Developer/Platforms/XROS.platform/Developer/SDKs/XROS27.0.sdk -o /Users/admin/builder/spi-builder-workspace/.derivedData/SDKStatCaches.noindex/xros27.0-24M361-e829b21a6f8c9b70876ba0858053c044735bd543db762f57723cac368afd1ce4.sdkstatcache
CreateBuildDirectory /Users/admin/builder/spi-builder-workspace/.derivedData/Build/Products
cd /Users/admin/builder/spi-builder-workspace/.swiftpm/xcode
builtin-create-build-directory /Users/admin/builder/spi-builder-workspace/.derivedData/Build/Products
CreateBuildDirectory /Users/admin/builder/spi-builder-workspace/.derivedData/Build/Intermediates.noindex
cd /Users/admin/builder/spi-builder-workspace/.swiftpm/xcode
builtin-create-build-directory /Users/admin/builder/spi-builder-workspace/.derivedData/Build/Intermediates.noindex
CreateBuildDirectory /Users/admin/builder/spi-builder-workspace/.derivedData/Build/Intermediates.noindex/SwiftExplicitPrecompiledModules
cd /Users/admin/builder/spi-builder-workspace/.swiftpm/xcode
builtin-create-build-directory /Users/admin/builder/spi-builder-workspace/.derivedData/Build/Intermediates.noindex/SwiftExplicitPrecompiledModules
CreateBuildDirectory /Users/admin/builder/spi-builder-workspace/.derivedData/Build/Intermediates.noindex/PrecompiledHeaders
cd /Users/admin/builder/spi-builder-workspace/.swiftpm/xcode
builtin-create-build-directory /Users/admin/builder/spi-builder-workspace/.derivedData/Build/Intermediates.noindex/PrecompiledHeaders
CreateBuildDirectory /Users/admin/builder/spi-builder-workspace/.derivedData/Build/Products/Debug-xros
cd /Users/admin/builder/spi-builder-workspace/.swiftpm/xcode
builtin-create-build-directory /Users/admin/builder/spi-builder-workspace/.derivedData/Build/Products/Debug-xros
CreateBuildDirectory /Users/admin/builder/spi-builder-workspace/.derivedData/Build/Intermediates.noindex/ExplicitPrecompiledModules
cd /Users/admin/builder/spi-builder-workspace/.swiftpm/xcode
builtin-create-build-directory /Users/admin/builder/spi-builder-workspace/.derivedData/Build/Intermediates.noindex/ExplicitPrecompiledModules
CreateBuildDirectory /Users/admin/builder/spi-builder-workspace/.derivedData/Build/Intermediates.noindex/EagerLinkingTBDs/Debug-xros
cd /Users/admin/builder/spi-builder-workspace/.swiftpm/xcode
builtin-create-build-directory /Users/admin/builder/spi-builder-workspace/.derivedData/Build/Intermediates.noindex/EagerLinkingTBDs/Debug-xros
CreateBuildDirectory /Users/admin/builder/spi-builder-workspace/.derivedData/Build/Products/Debug-xros/PackageFrameworks
cd /Users/admin/builder/spi-builder-workspace/.swiftpm/xcode
builtin-create-build-directory /Users/admin/builder/spi-builder-workspace/.derivedData/Build/Products/Debug-xros/PackageFrameworks
MkDir /Users/admin/builder/spi-builder-workspace/.derivedData/Build/Products/Debug-xros/SchafKit_SchafKitTests.bundle (in target 'SchafKit_SchafKitTests' from project 'SchafKit')
cd /Users/admin/builder/spi-builder-workspace
/bin/mkdir -p /Users/admin/builder/spi-builder-workspace/.derivedData/Build/Products/Debug-xros/SchafKit_SchafKitTests.bundle
WriteAuxiliaryFile /Users/admin/builder/spi-builder-workspace/.derivedData/Build/Intermediates.noindex/SchafKit.build/Debug-xros/SchafKitTests-p.build/SchafKitTests.DependencyMetadataFileList (in target 'SchafKitTests-product' from project 'SchafKit')
cd /Users/admin/builder/spi-builder-workspace
write-file /Users/admin/builder/spi-builder-workspace/.derivedData/Build/Intermediates.noindex/SchafKit.build/Debug-xros/SchafKitTests-p.build/SchafKitTests.DependencyMetadataFileList
WriteAuxiliaryFile /Users/admin/builder/spi-builder-workspace/.derivedData/Build/Intermediates.noindex/SchafKit.build/Debug-xros/SchafKit_SchafKitTests-b.build/SchafKit_SchafKitTests.DependencyMetadataFileList (in target 'SchafKit_SchafKitTests' from project 'SchafKit')
cd /Users/admin/builder/spi-builder-workspace
write-file /Users/admin/builder/spi-builder-workspace/.derivedData/Build/Intermediates.noindex/SchafKit.build/Debug-xros/SchafKit_SchafKitTests-b.build/SchafKit_SchafKitTests.DependencyMetadataFileList
WriteAuxiliaryFile /Users/admin/builder/spi-builder-workspace/.derivedData/Build/Intermediates.noindex/SchafKit.build/Debug-xros/SchafKitTests-p.build/empty-SchafKitTests.plist (in target 'SchafKitTests-product' from project 'SchafKit')
cd /Users/admin/builder/spi-builder-workspace
write-file /Users/admin/builder/spi-builder-workspace/.derivedData/Build/Intermediates.noindex/SchafKit.build/Debug-xros/SchafKitTests-p.build/empty-SchafKitTests.plist
WriteAuxiliaryFile /Users/admin/builder/spi-builder-workspace/.derivedData/Build/Intermediates.noindex/SchafKit.build/Debug-xros/SchafKitTests-p.build/SchafKitTests.DependencyStaticMetadataFileList (in target 'SchafKitTests-product' from project 'SchafKit')
cd /Users/admin/builder/spi-builder-workspace
write-file /Users/admin/builder/spi-builder-workspace/.derivedData/Build/Intermediates.noindex/SchafKit.build/Debug-xros/SchafKitTests-p.build/SchafKitTests.DependencyStaticMetadataFileList
WriteAuxiliaryFile /Users/admin/builder/spi-builder-workspace/.derivedData/Build/Intermediates.noindex/SchafKit.build/Debug-xros/SchafKit_SchafKitTests-b.build/empty-SchafKit_SchafKitTests.plist (in target 'SchafKit_SchafKitTests' from project 'SchafKit')
cd /Users/admin/builder/spi-builder-workspace
write-file /Users/admin/builder/spi-builder-workspace/.derivedData/Build/Intermediates.noindex/SchafKit.build/Debug-xros/SchafKit_SchafKitTests-b.build/empty-SchafKit_SchafKitTests.plist
WriteAuxiliaryFile /Users/admin/builder/spi-builder-workspace/.derivedData/Build/Intermediates.noindex/SchafKit.build/Debug-xros/SchafKit_SchafKitTests-b.build/SchafKit_SchafKitTests.DependencyStaticMetadataFileList (in target 'SchafKit_SchafKitTests' from project 'SchafKit')
cd /Users/admin/builder/spi-builder-workspace
write-file /Users/admin/builder/spi-builder-workspace/.derivedData/Build/Intermediates.noindex/SchafKit.build/Debug-xros/SchafKit_SchafKitTests-b.build/SchafKit_SchafKitTests.DependencyStaticMetadataFileList
WriteAuxiliaryFile /Users/admin/builder/spi-builder-workspace/.derivedData/Build/Intermediates.noindex/SchafKit.build/Debug-xros/SchafKitTests-p.build/Objects-normal/arm64/SchafKitTests_const_extract_protocols.json (in target 'SchafKitTests-product' from project 'SchafKit')
cd /Users/admin/builder/spi-builder-workspace
write-file /Users/admin/builder/spi-builder-workspace/.derivedData/Build/Intermediates.noindex/SchafKit.build/Debug-xros/SchafKitTests-p.build/Objects-normal/arm64/SchafKitTests_const_extract_protocols.json
WriteAuxiliaryFile /Users/admin/builder/spi-builder-workspace/.derivedData/Build/Intermediates.noindex/SchafKit.build/Debug-xros/SchafKitTests-p.build/Objects-normal/arm64/SchafKitTests.SwiftFileList (in target 'SchafKitTests-product' from project 'SchafKit')
cd /Users/admin/builder/spi-builder-workspace
write-file /Users/admin/builder/spi-builder-workspace/.derivedData/Build/Intermediates.noindex/SchafKit.build/Debug-xros/SchafKitTests-p.build/Objects-normal/arm64/SchafKitTests.SwiftFileList
WriteAuxiliaryFile /Users/admin/builder/spi-builder-workspace/.derivedData/Build/Intermediates.noindex/SchafKit.build/Debug-xros/SchafKitTests-p.build/Objects-normal/arm64/SchafKitTests.SwiftConstValuesFileList (in target 'SchafKitTests-product' from project 'SchafKit')
cd /Users/admin/builder/spi-builder-workspace
write-file /Users/admin/builder/spi-builder-workspace/.derivedData/Build/Intermediates.noindex/SchafKit.build/Debug-xros/SchafKitTests-p.build/Objects-normal/arm64/SchafKitTests.SwiftConstValuesFileList
WriteAuxiliaryFile /Users/admin/builder/spi-builder-workspace/.derivedData/Build/Intermediates.noindex/SchafKit.build/Debug-xros/SchafKitTests-p.build/Objects-normal/arm64/SchafKitTests.LinkFileList (in target 'SchafKitTests-product' from project 'SchafKit')
cd /Users/admin/builder/spi-builder-workspace
write-file /Users/admin/builder/spi-builder-workspace/.derivedData/Build/Intermediates.noindex/SchafKit.build/Debug-xros/SchafKitTests-p.build/Objects-normal/arm64/SchafKitTests.LinkFileList
WriteAuxiliaryFile /Users/admin/builder/spi-builder-workspace/.derivedData/Build/Intermediates.noindex/SchafKit.build/Debug-xros/SchafKitTests-p.build/Objects-normal/arm64/SchafKitTests-OutputFileMap.json (in target 'SchafKitTests-product' from project 'SchafKit')
cd /Users/admin/builder/spi-builder-workspace
write-file /Users/admin/builder/spi-builder-workspace/.derivedData/Build/Intermediates.noindex/SchafKit.build/Debug-xros/SchafKitTests-p.build/Objects-normal/arm64/SchafKitTests-OutputFileMap.json
WriteAuxiliaryFile /Users/admin/builder/spi-builder-workspace/.derivedData/Build/Intermediates.noindex/SchafKit.build/Debug-xros/SchafKit-t.build/SchafKit.DependencyStaticMetadataFileList (in target 'SchafKit' from project 'SchafKit')
cd /Users/admin/builder/spi-builder-workspace
write-file /Users/admin/builder/spi-builder-workspace/.derivedData/Build/Intermediates.noindex/SchafKit.build/Debug-xros/SchafKit-t.build/SchafKit.DependencyStaticMetadataFileList
WriteAuxiliaryFile /Users/admin/builder/spi-builder-workspace/.derivedData/Build/Intermediates.noindex/SchafKit.build/Debug-xros/SchafKit-t.build/SchafKit.modulemap (in target 'SchafKit' from project 'SchafKit')
cd /Users/admin/builder/spi-builder-workspace
write-file /Users/admin/builder/spi-builder-workspace/.derivedData/Build/Intermediates.noindex/SchafKit.build/Debug-xros/SchafKit-t.build/SchafKit.modulemap
WriteAuxiliaryFile /Users/admin/builder/spi-builder-workspace/.derivedData/Build/Intermediates.noindex/SchafKit.build/Debug-xros/SchafKit-t.build/SchafKit.DependencyMetadataFileList (in target 'SchafKit' from project 'SchafKit')
cd /Users/admin/builder/spi-builder-workspace
write-file /Users/admin/builder/spi-builder-workspace/.derivedData/Build/Intermediates.noindex/SchafKit.build/Debug-xros/SchafKit-t.build/SchafKit.DependencyMetadataFileList
WriteAuxiliaryFile /Users/admin/builder/spi-builder-workspace/.derivedData/Build/Intermediates.noindex/SchafKit.build/Debug-xros/SchafKitTests-p.build/DerivedSources/resource_bundle_accessor.swift (in target 'SchafKitTests-product' from project 'SchafKit')
cd /Users/admin/builder/spi-builder-workspace
write-file /Users/admin/builder/spi-builder-workspace/.derivedData/Build/Intermediates.noindex/SchafKit.build/Debug-xros/SchafKitTests-p.build/DerivedSources/resource_bundle_accessor.swift
WriteAuxiliaryFile /Users/admin/builder/spi-builder-workspace/.derivedData/Build/Intermediates.noindex/SchafKit.build/Debug-xros/SchafKit-t.build/Objects-normal/arm64/SchafKit_const_extract_protocols.json (in target 'SchafKit' from project 'SchafKit')
cd /Users/admin/builder/spi-builder-workspace
write-file /Users/admin/builder/spi-builder-workspace/.derivedData/Build/Intermediates.noindex/SchafKit.build/Debug-xros/SchafKit-t.build/Objects-normal/arm64/SchafKit_const_extract_protocols.json
WriteAuxiliaryFile /Users/admin/builder/spi-builder-workspace/.derivedData/Build/Intermediates.noindex/SchafKit.build/Debug-xros/SchafKit-t.build/Objects-normal/arm64/SchafKit.SwiftFileList (in target 'SchafKit' from project 'SchafKit')
cd /Users/admin/builder/spi-builder-workspace
write-file /Users/admin/builder/spi-builder-workspace/.derivedData/Build/Intermediates.noindex/SchafKit.build/Debug-xros/SchafKit-t.build/Objects-normal/arm64/SchafKit.SwiftFileList
WriteAuxiliaryFile /Users/admin/builder/spi-builder-workspace/.derivedData/Build/Intermediates.noindex/SchafKit.build/Debug-xros/SchafKit-t.build/Objects-normal/arm64/SchafKit.SwiftConstValuesFileList (in target 'SchafKit' from project 'SchafKit')
cd /Users/admin/builder/spi-builder-workspace
write-file /Users/admin/builder/spi-builder-workspace/.derivedData/Build/Intermediates.noindex/SchafKit.build/Debug-xros/SchafKit-t.build/Objects-normal/arm64/SchafKit.SwiftConstValuesFileList
WriteAuxiliaryFile /Users/admin/builder/spi-builder-workspace/.derivedData/Build/Intermediates.noindex/SchafKit.build/Debug-xros/SchafKit-t.build/Objects-normal/arm64/SchafKit.LinkFileList (in target 'SchafKit' from project 'SchafKit')
cd /Users/admin/builder/spi-builder-workspace
write-file /Users/admin/builder/spi-builder-workspace/.derivedData/Build/Intermediates.noindex/SchafKit.build/Debug-xros/SchafKit-t.build/Objects-normal/arm64/SchafKit.LinkFileList
WriteAuxiliaryFile /Users/admin/builder/spi-builder-workspace/.derivedData/Build/Intermediates.noindex/SchafKit.build/Debug-xros/SchafKit-t.build/Objects-normal/arm64/SchafKit-OutputFileMap.json (in target 'SchafKit' from project 'SchafKit')
cd /Users/admin/builder/spi-builder-workspace
write-file /Users/admin/builder/spi-builder-workspace/.derivedData/Build/Intermediates.noindex/SchafKit.build/Debug-xros/SchafKit-t.build/Objects-normal/arm64/SchafKit-OutputFileMap.json
MkDir /Users/admin/builder/spi-builder-workspace/.derivedData/Build/Products/Debug-xros/SchafKitTests.xctest (in target 'SchafKitTests-product' from project 'SchafKit')
cd /Users/admin/builder/spi-builder-workspace
/bin/mkdir -p /Users/admin/builder/spi-builder-workspace/.derivedData/Build/Products/Debug-xros/SchafKitTests.xctest
Copy /Users/admin/builder/spi-builder-workspace/.derivedData/Build/Intermediates.noindex/GeneratedModuleMaps-xros/SchafKit.modulemap /Users/admin/builder/spi-builder-workspace/.derivedData/Build/Intermediates.noindex/SchafKit.build/Debug-xros/SchafKit-t.build/SchafKit.modulemap (in target 'SchafKit' from project 'SchafKit')
cd /Users/admin/builder/spi-builder-workspace
builtin-copy -exclude .DS_Store -exclude CVS -exclude .svn -exclude .git -exclude .hg -resolve-src-symlinks /Users/admin/builder/spi-builder-workspace/.derivedData/Build/Intermediates.noindex/SchafKit.build/Debug-xros/SchafKit-t.build/SchafKit.modulemap /Users/admin/builder/spi-builder-workspace/.derivedData/Build/Intermediates.noindex/GeneratedModuleMaps-xros
ProcessInfoPlistFile /Users/admin/builder/spi-builder-workspace/.derivedData/Build/Products/Debug-xros/SchafKit_SchafKitTests.bundle/Info.plist /Users/admin/builder/spi-builder-workspace/.derivedData/Build/Intermediates.noindex/SchafKit.build/Debug-xros/SchafKit_SchafKitTests-b.build/empty-SchafKit_SchafKitTests.plist (in target 'SchafKit_SchafKitTests' from project 'SchafKit')
cd /Users/admin/builder/spi-builder-workspace
builtin-infoPlistUtility /Users/admin/builder/spi-builder-workspace/.derivedData/Build/Intermediates.noindex/SchafKit.build/Debug-xros/SchafKit_SchafKitTests-b.build/empty-SchafKit_SchafKitTests.plist -producttype com.apple.product-type.bundle -expandbuildsettings -format binary -platform xros -o /Users/admin/builder/spi-builder-workspace/.derivedData/Build/Products/Debug-xros/SchafKit_SchafKitTests.bundle/Info.plist
CpResource /Users/admin/builder/spi-builder-workspace/.derivedData/Build/Products/Debug-xros/SchafKit_SchafKitTests.bundle/Images /Users/admin/builder/spi-builder-workspace/Tests/SchafKitTests/Images (in target 'SchafKit_SchafKitTests' from project 'SchafKit')
cd /Users/admin/builder/spi-builder-workspace
builtin-copy -exclude .DS_Store -exclude CVS -exclude .svn -exclude .git -exclude .hg -resolve-src-symlinks /Users/admin/builder/spi-builder-workspace/Tests/SchafKitTests/Images /Users/admin/builder/spi-builder-workspace/.derivedData/Build/Products/Debug-xros/SchafKit_SchafKitTests.bundle
RegisterExecutionPolicyException /Users/admin/builder/spi-builder-workspace/.derivedData/Build/Products/Debug-xros/SchafKit_SchafKitTests.bundle (in target 'SchafKit_SchafKitTests' from project 'SchafKit')
cd /Users/admin/builder/spi-builder-workspace
builtin-RegisterExecutionPolicyException /Users/admin/builder/spi-builder-workspace/.derivedData/Build/Products/Debug-xros/SchafKit_SchafKitTests.bundle
Touch /Users/admin/builder/spi-builder-workspace/.derivedData/Build/Products/Debug-xros/SchafKit_SchafKitTests.bundle (in target 'SchafKit_SchafKitTests' from project 'SchafKit')
cd /Users/admin/builder/spi-builder-workspace
/usr/bin/touch -c /Users/admin/builder/spi-builder-workspace/.derivedData/Build/Products/Debug-xros/SchafKit_SchafKitTests.bundle
SwiftDriver SchafKit normal arm64 com.apple.xcode.tools.swift.compiler (in target 'SchafKit' from project 'SchafKit')
cd /Users/admin/builder/spi-builder-workspace/.swiftpm/xcode
builtin-SwiftDriver -- /Applications/Xcode-27.0.0-Release.Candidate.app/Contents/Developer/Toolchains/XcodeDefault.xctoolchain/usr/bin/swiftc -parse-as-library -module-name SchafKit -Onone @/Users/admin/builder/spi-builder-workspace/.derivedData/Build/Intermediates.noindex/SchafKit.build/Debug-xros/SchafKit-t.build/Objects-normal/arm64/SchafKit.SwiftFileList -DSWIFT_PACKAGE -DDEBUG -DSWIFT_MODULE_RESOURCE_BUNDLE_UNAVAILABLE -DXcode -plugin-path /Applications/Xcode-27.0.0-Release.Candidate.app/Contents/Developer/Toolchains/XcodeDefault.xctoolchain/usr/lib/swift/host/plugins/testing -enable-experimental-feature DebugDescriptionMacro -sdk /Applications/Xcode-27.0.0-Release.Candidate.app/Contents/Developer/Platforms/XROS.platform/Developer/SDKs/XROS27.0.sdk -target arm64-apple-xros1.0 -g -module-cache-path /Users/admin/builder/spi-builder-workspace/.derivedData/ModuleCache.noindex -Xfrontend -serialize-debugging-options -enable-testing -index-store-path /Users/admin/builder/spi-builder-workspace/.derivedData/Index.noindex/DataStore -Xcc -D_LIBCPP_HARDENING_MODE\=_LIBCPP_HARDENING_MODE_DEBUG -swift-version 5 -I /Users/admin/builder/spi-builder-workspace/.derivedData/Build/Products/Debug-xros -Isystem /Applications/Xcode-27.0.0-Release.Candidate.app/Contents/Developer/Platforms/XROS.platform/Developer/usr/lib -F /Users/admin/builder/spi-builder-workspace/.derivedData/Build/Products/Debug-xros -F /Applications/Xcode-27.0.0-Release.Candidate.app/Contents/Developer/Platforms/XROS.platform/Developer/Library/Frameworks -F /Applications/Xcode-27.0.0-Release.Candidate.app/Contents/Developer/Platforms/XROS.platform/Developer/SDKs/XROS27.0.sdk/Developer/Library/Frameworks -c -j10 -enable-batch-mode -incremental -Xcc -ivfsstatcache -Xcc /Users/admin/builder/spi-builder-workspace/.derivedData/SDKStatCaches.noindex/xros27.0-24M361-e829b21a6f8c9b70876ba0858053c044735bd543db762f57723cac368afd1ce4.sdkstatcache -output-file-map /Users/admin/builder/spi-builder-workspace/.derivedData/Build/Intermediates.noindex/SchafKit.build/Debug-xros/SchafKit-t.build/Objects-normal/arm64/SchafKit-OutputFileMap.json -save-temps -no-color-diagnostics -explicit-module-build -module-cache-path /Users/admin/builder/spi-builder-workspace/.derivedData/Build/Intermediates.noindex/SwiftExplicitPrecompiledModules -clang-scanner-module-cache-path /Users/admin/builder/spi-builder-workspace/.derivedData/ModuleCache.noindex -sdk-module-cache-path /Users/admin/builder/spi-builder-workspace/.derivedData/SDKExplicitPrecompiledModules -emit-dependencies -emit-module -emit-module-path /Users/admin/builder/spi-builder-workspace/.derivedData/Build/Intermediates.noindex/SchafKit.build/Debug-xros/SchafKit-t.build/Objects-normal/arm64/SchafKit.swiftmodule -serialize-diagnostics -dependency-scan-serialize-diagnostics-path /Users/admin/builder/spi-builder-workspace/.derivedData/Build/Intermediates.noindex/SchafKit.build/Debug-xros/SchafKit-t.build/Objects-normal/arm64/SchafKit-dependency-scan.dia -validate-clang-modules-once -clang-build-session-file /Users/admin/builder/spi-builder-workspace/.derivedData/ModuleCache.noindex/Session.modulevalidation -Xcc -fmodules-prune-interval\=86400 -Xcc -fmodules-prune-after\=345600 -emit-const-values -const-gather-protocols-list /Users/admin/builder/spi-builder-workspace/.derivedData/Build/Intermediates.noindex/SchafKit.build/Debug-xros/SchafKit-t.build/Objects-normal/arm64/SchafKit_const_extract_protocols.json -Xcc -I/Users/admin/builder/spi-builder-workspace/.derivedData/Build/Products/Debug-xros/include -Xcc -I/Users/admin/builder/spi-builder-workspace/.derivedData/Build/Intermediates.noindex/SchafKit.build/Debug-xros/SchafKit-t.build/DerivedSources-normal/arm64 -Xcc -I/Users/admin/builder/spi-builder-workspace/.derivedData/Build/Intermediates.noindex/SchafKit.build/Debug-xros/SchafKit-t.build/DerivedSources/arm64 -Xcc -I/Users/admin/builder/spi-builder-workspace/.derivedData/Build/Intermediates.noindex/SchafKit.build/Debug-xros/SchafKit-t.build/DerivedSources -Xcc -DSWIFT_PACKAGE -Xcc -DDEBUG\=1 -emit-objc-header -emit-objc-header-path /Users/admin/builder/spi-builder-workspace/.derivedData/Build/Intermediates.noindex/SchafKit.build/Debug-xros/SchafKit-t.build/Objects-normal/arm64/SchafKit-Swift.h -working-directory /Users/admin/builder/spi-builder-workspace/.swiftpm/xcode -experimental-emit-module-separately -disable-cmo
SwiftExplicitDependencyGeneratePcm arm64 /Users/admin/builder/spi-builder-workspace/.derivedData/SDKExplicitPrecompiledModules/_AvailabilityInternal-1Q8IQP6M38UWSGZ95UCEY2M44.pcm
SwiftExplicitDependencyGeneratePcm arm64 /Users/admin/builder/spi-builder-workspace/.derivedData/SDKExplicitPrecompiledModules/ptrcheck-BXA97MNLI4BB0HF5I8MJE403D.pcm
SwiftExplicitDependencyGeneratePcm arm64 /Users/admin/builder/spi-builder-workspace/.derivedData/SDKExplicitPrecompiledModules/_Builtin_stdbool-5BU2ADS7JXQMYENKQHW9X8XOU.pcm
SwiftExplicitDependencyGeneratePcm arm64 /Users/admin/builder/spi-builder-workspace/.derivedData/SDKExplicitPrecompiledModules/DeveloperToolsSupport-46GOQP8J1QTHLYQSJW81T8UZ3.pcm
SwiftExplicitDependencyGeneratePcm arm64 /Users/admin/builder/spi-builder-workspace/.derivedData/SDKExplicitPrecompiledModules/_Builtin_stddef-5NQ9Z1GV07GBSRQGAQCGXGVRI.pcm
SwiftExplicitDependencyGeneratePcm arm64 /Users/admin/builder/spi-builder-workspace/.derivedData/SDKExplicitPrecompiledModules/_SwiftConcurrencyShims-C8XHKSHX96D5YYALNM4W70Z0O.pcm
SwiftExplicitDependencyGeneratePcm arm64 /Users/admin/builder/spi-builder-workspace/.derivedData/SDKExplicitPrecompiledModules/ptrauth-1WBA714DZSVUL5JQDJ08CLKZ.pcm
SwiftExplicitDependencyGeneratePcm arm64 /Users/admin/builder/spi-builder-workspace/.derivedData/SDKExplicitPrecompiledModules/_Builtin_stdarg-CDA349K2K4US766844K8E0PVA.pcm
SwiftExplicitDependencyGeneratePcm arm64 /Users/admin/builder/spi-builder-workspace/.derivedData/SDKExplicitPrecompiledModules/SwiftShims-CI4H5RO9IYFFWQ2COB512Q2S9.pcm
SwiftExplicitDependencyGeneratePcm arm64 /Users/admin/builder/spi-builder-workspace/.derivedData/SDKExplicitPrecompiledModules/_Builtin_float-6WKHNW5S40U2QGHXXGETUDIRA.pcm
SwiftExplicitDependencyGeneratePcm arm64 /Users/admin/builder/spi-builder-workspace/.derivedData/SDKExplicitPrecompiledModules/_DarwinFoundation1-5RGRVV2TZ6WC4WZW5IXF8NQ04.pcm
SwiftExplicitDependencyGeneratePcm arm64 /Users/admin/builder/spi-builder-workspace/.derivedData/SDKExplicitPrecompiledModules/_DarwinFoundation2-ENTECK156YEWITZRRBTOCE4KR.pcm
SwiftExplicitDependencyGeneratePcm arm64 /Users/admin/builder/spi-builder-workspace/.derivedData/SDKExplicitPrecompiledModules/ExtensionFoundation-E7KNHPOM6BLHXC69S4MS8K7BO.pcm
SwiftExplicitDependencyGeneratePcm arm64 /Users/admin/builder/spi-builder-workspace/.derivedData/SDKExplicitPrecompiledModules/_Builtin_limits-425JDMN5HPM3D0UEI8LEHP6NM.pcm
SwiftExplicitDependencyGeneratePcm arm64 /Users/admin/builder/spi-builder-workspace/.derivedData/SDKExplicitPrecompiledModules/sys_types-AYM0BHR77VKMWZCO2T0XGV2HF.pcm
SwiftExplicitDependencyGeneratePcm arm64 /Users/admin/builder/spi-builder-workspace/.derivedData/SDKExplicitPrecompiledModules/_Builtin_stdint-8OR6T47OOYJA90ZBO3N1USDE.pcm
SwiftExplicitDependencyGeneratePcm arm64 /Users/admin/builder/spi-builder-workspace/.derivedData/SDKExplicitPrecompiledModules/_Builtin_tgmath-BPYSMHWI520EQRL2HW519ZY7Z.pcm
SwiftExplicitDependencyGeneratePcm arm64 /Users/admin/builder/spi-builder-workspace/.derivedData/SDKExplicitPrecompiledModules/string_h-2GT67HHHHK5CF1V1S31LH0PU2.pcm
SwiftExplicitDependencyGeneratePcm arm64 /Users/admin/builder/spi-builder-workspace/.derivedData/SDKExplicitPrecompiledModules/_DarwinFoundation3-9ZHN6JKBS40BBA81RQMV8H0IC.pcm
SwiftExplicitDependencyGeneratePcm arm64 /Users/admin/builder/spi-builder-workspace/.derivedData/SDKExplicitPrecompiledModules/_Builtin_stdatomic-1VUZPM79PNCAHXVBERD53WRSF.pcm
SwiftExplicitDependencyGeneratePcm arm64 /Users/admin/builder/spi-builder-workspace/.derivedData/SDKExplicitPrecompiledModules/_Builtin_intrinsics-BC5IJI3YI34RQ61ZNVDRDZ6RN.pcm
SwiftExplicitDependencyGeneratePcm arm64 /Users/admin/builder/spi-builder-workspace/.derivedData/SDKExplicitPrecompiledModules/_Builtin_inttypes-11B64KJD36B3YOHBR1BBXBJY8.pcm
SwiftExplicitDependencyGeneratePcm arm64 /Users/admin/builder/spi-builder-workspace/.derivedData/SDKExplicitPrecompiledModules/Darwin-60P5LVNQO3ESRRM5DCJ05PFNK.pcm
SwiftExplicitDependencyGeneratePcm arm64 /Users/admin/builder/spi-builder-workspace/.derivedData/SDKExplicitPrecompiledModules/simd-9XXAB17Y6E4BBPQADD61NZ23.pcm
SwiftExplicitDependencyGeneratePcm arm64 /Users/admin/builder/spi-builder-workspace/.derivedData/SDKExplicitPrecompiledModules/MachO-3XTHY7HWV6RF3KXKYQVHUBUXK.pcm
SwiftExplicitDependencyGeneratePcm arm64 /Users/admin/builder/spi-builder-workspace/.derivedData/SDKExplicitPrecompiledModules/ObjectiveC-26TIBFYCEJZVP216ZZAU1X8KN.pcm
SwiftExplicitDependencyGeneratePcm arm64 /Users/admin/builder/spi-builder-workspace/.derivedData/SDKExplicitPrecompiledModules/os_object-692CJ8BG6RE5H04487EJJOVXW.pcm
SwiftExplicitDependencyGeneratePcm arm64 /Users/admin/builder/spi-builder-workspace/.derivedData/SDKExplicitPrecompiledModules/os_workgroup-4U1VXMWIZD80E7PRUQF2G7P9X.pcm
SwiftExplicitDependencyGeneratePcm arm64 /Users/admin/builder/spi-builder-workspace/.derivedData/SDKExplicitPrecompiledModules/Spatial-5E0I2846LO3ZE24CSVR2O57TI.pcm
SwiftExplicitDependencyGeneratePcm arm64 /Users/admin/builder/spi-builder-workspace/.derivedData/SDKExplicitPrecompiledModules/Dispatch-CLT3466HKC22GCKAWSCNG0H7T.pcm
SwiftExplicitDependencyGeneratePcm arm64 /Users/admin/builder/spi-builder-workspace/.derivedData/SDKExplicitPrecompiledModules/dnssd-CCUV1M8EULNEQJUXO7L0PJAL4.pcm
SwiftExplicitDependencyGeneratePcm arm64 /Users/admin/builder/spi-builder-workspace/.derivedData/SDKExplicitPrecompiledModules/XPC-EP5EU7FNGP4VOA3EDM18P1KHO.pcm
SwiftExplicitDependencyGeneratePcm arm64 /Users/admin/builder/spi-builder-workspace/.derivedData/SDKExplicitPrecompiledModules/CoreFoundation-AVLTZVCXBU2TO75JCN4AGU8XJ.pcm
SwiftExplicitDependencyGeneratePcm arm64 /Users/admin/builder/spi-builder-workspace/.derivedData/SDKExplicitPrecompiledModules/os-1004XEJ3IXOOAU0KL58SM3D0K.pcm
SwiftExplicitDependencyGeneratePcm arm64 /Users/admin/builder/spi-builder-workspace/.derivedData/SDKExplicitPrecompiledModules/Security-8TH2M8WJIQMET4SADWX0N8372.pcm
SwiftExplicitDependencyGeneratePcm arm64 /Users/admin/builder/spi-builder-workspace/.derivedData/SDKExplicitPrecompiledModules/CoreGraphics-BFUJ177R223UT2ZI327ZTZY91.pcm
SwiftExplicitDependencyGeneratePcm arm64 /Users/admin/builder/spi-builder-workspace/.derivedData/SDKExplicitPrecompiledModules/CFNetwork-5MI70N1VLDQSWTX4COWLMSIRO.pcm
SwiftExplicitDependencyGeneratePcm arm64 /Users/admin/builder/spi-builder-workspace/.derivedData/SDKExplicitPrecompiledModules/Foundation-8GON1KVEKRN3NOQI8RETBRWJP.pcm
SwiftExplicitDependencyGeneratePcm arm64 /Users/admin/builder/spi-builder-workspace/.derivedData/SDKExplicitPrecompiledModules/CoreText-6F9TY5TEPCCZ1K2KYM4GMEGHD.pcm
SwiftExplicitDependencyGeneratePcm arm64 /Users/admin/builder/spi-builder-workspace/.derivedData/SDKExplicitPrecompiledModules/ImageIO-5CC6COR9KJYI1UBL7CSHLU2OG.pcm
SwiftExplicitDependencyGeneratePcm arm64 /Users/admin/builder/spi-builder-workspace/.derivedData/SDKExplicitPrecompiledModules/Symbols-8G2XC01RPQ5HYIZE6JNUT864I.pcm
SwiftExplicitDependencyGeneratePcm arm64 /Users/admin/builder/spi-builder-workspace/.derivedData/SDKExplicitPrecompiledModules/UserNotifications-8IIV1V1FPNAPA4LY1Y23LOM2N.pcm
SwiftExplicitDependencyGeneratePcm arm64 /Users/admin/builder/spi-builder-workspace/.derivedData/SDKExplicitPrecompiledModules/LocalAuthentication-9MSPUJ85OBXBTOD7NJCT1GZ0O.pcm
SwiftExplicitDependencyGeneratePcm arm64 /Users/admin/builder/spi-builder-workspace/.derivedData/SDKExplicitPrecompiledModules/CoreData-73N6Z547OZUEZ8ADGEC6XRHWN.pcm
SwiftExplicitDependencyGeneratePcm arm64 /Users/admin/builder/spi-builder-workspace/.derivedData/SDKExplicitPrecompiledModules/UniformTypeIdentifiers-E5KMWDZEKS4QW9RO1KBRDEXV6.pcm
SwiftExplicitDependencyGeneratePcm arm64 /Users/admin/builder/spi-builder-workspace/.derivedData/SDKExplicitPrecompiledModules/IOSurface-5FE9U89GVFF9A7X7AGO2R8ENI.pcm
SwiftExplicitDependencyGeneratePcm arm64 /Users/admin/builder/spi-builder-workspace/.derivedData/SDKExplicitPrecompiledModules/Accessibility-1DR4J4YDVDGAYQTZ0FKZ1PU09.pcm
SwiftExplicitDependencyGeneratePcm arm64 /Users/admin/builder/spi-builder-workspace/.derivedData/SDKExplicitPrecompiledModules/FileProvider-C9I28SI56F2SEVH1BCWTKGODO.pcm
SwiftExplicitDependencyGeneratePcm arm64 /Users/admin/builder/spi-builder-workspace/.derivedData/SDKExplicitPrecompiledModules/DataDetection-BANTQ3WXXGKZJYC0LLB3MD9K0.pcm
SwiftExplicitDependencyGeneratePcm arm64 /Users/admin/builder/spi-builder-workspace/.derivedData/SDKExplicitPrecompiledModules/CoreTransferable-8TBYAKHCX6UC8QQSS7BD8GQK5.pcm
SwiftExplicitDependencyGeneratePcm arm64 /Users/admin/builder/spi-builder-workspace/.derivedData/SDKExplicitPrecompiledModules/BackgroundAssets-7LA0QAAJKNTLEFGRAI5PIWADZ.pcm
SwiftExplicitDependencyGeneratePcm arm64 /Users/admin/builder/spi-builder-workspace/.derivedData/SDKExplicitPrecompiledModules/Network-EQPZZF3W6BWG89K0PY9NZO3T0.pcm
SwiftExplicitDependencyGeneratePcm arm64 /Users/admin/builder/spi-builder-workspace/.derivedData/SDKExplicitPrecompiledModules/OSLog-BNGT87TS0GMBFF7TY70HHB69.pcm
SwiftExplicitDependencyGeneratePcm arm64 /Users/admin/builder/spi-builder-workspace/.derivedData/SDKExplicitPrecompiledModules/UIUtilities-AOVGLUWEAN6CG2UZFNESGSP6C.pcm
SwiftExplicitDependencyGeneratePcm arm64 /Users/admin/builder/spi-builder-workspace/.derivedData/SDKExplicitPrecompiledModules/_LocationEssentials-8GQGFVARUE99D8VJX3TINY0VP.pcm
SwiftExplicitDependencyGeneratePcm arm64 /Users/admin/builder/spi-builder-workspace/.derivedData/SDKExplicitPrecompiledModules/OpenGLES-56BKSYXNVAP91BYZRWAKQZKGI.pcm
SwiftExplicitDependencyGeneratePcm arm64 /Users/admin/builder/spi-builder-workspace/.derivedData/SDKExplicitPrecompiledModules/Metal-EKNUM9P3PRIBHZK1ZBD6BA2T7.pcm
SwiftExplicitDependencyGeneratePcm arm64 /Users/admin/builder/spi-builder-workspace/.derivedData/SDKExplicitPrecompiledModules/CoreLocation-1SN37095DAPVJ068LLP9TBDQX.pcm
SwiftExplicitDependencyGeneratePcm arm64 /Users/admin/builder/spi-builder-workspace/.derivedData/SDKExplicitPrecompiledModules/CoreMotion-10LV922UPGE28QX2SOIO7ALIZ.pcm
SwiftExplicitDependencyGeneratePcm arm64 /Users/admin/builder/spi-builder-workspace/.derivedData/SDKExplicitPrecompiledModules/CoreVideo-E12HJSJSLO0YKWYBES11UKJ02.pcm
SwiftExplicitDependencyGeneratePcm arm64 /Users/admin/builder/spi-builder-workspace/.derivedData/SDKExplicitPrecompiledModules/QuartzCore-12T8WVKUNCL1N7VXH87MM4YOB.pcm
SwiftExplicitDependencyGeneratePcm arm64 /Users/admin/builder/spi-builder-workspace/.derivedData/SDKExplicitPrecompiledModules/CoreImage-8WF1P230U10QM666EQMNV7OF1.pcm
SwiftExplicitDependencyGeneratePcm arm64 /Users/admin/builder/spi-builder-workspace/.derivedData/SDKExplicitPrecompiledModules/SwiftUICore-6OBBMA39VFD4CB6SG2PE41FAP.pcm
SwiftExplicitDependencyGeneratePcm arm64 /Users/admin/builder/spi-builder-workspace/.derivedData/SDKExplicitPrecompiledModules/UIKit-2D2PMAAE45TMO6S28UCGCO5BR.pcm
SwiftExplicitDependencyGeneratePcm arm64 /Users/admin/builder/spi-builder-workspace/.derivedData/SDKExplicitPrecompiledModules/StoreKit-12LD5DPNQ83TE5J4G5TTT7JP8.pcm
SwiftEmitModule normal arm64 Emitting\ module\ for\ SchafKit (in target 'SchafKit' from project 'SchafKit')
/Users/admin/builder/spi-builder-workspace/Sources/SchafKit/Extensions/Generic/String.swift:292:1: warning: extension declares a conformance of imported type 'String' to imported protocol 'Identifiable'; this will not behave correctly if the owners of 'Swift' introduce this conformance in the future
290 | // - MARK: Identifiable
291 |
292 | extension String: Identifiable {
| |- warning: extension declares a conformance of imported type 'String' to imported protocol 'Identifiable'; this will not behave correctly if the owners of 'Swift' introduce this conformance in the future
| `- note: add '@retroactive' to silence this warning
293 | public var id: String {
294 | return self
/Users/admin/builder/spi-builder-workspace/Sources/SchafKit/Extensions/Other/Optional.swift:3:1: warning: extension declares a conformance of imported type 'Optional' to imported protocol 'Identifiable'; this will not behave correctly if the owners of 'Swift' introduce this conformance in the future
1 | import Foundation
2 |
3 | extension Optional: Identifiable where Wrapped: Identifiable {
| |- warning: extension declares a conformance of imported type 'Optional' to imported protocol 'Identifiable'; this will not behave correctly if the owners of 'Swift' introduce this conformance in the future
| `- note: add '@retroactive' to silence this warning
4 | public var id: some Hashable {
5 | return self?.id
/Users/admin/builder/spi-builder-workspace/Sources/SchafKit/Extensions/UIKit+AppKit/UIImage.swift:251:18: error: cannot find type 'UIImage' in scope
249 | #endif
250 |
251 | public extension UIImage {
| `- error: cannot find type 'UIImage' in scope
252 |
253 | /// Crops the insets of transparency around the image.
Failed frontend command:
SwiftCompile normal arm64 (in target 'SchafKit' from project 'SchafKit')
cd /Users/admin/builder/spi-builder-workspace/.swiftpm/xcode
/Applications/Xcode-27.0.0-Release.Candidate.app/Contents/Developer/Toolchains/XcodeDefault.xctoolchain/usr/bin/swift-frontend -frontend -emit-module -experimental-skip-non-inlinable-function-bodies-without-types /Users/admin/builder/spi-builder-workspace/Sources/SchafKit/Common/BackgroundPublished.swift /Users/admin/builder/spi-builder-workspace/Sources/SchafKit/Common/Blocks.swift /Users/admin/builder/spi-builder-workspace/Sources/SchafKit/Common/CodableSettingStorage.swift /Users/admin/builder/spi-builder-workspace/Sources/SchafKit/Common/Enums/SKAxis.swift /Users/admin/builder/spi-builder-workspace/Sources/SchafKit/Common/Options/SKOptionSet.swift /Users/admin/builder/spi-builder-workspace/Sources/SchafKit/Common/Options/SKOptions.swift /Users/admin/builder/spi-builder-workspace/Sources/SchafKit/Common/OrderedDictionary.swift /Users/admin/builder/spi-builder-workspace/Sources/SchafKit/Common/PropertyWrappers/EquatablePublished.swift /Users/admin/builder/spi-builder-workspace/Sources/SchafKit/Common/PropertyWrappers/SettingStorage.swift /Users/admin/builder/spi-builder-workspace/Sources/SchafKit/Common/Publishable.swift /Users/admin/builder/spi-builder-workspace/Sources/SchafKit/Common/PublishedCodableSettingStorage.swift /Users/admin/builder/spi-builder-workspace/Sources/SchafKit/Common/PublishedSettingStorage.swift /Users/admin/builder/spi-builder-workspace/Sources/SchafKit/Common/Structs/SK8BitRGBARepresentation.swift /Users/admin/builder/spi-builder-workspace/Sources/SchafKit/Common/Structs/SKHSLARepresentation.swift /Users/admin/builder/spi-builder-workspace/Sources/SchafKit/Common/Structs/SKJsonRepresentable.swift /Users/admin/builder/spi-builder-workspace/Sources/SchafKit/Common/Structs/SKRGBARepresentation.swift /Users/admin/builder/spi-builder-workspace/Sources/SchafKit/Common/Units/SKTimeUnit.swift /Users/admin/builder/spi-builder-workspace/Sources/SchafKit/Common/Units/SKUnit.swift /Users/admin/builder/spi-builder-workspace/Sources/SchafKit/Extensions/Collections/Array.swift /Users/admin/builder/spi-builder-workspace/Sources/SchafKit/Extensions/Collections/Collection.swift /Users/admin/builder/spi-builder-workspace/Sources/SchafKit/Extensions/Collections/Dictionary.swift /Users/admin/builder/spi-builder-workspace/Sources/SchafKit/Extensions/Collections/Sequence.swift /Users/admin/builder/spi-builder-workspace/Sources/SchafKit/Extensions/CoreData/NSManagedObjectContext.swift /Users/admin/builder/spi-builder-workspace/Sources/SchafKit/Extensions/Generic/Bool.swift /Users/admin/builder/spi-builder-workspace/Sources/SchafKit/Extensions/Generic/CGPoint.swift /Users/admin/builder/spi-builder-workspace/Sources/SchafKit/Extensions/Generic/Character.swift /Users/admin/builder/spi-builder-workspace/Sources/SchafKit/Extensions/Generic/Data.swift /Users/admin/builder/spi-builder-workspace/Sources/SchafKit/Extensions/Generic/Date.swift /Users/admin/builder/spi-builder-workspace/Sources/SchafKit/Extensions/Generic/DateFormatter.swift /Users/admin/builder/spi-builder-workspace/Sources/SchafKit/Extensions/Generic/Double.swift /Users/admin/builder/spi-builder-workspace/Sources/SchafKit/Extensions/Generic/Hashable.swift /Users/admin/builder/spi-builder-workspace/Sources/SchafKit/Extensions/Generic/NSAttributedString.swift /Users/admin/builder/spi-builder-workspace/Sources/SchafKit/Extensions/Generic/NSMutableAttributedString.swift /Users/admin/builder/spi-builder-workspace/Sources/SchafKit/Extensions/Generic/NSObject.swift /Users/admin/builder/spi-builder-workspace/Sources/SchafKit/Extensions/Generic/String+Markdown.swift /Users/admin/builder/spi-builder-workspace/Sources/SchafKit/Extensions/Generic/String.swift /Users/admin/builder/spi-builder-workspace/Sources/SchafKit/Extensions/Generic/TimeInterval.swift /Users/admin/builder/spi-builder-workspace/Sources/SchafKit/Extensions/Generic/Timer.swift /Users/admin/builder/spi-builder-workspace/Sources/SchafKit/Extensions/Generic/URL.swift /Users/admin/builder/spi-builder-workspace/Sources/SchafKit/Extensions/Other/CGImage.swift /Users/admin/builder/spi-builder-workspace/Sources/SchafKit/Extensions/Other/Digest+Hex.swift /Users/admin/builder/spi-builder-workspace/Sources/SchafKit/Extensions/Other/NSLayoutConstraint.swift /Users/admin/builder/spi-builder-workspace/Sources/SchafKit/Extensions/Other/NSRegularExpression.swift /Users/admin/builder/spi-builder-workspace/Sources/SchafKit/Extensions/Other/Optional.swift /Users/admin/builder/spi-builder-workspace/Sources/SchafKit/Extensions/Other/Result.swift /Users/admin/builder/spi-builder-workspace/Sources/SchafKit/Extensions/SwiftUI/Color+Components.swift /Users/admin/builder/spi-builder-workspace/Sources/SchafKit/Extensions/SwiftUI/Color+UIColor.swift /Users/admin/builder/spi-builder-workspace/Sources/SchafKit/Extensions/SwiftUI/Image+SFSymbols.swift /Users/admin/builder/spi-builder-workspace/Sources/SchafKit/Extensions/SwiftUI/View+Erase.swift /Users/admin/builder/spi-builder-workspace/Sources/SchafKit/Extensions/UIKit+AppKit/UIAlertController.swift /Users/admin/builder/spi-builder-workspace/Sources/SchafKit/Extensions/UIKit+AppKit/UIColor.swift /Users/admin/builder/spi-builder-workspace/Sources/SchafKit/Extensions/UIKit+AppKit/UIDevice.swift /Users/admin/builder/spi-builder-workspace/Sources/SchafKit/Extensions/UIKit+AppKit/UIImage.swift /Users/admin/builder/spi-builder-workspace/Sources/SchafKit/Extensions/UIKit+AppKit/UIView.swift /Users/admin/builder/spi-builder-workspace/Sources/SchafKit/Extensions/UIKit+AppKit/UIViewController.swift /Users/admin/builder/spi-builder-workspace/Sources/SchafKit/Kit/Alerting/Platforms/SKAlerting-iOS+tvOS.swift /Users/admin/builder/spi-builder-workspace/Sources/SchafKit/Kit/Alerting/Platforms/SKAlerting-macOS.swift /Users/admin/builder/spi-builder-workspace/Sources/SchafKit/Kit/Alerting/Platforms/SKAlerting-watchOS.swift /Users/admin/builder/spi-builder-workspace/Sources/SchafKit/Kit/Alerting/Platforms/_MultiInputView.swift /Users/admin/builder/spi-builder-workspace/Sources/SchafKit/Kit/Alerting/SKAlerting.Action.Block.swift /Users/admin/builder/spi-builder-workspace/Sources/SchafKit/Kit/Alerting/SKAlerting.Action.Style.swift /Users/admin/builder/spi-builder-workspace/Sources/SchafKit/Kit/Alerting/SKAlerting.Action.swift /Users/admin/builder/spi-builder-workspace/Sources/SchafKit/Kit/Alerting/SKAlerting.Style.swift /Users/admin/builder/spi-builder-workspace/Sources/SchafKit/Kit/Alerting/SKAlerting.TextFieldConfiguration.swift /Users/admin/builder/spi-builder-workspace/Sources/SchafKit/Kit/Alerting/SKAlerting.swift /Users/admin/builder/spi-builder-workspace/Sources/SchafKit/Kit/Cross\ Platform/Application.swift /Users/admin/builder/spi-builder-workspace/Sources/SchafKit/Kit/Cross\ Platform/Screen.swift /Users/admin/builder/spi-builder-workspace/Sources/SchafKit/Kit/Cryptography/Curve25519XSalsa20Poly1305BoxAlgorithm.swift /Users/admin/builder/spi-builder-workspace/Sources/SchafKit/Kit/Cryptography/Ed25519Algorithm.swift /Users/admin/builder/spi-builder-workspace/Sources/SchafKit/Kit/Cryptography/SKCryptography.swift /Users/admin/builder/spi-builder-workspace/Sources/SchafKit/Kit/Cryptography/XSalsa20Poly1305SecretBoxAlgorithm.swift /Users/admin/builder/spi-builder-workspace/Sources/SchafKit/Kit/Dispatch/SKDispatchHelper.swift /Users/admin/builder/spi-builder-workspace/Sources/SchafKit/Kit/FileSystem/SKDirectory.swift /Users/admin/builder/spi-builder-workspace/Sources/SchafKit/Kit/FileSystem/SKFile.swift /Users/admin/builder/spi-builder-workspace/Sources/SchafKit/Kit/FileSystem/SKFileSystemItem.swift /Users/admin/builder/spi-builder-workspace/Sources/SchafKit/Kit/Keychain/SKKeychain.swift /Users/admin/builder/spi-builder-workspace/Sources/SchafKit/Kit/Networking/Request/SKNetworking.Request.Body.swift /Users/admin/builder/spi-builder-workspace/Sources/SchafKit/Kit/Networking/Request/SKNetworking.Request.HeaderField.swift /Users/admin/builder/spi-builder-workspace/Sources/SchafKit/Kit/Networking/Request/SKNetworking.Request.Method.swift /Users/admin/builder/spi-builder-workspace/Sources/SchafKit/Kit/Networking/Request/SKNetworking.Request.Options.swift /Users/admin/builder/spi-builder-workspace/Sources/SchafKit/Kit/Networking/Request/SKNetworking.Request.swift /Users/admin/builder/spi-builder-workspace/Sources/SchafKit/Kit/Networking/Response/SKNetworking.Response.Status.swift /Users/admin/builder/spi-builder-workspace/Sources/SchafKit/Kit/Networking/Response/SKNetworking.Response.swift /Users/admin/builder/spi-builder-workspace/Sources/SchafKit/Kit/Networking/Result/SKNetworking.Result.swift /Users/admin/builder/spi-builder-workspace/Sources/SchafKit/Kit/Networking/SKNetworking.Endpoint.swift /Users/admin/builder/spi-builder-workspace/Sources/SchafKit/Kit/Networking/SKNetworking._Helper.swift /Users/admin/builder/spi-builder-workspace/Sources/SchafKit/Kit/Networking/SKNetworking.swift /Users/admin/builder/spi-builder-workspace/Sources/SchafKit/Kit/Networking/SKNetworkingBlocks.swift /Users/admin/builder/spi-builder-workspace/Sources/SchafKit/Kit/Regular\ Expression/SKRegexMatch.swift /Users/admin/builder/spi-builder-workspace/Sources/SchafKit/Kit/Regular\ Expression/String+OKRegexMatch.swift /Users/admin/builder/spi-builder-workspace/Sources/SchafKit/Kit/SchafKit.swift /Users/admin/builder/spi-builder-workspace/Sources/SchafKit/Kit/StoreKit/SKStoreKitHelper.swift /Users/admin/builder/spi-builder-workspace/Sources/SchafKit/Kit/SwiftUI/Components/AFText.swift /Users/admin/builder/spi-builder-workspace/Sources/SchafKit/Kit/SwiftUI/Components/AlignedText.swift /Users/admin/builder/spi-builder-workspace/Sources/SchafKit/Kit/SwiftUI/Components/Blur.swift /Users/admin/builder/spi-builder-workspace/Sources/SchafKit/Kit/SwiftUI/Components/EmojiTextFieldView.swift /Users/admin/builder/spi-builder-workspace/Sources/SchafKit/Kit/SwiftUI/Components/FixedToggle.swift /Users/admin/builder/spi-builder-workspace/Sources/SchafKit/Kit/SwiftUI/Components/LabeledView.swift /Users/admin/builder/spi-builder-workspace/Sources/SchafKit/Kit/SwiftUI/Components/PresentationLink.swift /Users/admin/builder/spi-builder-workspace/Sources/SchafKit/Kit/SwiftUI/Components/RoundedCorners.swift /Users/admin/builder/spi-builder-workspace/Sources/SchafKit/Kit/SwiftUI/Components/SearchBar.swift /Users/admin/builder/spi-builder-workspace/Sources/SchafKit/Kit/SwiftUI/Components/TimePicker.swift /Users/admin/builder/spi-builder-workspace/Sources/SchafKit/Kit/SwiftUI/Helpers/AppearanceHandler.swift /Users/admin/builder/spi-builder-workspace/Sources/SchafKit/Kit/SwiftUI/Helpers/KeyboardResponder.swift /Users/admin/builder/spi-builder-workspace/Sources/SchafKit/Kit/SwiftUI/View.swift /Users/admin/builder/spi-builder-workspace/Sources/SchafKit/Platform-Specific/iOS+tvOS/Classes/OKSubtileNotification.swift /Users/admin/builder/spi-builder-workspace/Sources/SchafKit/Platform-Specific/iOS+tvOS/UIApplication.swift -target arm64-apple-xros1.0 -module-can-import-version Combine 3023 0 -module-can-import-version CoreData 1629.1 1629.1.0 -module-can-import-version CryptoKit 383.7.1 0 -module-can-import-version StoreKit 816.0.47.5 1.0.0 -module-can-import-version UIKit 9127.0.84.1 9127.0.84 -disable-cross-import-overlay-search -swift-module-cross-import CoreData /Applications/Xcode-27.0.0-Release.Candidate.app/Contents/Developer/Platforms/XROS.platform/Developer/SDKs/XROS.sdk/System/Library/Frameworks/CoreData.framework/Modules/CoreData.swiftcrossimport/CloudKit.swiftoverlay -swift-module-cross-import CoreData /Applications/Xcode-27.0.0-Release.Candidate.app/Contents/Developer/Platforms/XROS.platform/Developer/SDKs/XROS27.0.sdk/System/Library/Frameworks/CoreData.framework/Modules/CoreData.swiftcrossimport/CloudKit.swiftoverlay -swift-module-cross-import StoreKit /Applications/Xcode-27.0.0-Release.Candidate.app/Contents/Developer/Platforms/XROS.platform/Developer/SDKs/XROS.sdk/System/Library/Frameworks/StoreKit.framework/Modules/StoreKit.swiftcrossimport/SwiftUI.swiftoverlay -swift-module-cross-import StoreKit /Applications/Xcode-27.0.0-Release.Candidate.app/Contents/Developer/Platforms/XROS.platform/Developer/SDKs/XROS27.0.sdk/System/Library/Frameworks/StoreKit.framework/Modules/StoreKit.swiftcrossimport/SwiftUI.swiftoverlay -load-resolved-plugin /Applications/Xcode-27.0.0-Release.Candidate.app/Contents/Developer/Platforms/XROS.platform/Developer/usr/lib/swift/host/plugins/libFoundationMacros.dylib\#/Applications/Xcode-27.0.0-Release.Candidate.app/Contents/Developer/Platforms/XROS.platform/Developer/usr/bin/swift-plugin-server\#FoundationMacros -load-resolved-plugin /Applications/Xcode-27.0.0-Release.Candidate.app/Contents/Developer/Platforms/XROS.platform/Developer/usr/lib/swift/host/plugins/libObservationMacros.dylib\#/Applications/Xcode-27.0.0-Release.Candidate.app/Contents/Developer/Platforms/XROS.platform/Developer/usr/bin/swift-plugin-server\#ObservationMacros -load-resolved-plugin /Applications/Xcode-27.0.0-Release.Candidate.app/Contents/Developer/Platforms/XROS.platform/Developer/usr/lib/swift/host/plugins/libPreviewsMacros.dylib\#/Applications/Xcode-27.0.0-Release.Candidate.app/Contents/Developer/Platforms/XROS.platform/Developer/usr/bin/swift-plugin-server\#PreviewsMacros -load-resolved-plugin /Applications/Xcode-27.0.0-Release.Candidate.app/Contents/Developer/Platforms/XROS.platform/Developer/usr/lib/swift/host/plugins/libSwiftMacros.dylib\#/Applications/Xcode-27.0.0-Release.Candidate.app/Contents/Developer/Platforms/XROS.platform/Developer/usr/bin/swift-plugin-server\#SwiftMacros -load-resolved-plugin /Applications/Xcode-27.0.0-Release.Candidate.app/Contents/Developer/Platforms/XROS.platform/Developer/usr/lib/swift/host/plugins/libSwiftUIMacros.dylib\#/Applications/Xcode-27.0.0-Release.Candidate.app/Contents/Developer/Platforms/XROS.platform/Developer/usr/bin/swift-plugin-server\#SwiftUIMacros -disable-implicit-swift-modules -Xcc -fno-implicit-modules -Xcc -fno-implicit-module-maps -explicit-swift-module-map-file /Users/admin/builder/spi-builder-workspace/.derivedData/Build/Intermediates.noindex/SchafKit.build/Debug-xros/SchafKit-t.build/Objects-normal/arm64/SchafKit-dependencies-1.json -Xllvm -aarch64-use-tbi -enable-objc-interop -stack-check -sdk /Applications/Xcode-27.0.0-Release.Candidate.app/Contents/Developer/Platforms/XROS.platform/Developer/SDKs/XROS27.0.sdk -I /Users/admin/builder/spi-builder-workspace/.derivedData/Build/Products/Debug-xros -Isystem /Applications/Xcode-27.0.0-Release.Candidate.app/Contents/Developer/Platforms/XROS.platform/Developer/usr/lib -F /Users/admin/builder/spi-builder-workspace/.derivedData/Build/Products/Debug-xros -F /Applications/Xcode-27.0.0-Release.Candidate.app/Contents/Developer/Platforms/XROS.platform/Developer/Library/Frameworks -F /Applications/Xcode-27.0.0-Release.Candidate.app/Contents/Developer/Platforms/XROS.platform/Developer/SDKs/XROS27.0.sdk/Developer/Library/Frameworks -module-cache-path /Users/admin/builder/spi-builder-workspace/.derivedData/Build/Intermediates.noindex/SwiftExplicitPrecompiledModules -no-color-diagnostics -Xcc -fno-color-diagnostics -enable-testing -g -debug-info-format\=dwarf -dwarf-version\=4 -swift-version 5 -Onone -D SWIFT_PACKAGE -D DEBUG -D SWIFT_MODULE_RESOURCE_BUNDLE_UNAVAILABLE -D Xcode -serialize-debugging-options -enable-experimental-feature DebugDescriptionMacro -empty-abi-descriptor -validate-clang-modules-once -clang-build-session-file /Users/admin/builder/spi-builder-workspace/.derivedData/ModuleCache.noindex/Session.modulevalidation -Xcc -working-directory -Xcc /Users/admin/builder/spi-builder-workspace/.swiftpm/xcode -enable-anonymous-context-mangled-names -file-compilation-dir /Users/admin/builder/spi-builder-workspace/.swiftpm/xcode -Xcc -D_LIBCPP_HARDENING_MODE\=_LIBCPP_HARDENING_MODE_DEBUG -Xcc -ivfsstatcache -Xcc /Users/admin/builder/spi-builder-workspace/.derivedData/SDKStatCaches.noindex/xros27.0-24M361-e829b21a6f8c9b70876ba0858053c044735bd543db762f57723cac368afd1ce4.sdkstatcache -Xcc -fmodules-prune-interval\=86400 -Xcc -fmodules-prune-after\=345600 -Xcc -I/Users/admin/builder/spi-builder-workspace/.derivedData/Build/Products/Debug-xros/include -Xcc -I/Users/admin/builder/spi-builder-workspace/.derivedData/Build/Intermediates.noindex/SchafKit.build/Debug-xros/SchafKit-t.build/DerivedSources-normal/arm64 -Xcc -I/Users/admin/builder/spi-builder-workspace/.derivedData/Build/Intermediates.noindex/SchafKit.build/Debug-xros/SchafKit-t.build/DerivedSources/arm64 -Xcc -I/Users/admin/builder/spi-builder-workspace/.derivedData/Build/Intermediates.noindex/SchafKit.build/Debug-xros/SchafKit-t.build/DerivedSources -Xcc -DSWIFT_PACKAGE -Xcc -DDEBUG\=1 -no-auto-bridging-header-chaining -module-name SchafKit -const-gather-protocols-file /Users/admin/builder/spi-builder-workspace/.derivedData/Build/Intermediates.noindex/SchafKit.build/Debug-xros/SchafKit-t.build/Objects-normal/arm64/SchafKit_const_extract_protocols.json -disable-clang-spi -clang-target arm64-apple-xros27.0 -target-sdk-version 27.0 -target-sdk-name xros27.0 -in-process-plugin-server-path /Applications/Xcode-27.0.0-Release.Candidate.app/Contents/Developer/Toolchains/XcodeDefault.xctoolchain/usr/lib/swift/host/libSwiftInProcPluginServer.dylib -emit-module-doc-path /Users/admin/builder/spi-builder-workspace/.derivedData/Build/Intermediates.noindex/SchafKit.build/Debug-xros/SchafKit-t.build/Objects-normal/arm64/SchafKit.swiftdoc -emit-module-source-info-path /Users/admin/builder/spi-builder-workspace/.derivedData/Build/Intermediates.noindex/SchafKit.build/Debug-xros/SchafKit-t.build/Objects-normal/arm64/SchafKit.swiftsourceinfo -emit-objc-header-path /Users/admin/builder/spi-builder-workspace/.derivedData/Build/Intermediates.noindex/SchafKit.build/Debug-xros/SchafKit-t.build/Objects-normal/arm64/SchafKit-Swift.h -serialize-diagnostics-path /Users/admin/builder/spi-builder-workspace/.derivedData/Build/Intermediates.noindex/SchafKit.build/Debug-xros/SchafKit-t.build/Objects-normal/arm64/SchafKit-primary-emit-module.dia -emit-dependencies-path /Users/admin/builder/spi-builder-workspace/.derivedData/Build/Intermediates.noindex/SchafKit.build/Debug-xros/SchafKit-t.build/Objects-normal/arm64/SchafKit-primary-emit-module.d -parse-as-library -o /Users/admin/builder/spi-builder-workspace/.derivedData/Build/Intermediates.noindex/SchafKit.build/Debug-xros/SchafKit-t.build/Objects-normal/arm64/SchafKit.swiftmodule -emit-abi-descriptor-path /Users/admin/builder/spi-builder-workspace/.derivedData/Build/Intermediates.noindex/SchafKit.build/Debug-xros/SchafKit-t.build/Objects-normal/arm64/SchafKit.abi.json
SwiftCompile normal arm64 Compiling\ LabeledView.swift,\ PresentationLink.swift,\ RoundedCorners.swift,\ SearchBar.swift,\ TimePicker.swift,\ AppearanceHandler.swift,\ KeyboardResponder.swift,\ View.swift,\ OKSubtileNotification.swift,\ UIApplication.swift /Users/admin/builder/spi-builder-workspace/Sources/SchafKit/Kit/SwiftUI/Components/LabeledView.swift /Users/admin/builder/spi-builder-workspace/Sources/SchafKit/Kit/SwiftUI/Components/PresentationLink.swift /Users/admin/builder/spi-builder-workspace/Sources/SchafKit/Kit/SwiftUI/Components/RoundedCorners.swift /Users/admin/builder/spi-builder-workspace/Sources/SchafKit/Kit/SwiftUI/Components/SearchBar.swift /Users/admin/builder/spi-builder-workspace/Sources/SchafKit/Kit/SwiftUI/Components/TimePicker.swift /Users/admin/builder/spi-builder-workspace/Sources/SchafKit/Kit/SwiftUI/Helpers/AppearanceHandler.swift /Users/admin/builder/spi-builder-workspace/Sources/SchafKit/Kit/SwiftUI/Helpers/KeyboardResponder.swift /Users/admin/builder/spi-builder-workspace/Sources/SchafKit/Kit/SwiftUI/View.swift /Users/admin/builder/spi-builder-workspace/Sources/SchafKit/Platform-Specific/iOS+tvOS/Classes/OKSubtileNotification.swift /Users/admin/builder/spi-builder-workspace/Sources/SchafKit/Platform-Specific/iOS+tvOS/UIApplication.swift (in target 'SchafKit' from project 'SchafKit')
SwiftCompile normal arm64 /Users/admin/builder/spi-builder-workspace/Sources/SchafKit/Kit/SwiftUI/Components/LabeledView.swift (in target 'SchafKit' from project 'SchafKit')
cd /Users/admin/builder/spi-builder-workspace/.swiftpm/xcode
builtin-SwiftPerFileCompile LabeledView.swift
SwiftCompile normal arm64 /Users/admin/builder/spi-builder-workspace/Sources/SchafKit/Kit/SwiftUI/Components/PresentationLink.swift (in target 'SchafKit' from project 'SchafKit')
cd /Users/admin/builder/spi-builder-workspace/.swiftpm/xcode
builtin-SwiftPerFileCompile PresentationLink.swift
SwiftCompile normal arm64 /Users/admin/builder/spi-builder-workspace/Sources/SchafKit/Kit/SwiftUI/Components/RoundedCorners.swift (in target 'SchafKit' from project 'SchafKit')
cd /Users/admin/builder/spi-builder-workspace/.swiftpm/xcode
builtin-SwiftPerFileCompile RoundedCorners.swift
SwiftCompile normal arm64 /Users/admin/builder/spi-builder-workspace/Sources/SchafKit/Kit/SwiftUI/Components/SearchBar.swift (in target 'SchafKit' from project 'SchafKit')
cd /Users/admin/builder/spi-builder-workspace/.swiftpm/xcode
builtin-SwiftPerFileCompile SearchBar.swift
SwiftCompile normal arm64 /Users/admin/builder/spi-builder-workspace/Sources/SchafKit/Kit/SwiftUI/Components/TimePicker.swift (in target 'SchafKit' from project 'SchafKit')
cd /Users/admin/builder/spi-builder-workspace/.swiftpm/xcode
builtin-SwiftPerFileCompile TimePicker.swift
SwiftCompile normal arm64 /Users/admin/builder/spi-builder-workspace/Sources/SchafKit/Kit/SwiftUI/Helpers/AppearanceHandler.swift (in target 'SchafKit' from project 'SchafKit')
cd /Users/admin/builder/spi-builder-workspace/.swiftpm/xcode
builtin-SwiftPerFileCompile AppearanceHandler.swift
SwiftCompile normal arm64 /Users/admin/builder/spi-builder-workspace/Sources/SchafKit/Kit/SwiftUI/Helpers/KeyboardResponder.swift (in target 'SchafKit' from project 'SchafKit')
cd /Users/admin/builder/spi-builder-workspace/.swiftpm/xcode
builtin-SwiftPerFileCompile KeyboardResponder.swift
SwiftCompile normal arm64 /Users/admin/builder/spi-builder-workspace/Sources/SchafKit/Kit/SwiftUI/View.swift (in target 'SchafKit' from project 'SchafKit')
cd /Users/admin/builder/spi-builder-workspace/.swiftpm/xcode
builtin-SwiftPerFileCompile View.swift
SwiftCompile normal arm64 /Users/admin/builder/spi-builder-workspace/Sources/SchafKit/Platform-Specific/iOS+tvOS/Classes/OKSubtileNotification.swift (in target 'SchafKit' from project 'SchafKit')
cd /Users/admin/builder/spi-builder-workspace/.swiftpm/xcode
builtin-SwiftPerFileCompile OKSubtileNotification.swift
SwiftCompile normal arm64 /Users/admin/builder/spi-builder-workspace/Sources/SchafKit/Platform-Specific/iOS+tvOS/UIApplication.swift (in target 'SchafKit' from project 'SchafKit')
cd /Users/admin/builder/spi-builder-workspace/.swiftpm/xcode
builtin-SwiftPerFileCompile UIApplication.swift
SwiftCompile normal arm64 Compiling\ NSObject.swift,\ String+Markdown.swift,\ String.swift,\ TimeInterval.swift,\ Timer.swift,\ URL.swift,\ CGImage.swift,\ Digest+Hex.swift,\ NSLayoutConstraint.swift,\ NSRegularExpression.swift,\ Optional.swift /Users/admin/builder/spi-builder-workspace/Sources/SchafKit/Extensions/Generic/NSObject.swift /Users/admin/builder/spi-builder-workspace/Sources/SchafKit/Extensions/Generic/String+Markdown.swift /Users/admin/builder/spi-builder-workspace/Sources/SchafKit/Extensions/Generic/String.swift /Users/admin/builder/spi-builder-workspace/Sources/SchafKit/Extensions/Generic/TimeInterval.swift /Users/admin/builder/spi-builder-workspace/Sources/SchafKit/Extensions/Generic/Timer.swift /Users/admin/builder/spi-builder-workspace/Sources/SchafKit/Extensions/Generic/URL.swift /Users/admin/builder/spi-builder-workspace/Sources/SchafKit/Extensions/Other/CGImage.swift /Users/admin/builder/spi-builder-workspace/Sources/SchafKit/Extensions/Other/Digest+Hex.swift /Users/admin/builder/spi-builder-workspace/Sources/SchafKit/Extensions/Other/NSLayoutConstraint.swift /Users/admin/builder/spi-builder-workspace/Sources/SchafKit/Extensions/Other/NSRegularExpression.swift /Users/admin/builder/spi-builder-workspace/Sources/SchafKit/Extensions/Other/Optional.swift (in target 'SchafKit' from project 'SchafKit')
SwiftCompile normal arm64 /Users/admin/builder/spi-builder-workspace/Sources/SchafKit/Extensions/Generic/NSObject.swift (in target 'SchafKit' from project 'SchafKit')
cd /Users/admin/builder/spi-builder-workspace/.swiftpm/xcode
builtin-SwiftPerFileCompile NSObject.swift
SwiftCompile normal arm64 /Users/admin/builder/spi-builder-workspace/Sources/SchafKit/Extensions/Generic/String+Markdown.swift (in target 'SchafKit' from project 'SchafKit')
cd /Users/admin/builder/spi-builder-workspace/.swiftpm/xcode
builtin-SwiftPerFileCompile String+Markdown.swift
SwiftCompile normal arm64 /Users/admin/builder/spi-builder-workspace/Sources/SchafKit/Extensions/Generic/String.swift (in target 'SchafKit' from project 'SchafKit')
cd /Users/admin/builder/spi-builder-workspace/.swiftpm/xcode
builtin-SwiftPerFileCompile String.swift
SwiftCompile normal arm64 /Users/admin/builder/spi-builder-workspace/Sources/SchafKit/Extensions/Generic/TimeInterval.swift (in target 'SchafKit' from project 'SchafKit')
cd /Users/admin/builder/spi-builder-workspace/.swiftpm/xcode
builtin-SwiftPerFileCompile TimeInterval.swift
SwiftCompile normal arm64 /Users/admin/builder/spi-builder-workspace/Sources/SchafKit/Extensions/Generic/Timer.swift (in target 'SchafKit' from project 'SchafKit')
cd /Users/admin/builder/spi-builder-workspace/.swiftpm/xcode
builtin-SwiftPerFileCompile Timer.swift
SwiftCompile normal arm64 /Users/admin/builder/spi-builder-workspace/Sources/SchafKit/Extensions/Generic/URL.swift (in target 'SchafKit' from project 'SchafKit')
cd /Users/admin/builder/spi-builder-workspace/.swiftpm/xcode
builtin-SwiftPerFileCompile URL.swift
SwiftCompile normal arm64 /Users/admin/builder/spi-builder-workspace/Sources/SchafKit/Extensions/Other/CGImage.swift (in target 'SchafKit' from project 'SchafKit')
cd /Users/admin/builder/spi-builder-workspace/.swiftpm/xcode
builtin-SwiftPerFileCompile CGImage.swift
SwiftCompile normal arm64 /Users/admin/builder/spi-builder-workspace/Sources/SchafKit/Extensions/Other/Digest+Hex.swift (in target 'SchafKit' from project 'SchafKit')
cd /Users/admin/builder/spi-builder-workspace/.swiftpm/xcode
builtin-SwiftPerFileCompile Digest+Hex.swift
SwiftCompile normal arm64 /Users/admin/builder/spi-builder-workspace/Sources/SchafKit/Extensions/Other/NSLayoutConstraint.swift (in target 'SchafKit' from project 'SchafKit')
cd /Users/admin/builder/spi-builder-workspace/.swiftpm/xcode
builtin-SwiftPerFileCompile NSLayoutConstraint.swift
SwiftCompile normal arm64 /Users/admin/builder/spi-builder-workspace/Sources/SchafKit/Extensions/Other/NSRegularExpression.swift (in target 'SchafKit' from project 'SchafKit')
cd /Users/admin/builder/spi-builder-workspace/.swiftpm/xcode
builtin-SwiftPerFileCompile NSRegularExpression.swift
SwiftCompile normal arm64 /Users/admin/builder/spi-builder-workspace/Sources/SchafKit/Extensions/Other/Optional.swift (in target 'SchafKit' from project 'SchafKit')
cd /Users/admin/builder/spi-builder-workspace/.swiftpm/xcode
builtin-SwiftPerFileCompile Optional.swift
SwiftCompile normal arm64 Compiling\ Result.swift,\ Color+Components.swift,\ Color+UIColor.swift,\ Image+SFSymbols.swift,\ View+Erase.swift,\ UIAlertController.swift,\ UIColor.swift,\ UIDevice.swift,\ UIImage.swift,\ UIView.swift,\ UIViewController.swift /Users/admin/builder/spi-builder-workspace/Sources/SchafKit/Extensions/Other/Result.swift /Users/admin/builder/spi-builder-workspace/Sources/SchafKit/Extensions/SwiftUI/Color+Components.swift /Users/admin/builder/spi-builder-workspace/Sources/SchafKit/Extensions/SwiftUI/Color+UIColor.swift /Users/admin/builder/spi-builder-workspace/Sources/SchafKit/Extensions/SwiftUI/Image+SFSymbols.swift /Users/admin/builder/spi-builder-workspace/Sources/SchafKit/Extensions/SwiftUI/View+Erase.swift /Users/admin/builder/spi-builder-workspace/Sources/SchafKit/Extensions/UIKit+AppKit/UIAlertController.swift /Users/admin/builder/spi-builder-workspace/Sources/SchafKit/Extensions/UIKit+AppKit/UIColor.swift /Users/admin/builder/spi-builder-workspace/Sources/SchafKit/Extensions/UIKit+AppKit/UIDevice.swift /Users/admin/builder/spi-builder-workspace/Sources/SchafKit/Extensions/UIKit+AppKit/UIImage.swift /Users/admin/builder/spi-builder-workspace/Sources/SchafKit/Extensions/UIKit+AppKit/UIView.swift /Users/admin/builder/spi-builder-workspace/Sources/SchafKit/Extensions/UIKit+AppKit/UIViewController.swift (in target 'SchafKit' from project 'SchafKit')
SwiftCompile normal arm64 /Users/admin/builder/spi-builder-workspace/Sources/SchafKit/Extensions/Other/Result.swift (in target 'SchafKit' from project 'SchafKit')
cd /Users/admin/builder/spi-builder-workspace/.swiftpm/xcode
builtin-SwiftPerFileCompile Result.swift
SwiftCompile normal arm64 /Users/admin/builder/spi-builder-workspace/Sources/SchafKit/Extensions/SwiftUI/Color+Components.swift (in target 'SchafKit' from project 'SchafKit')
cd /Users/admin/builder/spi-builder-workspace/.swiftpm/xcode
builtin-SwiftPerFileCompile Color+Components.swift
SwiftCompile normal arm64 /Users/admin/builder/spi-builder-workspace/Sources/SchafKit/Extensions/SwiftUI/Color+UIColor.swift (in target 'SchafKit' from project 'SchafKit')
cd /Users/admin/builder/spi-builder-workspace/.swiftpm/xcode
builtin-SwiftPerFileCompile Color+UIColor.swift
SwiftCompile normal arm64 /Users/admin/builder/spi-builder-workspace/Sources/SchafKit/Extensions/SwiftUI/Image+SFSymbols.swift (in target 'SchafKit' from project 'SchafKit')
cd /Users/admin/builder/spi-builder-workspace/.swiftpm/xcode
builtin-SwiftPerFileCompile Image+SFSymbols.swift
SwiftCompile normal arm64 /Users/admin/builder/spi-builder-workspace/Sources/SchafKit/Extensions/SwiftUI/View+Erase.swift (in target 'SchafKit' from project 'SchafKit')
cd /Users/admin/builder/spi-builder-workspace/.swiftpm/xcode
builtin-SwiftPerFileCompile View+Erase.swift
SwiftCompile normal arm64 /Users/admin/builder/spi-builder-workspace/Sources/SchafKit/Extensions/UIKit+AppKit/UIAlertController.swift (in target 'SchafKit' from project 'SchafKit')
cd /Users/admin/builder/spi-builder-workspace/.swiftpm/xcode
builtin-SwiftPerFileCompile UIAlertController.swift
SwiftCompile normal arm64 /Users/admin/builder/spi-builder-workspace/Sources/SchafKit/Extensions/UIKit+AppKit/UIColor.swift (in target 'SchafKit' from project 'SchafKit')
cd /Users/admin/builder/spi-builder-workspace/.swiftpm/xcode
builtin-SwiftPerFileCompile UIColor.swift
SwiftCompile normal arm64 /Users/admin/builder/spi-builder-workspace/Sources/SchafKit/Extensions/UIKit+AppKit/UIDevice.swift (in target 'SchafKit' from project 'SchafKit')
cd /Users/admin/builder/spi-builder-workspace/.swiftpm/xcode
builtin-SwiftPerFileCompile UIDevice.swift
SwiftCompile normal arm64 /Users/admin/builder/spi-builder-workspace/Sources/SchafKit/Extensions/UIKit+AppKit/UIImage.swift (in target 'SchafKit' from project 'SchafKit')
cd /Users/admin/builder/spi-builder-workspace/.swiftpm/xcode
builtin-SwiftPerFileCompile UIImage.swift
SwiftCompile normal arm64 /Users/admin/builder/spi-builder-workspace/Sources/SchafKit/Extensions/UIKit+AppKit/UIView.swift (in target 'SchafKit' from project 'SchafKit')
cd /Users/admin/builder/spi-builder-workspace/.swiftpm/xcode
builtin-SwiftPerFileCompile UIView.swift
SwiftCompile normal arm64 /Users/admin/builder/spi-builder-workspace/Sources/SchafKit/Extensions/UIKit+AppKit/UIViewController.swift (in target 'SchafKit' from project 'SchafKit')
cd /Users/admin/builder/spi-builder-workspace/.swiftpm/xcode
builtin-SwiftPerFileCompile UIViewController.swift
SwiftCompile normal arm64 Compiling\ SKNetworkingBlocks.swift,\ SKRegexMatch.swift,\ String+OKRegexMatch.swift,\ SchafKit.swift,\ SKStoreKitHelper.swift,\ AFText.swift,\ AlignedText.swift,\ Blur.swift,\ EmojiTextFieldView.swift,\ FixedToggle.swift /Users/admin/builder/spi-builder-workspace/Sources/SchafKit/Kit/Networking/SKNetworkingBlocks.swift /Users/admin/builder/spi-builder-workspace/Sources/SchafKit/Kit/Regular\ Expression/SKRegexMatch.swift /Users/admin/builder/spi-builder-workspace/Sources/SchafKit/Kit/Regular\ Expression/String+OKRegexMatch.swift /Users/admin/builder/spi-builder-workspace/Sources/SchafKit/Kit/SchafKit.swift /Users/admin/builder/spi-builder-workspace/Sources/SchafKit/Kit/StoreKit/SKStoreKitHelper.swift /Users/admin/builder/spi-builder-workspace/Sources/SchafKit/Kit/SwiftUI/Components/AFText.swift /Users/admin/builder/spi-builder-workspace/Sources/SchafKit/Kit/SwiftUI/Components/AlignedText.swift /Users/admin/builder/spi-builder-workspace/Sources/SchafKit/Kit/SwiftUI/Components/Blur.swift /Users/admin/builder/spi-builder-workspace/Sources/SchafKit/Kit/SwiftUI/Components/EmojiTextFieldView.swift /Users/admin/builder/spi-builder-workspace/Sources/SchafKit/Kit/SwiftUI/Components/FixedToggle.swift (in target 'SchafKit' from project 'SchafKit')
/Users/admin/builder/spi-builder-workspace/Sources/SchafKit/Kit/StoreKit/SKStoreKitHelper.swift:152:9: error: cannot find 'SKDispatchHelper' in scope
150 | request.delegate = self
151 |
152 | SKDispatchHelper.dispatchOnMainQueue {
| `- error: cannot find 'SKDispatchHelper' in scope
153 | _SKStoreKitProductRequest.currentRequests.append(self)
154 | }
SwiftCompile normal arm64 /Users/admin/builder/spi-builder-workspace/Sources/SchafKit/Kit/Networking/SKNetworkingBlocks.swift (in target 'SchafKit' from project 'SchafKit')
cd /Users/admin/builder/spi-builder-workspace/.swiftpm/xcode
builtin-SwiftPerFileCompile SKNetworkingBlocks.swift
SwiftCompile normal arm64 /Users/admin/builder/spi-builder-workspace/Sources/SchafKit/Kit/Regular\ Expression/SKRegexMatch.swift (in target 'SchafKit' from project 'SchafKit')
cd /Users/admin/builder/spi-builder-workspace/.swiftpm/xcode
builtin-SwiftPerFileCompile SKRegexMatch.swift
SwiftCompile normal arm64 /Users/admin/builder/spi-builder-workspace/Sources/SchafKit/Kit/Regular\ Expression/String+OKRegexMatch.swift (in target 'SchafKit' from project 'SchafKit')
cd /Users/admin/builder/spi-builder-workspace/.swiftpm/xcode
builtin-SwiftPerFileCompile String+OKRegexMatch.swift
SwiftCompile normal arm64 /Users/admin/builder/spi-builder-workspace/Sources/SchafKit/Kit/SchafKit.swift (in target 'SchafKit' from project 'SchafKit')
cd /Users/admin/builder/spi-builder-workspace/.swiftpm/xcode
builtin-SwiftPerFileCompile SchafKit.swift
SwiftCompile normal arm64 /Users/admin/builder/spi-builder-workspace/Sources/SchafKit/Kit/StoreKit/SKStoreKitHelper.swift (in target 'SchafKit' from project 'SchafKit')
cd /Users/admin/builder/spi-builder-workspace/.swiftpm/xcode
builtin-SwiftPerFileCompile SKStoreKitHelper.swift
SwiftCompile normal arm64 /Users/admin/builder/spi-builder-workspace/Sources/SchafKit/Kit/SwiftUI/Components/AFText.swift (in target 'SchafKit' from project 'SchafKit')
cd /Users/admin/builder/spi-builder-workspace/.swiftpm/xcode
builtin-SwiftPerFileCompile AFText.swift
SwiftCompile normal arm64 /Users/admin/builder/spi-builder-workspace/Sources/SchafKit/Kit/SwiftUI/Components/AlignedText.swift (in target 'SchafKit' from project 'SchafKit')
cd /Users/admin/builder/spi-builder-workspace/.swiftpm/xcode
builtin-SwiftPerFileCompile AlignedText.swift
SwiftCompile normal arm64 /Users/admin/builder/spi-builder-workspace/Sources/SchafKit/Kit/SwiftUI/Components/Blur.swift (in target 'SchafKit' from project 'SchafKit')
cd /Users/admin/builder/spi-builder-workspace/.swiftpm/xcode
builtin-SwiftPerFileCompile Blur.swift
SwiftCompile normal arm64 /Users/admin/builder/spi-builder-workspace/Sources/SchafKit/Kit/SwiftUI/Components/EmojiTextFieldView.swift (in target 'SchafKit' from project 'SchafKit')
cd /Users/admin/builder/spi-builder-workspace/.swiftpm/xcode
builtin-SwiftPerFileCompile EmojiTextFieldView.swift
SwiftCompile normal arm64 /Users/admin/builder/spi-builder-workspace/Sources/SchafKit/Kit/SwiftUI/Components/FixedToggle.swift (in target 'SchafKit' from project 'SchafKit')
cd /Users/admin/builder/spi-builder-workspace/.swiftpm/xcode
builtin-SwiftPerFileCompile FixedToggle.swift
SwiftCompile normal arm64 Compiling\ SKAlerting-iOS+tvOS.swift,\ SKAlerting-macOS.swift,\ SKAlerting-watchOS.swift,\ _MultiInputView.swift,\ SKAlerting.Action.Block.swift,\ SKAlerting.Action.Style.swift,\ SKAlerting.Action.swift,\ SKAlerting.Style.swift,\ SKAlerting.TextFieldConfiguration.swift,\ SKAlerting.swift,\ Application.swift /Users/admin/builder/spi-builder-workspace/Sources/SchafKit/Kit/Alerting/Platforms/SKAlerting-iOS+tvOS.swift /Users/admin/builder/spi-builder-workspace/Sources/SchafKit/Kit/Alerting/Platforms/SKAlerting-macOS.swift /Users/admin/builder/spi-builder-workspace/Sources/SchafKit/Kit/Alerting/Platforms/SKAlerting-watchOS.swift /Users/admin/builder/spi-builder-workspace/Sources/SchafKit/Kit/Alerting/Platforms/_MultiInputView.swift /Users/admin/builder/spi-builder-workspace/Sources/SchafKit/Kit/Alerting/SKAlerting.Action.Block.swift /Users/admin/builder/spi-builder-workspace/Sources/SchafKit/Kit/Alerting/SKAlerting.Action.Style.swift /Users/admin/builder/spi-builder-workspace/Sources/SchafKit/Kit/Alerting/SKAlerting.Action.swift /Users/admin/builder/spi-builder-workspace/Sources/SchafKit/Kit/Alerting/SKAlerting.Style.swift /Users/admin/builder/spi-builder-workspace/Sources/SchafKit/Kit/Alerting/SKAlerting.TextFieldConfiguration.swift /Users/admin/builder/spi-builder-workspace/Sources/SchafKit/Kit/Alerting/SKAlerting.swift /Users/admin/builder/spi-builder-workspace/Sources/SchafKit/Kit/Cross\ Platform/Application.swift (in target 'SchafKit' from project 'SchafKit')
SwiftCompile normal arm64 /Users/admin/builder/spi-builder-workspace/Sources/SchafKit/Kit/Alerting/Platforms/SKAlerting-iOS+tvOS.swift (in target 'SchafKit' from project 'SchafKit')
cd /Users/admin/builder/spi-builder-workspace/.swiftpm/xcode
builtin-SwiftPerFileCompile SKAlerting-iOS+tvOS.swift
SwiftCompile normal arm64 /Users/admin/builder/spi-builder-workspace/Sources/SchafKit/Kit/Alerting/Platforms/SKAlerting-macOS.swift (in target 'SchafKit' from project 'SchafKit')
cd /Users/admin/builder/spi-builder-workspace/.swiftpm/xcode
builtin-SwiftPerFileCompile SKAlerting-macOS.swift
SwiftCompile normal arm64 /Users/admin/builder/spi-builder-workspace/Sources/SchafKit/Kit/Alerting/Platforms/SKAlerting-watchOS.swift (in target 'SchafKit' from project 'SchafKit')
cd /Users/admin/builder/spi-builder-workspace/.swiftpm/xcode
builtin-SwiftPerFileCompile SKAlerting-watchOS.swift
SwiftCompile normal arm64 /Users/admin/builder/spi-builder-workspace/Sources/SchafKit/Kit/Alerting/Platforms/_MultiInputView.swift (in target 'SchafKit' from project 'SchafKit')
cd /Users/admin/builder/spi-builder-workspace/.swiftpm/xcode
builtin-SwiftPerFileCompile _MultiInputView.swift
SwiftCompile normal arm64 /Users/admin/builder/spi-builder-workspace/Sources/SchafKit/Kit/Alerting/SKAlerting.Action.Block.swift (in target 'SchafKit' from project 'SchafKit')
cd /Users/admin/builder/spi-builder-workspace/.swiftpm/xcode
builtin-SwiftPerFileCompile SKAlerting.Action.Block.swift
SwiftCompile normal arm64 /Users/admin/builder/spi-builder-workspace/Sources/SchafKit/Kit/Alerting/SKAlerting.Action.Style.swift (in target 'SchafKit' from project 'SchafKit')
cd /Users/admin/builder/spi-builder-workspace/.swiftpm/xcode
builtin-SwiftPerFileCompile SKAlerting.Action.Style.swift
SwiftCompile normal arm64 /Users/admin/builder/spi-builder-workspace/Sources/SchafKit/Kit/Alerting/SKAlerting.Action.swift (in target 'SchafKit' from project 'SchafKit')
cd /Users/admin/builder/spi-builder-workspace/.swiftpm/xcode
builtin-SwiftPerFileCompile SKAlerting.Action.swift
SwiftCompile normal arm64 /Users/admin/builder/spi-builder-workspace/Sources/SchafKit/Kit/Alerting/SKAlerting.Style.swift (in target 'SchafKit' from project 'SchafKit')
cd /Users/admin/builder/spi-builder-workspace/.swiftpm/xcode
builtin-SwiftPerFileCompile SKAlerting.Style.swift
SwiftCompile normal arm64 /Users/admin/builder/spi-builder-workspace/Sources/SchafKit/Kit/Alerting/SKAlerting.TextFieldConfiguration.swift (in target 'SchafKit' from project 'SchafKit')
cd /Users/admin/builder/spi-builder-workspace/.swiftpm/xcode
builtin-SwiftPerFileCompile SKAlerting.TextFieldConfiguration.swift
SwiftCompile normal arm64 /Users/admin/builder/spi-builder-workspace/Sources/SchafKit/Kit/Alerting/SKAlerting.swift (in target 'SchafKit' from project 'SchafKit')
cd /Users/admin/builder/spi-builder-workspace/.swiftpm/xcode
builtin-SwiftPerFileCompile SKAlerting.swift
SwiftCompile normal arm64 /Users/admin/builder/spi-builder-workspace/Sources/SchafKit/Kit/Cross\ Platform/Application.swift (in target 'SchafKit' from project 'SchafKit')
cd /Users/admin/builder/spi-builder-workspace/.swiftpm/xcode
builtin-SwiftPerFileCompile Application.swift
SwiftCompile normal arm64 Compiling\ SKNetworking.Request.HeaderField.swift,\ SKNetworking.Request.Method.swift,\ SKNetworking.Request.Options.swift,\ SKNetworking.Request.swift,\ SKNetworking.Response.Status.swift,\ SKNetworking.Response.swift,\ SKNetworking.Result.swift,\ SKNetworking.Endpoint.swift,\ SKNetworking._Helper.swift,\ SKNetworking.swift /Users/admin/builder/spi-builder-workspace/Sources/SchafKit/Kit/Networking/Request/SKNetworking.Request.HeaderField.swift /Users/admin/builder/spi-builder-workspace/Sources/SchafKit/Kit/Networking/Request/SKNetworking.Request.Method.swift /Users/admin/builder/spi-builder-workspace/Sources/SchafKit/Kit/Networking/Request/SKNetworking.Request.Options.swift /Users/admin/builder/spi-builder-workspace/Sources/SchafKit/Kit/Networking/Request/SKNetworking.Request.swift /Users/admin/builder/spi-builder-workspace/Sources/SchafKit/Kit/Networking/Response/SKNetworking.Response.Status.swift /Users/admin/builder/spi-builder-workspace/Sources/SchafKit/Kit/Networking/Response/SKNetworking.Response.swift /Users/admin/builder/spi-builder-workspace/Sources/SchafKit/Kit/Networking/Result/SKNetworking.Result.swift /Users/admin/builder/spi-builder-workspace/Sources/SchafKit/Kit/Networking/SKNetworking.Endpoint.swift /Users/admin/builder/spi-builder-workspace/Sources/SchafKit/Kit/Networking/SKNetworking._Helper.swift /Users/admin/builder/spi-builder-workspace/Sources/SchafKit/Kit/Networking/SKNetworking.swift (in target 'SchafKit' from project 'SchafKit')
SwiftCompile normal arm64 /Users/admin/builder/spi-builder-workspace/Sources/SchafKit/Kit/Networking/Request/SKNetworking.Request.HeaderField.swift (in target 'SchafKit' from project 'SchafKit')
cd /Users/admin/builder/spi-builder-workspace/.swiftpm/xcode
builtin-SwiftPerFileCompile SKNetworking.Request.HeaderField.swift
SwiftCompile normal arm64 /Users/admin/builder/spi-builder-workspace/Sources/SchafKit/Kit/Networking/Request/SKNetworking.Request.Method.swift (in target 'SchafKit' from project 'SchafKit')
cd /Users/admin/builder/spi-builder-workspace/.swiftpm/xcode
builtin-SwiftPerFileCompile SKNetworking.Request.Method.swift
SwiftCompile normal arm64 /Users/admin/builder/spi-builder-workspace/Sources/SchafKit/Kit/Networking/Request/SKNetworking.Request.Options.swift (in target 'SchafKit' from project 'SchafKit')
cd /Users/admin/builder/spi-builder-workspace/.swiftpm/xcode
builtin-SwiftPerFileCompile SKNetworking.Request.Options.swift
SwiftCompile normal arm64 /Users/admin/builder/spi-builder-workspace/Sources/SchafKit/Kit/Networking/Request/SKNetworking.Request.swift (in target 'SchafKit' from project 'SchafKit')
cd /Users/admin/builder/spi-builder-workspace/.swiftpm/xcode
builtin-SwiftPerFileCompile SKNetworking.Request.swift
SwiftCompile normal arm64 /Users/admin/builder/spi-builder-workspace/Sources/SchafKit/Kit/Networking/Response/SKNetworking.Response.Status.swift (in target 'SchafKit' from project 'SchafKit')
cd /Users/admin/builder/spi-builder-workspace/.swiftpm/xcode
builtin-SwiftPerFileCompile SKNetworking.Response.Status.swift
SwiftCompile normal arm64 /Users/admin/builder/spi-builder-workspace/Sources/SchafKit/Kit/Networking/Response/SKNetworking.Response.swift (in target 'SchafKit' from project 'SchafKit')
cd /Users/admin/builder/spi-builder-workspace/.swiftpm/xcode
builtin-SwiftPerFileCompile SKNetworking.Response.swift
SwiftCompile normal arm64 /Users/admin/builder/spi-builder-workspace/Sources/SchafKit/Kit/Networking/Result/SKNetworking.Result.swift (in target 'SchafKit' from project 'SchafKit')
cd /Users/admin/builder/spi-builder-workspace/.swiftpm/xcode
builtin-SwiftPerFileCompile SKNetworking.Result.swift
SwiftCompile normal arm64 /Users/admin/builder/spi-builder-workspace/Sources/SchafKit/Kit/Networking/SKNetworking.Endpoint.swift (in target 'SchafKit' from project 'SchafKit')
cd /Users/admin/builder/spi-builder-workspace/.swiftpm/xcode
builtin-SwiftPerFileCompile SKNetworking.Endpoint.swift
SwiftCompile normal arm64 /Users/admin/builder/spi-builder-workspace/Sources/SchafKit/Kit/Networking/SKNetworking._Helper.swift (in target 'SchafKit' from project 'SchafKit')
cd /Users/admin/builder/spi-builder-workspace/.swiftpm/xcode
builtin-SwiftPerFileCompile SKNetworking._Helper.swift
SwiftCompile normal arm64 /Users/admin/builder/spi-builder-workspace/Sources/SchafKit/Kit/Networking/SKNetworking.swift (in target 'SchafKit' from project 'SchafKit')
cd /Users/admin/builder/spi-builder-workspace/.swiftpm/xcode
builtin-SwiftPerFileCompile SKNetworking.swift
SwiftCompile normal arm64 Compiling\ Screen.swift,\ Curve25519XSalsa20Poly1305BoxAlgorithm.swift,\ Ed25519Algorithm.swift,\ SKCryptography.swift,\ XSalsa20Poly1305SecretBoxAlgorithm.swift,\ SKDispatchHelper.swift,\ SKDirectory.swift,\ SKFile.swift,\ SKFileSystemItem.swift,\ SKKeychain.swift,\ SKNetworking.Request.Body.swift /Users/admin/builder/spi-builder-workspace/Sources/SchafKit/Kit/Cross\ Platform/Screen.swift /Users/admin/builder/spi-builder-workspace/Sources/SchafKit/Kit/Cryptography/Curve25519XSalsa20Poly1305BoxAlgorithm.swift /Users/admin/builder/spi-builder-workspace/Sources/SchafKit/Kit/Cryptography/Ed25519Algorithm.swift /Users/admin/builder/spi-builder-workspace/Sources/SchafKit/Kit/Cryptography/SKCryptography.swift /Users/admin/builder/spi-builder-workspace/Sources/SchafKit/Kit/Cryptography/XSalsa20Poly1305SecretBoxAlgorithm.swift /Users/admin/builder/spi-builder-workspace/Sources/SchafKit/Kit/Dispatch/SKDispatchHelper.swift /Users/admin/builder/spi-builder-workspace/Sources/SchafKit/Kit/FileSystem/SKDirectory.swift /Users/admin/builder/spi-builder-workspace/Sources/SchafKit/Kit/FileSystem/SKFile.swift /Users/admin/builder/spi-builder-workspace/Sources/SchafKit/Kit/FileSystem/SKFileSystemItem.swift /Users/admin/builder/spi-builder-workspace/Sources/SchafKit/Kit/Keychain/SKKeychain.swift /Users/admin/builder/spi-builder-workspace/Sources/SchafKit/Kit/Networking/Request/SKNetworking.Request.Body.swift (in target 'SchafKit' from project 'SchafKit')
/Users/admin/builder/spi-builder-workspace/Sources/SchafKit/Kit/Cross Platform/Screen.swift:15:9: error: 'UIScreen' is unavailable in visionOS
13 | public static var size: CGSize {
14 | #if canImport(UIKit)
15 | UIScreen.main.bounds.size
| `- error: 'UIScreen' is unavailable in visionOS
16 | #else
17 | (NSScreen.main ?? NSScreen.screens.first)?.frame.size ?? .zero
/Applications/Xcode-27.0.0-Release.Candidate.app/Contents/Developer/Platforms/XROS.platform/Developer/SDKs/XROS27.0.sdk/System/Library/Frameworks/UIKit.framework/Headers/UIScreen.h:54:12: note: 'UIScreen' has been explicitly marked unavailable here
52 |
53 | UIKIT_EXTERN API_AVAILABLE(ios(2.0)) API_UNAVAILABLE(visionos, watchos) NS_SWIFT_UI_ACTOR
54 | @interface UIScreen : NSObject <UITraitEnvironment>
| `- note: 'UIScreen' has been explicitly marked unavailable here
55 |
56 | @property(class, nonatomic, readonly) NSArray<UIScreen *> *screens API_DEPRECATED("Use UIApplication.shared.openSessions to find open sessions with scenes from other screens", ios(3.2, 16.0), visionos(1.0, 1.0)) API_UNAVAILABLE(watchos); // all screens currently attached to the device
SwiftCompile normal arm64 /Users/admin/builder/spi-builder-workspace/Sources/SchafKit/Kit/Cross\ Platform/Screen.swift (in target 'SchafKit' from project 'SchafKit')
cd /Users/admin/builder/spi-builder-workspace/.swiftpm/xcode
builtin-SwiftPerFileCompile Screen.swift
SwiftCompile normal arm64 /Users/admin/builder/spi-builder-workspace/Sources/SchafKit/Kit/Cryptography/Curve25519XSalsa20Poly1305BoxAlgorithm.swift (in target 'SchafKit' from project 'SchafKit')
cd /Users/admin/builder/spi-builder-workspace/.swiftpm/xcode
builtin-SwiftPerFileCompile Curve25519XSalsa20Poly1305BoxAlgorithm.swift
SwiftCompile normal arm64 /Users/admin/builder/spi-builder-workspace/Sources/SchafKit/Kit/Cryptography/Ed25519Algorithm.swift (in target 'SchafKit' from project 'SchafKit')
cd /Users/admin/builder/spi-builder-workspace/.swiftpm/xcode
builtin-SwiftPerFileCompile Ed25519Algorithm.swift
SwiftCompile normal arm64 /Users/admin/builder/spi-builder-workspace/Sources/SchafKit/Kit/Cryptography/SKCryptography.swift (in target 'SchafKit' from project 'SchafKit')
cd /Users/admin/builder/spi-builder-workspace/.swiftpm/xcode
builtin-SwiftPerFileCompile SKCryptography.swift
SwiftCompile normal arm64 /Users/admin/builder/spi-builder-workspace/Sources/SchafKit/Kit/Cryptography/XSalsa20Poly1305SecretBoxAlgorithm.swift (in target 'SchafKit' from project 'SchafKit')
cd /Users/admin/builder/spi-builder-workspace/.swiftpm/xcode
builtin-SwiftPerFileCompile XSalsa20Poly1305SecretBoxAlgorithm.swift
SwiftCompile normal arm64 /Users/admin/builder/spi-builder-workspace/Sources/SchafKit/Kit/Dispatch/SKDispatchHelper.swift (in target 'SchafKit' from project 'SchafKit')
cd /Users/admin/builder/spi-builder-workspace/.swiftpm/xcode
builtin-SwiftPerFileCompile SKDispatchHelper.swift
SwiftCompile normal arm64 /Users/admin/builder/spi-builder-workspace/Sources/SchafKit/Kit/FileSystem/SKDirectory.swift (in target 'SchafKit' from project 'SchafKit')
cd /Users/admin/builder/spi-builder-workspace/.swiftpm/xcode
builtin-SwiftPerFileCompile SKDirectory.swift
SwiftCompile normal arm64 /Users/admin/builder/spi-builder-workspace/Sources/SchafKit/Kit/FileSystem/SKFile.swift (in target 'SchafKit' from project 'SchafKit')
cd /Users/admin/builder/spi-builder-workspace/.swiftpm/xcode
builtin-SwiftPerFileCompile SKFile.swift
SwiftCompile normal arm64 /Users/admin/builder/spi-builder-workspace/Sources/SchafKit/Kit/FileSystem/SKFileSystemItem.swift (in target 'SchafKit' from project 'SchafKit')
cd /Users/admin/builder/spi-builder-workspace/.swiftpm/xcode
builtin-SwiftPerFileCompile SKFileSystemItem.swift
SwiftCompile normal arm64 /Users/admin/builder/spi-builder-workspace/Sources/SchafKit/Kit/Keychain/SKKeychain.swift (in target 'SchafKit' from project 'SchafKit')
cd /Users/admin/builder/spi-builder-workspace/.swiftpm/xcode
builtin-SwiftPerFileCompile SKKeychain.swift
SwiftCompile normal arm64 /Users/admin/builder/spi-builder-workspace/Sources/SchafKit/Kit/Networking/Request/SKNetworking.Request.Body.swift (in target 'SchafKit' from project 'SchafKit')
cd /Users/admin/builder/spi-builder-workspace/.swiftpm/xcode
builtin-SwiftPerFileCompile SKNetworking.Request.Body.swift
SwiftCompile normal arm64 Compiling\ PublishedSettingStorage.swift,\ SK8BitRGBARepresentation.swift,\ SKHSLARepresentation.swift,\ SKJsonRepresentable.swift,\ SKRGBARepresentation.swift,\ SKTimeUnit.swift,\ SKUnit.swift,\ Array.swift,\ Collection.swift,\ Dictionary.swift,\ Sequence.swift /Users/admin/builder/spi-builder-workspace/Sources/SchafKit/Common/PublishedSettingStorage.swift /Users/admin/builder/spi-builder-workspace/Sources/SchafKit/Common/Structs/SK8BitRGBARepresentation.swift /Users/admin/builder/spi-builder-workspace/Sources/SchafKit/Common/Structs/SKHSLARepresentation.swift /Users/admin/builder/spi-builder-workspace/Sources/SchafKit/Common/Structs/SKJsonRepresentable.swift /Users/admin/builder/spi-builder-workspace/Sources/SchafKit/Common/Structs/SKRGBARepresentation.swift /Users/admin/builder/spi-builder-workspace/Sources/SchafKit/Common/Units/SKTimeUnit.swift /Users/admin/builder/spi-builder-workspace/Sources/SchafKit/Common/Units/SKUnit.swift /Users/admin/builder/spi-builder-workspace/Sources/SchafKit/Extensions/Collections/Array.swift /Users/admin/builder/spi-builder-workspace/Sources/SchafKit/Extensions/Collections/Collection.swift /Users/admin/builder/spi-builder-workspace/Sources/SchafKit/Extensions/Collections/Dictionary.swift /Users/admin/builder/spi-builder-workspace/Sources/SchafKit/Extensions/Collections/Sequence.swift (in target 'SchafKit' from project 'SchafKit')
SwiftCompile normal arm64 /Users/admin/builder/spi-builder-workspace/Sources/SchafKit/Common/PublishedSettingStorage.swift (in target 'SchafKit' from project 'SchafKit')
cd /Users/admin/builder/spi-builder-workspace/.swiftpm/xcode
builtin-SwiftPerFileCompile PublishedSettingStorage.swift
SwiftCompile normal arm64 /Users/admin/builder/spi-builder-workspace/Sources/SchafKit/Common/Structs/SK8BitRGBARepresentation.swift (in target 'SchafKit' from project 'SchafKit')
cd /Users/admin/builder/spi-builder-workspace/.swiftpm/xcode
builtin-SwiftPerFileCompile SK8BitRGBARepresentation.swift
SwiftCompile normal arm64 /Users/admin/builder/spi-builder-workspace/Sources/SchafKit/Common/Structs/SKHSLARepresentation.swift (in target 'SchafKit' from project 'SchafKit')
cd /Users/admin/builder/spi-builder-workspace/.swiftpm/xcode
builtin-SwiftPerFileCompile SKHSLARepresentation.swift
SwiftCompile normal arm64 /Users/admin/builder/spi-builder-workspace/Sources/SchafKit/Common/Structs/SKJsonRepresentable.swift (in target 'SchafKit' from project 'SchafKit')
cd /Users/admin/builder/spi-builder-workspace/.swiftpm/xcode
builtin-SwiftPerFileCompile SKJsonRepresentable.swift
SwiftCompile normal arm64 /Users/admin/builder/spi-builder-workspace/Sources/SchafKit/Common/Structs/SKRGBARepresentation.swift (in target 'SchafKit' from project 'SchafKit')
cd /Users/admin/builder/spi-builder-workspace/.swiftpm/xcode
builtin-SwiftPerFileCompile SKRGBARepresentation.swift
SwiftCompile normal arm64 /Users/admin/builder/spi-builder-workspace/Sources/SchafKit/Common/Units/SKTimeUnit.swift (in target 'SchafKit' from project 'SchafKit')
cd /Users/admin/builder/spi-builder-workspace/.swiftpm/xcode
builtin-SwiftPerFileCompile SKTimeUnit.swift
SwiftCompile normal arm64 /Users/admin/builder/spi-builder-workspace/Sources/SchafKit/Common/Units/SKUnit.swift (in target 'SchafKit' from project 'SchafKit')
cd /Users/admin/builder/spi-builder-workspace/.swiftpm/xcode
builtin-SwiftPerFileCompile SKUnit.swift
SwiftCompile normal arm64 /Users/admin/builder/spi-builder-workspace/Sources/SchafKit/Extensions/Collections/Array.swift (in target 'SchafKit' from project 'SchafKit')
cd /Users/admin/builder/spi-builder-workspace/.swiftpm/xcode
builtin-SwiftPerFileCompile Array.swift
SwiftCompile normal arm64 /Users/admin/builder/spi-builder-workspace/Sources/SchafKit/Extensions/Collections/Collection.swift (in target 'SchafKit' from project 'SchafKit')
cd /Users/admin/builder/spi-builder-workspace/.swiftpm/xcode
builtin-SwiftPerFileCompile Collection.swift
SwiftCompile normal arm64 /Users/admin/builder/spi-builder-workspace/Sources/SchafKit/Extensions/Collections/Dictionary.swift (in target 'SchafKit' from project 'SchafKit')
cd /Users/admin/builder/spi-builder-workspace/.swiftpm/xcode
builtin-SwiftPerFileCompile Dictionary.swift
SwiftCompile normal arm64 /Users/admin/builder/spi-builder-workspace/Sources/SchafKit/Extensions/Collections/Sequence.swift (in target 'SchafKit' from project 'SchafKit')
cd /Users/admin/builder/spi-builder-workspace/.swiftpm/xcode
builtin-SwiftPerFileCompile Sequence.swift
SwiftCompile normal arm64 Compiling\ NSManagedObjectContext.swift,\ Bool.swift,\ CGPoint.swift,\ Character.swift,\ Data.swift,\ Date.swift,\ DateFormatter.swift,\ Double.swift,\ Hashable.swift,\ NSAttributedString.swift,\ NSMutableAttributedString.swift /Users/admin/builder/spi-builder-workspace/Sources/SchafKit/Extensions/CoreData/NSManagedObjectContext.swift /Users/admin/builder/spi-builder-workspace/Sources/SchafKit/Extensions/Generic/Bool.swift /Users/admin/builder/spi-builder-workspace/Sources/SchafKit/Extensions/Generic/CGPoint.swift /Users/admin/builder/spi-builder-workspace/Sources/SchafKit/Extensions/Generic/Character.swift /Users/admin/builder/spi-builder-workspace/Sources/SchafKit/Extensions/Generic/Data.swift /Users/admin/builder/spi-builder-workspace/Sources/SchafKit/Extensions/Generic/Date.swift /Users/admin/builder/spi-builder-workspace/Sources/SchafKit/Extensions/Generic/DateFormatter.swift /Users/admin/builder/spi-builder-workspace/Sources/SchafKit/Extensions/Generic/Double.swift /Users/admin/builder/spi-builder-workspace/Sources/SchafKit/Extensions/Generic/Hashable.swift /Users/admin/builder/spi-builder-workspace/Sources/SchafKit/Extensions/Generic/NSAttributedString.swift /Users/admin/builder/spi-builder-workspace/Sources/SchafKit/Extensions/Generic/NSMutableAttributedString.swift (in target 'SchafKit' from project 'SchafKit')
SwiftCompile normal arm64 /Users/admin/builder/spi-builder-workspace/Sources/SchafKit/Extensions/CoreData/NSManagedObjectContext.swift (in target 'SchafKit' from project 'SchafKit')
cd /Users/admin/builder/spi-builder-workspace/.swiftpm/xcode
builtin-SwiftPerFileCompile NSManagedObjectContext.swift
SwiftCompile normal arm64 /Users/admin/builder/spi-builder-workspace/Sources/SchafKit/Extensions/Generic/Bool.swift (in target 'SchafKit' from project 'SchafKit')
cd /Users/admin/builder/spi-builder-workspace/.swiftpm/xcode
builtin-SwiftPerFileCompile Bool.swift
SwiftCompile normal arm64 /Users/admin/builder/spi-builder-workspace/Sources/SchafKit/Extensions/Generic/CGPoint.swift (in target 'SchafKit' from project 'SchafKit')
cd /Users/admin/builder/spi-builder-workspace/.swiftpm/xcode
builtin-SwiftPerFileCompile CGPoint.swift
SwiftCompile normal arm64 /Users/admin/builder/spi-builder-workspace/Sources/SchafKit/Extensions/Generic/Character.swift (in target 'SchafKit' from project 'SchafKit')
cd /Users/admin/builder/spi-builder-workspace/.swiftpm/xcode
builtin-SwiftPerFileCompile Character.swift
SwiftCompile normal arm64 /Users/admin/builder/spi-builder-workspace/Sources/SchafKit/Extensions/Generic/Data.swift (in target 'SchafKit' from project 'SchafKit')
cd /Users/admin/builder/spi-builder-workspace/.swiftpm/xcode
builtin-SwiftPerFileCompile Data.swift
SwiftCompile normal arm64 /Users/admin/builder/spi-builder-workspace/Sources/SchafKit/Extensions/Generic/Date.swift (in target 'SchafKit' from project 'SchafKit')
cd /Users/admin/builder/spi-builder-workspace/.swiftpm/xcode
builtin-SwiftPerFileCompile Date.swift
SwiftCompile normal arm64 /Users/admin/builder/spi-builder-workspace/Sources/SchafKit/Extensions/Generic/DateFormatter.swift (in target 'SchafKit' from project 'SchafKit')
cd /Users/admin/builder/spi-builder-workspace/.swiftpm/xcode
builtin-SwiftPerFileCompile DateFormatter.swift
SwiftCompile normal arm64 /Users/admin/builder/spi-builder-workspace/Sources/SchafKit/Extensions/Generic/Double.swift (in target 'SchafKit' from project 'SchafKit')
cd /Users/admin/builder/spi-builder-workspace/.swiftpm/xcode
builtin-SwiftPerFileCompile Double.swift
SwiftCompile normal arm64 /Users/admin/builder/spi-builder-workspace/Sources/SchafKit/Extensions/Generic/Hashable.swift (in target 'SchafKit' from project 'SchafKit')
cd /Users/admin/builder/spi-builder-workspace/.swiftpm/xcode
builtin-SwiftPerFileCompile Hashable.swift
SwiftCompile normal arm64 /Users/admin/builder/spi-builder-workspace/Sources/SchafKit/Extensions/Generic/NSAttributedString.swift (in target 'SchafKit' from project 'SchafKit')
cd /Users/admin/builder/spi-builder-workspace/.swiftpm/xcode
builtin-SwiftPerFileCompile NSAttributedString.swift
SwiftCompile normal arm64 /Users/admin/builder/spi-builder-workspace/Sources/SchafKit/Extensions/Generic/NSMutableAttributedString.swift (in target 'SchafKit' from project 'SchafKit')
cd /Users/admin/builder/spi-builder-workspace/.swiftpm/xcode
builtin-SwiftPerFileCompile NSMutableAttributedString.swift
SwiftCompile normal arm64 Compiling\ BackgroundPublished.swift,\ Blocks.swift,\ CodableSettingStorage.swift,\ SKAxis.swift,\ SKOptionSet.swift,\ SKOptions.swift,\ OrderedDictionary.swift,\ EquatablePublished.swift,\ SettingStorage.swift,\ Publishable.swift,\ PublishedCodableSettingStorage.swift /Users/admin/builder/spi-builder-workspace/Sources/SchafKit/Common/BackgroundPublished.swift /Users/admin/builder/spi-builder-workspace/Sources/SchafKit/Common/Blocks.swift /Users/admin/builder/spi-builder-workspace/Sources/SchafKit/Common/CodableSettingStorage.swift /Users/admin/builder/spi-builder-workspace/Sources/SchafKit/Common/Enums/SKAxis.swift /Users/admin/builder/spi-builder-workspace/Sources/SchafKit/Common/Options/SKOptionSet.swift /Users/admin/builder/spi-builder-workspace/Sources/SchafKit/Common/Options/SKOptions.swift /Users/admin/builder/spi-builder-workspace/Sources/SchafKit/Common/OrderedDictionary.swift /Users/admin/builder/spi-builder-workspace/Sources/SchafKit/Common/PropertyWrappers/EquatablePublished.swift /Users/admin/builder/spi-builder-workspace/Sources/SchafKit/Common/PropertyWrappers/SettingStorage.swift /Users/admin/builder/spi-builder-workspace/Sources/SchafKit/Common/Publishable.swift /Users/admin/builder/spi-builder-workspace/Sources/SchafKit/Common/PublishedCodableSettingStorage.swift (in target 'SchafKit' from project 'SchafKit')
SwiftCompile normal arm64 /Users/admin/builder/spi-builder-workspace/Sources/SchafKit/Common/BackgroundPublished.swift (in target 'SchafKit' from project 'SchafKit')
cd /Users/admin/builder/spi-builder-workspace/.swiftpm/xcode
builtin-SwiftPerFileCompile BackgroundPublished.swift
SwiftCompile normal arm64 /Users/admin/builder/spi-builder-workspace/Sources/SchafKit/Common/Blocks.swift (in target 'SchafKit' from project 'SchafKit')
cd /Users/admin/builder/spi-builder-workspace/.swiftpm/xcode
builtin-SwiftPerFileCompile Blocks.swift
SwiftCompile normal arm64 /Users/admin/builder/spi-builder-workspace/Sources/SchafKit/Common/CodableSettingStorage.swift (in target 'SchafKit' from project 'SchafKit')
cd /Users/admin/builder/spi-builder-workspace/.swiftpm/xcode
builtin-SwiftPerFileCompile CodableSettingStorage.swift
SwiftCompile normal arm64 /Users/admin/builder/spi-builder-workspace/Sources/SchafKit/Common/Enums/SKAxis.swift (in target 'SchafKit' from project 'SchafKit')
cd /Users/admin/builder/spi-builder-workspace/.swiftpm/xcode
builtin-SwiftPerFileCompile SKAxis.swift
SwiftCompile normal arm64 /Users/admin/builder/spi-builder-workspace/Sources/SchafKit/Common/Options/SKOptionSet.swift (in target 'SchafKit' from project 'SchafKit')
cd /Users/admin/builder/spi-builder-workspace/.swiftpm/xcode
builtin-SwiftPerFileCompile SKOptionSet.swift
SwiftCompile normal arm64 /Users/admin/builder/spi-builder-workspace/Sources/SchafKit/Common/Options/SKOptions.swift (in target 'SchafKit' from project 'SchafKit')
cd /Users/admin/builder/spi-builder-workspace/.swiftpm/xcode
builtin-SwiftPerFileCompile SKOptions.swift
SwiftCompile normal arm64 /Users/admin/builder/spi-builder-workspace/Sources/SchafKit/Common/OrderedDictionary.swift (in target 'SchafKit' from project 'SchafKit')
cd /Users/admin/builder/spi-builder-workspace/.swiftpm/xcode
builtin-SwiftPerFileCompile OrderedDictionary.swift
SwiftCompile normal arm64 /Users/admin/builder/spi-builder-workspace/Sources/SchafKit/Common/PropertyWrappers/EquatablePublished.swift (in target 'SchafKit' from project 'SchafKit')
cd /Users/admin/builder/spi-builder-workspace/.swiftpm/xcode
builtin-SwiftPerFileCompile EquatablePublished.swift
SwiftCompile normal arm64 /Users/admin/builder/spi-builder-workspace/Sources/SchafKit/Common/PropertyWrappers/SettingStorage.swift (in target 'SchafKit' from project 'SchafKit')
cd /Users/admin/builder/spi-builder-workspace/.swiftpm/xcode
builtin-SwiftPerFileCompile SettingStorage.swift
SwiftCompile normal arm64 /Users/admin/builder/spi-builder-workspace/Sources/SchafKit/Common/Publishable.swift (in target 'SchafKit' from project 'SchafKit')
cd /Users/admin/builder/spi-builder-workspace/.swiftpm/xcode
builtin-SwiftPerFileCompile Publishable.swift
SwiftCompile normal arm64 /Users/admin/builder/spi-builder-workspace/Sources/SchafKit/Common/PublishedCodableSettingStorage.swift (in target 'SchafKit' from project 'SchafKit')
cd /Users/admin/builder/spi-builder-workspace/.swiftpm/xcode
builtin-SwiftPerFileCompile PublishedCodableSettingStorage.swift
PruneExplicitPrecompiledModules /Users/admin/builder/spi-builder-workspace/.derivedData/Build/Intermediates.noindex/SwiftExplicitPrecompiledModules
PruneExplicitPrecompiledModules /Users/admin/builder/spi-builder-workspace/.derivedData/SDKExplicitPrecompiledModules
PruneExplicitPrecompiledModules /Users/admin/builder/spi-builder-workspace/.derivedData/Build/Intermediates.noindex/ExplicitPrecompiledModules
2026-09-19 18:15:13.183 xcodebuild[623:3977] [MT] IDERunDestination: Supported platforms for the buildables in the current scheme is empty.
2026-09-19 18:15:13.286 xcodebuild[623:3977] [MT] IDERunDestination: Supported platforms for the buildables in the current scheme is empty.
** BUILD FAILED **
The following build commands failed:
SwiftCompile normal arm64 (in target 'SchafKit' from project 'SchafKit')
SwiftEmitModule normal arm64 Emitting\ module\ for\ SchafKit (in target 'SchafKit' from project 'SchafKit')
Building workspace SchafKit with scheme SchafKit
(3 failures)
Command line invocation:
/Applications/Xcode-27.0.0-Release.Candidate.app/Contents/Developer/usr/bin/xcodebuild -IDEClonedSourcePackagesDirPathOverride=/Users/admin/builder/spi-builder-workspace/.dependencies -resolvePackageDependencies
Resolve Package Graph
Resolved source packages:
SchafKit: /Users/admin/builder/spi-builder-workspace
resolved source packages: SchafKit
2026-09-19 18:15:21.492 xcodebuild[747:4609] [MT] IDERunDestination: Supported platforms for the buildables in the current scheme is empty.
2026-09-19 18:15:21.596 xcodebuild[747:4609] [MT] IDERunDestination: Supported platforms for the buildables in the current scheme is empty.
{
"dependencies" : [
],
"manifest_display_name" : "SchafKit",
"name" : "SchafKit",
"path" : "/Users/admin/builder/spi-builder-workspace",
"platforms" : [
{
"name" : "macos",
"version" : "10.15"
},
{
"name" : "ios",
"version" : "13.0"
},
{
"name" : "watchos",
"version" : "6.0"
},
{
"name" : "tvos",
"version" : "13.0"
}
],
"products" : [
{
"name" : "SchafKit",
"targets" : [
"SchafKit"
],
"type" : {
"library" : [
"automatic"
]
}
}
],
"targets" : [
{
"c99name" : "SchafKitTests",
"module_type" : "SwiftTarget",
"name" : "SchafKitTests",
"path" : "Tests/SchafKitTests",
"resources" : [
{
"path" : "/Users/admin/builder/spi-builder-workspace/Tests/SchafKitTests/Images",
"rule" : {
"copy" : {
}
}
}
],
"sources" : [
"Common/Options/JSOptionSet.swift",
"Common/Structs/JS8BitRGBARepresentation.swift",
"Common/Structs/JSJsonRepresentable.swift",
"Common/Structs/JSRGBARepresentation.swift",
"Common/Units/JSTimeUnit.swift",
"Common/Units/OKUnit.swift",
"Extensions/Collections/Array.swift",
"Extensions/Collections/Dictionary.swift",
"Extensions/Other/NSRegularExpression.swift",
"Extensions/Scalar/Character.swift",
"Extensions/Scalar/Double.swift",
"Extensions/Scalar/String.swift",
"Extensions/UIKit+AppKit/UIColor.swift",
"Extensions/UIKit+AppKit/UIImage.swift",
"Kit/Cryptography.swift",
"Kit/Keychain.swift",
"Kit/Network.swift",
"Kit/Regex.swift",
"Tests.swift"
],
"target_dependencies" : [
"SchafKit"
],
"type" : "test"
},
{
"c99name" : "SchafKit",
"module_type" : "SwiftTarget",
"name" : "SchafKit",
"path" : "Sources/SchafKit",
"product_memberships" : [
"SchafKit"
],
"sources" : [
"Common/BackgroundPublished.swift",
"Common/Blocks.swift",
"Common/CodableSettingStorage.swift",
"Common/Enums/SKAxis.swift",
"Common/Options/SKOptionSet.swift",
"Common/Options/SKOptions.swift",
"Common/OrderedDictionary.swift",
"Common/PropertyWrappers/EquatablePublished.swift",
"Common/PropertyWrappers/SettingStorage.swift",
"Common/Publishable.swift",
"Common/PublishedCodableSettingStorage.swift",
"Common/PublishedSettingStorage.swift",
"Common/Structs/SK8BitRGBARepresentation.swift",
"Common/Structs/SKHSLARepresentation.swift",
"Common/Structs/SKJsonRepresentable.swift",
"Common/Structs/SKRGBARepresentation.swift",
"Common/Units/SKTimeUnit.swift",
"Common/Units/SKUnit.swift",
"Extensions/Collections/Array.swift",
"Extensions/Collections/Collection.swift",
"Extensions/Collections/Dictionary.swift",
"Extensions/Collections/Sequence.swift",
"Extensions/CoreData/NSManagedObjectContext.swift",
"Extensions/Generic/Bool.swift",
"Extensions/Generic/CGPoint.swift",
"Extensions/Generic/Character.swift",
"Extensions/Generic/Data.swift",
"Extensions/Generic/Date.swift",
"Extensions/Generic/DateFormatter.swift",
"Extensions/Generic/Double.swift",
"Extensions/Generic/Hashable.swift",
"Extensions/Generic/NSAttributedString.swift",
"Extensions/Generic/NSMutableAttributedString.swift",
"Extensions/Generic/NSObject.swift",
"Extensions/Generic/String+Markdown.swift",
"Extensions/Generic/String.swift",
"Extensions/Generic/TimeInterval.swift",
"Extensions/Generic/Timer.swift",
"Extensions/Generic/URL.swift",
"Extensions/Other/CGImage.swift",
"Extensions/Other/Digest+Hex.swift",
"Extensions/Other/NSLayoutConstraint.swift",
"Extensions/Other/NSRegularExpression.swift",
"Extensions/Other/Optional.swift",
"Extensions/Other/Result.swift",
"Extensions/SwiftUI/Color+Components.swift",
"Extensions/SwiftUI/Color+UIColor.swift",
"Extensions/SwiftUI/Image+SFSymbols.swift",
"Extensions/SwiftUI/View+Erase.swift",
"Extensions/UIKit+AppKit/UIAlertController.swift",
"Extensions/UIKit+AppKit/UIColor.swift",
"Extensions/UIKit+AppKit/UIDevice.swift",
"Extensions/UIKit+AppKit/UIImage.swift",
"Extensions/UIKit+AppKit/UIView.swift",
"Extensions/UIKit+AppKit/UIViewController.swift",
"Kit/Alerting/Platforms/SKAlerting-iOS+tvOS.swift",
"Kit/Alerting/Platforms/SKAlerting-macOS.swift",
"Kit/Alerting/Platforms/SKAlerting-watchOS.swift",
"Kit/Alerting/Platforms/_MultiInputView.swift",
"Kit/Alerting/SKAlerting.Action.Block.swift",
"Kit/Alerting/SKAlerting.Action.Style.swift",
"Kit/Alerting/SKAlerting.Action.swift",
"Kit/Alerting/SKAlerting.Style.swift",
"Kit/Alerting/SKAlerting.TextFieldConfiguration.swift",
"Kit/Alerting/SKAlerting.swift",
"Kit/Cross Platform/Application.swift",
"Kit/Cross Platform/Screen.swift",
"Kit/Cryptography/Curve25519XSalsa20Poly1305BoxAlgorithm.swift",
"Kit/Cryptography/Ed25519Algorithm.swift",
"Kit/Cryptography/SKCryptography.swift",
"Kit/Cryptography/XSalsa20Poly1305SecretBoxAlgorithm.swift",
"Kit/Dispatch/SKDispatchHelper.swift",
"Kit/FileSystem/SKDirectory.swift",
"Kit/FileSystem/SKFile.swift",
"Kit/FileSystem/SKFileSystemItem.swift",
"Kit/Keychain/SKKeychain.swift",
"Kit/Networking/Request/SKNetworking.Request.Body.swift",
"Kit/Networking/Request/SKNetworking.Request.HeaderField.swift",
"Kit/Networking/Request/SKNetworking.Request.Method.swift",
"Kit/Networking/Request/SKNetworking.Request.Options.swift",
"Kit/Networking/Request/SKNetworking.Request.swift",
"Kit/Networking/Response/SKNetworking.Response.Status.swift",
"Kit/Networking/Response/SKNetworking.Response.swift",
"Kit/Networking/Result/SKNetworking.Result.swift",
"Kit/Networking/SKNetworking.Endpoint.swift",
"Kit/Networking/SKNetworking._Helper.swift",
"Kit/Networking/SKNetworking.swift",
"Kit/Networking/SKNetworkingBlocks.swift",
"Kit/Regular Expression/SKRegexMatch.swift",
"Kit/Regular Expression/String+OKRegexMatch.swift",
"Kit/SchafKit.swift",
"Kit/StoreKit/SKStoreKitHelper.swift",
"Kit/SwiftUI/Components/AFText.swift",
"Kit/SwiftUI/Components/AlignedText.swift",
"Kit/SwiftUI/Components/Blur.swift",
"Kit/SwiftUI/Components/EmojiTextFieldView.swift",
"Kit/SwiftUI/Components/FixedToggle.swift",
"Kit/SwiftUI/Components/LabeledView.swift",
"Kit/SwiftUI/Components/PresentationLink.swift",
"Kit/SwiftUI/Components/RoundedCorners.swift",
"Kit/SwiftUI/Components/SearchBar.swift",
"Kit/SwiftUI/Components/TimePicker.swift",
"Kit/SwiftUI/Helpers/AppearanceHandler.swift",
"Kit/SwiftUI/Helpers/KeyboardResponder.swift",
"Kit/SwiftUI/View.swift",
"Platform-Specific/iOS+tvOS/Classes/OKSubtileNotification.swift",
"Platform-Specific/iOS+tvOS/UIApplication.swift"
],
"type" : "library"
}
],
"tools_version" : "5.5"
}
{
"workspace" : {
"name" : "SchafKit",
"schemes" : [
"SchafKit"
]
}
}
2026-09-19 18:15:22.748 xcodebuild[755:4679] [MT] IDERunDestination: Supported platforms for the buildables in the current scheme is empty.
2026-09-19 18:15:22.853 xcodebuild[755:4679] [MT] IDERunDestination: Supported platforms for the buildables in the current scheme is empty.
Running build ...
env DEVELOPER_DIR=/Applications/Xcode-27.0.0-Release.Candidate.app xcrun xcodebuild -IDEClonedSourcePackagesDirPathOverride=$PWD/.dependencies -skipMacroValidation -skipPackagePluginValidation -derivedDataPath $PWD/.derivedData build -scheme SchafKit -destination generic/platform=xrOS
Command line invocation:
/Applications/Xcode-27.0.0-Release.Candidate.app/Contents/Developer/usr/bin/xcodebuild -IDEClonedSourcePackagesDirPathOverride=/Users/admin/builder/spi-builder-workspace/.dependencies -skipMacroValidation -skipPackagePluginValidation -derivedDataPath /Users/admin/builder/spi-builder-workspace/.derivedData build -scheme SchafKit -destination generic/platform=xrOS
Resolve Package Graph
Resolved source packages:
SchafKit: /Users/admin/builder/spi-builder-workspace
ComputePackagePrebuildTargetDependencyGraph
Prepare packages
CreateBuildRequest
SendProjectDescription
CreateBuildOperation
ComputeTargetDependencyGraph
note: Building targets in dependency order
note: Target dependency graph (4 targets)
Target 'SchafKitTests-product' in project 'SchafKit'
➜ Explicit dependency on target 'SchafKit_SchafKitTests' in project 'SchafKit'
➜ Explicit dependency on target 'SchafKit' in project 'SchafKit'
Target 'SchafKit_SchafKitTests' in project 'SchafKit' (no dependencies)
Target 'SchafKit-product' in project 'SchafKit'
➜ Explicit dependency on target 'SchafKit' in project 'SchafKit'
Target 'SchafKit' in project 'SchafKit' (no dependencies)
GatherProvisioningInputs
CreateBuildDescription
ClangStatCache /Applications/Xcode-27.0.0-Release.Candidate.app/Contents/Developer/Toolchains/XcodeDefault.xctoolchain/usr/bin/clang-stat-cache /Applications/Xcode-27.0.0-Release.Candidate.app/Contents/Developer/Platforms/XROS.platform/Developer/SDKs/XROS27.0.sdk /Users/admin/builder/spi-builder-workspace/.derivedData/SDKStatCaches.noindex/xros27.0-24M361-e829b21a6f8c9b70876ba0858053c044735bd543db762f57723cac368afd1ce4.sdkstatcache
cd /Users/admin/builder/spi-builder-workspace/.swiftpm/xcode
/Applications/Xcode-27.0.0-Release.Candidate.app/Contents/Developer/Toolchains/XcodeDefault.xctoolchain/usr/bin/clang-stat-cache /Applications/Xcode-27.0.0-Release.Candidate.app/Contents/Developer/Platforms/XROS.platform/Developer/SDKs/XROS27.0.sdk -o /Users/admin/builder/spi-builder-workspace/.derivedData/SDKStatCaches.noindex/xros27.0-24M361-e829b21a6f8c9b70876ba0858053c044735bd543db762f57723cac368afd1ce4.sdkstatcache
SwiftDriver SchafKit normal arm64 com.apple.xcode.tools.swift.compiler (in target 'SchafKit' from project 'SchafKit')
cd /Users/admin/builder/spi-builder-workspace/.swiftpm/xcode
builtin-SwiftDriver -- /Applications/Xcode-27.0.0-Release.Candidate.app/Contents/Developer/Toolchains/XcodeDefault.xctoolchain/usr/bin/swiftc -parse-as-library -module-name SchafKit -Onone @/Users/admin/builder/spi-builder-workspace/.derivedData/Build/Intermediates.noindex/SchafKit.build/Debug-xros/SchafKit-t.build/Objects-normal/arm64/SchafKit.SwiftFileList -DSWIFT_PACKAGE -DDEBUG -DSWIFT_MODULE_RESOURCE_BUNDLE_UNAVAILABLE -DXcode -plugin-path /Applications/Xcode-27.0.0-Release.Candidate.app/Contents/Developer/Toolchains/XcodeDefault.xctoolchain/usr/lib/swift/host/plugins/testing -enable-experimental-feature DebugDescriptionMacro -sdk /Applications/Xcode-27.0.0-Release.Candidate.app/Contents/Developer/Platforms/XROS.platform/Developer/SDKs/XROS27.0.sdk -target arm64-apple-xros1.0 -g -module-cache-path /Users/admin/builder/spi-builder-workspace/.derivedData/ModuleCache.noindex -Xfrontend -serialize-debugging-options -enable-testing -index-store-path /Users/admin/builder/spi-builder-workspace/.derivedData/Index.noindex/DataStore -Xcc -D_LIBCPP_HARDENING_MODE\=_LIBCPP_HARDENING_MODE_DEBUG -swift-version 5 -I /Users/admin/builder/spi-builder-workspace/.derivedData/Build/Products/Debug-xros -Isystem /Applications/Xcode-27.0.0-Release.Candidate.app/Contents/Developer/Platforms/XROS.platform/Developer/usr/lib -F /Users/admin/builder/spi-builder-workspace/.derivedData/Build/Products/Debug-xros -F /Applications/Xcode-27.0.0-Release.Candidate.app/Contents/Developer/Platforms/XROS.platform/Developer/Library/Frameworks -F /Applications/Xcode-27.0.0-Release.Candidate.app/Contents/Developer/Platforms/XROS.platform/Developer/SDKs/XROS27.0.sdk/Developer/Library/Frameworks -c -j10 -enable-batch-mode -incremental -Xcc -ivfsstatcache -Xcc /Users/admin/builder/spi-builder-workspace/.derivedData/SDKStatCaches.noindex/xros27.0-24M361-e829b21a6f8c9b70876ba0858053c044735bd543db762f57723cac368afd1ce4.sdkstatcache -output-file-map /Users/admin/builder/spi-builder-workspace/.derivedData/Build/Intermediates.noindex/SchafKit.build/Debug-xros/SchafKit-t.build/Objects-normal/arm64/SchafKit-OutputFileMap.json -save-temps -no-color-diagnostics -explicit-module-build -module-cache-path /Users/admin/builder/spi-builder-workspace/.derivedData/Build/Intermediates.noindex/SwiftExplicitPrecompiledModules -clang-scanner-module-cache-path /Users/admin/builder/spi-builder-workspace/.derivedData/ModuleCache.noindex -sdk-module-cache-path /Users/admin/builder/spi-builder-workspace/.derivedData/SDKExplicitPrecompiledModules -emit-dependencies -emit-module -emit-module-path /Users/admin/builder/spi-builder-workspace/.derivedData/Build/Intermediates.noindex/SchafKit.build/Debug-xros/SchafKit-t.build/Objects-normal/arm64/SchafKit.swiftmodule -serialize-diagnostics -dependency-scan-serialize-diagnostics-path /Users/admin/builder/spi-builder-workspace/.derivedData/Build/Intermediates.noindex/SchafKit.build/Debug-xros/SchafKit-t.build/Objects-normal/arm64/SchafKit-dependency-scan.dia -validate-clang-modules-once -clang-build-session-file /Users/admin/builder/spi-builder-workspace/.derivedData/ModuleCache.noindex/Session.modulevalidation -Xcc -fmodules-prune-interval\=86400 -Xcc -fmodules-prune-after\=345600 -emit-const-values -const-gather-protocols-list /Users/admin/builder/spi-builder-workspace/.derivedData/Build/Intermediates.noindex/SchafKit.build/Debug-xros/SchafKit-t.build/Objects-normal/arm64/SchafKit_const_extract_protocols.json -Xcc -I/Users/admin/builder/spi-builder-workspace/.derivedData/Build/Products/Debug-xros/include -Xcc -I/Users/admin/builder/spi-builder-workspace/.derivedData/Build/Intermediates.noindex/SchafKit.build/Debug-xros/SchafKit-t.build/DerivedSources-normal/arm64 -Xcc -I/Users/admin/builder/spi-builder-workspace/.derivedData/Build/Intermediates.noindex/SchafKit.build/Debug-xros/SchafKit-t.build/DerivedSources/arm64 -Xcc -I/Users/admin/builder/spi-builder-workspace/.derivedData/Build/Intermediates.noindex/SchafKit.build/Debug-xros/SchafKit-t.build/DerivedSources -Xcc -DSWIFT_PACKAGE -Xcc -DDEBUG\=1 -emit-objc-header -emit-objc-header-path /Users/admin/builder/spi-builder-workspace/.derivedData/Build/Intermediates.noindex/SchafKit.build/Debug-xros/SchafKit-t.build/Objects-normal/arm64/SchafKit-Swift.h -working-directory /Users/admin/builder/spi-builder-workspace/.swiftpm/xcode -experimental-emit-module-separately -disable-cmo
SwiftCompile normal arm64 Compiling\ NSManagedObjectContext.swift,\ Bool.swift,\ CGPoint.swift,\ Character.swift,\ Data.swift,\ Date.swift,\ DateFormatter.swift,\ Double.swift,\ Hashable.swift,\ NSAttributedString.swift,\ NSMutableAttributedString.swift /Users/admin/builder/spi-builder-workspace/Sources/SchafKit/Extensions/CoreData/NSManagedObjectContext.swift /Users/admin/builder/spi-builder-workspace/Sources/SchafKit/Extensions/Generic/Bool.swift /Users/admin/builder/spi-builder-workspace/Sources/SchafKit/Extensions/Generic/CGPoint.swift /Users/admin/builder/spi-builder-workspace/Sources/SchafKit/Extensions/Generic/Character.swift /Users/admin/builder/spi-builder-workspace/Sources/SchafKit/Extensions/Generic/Data.swift /Users/admin/builder/spi-builder-workspace/Sources/SchafKit/Extensions/Generic/Date.swift /Users/admin/builder/spi-builder-workspace/Sources/SchafKit/Extensions/Generic/DateFormatter.swift /Users/admin/builder/spi-builder-workspace/Sources/SchafKit/Extensions/Generic/Double.swift /Users/admin/builder/spi-builder-workspace/Sources/SchafKit/Extensions/Generic/Hashable.swift /Users/admin/builder/spi-builder-workspace/Sources/SchafKit/Extensions/Generic/NSAttributedString.swift /Users/admin/builder/spi-builder-workspace/Sources/SchafKit/Extensions/Generic/NSMutableAttributedString.swift (in target 'SchafKit' from project 'SchafKit')
SwiftCompile normal arm64 /Users/admin/builder/spi-builder-workspace/Sources/SchafKit/Extensions/CoreData/NSManagedObjectContext.swift (in target 'SchafKit' from project 'SchafKit')
cd /Users/admin/builder/spi-builder-workspace/.swiftpm/xcode
builtin-SwiftPerFileCompile NSManagedObjectContext.swift
SwiftCompile normal arm64 /Users/admin/builder/spi-builder-workspace/Sources/SchafKit/Extensions/Generic/Bool.swift (in target 'SchafKit' from project 'SchafKit')
cd /Users/admin/builder/spi-builder-workspace/.swiftpm/xcode
builtin-SwiftPerFileCompile Bool.swift
SwiftCompile normal arm64 /Users/admin/builder/spi-builder-workspace/Sources/SchafKit/Extensions/Generic/CGPoint.swift (in target 'SchafKit' from project 'SchafKit')
cd /Users/admin/builder/spi-builder-workspace/.swiftpm/xcode
builtin-SwiftPerFileCompile CGPoint.swift
SwiftCompile normal arm64 /Users/admin/builder/spi-builder-workspace/Sources/SchafKit/Extensions/Generic/Character.swift (in target 'SchafKit' from project 'SchafKit')
cd /Users/admin/builder/spi-builder-workspace/.swiftpm/xcode
builtin-SwiftPerFileCompile Character.swift
SwiftCompile normal arm64 /Users/admin/builder/spi-builder-workspace/Sources/SchafKit/Extensions/Generic/Data.swift (in target 'SchafKit' from project 'SchafKit')
cd /Users/admin/builder/spi-builder-workspace/.swiftpm/xcode
builtin-SwiftPerFileCompile Data.swift
SwiftCompile normal arm64 /Users/admin/builder/spi-builder-workspace/Sources/SchafKit/Extensions/Generic/Date.swift (in target 'SchafKit' from project 'SchafKit')
cd /Users/admin/builder/spi-builder-workspace/.swiftpm/xcode
builtin-SwiftPerFileCompile Date.swift
SwiftCompile normal arm64 /Users/admin/builder/spi-builder-workspace/Sources/SchafKit/Extensions/Generic/DateFormatter.swift (in target 'SchafKit' from project 'SchafKit')
cd /Users/admin/builder/spi-builder-workspace/.swiftpm/xcode
builtin-SwiftPerFileCompile DateFormatter.swift
SwiftCompile normal arm64 /Users/admin/builder/spi-builder-workspace/Sources/SchafKit/Extensions/Generic/Double.swift (in target 'SchafKit' from project 'SchafKit')
cd /Users/admin/builder/spi-builder-workspace/.swiftpm/xcode
builtin-SwiftPerFileCompile Double.swift
SwiftCompile normal arm64 /Users/admin/builder/spi-builder-workspace/Sources/SchafKit/Extensions/Generic/Hashable.swift (in target 'SchafKit' from project 'SchafKit')
cd /Users/admin/builder/spi-builder-workspace/.swiftpm/xcode
builtin-SwiftPerFileCompile Hashable.swift
SwiftCompile normal arm64 /Users/admin/builder/spi-builder-workspace/Sources/SchafKit/Extensions/Generic/NSAttributedString.swift (in target 'SchafKit' from project 'SchafKit')
cd /Users/admin/builder/spi-builder-workspace/.swiftpm/xcode
builtin-SwiftPerFileCompile NSAttributedString.swift
SwiftCompile normal arm64 /Users/admin/builder/spi-builder-workspace/Sources/SchafKit/Extensions/Generic/NSMutableAttributedString.swift (in target 'SchafKit' from project 'SchafKit')
cd /Users/admin/builder/spi-builder-workspace/.swiftpm/xcode
builtin-SwiftPerFileCompile NSMutableAttributedString.swift
SwiftCompile normal arm64 Compiling\ Result.swift,\ Color+Components.swift,\ Color+UIColor.swift,\ Image+SFSymbols.swift,\ View+Erase.swift,\ UIAlertController.swift,\ UIColor.swift,\ UIDevice.swift,\ UIImage.swift,\ UIView.swift,\ UIViewController.swift /Users/admin/builder/spi-builder-workspace/Sources/SchafKit/Extensions/Other/Result.swift /Users/admin/builder/spi-builder-workspace/Sources/SchafKit/Extensions/SwiftUI/Color+Components.swift /Users/admin/builder/spi-builder-workspace/Sources/SchafKit/Extensions/SwiftUI/Color+UIColor.swift /Users/admin/builder/spi-builder-workspace/Sources/SchafKit/Extensions/SwiftUI/Image+SFSymbols.swift /Users/admin/builder/spi-builder-workspace/Sources/SchafKit/Extensions/SwiftUI/View+Erase.swift /Users/admin/builder/spi-builder-workspace/Sources/SchafKit/Extensions/UIKit+AppKit/UIAlertController.swift /Users/admin/builder/spi-builder-workspace/Sources/SchafKit/Extensions/UIKit+AppKit/UIColor.swift /Users/admin/builder/spi-builder-workspace/Sources/SchafKit/Extensions/UIKit+AppKit/UIDevice.swift /Users/admin/builder/spi-builder-workspace/Sources/SchafKit/Extensions/UIKit+AppKit/UIImage.swift /Users/admin/builder/spi-builder-workspace/Sources/SchafKit/Extensions/UIKit+AppKit/UIView.swift /Users/admin/builder/spi-builder-workspace/Sources/SchafKit/Extensions/UIKit+AppKit/UIViewController.swift (in target 'SchafKit' from project 'SchafKit')
SwiftCompile normal arm64 /Users/admin/builder/spi-builder-workspace/Sources/SchafKit/Extensions/Other/Result.swift (in target 'SchafKit' from project 'SchafKit')
cd /Users/admin/builder/spi-builder-workspace/.swiftpm/xcode
builtin-SwiftPerFileCompile Result.swift
SwiftCompile normal arm64 /Users/admin/builder/spi-builder-workspace/Sources/SchafKit/Extensions/SwiftUI/Color+Components.swift (in target 'SchafKit' from project 'SchafKit')
cd /Users/admin/builder/spi-builder-workspace/.swiftpm/xcode
builtin-SwiftPerFileCompile Color+Components.swift
SwiftCompile normal arm64 /Users/admin/builder/spi-builder-workspace/Sources/SchafKit/Extensions/SwiftUI/Color+UIColor.swift (in target 'SchafKit' from project 'SchafKit')
cd /Users/admin/builder/spi-builder-workspace/.swiftpm/xcode
builtin-SwiftPerFileCompile Color+UIColor.swift
SwiftCompile normal arm64 /Users/admin/builder/spi-builder-workspace/Sources/SchafKit/Extensions/SwiftUI/Image+SFSymbols.swift (in target 'SchafKit' from project 'SchafKit')
cd /Users/admin/builder/spi-builder-workspace/.swiftpm/xcode
builtin-SwiftPerFileCompile Image+SFSymbols.swift
SwiftCompile normal arm64 /Users/admin/builder/spi-builder-workspace/Sources/SchafKit/Extensions/SwiftUI/View+Erase.swift (in target 'SchafKit' from project 'SchafKit')
cd /Users/admin/builder/spi-builder-workspace/.swiftpm/xcode
builtin-SwiftPerFileCompile View+Erase.swift
SwiftCompile normal arm64 /Users/admin/builder/spi-builder-workspace/Sources/SchafKit/Extensions/UIKit+AppKit/UIAlertController.swift (in target 'SchafKit' from project 'SchafKit')
cd /Users/admin/builder/spi-builder-workspace/.swiftpm/xcode
builtin-SwiftPerFileCompile UIAlertController.swift
SwiftCompile normal arm64 /Users/admin/builder/spi-builder-workspace/Sources/SchafKit/Extensions/UIKit+AppKit/UIColor.swift (in target 'SchafKit' from project 'SchafKit')
cd /Users/admin/builder/spi-builder-workspace/.swiftpm/xcode
builtin-SwiftPerFileCompile UIColor.swift
SwiftCompile normal arm64 /Users/admin/builder/spi-builder-workspace/Sources/SchafKit/Extensions/UIKit+AppKit/UIDevice.swift (in target 'SchafKit' from project 'SchafKit')
cd /Users/admin/builder/spi-builder-workspace/.swiftpm/xcode
builtin-SwiftPerFileCompile UIDevice.swift
SwiftCompile normal arm64 /Users/admin/builder/spi-builder-workspace/Sources/SchafKit/Extensions/UIKit+AppKit/UIImage.swift (in target 'SchafKit' from project 'SchafKit')
cd /Users/admin/builder/spi-builder-workspace/.swiftpm/xcode
builtin-SwiftPerFileCompile UIImage.swift
SwiftCompile normal arm64 /Users/admin/builder/spi-builder-workspace/Sources/SchafKit/Extensions/UIKit+AppKit/UIView.swift (in target 'SchafKit' from project 'SchafKit')
cd /Users/admin/builder/spi-builder-workspace/.swiftpm/xcode
builtin-SwiftPerFileCompile UIView.swift
SwiftCompile normal arm64 /Users/admin/builder/spi-builder-workspace/Sources/SchafKit/Extensions/UIKit+AppKit/UIViewController.swift (in target 'SchafKit' from project 'SchafKit')
cd /Users/admin/builder/spi-builder-workspace/.swiftpm/xcode
builtin-SwiftPerFileCompile UIViewController.swift
SwiftCompile normal arm64 Compiling\ BackgroundPublished.swift,\ Blocks.swift,\ CodableSettingStorage.swift,\ SKAxis.swift,\ SKOptionSet.swift,\ SKOptions.swift,\ OrderedDictionary.swift,\ EquatablePublished.swift,\ SettingStorage.swift,\ Publishable.swift,\ PublishedCodableSettingStorage.swift /Users/admin/builder/spi-builder-workspace/Sources/SchafKit/Common/BackgroundPublished.swift /Users/admin/builder/spi-builder-workspace/Sources/SchafKit/Common/Blocks.swift /Users/admin/builder/spi-builder-workspace/Sources/SchafKit/Common/CodableSettingStorage.swift /Users/admin/builder/spi-builder-workspace/Sources/SchafKit/Common/Enums/SKAxis.swift /Users/admin/builder/spi-builder-workspace/Sources/SchafKit/Common/Options/SKOptionSet.swift /Users/admin/builder/spi-builder-workspace/Sources/SchafKit/Common/Options/SKOptions.swift /Users/admin/builder/spi-builder-workspace/Sources/SchafKit/Common/OrderedDictionary.swift /Users/admin/builder/spi-builder-workspace/Sources/SchafKit/Common/PropertyWrappers/EquatablePublished.swift /Users/admin/builder/spi-builder-workspace/Sources/SchafKit/Common/PropertyWrappers/SettingStorage.swift /Users/admin/builder/spi-builder-workspace/Sources/SchafKit/Common/Publishable.swift /Users/admin/builder/spi-builder-workspace/Sources/SchafKit/Common/PublishedCodableSettingStorage.swift (in target 'SchafKit' from project 'SchafKit')
/Users/admin/builder/spi-builder-workspace/Sources/SchafKit/Common/BackgroundPublished.swift:78:13: error: cannot find 'SKDispatchHelper' in scope
76 | set {
77 | object[keyPath: storageKeyPath].value = newValue
78 | SKDispatchHelper.dispatchOnMainQueue(sync: false) {
| `- error: cannot find 'SKDispatchHelper' in scope
79 | (object.objectWillChange as! ObservableObjectPublisher).send()
80 | object[keyPath: storageKeyPath].objectWillChange?.send()
SwiftCompile normal arm64 /Users/admin/builder/spi-builder-workspace/Sources/SchafKit/Common/BackgroundPublished.swift (in target 'SchafKit' from project 'SchafKit')
cd /Users/admin/builder/spi-builder-workspace/.swiftpm/xcode
builtin-SwiftPerFileCompile BackgroundPublished.swift
SwiftCompile normal arm64 /Users/admin/builder/spi-builder-workspace/Sources/SchafKit/Common/Blocks.swift (in target 'SchafKit' from project 'SchafKit')
cd /Users/admin/builder/spi-builder-workspace/.swiftpm/xcode
builtin-SwiftPerFileCompile Blocks.swift
SwiftCompile normal arm64 /Users/admin/builder/spi-builder-workspace/Sources/SchafKit/Common/CodableSettingStorage.swift (in target 'SchafKit' from project 'SchafKit')
cd /Users/admin/builder/spi-builder-workspace/.swiftpm/xcode
builtin-SwiftPerFileCompile CodableSettingStorage.swift
SwiftCompile normal arm64 /Users/admin/builder/spi-builder-workspace/Sources/SchafKit/Common/Enums/SKAxis.swift (in target 'SchafKit' from project 'SchafKit')
cd /Users/admin/builder/spi-builder-workspace/.swiftpm/xcode
builtin-SwiftPerFileCompile SKAxis.swift
SwiftCompile normal arm64 /Users/admin/builder/spi-builder-workspace/Sources/SchafKit/Common/Options/SKOptionSet.swift (in target 'SchafKit' from project 'SchafKit')
cd /Users/admin/builder/spi-builder-workspace/.swiftpm/xcode
builtin-SwiftPerFileCompile SKOptionSet.swift
SwiftCompile normal arm64 /Users/admin/builder/spi-builder-workspace/Sources/SchafKit/Common/Options/SKOptions.swift (in target 'SchafKit' from project 'SchafKit')
cd /Users/admin/builder/spi-builder-workspace/.swiftpm/xcode
builtin-SwiftPerFileCompile SKOptions.swift
SwiftCompile normal arm64 /Users/admin/builder/spi-builder-workspace/Sources/SchafKit/Common/OrderedDictionary.swift (in target 'SchafKit' from project 'SchafKit')
cd /Users/admin/builder/spi-builder-workspace/.swiftpm/xcode
builtin-SwiftPerFileCompile OrderedDictionary.swift
SwiftCompile normal arm64 /Users/admin/builder/spi-builder-workspace/Sources/SchafKit/Common/PropertyWrappers/EquatablePublished.swift (in target 'SchafKit' from project 'SchafKit')
cd /Users/admin/builder/spi-builder-workspace/.swiftpm/xcode
builtin-SwiftPerFileCompile EquatablePublished.swift
SwiftCompile normal arm64 /Users/admin/builder/spi-builder-workspace/Sources/SchafKit/Common/PropertyWrappers/SettingStorage.swift (in target 'SchafKit' from project 'SchafKit')
cd /Users/admin/builder/spi-builder-workspace/.swiftpm/xcode
builtin-SwiftPerFileCompile SettingStorage.swift
SwiftCompile normal arm64 /Users/admin/builder/spi-builder-workspace/Sources/SchafKit/Common/Publishable.swift (in target 'SchafKit' from project 'SchafKit')
cd /Users/admin/builder/spi-builder-workspace/.swiftpm/xcode
builtin-SwiftPerFileCompile Publishable.swift
SwiftCompile normal arm64 /Users/admin/builder/spi-builder-workspace/Sources/SchafKit/Common/PublishedCodableSettingStorage.swift (in target 'SchafKit' from project 'SchafKit')
cd /Users/admin/builder/spi-builder-workspace/.swiftpm/xcode
builtin-SwiftPerFileCompile PublishedCodableSettingStorage.swift
SwiftCompile normal arm64 Compiling\ NSObject.swift,\ String+Markdown.swift,\ String.swift,\ TimeInterval.swift,\ Timer.swift,\ URL.swift,\ CGImage.swift,\ Digest+Hex.swift,\ NSLayoutConstraint.swift,\ NSRegularExpression.swift,\ Optional.swift /Users/admin/builder/spi-builder-workspace/Sources/SchafKit/Extensions/Generic/NSObject.swift /Users/admin/builder/spi-builder-workspace/Sources/SchafKit/Extensions/Generic/String+Markdown.swift /Users/admin/builder/spi-builder-workspace/Sources/SchafKit/Extensions/Generic/String.swift /Users/admin/builder/spi-builder-workspace/Sources/SchafKit/Extensions/Generic/TimeInterval.swift /Users/admin/builder/spi-builder-workspace/Sources/SchafKit/Extensions/Generic/Timer.swift /Users/admin/builder/spi-builder-workspace/Sources/SchafKit/Extensions/Generic/URL.swift /Users/admin/builder/spi-builder-workspace/Sources/SchafKit/Extensions/Other/CGImage.swift /Users/admin/builder/spi-builder-workspace/Sources/SchafKit/Extensions/Other/Digest+Hex.swift /Users/admin/builder/spi-builder-workspace/Sources/SchafKit/Extensions/Other/NSLayoutConstraint.swift /Users/admin/builder/spi-builder-workspace/Sources/SchafKit/Extensions/Other/NSRegularExpression.swift /Users/admin/builder/spi-builder-workspace/Sources/SchafKit/Extensions/Other/Optional.swift (in target 'SchafKit' from project 'SchafKit')
SwiftCompile normal arm64 /Users/admin/builder/spi-builder-workspace/Sources/SchafKit/Extensions/Generic/NSObject.swift (in target 'SchafKit' from project 'SchafKit')
cd /Users/admin/builder/spi-builder-workspace/.swiftpm/xcode
builtin-SwiftPerFileCompile NSObject.swift
SwiftCompile normal arm64 /Users/admin/builder/spi-builder-workspace/Sources/SchafKit/Extensions/Generic/String+Markdown.swift (in target 'SchafKit' from project 'SchafKit')
cd /Users/admin/builder/spi-builder-workspace/.swiftpm/xcode
builtin-SwiftPerFileCompile String+Markdown.swift
SwiftCompile normal arm64 /Users/admin/builder/spi-builder-workspace/Sources/SchafKit/Extensions/Generic/String.swift (in target 'SchafKit' from project 'SchafKit')
cd /Users/admin/builder/spi-builder-workspace/.swiftpm/xcode
builtin-SwiftPerFileCompile String.swift
SwiftCompile normal arm64 /Users/admin/builder/spi-builder-workspace/Sources/SchafKit/Extensions/Generic/TimeInterval.swift (in target 'SchafKit' from project 'SchafKit')
cd /Users/admin/builder/spi-builder-workspace/.swiftpm/xcode
builtin-SwiftPerFileCompile TimeInterval.swift
SwiftCompile normal arm64 /Users/admin/builder/spi-builder-workspace/Sources/SchafKit/Extensions/Generic/Timer.swift (in target 'SchafKit' from project 'SchafKit')
cd /Users/admin/builder/spi-builder-workspace/.swiftpm/xcode
builtin-SwiftPerFileCompile Timer.swift
SwiftCompile normal arm64 /Users/admin/builder/spi-builder-workspace/Sources/SchafKit/Extensions/Generic/URL.swift (in target 'SchafKit' from project 'SchafKit')
cd /Users/admin/builder/spi-builder-workspace/.swiftpm/xcode
builtin-SwiftPerFileCompile URL.swift
SwiftCompile normal arm64 /Users/admin/builder/spi-builder-workspace/Sources/SchafKit/Extensions/Other/CGImage.swift (in target 'SchafKit' from project 'SchafKit')
cd /Users/admin/builder/spi-builder-workspace/.swiftpm/xcode
builtin-SwiftPerFileCompile CGImage.swift
SwiftCompile normal arm64 /Users/admin/builder/spi-builder-workspace/Sources/SchafKit/Extensions/Other/Digest+Hex.swift (in target 'SchafKit' from project 'SchafKit')
cd /Users/admin/builder/spi-builder-workspace/.swiftpm/xcode
builtin-SwiftPerFileCompile Digest+Hex.swift
SwiftCompile normal arm64 /Users/admin/builder/spi-builder-workspace/Sources/SchafKit/Extensions/Other/NSLayoutConstraint.swift (in target 'SchafKit' from project 'SchafKit')
cd /Users/admin/builder/spi-builder-workspace/.swiftpm/xcode
builtin-SwiftPerFileCompile NSLayoutConstraint.swift
SwiftCompile normal arm64 /Users/admin/builder/spi-builder-workspace/Sources/SchafKit/Extensions/Other/NSRegularExpression.swift (in target 'SchafKit' from project 'SchafKit')
cd /Users/admin/builder/spi-builder-workspace/.swiftpm/xcode
builtin-SwiftPerFileCompile NSRegularExpression.swift
SwiftCompile normal arm64 /Users/admin/builder/spi-builder-workspace/Sources/SchafKit/Extensions/Other/Optional.swift (in target 'SchafKit' from project 'SchafKit')
cd /Users/admin/builder/spi-builder-workspace/.swiftpm/xcode
builtin-SwiftPerFileCompile Optional.swift
SwiftCompile normal arm64 Compiling\ LabeledView.swift,\ PresentationLink.swift,\ RoundedCorners.swift,\ SearchBar.swift,\ TimePicker.swift,\ AppearanceHandler.swift,\ KeyboardResponder.swift,\ View.swift,\ OKSubtileNotification.swift,\ UIApplication.swift /Users/admin/builder/spi-builder-workspace/Sources/SchafKit/Kit/SwiftUI/Components/LabeledView.swift /Users/admin/builder/spi-builder-workspace/Sources/SchafKit/Kit/SwiftUI/Components/PresentationLink.swift /Users/admin/builder/spi-builder-workspace/Sources/SchafKit/Kit/SwiftUI/Components/RoundedCorners.swift /Users/admin/builder/spi-builder-workspace/Sources/SchafKit/Kit/SwiftUI/Components/SearchBar.swift /Users/admin/builder/spi-builder-workspace/Sources/SchafKit/Kit/SwiftUI/Components/TimePicker.swift /Users/admin/builder/spi-builder-workspace/Sources/SchafKit/Kit/SwiftUI/Helpers/AppearanceHandler.swift /Users/admin/builder/spi-builder-workspace/Sources/SchafKit/Kit/SwiftUI/Helpers/KeyboardResponder.swift /Users/admin/builder/spi-builder-workspace/Sources/SchafKit/Kit/SwiftUI/View.swift /Users/admin/builder/spi-builder-workspace/Sources/SchafKit/Platform-Specific/iOS+tvOS/Classes/OKSubtileNotification.swift /Users/admin/builder/spi-builder-workspace/Sources/SchafKit/Platform-Specific/iOS+tvOS/UIApplication.swift (in target 'SchafKit' from project 'SchafKit')
SwiftCompile normal arm64 /Users/admin/builder/spi-builder-workspace/Sources/SchafKit/Kit/SwiftUI/Components/LabeledView.swift (in target 'SchafKit' from project 'SchafKit')
cd /Users/admin/builder/spi-builder-workspace/.swiftpm/xcode
builtin-SwiftPerFileCompile LabeledView.swift
SwiftCompile normal arm64 /Users/admin/builder/spi-builder-workspace/Sources/SchafKit/Kit/SwiftUI/Components/PresentationLink.swift (in target 'SchafKit' from project 'SchafKit')
cd /Users/admin/builder/spi-builder-workspace/.swiftpm/xcode
builtin-SwiftPerFileCompile PresentationLink.swift
SwiftCompile normal arm64 /Users/admin/builder/spi-builder-workspace/Sources/SchafKit/Kit/SwiftUI/Components/RoundedCorners.swift (in target 'SchafKit' from project 'SchafKit')
cd /Users/admin/builder/spi-builder-workspace/.swiftpm/xcode
builtin-SwiftPerFileCompile RoundedCorners.swift
SwiftCompile normal arm64 /Users/admin/builder/spi-builder-workspace/Sources/SchafKit/Kit/SwiftUI/Components/SearchBar.swift (in target 'SchafKit' from project 'SchafKit')
cd /Users/admin/builder/spi-builder-workspace/.swiftpm/xcode
builtin-SwiftPerFileCompile SearchBar.swift
SwiftCompile normal arm64 /Users/admin/builder/spi-builder-workspace/Sources/SchafKit/Kit/SwiftUI/Components/TimePicker.swift (in target 'SchafKit' from project 'SchafKit')
cd /Users/admin/builder/spi-builder-workspace/.swiftpm/xcode
builtin-SwiftPerFileCompile TimePicker.swift
SwiftCompile normal arm64 /Users/admin/builder/spi-builder-workspace/Sources/SchafKit/Kit/SwiftUI/Helpers/AppearanceHandler.swift (in target 'SchafKit' from project 'SchafKit')
cd /Users/admin/builder/spi-builder-workspace/.swiftpm/xcode
builtin-SwiftPerFileCompile AppearanceHandler.swift
SwiftCompile normal arm64 /Users/admin/builder/spi-builder-workspace/Sources/SchafKit/Kit/SwiftUI/Helpers/KeyboardResponder.swift (in target 'SchafKit' from project 'SchafKit')
cd /Users/admin/builder/spi-builder-workspace/.swiftpm/xcode
builtin-SwiftPerFileCompile KeyboardResponder.swift
SwiftCompile normal arm64 /Users/admin/builder/spi-builder-workspace/Sources/SchafKit/Kit/SwiftUI/View.swift (in target 'SchafKit' from project 'SchafKit')
cd /Users/admin/builder/spi-builder-workspace/.swiftpm/xcode
builtin-SwiftPerFileCompile View.swift
SwiftCompile normal arm64 /Users/admin/builder/spi-builder-workspace/Sources/SchafKit/Platform-Specific/iOS+tvOS/Classes/OKSubtileNotification.swift (in target 'SchafKit' from project 'SchafKit')
cd /Users/admin/builder/spi-builder-workspace/.swiftpm/xcode
builtin-SwiftPerFileCompile OKSubtileNotification.swift
SwiftCompile normal arm64 /Users/admin/builder/spi-builder-workspace/Sources/SchafKit/Platform-Specific/iOS+tvOS/UIApplication.swift (in target 'SchafKit' from project 'SchafKit')
cd /Users/admin/builder/spi-builder-workspace/.swiftpm/xcode
builtin-SwiftPerFileCompile UIApplication.swift
SwiftCompile normal arm64 Compiling\ SKNetworkingBlocks.swift,\ SKRegexMatch.swift,\ String+OKRegexMatch.swift,\ SchafKit.swift,\ SKStoreKitHelper.swift,\ AFText.swift,\ AlignedText.swift,\ Blur.swift,\ EmojiTextFieldView.swift,\ FixedToggle.swift /Users/admin/builder/spi-builder-workspace/Sources/SchafKit/Kit/Networking/SKNetworkingBlocks.swift /Users/admin/builder/spi-builder-workspace/Sources/SchafKit/Kit/Regular\ Expression/SKRegexMatch.swift /Users/admin/builder/spi-builder-workspace/Sources/SchafKit/Kit/Regular\ Expression/String+OKRegexMatch.swift /Users/admin/builder/spi-builder-workspace/Sources/SchafKit/Kit/SchafKit.swift /Users/admin/builder/spi-builder-workspace/Sources/SchafKit/Kit/StoreKit/SKStoreKitHelper.swift /Users/admin/builder/spi-builder-workspace/Sources/SchafKit/Kit/SwiftUI/Components/AFText.swift /Users/admin/builder/spi-builder-workspace/Sources/SchafKit/Kit/SwiftUI/Components/AlignedText.swift /Users/admin/builder/spi-builder-workspace/Sources/SchafKit/Kit/SwiftUI/Components/Blur.swift /Users/admin/builder/spi-builder-workspace/Sources/SchafKit/Kit/SwiftUI/Components/EmojiTextFieldView.swift /Users/admin/builder/spi-builder-workspace/Sources/SchafKit/Kit/SwiftUI/Components/FixedToggle.swift (in target 'SchafKit' from project 'SchafKit')
/Users/admin/builder/spi-builder-workspace/Sources/SchafKit/Kit/StoreKit/SKStoreKitHelper.swift:152:9: error: cannot find 'SKDispatchHelper' in scope
150 | request.delegate = self
151 |
152 | SKDispatchHelper.dispatchOnMainQueue {
| `- error: cannot find 'SKDispatchHelper' in scope
153 | _SKStoreKitProductRequest.currentRequests.append(self)
154 | }
SwiftCompile normal arm64 /Users/admin/builder/spi-builder-workspace/Sources/SchafKit/Kit/Networking/SKNetworkingBlocks.swift (in target 'SchafKit' from project 'SchafKit')
cd /Users/admin/builder/spi-builder-workspace/.swiftpm/xcode
builtin-SwiftPerFileCompile SKNetworkingBlocks.swift
SwiftCompile normal arm64 /Users/admin/builder/spi-builder-workspace/Sources/SchafKit/Kit/Regular\ Expression/SKRegexMatch.swift (in target 'SchafKit' from project 'SchafKit')
cd /Users/admin/builder/spi-builder-workspace/.swiftpm/xcode
builtin-SwiftPerFileCompile SKRegexMatch.swift
SwiftCompile normal arm64 /Users/admin/builder/spi-builder-workspace/Sources/SchafKit/Kit/Regular\ Expression/String+OKRegexMatch.swift (in target 'SchafKit' from project 'SchafKit')
cd /Users/admin/builder/spi-builder-workspace/.swiftpm/xcode
builtin-SwiftPerFileCompile String+OKRegexMatch.swift
SwiftCompile normal arm64 /Users/admin/builder/spi-builder-workspace/Sources/SchafKit/Kit/SchafKit.swift (in target 'SchafKit' from project 'SchafKit')
cd /Users/admin/builder/spi-builder-workspace/.swiftpm/xcode
builtin-SwiftPerFileCompile SchafKit.swift
SwiftCompile normal arm64 /Users/admin/builder/spi-builder-workspace/Sources/SchafKit/Kit/StoreKit/SKStoreKitHelper.swift (in target 'SchafKit' from project 'SchafKit')
cd /Users/admin/builder/spi-builder-workspace/.swiftpm/xcode
builtin-SwiftPerFileCompile SKStoreKitHelper.swift
SwiftCompile normal arm64 /Users/admin/builder/spi-builder-workspace/Sources/SchafKit/Kit/SwiftUI/Components/AFText.swift (in target 'SchafKit' from project 'SchafKit')
cd /Users/admin/builder/spi-builder-workspace/.swiftpm/xcode
builtin-SwiftPerFileCompile AFText.swift
SwiftCompile normal arm64 /Users/admin/builder/spi-builder-workspace/Sources/SchafKit/Kit/SwiftUI/Components/AlignedText.swift (in target 'SchafKit' from project 'SchafKit')
cd /Users/admin/builder/spi-builder-workspace/.swiftpm/xcode
builtin-SwiftPerFileCompile AlignedText.swift
SwiftCompile normal arm64 /Users/admin/builder/spi-builder-workspace/Sources/SchafKit/Kit/SwiftUI/Components/Blur.swift (in target 'SchafKit' from project 'SchafKit')
cd /Users/admin/builder/spi-builder-workspace/.swiftpm/xcode
builtin-SwiftPerFileCompile Blur.swift
SwiftCompile normal arm64 /Users/admin/builder/spi-builder-workspace/Sources/SchafKit/Kit/SwiftUI/Components/EmojiTextFieldView.swift (in target 'SchafKit' from project 'SchafKit')
cd /Users/admin/builder/spi-builder-workspace/.swiftpm/xcode
builtin-SwiftPerFileCompile EmojiTextFieldView.swift
SwiftCompile normal arm64 /Users/admin/builder/spi-builder-workspace/Sources/SchafKit/Kit/SwiftUI/Components/FixedToggle.swift (in target 'SchafKit' from project 'SchafKit')
cd /Users/admin/builder/spi-builder-workspace/.swiftpm/xcode
builtin-SwiftPerFileCompile FixedToggle.swift
SwiftEmitModule normal arm64 Emitting\ module\ for\ SchafKit (in target 'SchafKit' from project 'SchafKit')
/Users/admin/builder/spi-builder-workspace/Sources/SchafKit/Extensions/Generic/String.swift:292:1: warning: extension declares a conformance of imported type 'String' to imported protocol 'Identifiable'; this will not behave correctly if the owners of 'Swift' introduce this conformance in the future
290 | // - MARK: Identifiable
291 |
292 | extension String: Identifiable {
| |- warning: extension declares a conformance of imported type 'String' to imported protocol 'Identifiable'; this will not behave correctly if the owners of 'Swift' introduce this conformance in the future
| `- note: add '@retroactive' to silence this warning
293 | public var id: String {
294 | return self
/Users/admin/builder/spi-builder-workspace/Sources/SchafKit/Extensions/Other/Optional.swift:3:1: warning: extension declares a conformance of imported type 'Optional' to imported protocol 'Identifiable'; this will not behave correctly if the owners of 'Swift' introduce this conformance in the future
1 | import Foundation
2 |
3 | extension Optional: Identifiable where Wrapped: Identifiable {
| |- warning: extension declares a conformance of imported type 'Optional' to imported protocol 'Identifiable'; this will not behave correctly if the owners of 'Swift' introduce this conformance in the future
| `- note: add '@retroactive' to silence this warning
4 | public var id: some Hashable {
5 | return self?.id
/Users/admin/builder/spi-builder-workspace/Sources/SchafKit/Extensions/UIKit+AppKit/UIImage.swift:251:18: error: cannot find type 'UIImage' in scope
249 | #endif
250 |
251 | public extension UIImage {
| `- error: cannot find type 'UIImage' in scope
252 |
253 | /// Crops the insets of transparency around the image.
Failed frontend command:
/Applications/Xcode-27.0.0-Release.Candidate.app/Contents/Developer/Toolchains/XcodeDefault.xctoolchain/usr/bin/swift-frontend -frontend -emit-module -experimental-skip-non-inlinable-function-bodies-without-types /Users/admin/builder/spi-builder-workspace/Sources/SchafKit/Common/BackgroundPublished.swift /Users/admin/builder/spi-builder-workspace/Sources/SchafKit/Common/Blocks.swift /Users/admin/builder/spi-builder-workspace/Sources/SchafKit/Common/CodableSettingStorage.swift /Users/admin/builder/spi-builder-workspace/Sources/SchafKit/Common/Enums/SKAxis.swift /Users/admin/builder/spi-builder-workspace/Sources/SchafKit/Common/Options/SKOptionSet.swift /Users/admin/builder/spi-builder-workspace/Sources/SchafKit/Common/Options/SKOptions.swift /Users/admin/builder/spi-builder-workspace/Sources/SchafKit/Common/OrderedDictionary.swift /Users/admin/builder/spi-builder-workspace/Sources/SchafKit/Common/PropertyWrappers/EquatablePublished.swift /Users/admin/builder/spi-builder-workspace/Sources/SchafKit/Common/PropertyWrappers/SettingStorage.swift /Users/admin/builder/spi-builder-workspace/Sources/SchafKit/Common/Publishable.swift /Users/admin/builder/spi-builder-workspace/Sources/SchafKit/Common/PublishedCodableSettingStorage.swift /Users/admin/builder/spi-builder-workspace/Sources/SchafKit/Common/PublishedSettingStorage.swift /Users/admin/builder/spi-builder-workspace/Sources/SchafKit/Common/Structs/SK8BitRGBARepresentation.swift /Users/admin/builder/spi-builder-workspace/Sources/SchafKit/Common/Structs/SKHSLARepresentation.swift /Users/admin/builder/spi-builder-workspace/Sources/SchafKit/Common/Structs/SKJsonRepresentable.swift /Users/admin/builder/spi-builder-workspace/Sources/SchafKit/Common/Structs/SKRGBARepresentation.swift /Users/admin/builder/spi-builder-workspace/Sources/SchafKit/Common/Units/SKTimeUnit.swift /Users/admin/builder/spi-builder-workspace/Sources/SchafKit/Common/Units/SKUnit.swift /Users/admin/builder/spi-builder-workspace/Sources/SchafKit/Extensions/Collections/Array.swift /Users/admin/builder/spi-builder-workspace/Sources/SchafKit/Extensions/Collections/Collection.swift /Users/admin/builder/spi-builder-workspace/Sources/SchafKit/Extensions/Collections/Dictionary.swift /Users/admin/builder/spi-builder-workspace/Sources/SchafKit/Extensions/Collections/Sequence.swift /Users/admin/builder/spi-builder-workspace/Sources/SchafKit/Extensions/CoreData/NSManagedObjectContext.swift /Users/admin/builder/spi-builder-workspace/Sources/SchafKit/Extensions/Generic/Bool.swift /Users/admin/builder/spi-builder-workspace/Sources/SchafKit/Extensions/Generic/CGPoint.swift /Users/admin/builder/spi-builder-workspace/Sources/SchafKit/Extensions/Generic/Character.swift /Users/admin/builder/spi-builder-workspace/Sources/SchafKit/Extensions/Generic/Data.swift /Users/admin/builder/spi-builder-workspace/Sources/SchafKit/Extensions/Generic/Date.swift /Users/admin/builder/spi-builder-workspace/Sources/SchafKit/Extensions/Generic/DateFormatter.swift /Users/admin/builder/spi-builder-workspace/Sources/SchafKit/Extensions/Generic/Double.swift /Users/admin/builder/spi-builder-workspace/Sources/SchafKit/Extensions/Generic/Hashable.swift /Users/admin/builder/spi-builder-workspace/Sources/SchafKit/Extensions/Generic/NSAttributedString.swift /Users/admin/builder/spi-builder-workspace/Sources/SchafKit/Extensions/Generic/NSMutableAttributedString.swift /Users/admin/builder/spi-builder-workspace/Sources/SchafKit/Extensions/Generic/NSObject.swift /Users/admin/builder/spi-builder-workspace/Sources/SchafKit/Extensions/Generic/String+Markdown.swift /Users/admin/builder/spi-builder-workspace/Sources/SchafKit/Extensions/Generic/String.swift /Users/admin/builder/spi-builder-workspace/Sources/SchafKit/Extensions/Generic/TimeInterval.swift /Users/admin/builder/spi-builder-workspace/Sources/SchafKit/Extensions/Generic/Timer.swift /Users/admin/builder/spi-builder-workspace/Sources/SchafKit/Extensions/Generic/URL.swift /Users/admin/builder/spi-builder-workspace/Sources/SchafKit/Extensions/Other/CGImage.swift /Users/admin/builder/spi-builder-workspace/Sources/SchafKit/Extensions/Other/Digest+Hex.swift /Users/admin/builder/spi-builder-workspace/Sources/SchafKit/Extensions/Other/NSLayoutConstraint.swift /Users/admin/builder/spi-builder-workspace/Sources/SchafKit/Extensions/Other/NSRegularExpression.swift /Users/admin/builder/spi-builder-workspace/Sources/SchafKit/Extensions/Other/Optional.swift /Users/admin/builder/spi-builder-workspace/Sources/SchafKit/Extensions/Other/Result.swift /Users/admin/builder/spi-builder-workspace/Sources/SchafKit/Extensions/SwiftUI/Color+Components.swift /Users/admin/builder/spi-builder-workspace/Sources/SchafKit/Extensions/SwiftUI/Color+UIColor.swift /Users/admin/builder/spi-builder-workspace/Sources/SchafKit/Extensions/SwiftUI/Image+SFSymbols.swift /Users/admin/builder/spi-builder-workspace/Sources/SchafKit/Extensions/SwiftUI/View+Erase.swift /Users/admin/builder/spi-builder-workspace/Sources/SchafKit/Extensions/UIKit+AppKit/UIAlertController.swift /Users/admin/builder/spi-builder-workspace/Sources/SchafKit/Extensions/UIKit+AppKit/UIColor.swift /Users/admin/builder/spi-builder-workspace/Sources/SchafKit/Extensions/UIKit+AppKit/UIDevice.swift /Users/admin/builder/spi-builder-workspace/Sources/SchafKit/Extensions/UIKit+AppKit/UIImage.swift /Users/admin/builder/spi-builder-workspace/Sources/SchafKit/Extensions/UIKit+AppKit/UIView.swift /Users/admin/builder/spi-builder-workspace/Sources/SchafKit/Extensions/UIKit+AppKit/UIViewController.swift /Users/admin/builder/spi-builder-workspace/Sources/SchafKit/Kit/Alerting/Platforms/SKAlerting-iOS+tvOS.swift /Users/admin/builder/spi-builder-workspace/Sources/SchafKit/Kit/Alerting/Platforms/SKAlerting-macOS.swift /Users/admin/builder/spi-builder-workspace/Sources/SchafKit/Kit/Alerting/Platforms/SKAlerting-watchOS.swift /Users/admin/builder/spi-builder-workspace/Sources/SchafKit/Kit/Alerting/Platforms/_MultiInputView.swift /Users/admin/builder/spi-builder-workspace/Sources/SchafKit/Kit/Alerting/SKAlerting.Action.Block.swift /Users/admin/builder/spi-builder-workspace/Sources/SchafKit/Kit/Alerting/SKAlerting.Action.Style.swift /Users/admin/builder/spi-builder-workspace/Sources/SchafKit/Kit/Alerting/SKAlerting.Action.swift /Users/admin/builder/spi-builder-workspace/Sources/SchafKit/Kit/Alerting/SKAlerting.Style.swift /Users/admin/builder/spi-builder-workspace/Sources/SchafKit/Kit/Alerting/SKAlerting.TextFieldConfiguration.swift /Users/admin/builder/spi-builder-workspace/Sources/SchafKit/Kit/Alerting/SKAlerting.swift /Users/admin/builder/spi-builder-workspace/Sources/SchafKit/Kit/Cross\ Platform/Application.swift /Users/admin/builder/spi-builder-workspace/Sources/SchafKit/Kit/Cross\ Platform/Screen.swift /Users/admin/builder/spi-builder-workspace/Sources/SchafKit/Kit/Cryptography/Curve25519XSalsa20Poly1305BoxAlgorithm.swift /Users/admin/builder/spi-builder-workspace/Sources/SchafKit/Kit/Cryptography/Ed25519Algorithm.swift /Users/admin/builder/spi-builder-workspace/Sources/SchafKit/Kit/Cryptography/SKCryptography.swift /Users/admin/builder/spi-builder-workspace/Sources/SchafKit/Kit/Cryptography/XSalsa20Poly1305SecretBoxAlgorithm.swift /Users/admin/builder/spi-builder-workspace/Sources/SchafKit/Kit/Dispatch/SKDispatchHelper.swift /Users/admin/builder/spi-builder-workspace/Sources/SchafKit/Kit/FileSystem/SKDirectory.swift /Users/admin/builder/spi-builder-workspace/Sources/SchafKit/Kit/FileSystem/SKFile.swift /Users/admin/builder/spi-builder-workspace/Sources/SchafKit/Kit/FileSystem/SKFileSystemItem.swift /Users/admin/builder/spi-builder-workspace/Sources/SchafKit/Kit/Keychain/SKKeychain.swift /Users/admin/builder/spi-builder-workspace/Sources/SchafKit/Kit/Networking/Request/SKNetworking.Request.Body.swift /Users/admin/builder/spi-builder-workspace/Sources/SchafKit/Kit/Networking/Request/SKNetworking.Request.HeaderField.swift /Users/admin/builder/spi-builder-workspace/Sources/SchafKit/Kit/Networking/Request/SKNetworking.Request.Method.swift /Users/admin/builder/spi-builder-workspace/Sources/SchafKit/Kit/Networking/Request/SKNetworking.Request.Options.swift /Users/admin/builder/spi-builder-workspace/Sources/SchafKit/Kit/Networking/Request/SKNetworking.Request.swift /Users/admin/builder/spi-builder-workspace/Sources/SchafKit/Kit/Networking/Response/SKNetworking.Response.Status.swift /Users/admin/builder/spi-builder-workspace/Sources/SchafKit/Kit/Networking/Response/SKNetworking.Response.swift /Users/admin/builder/spi-builder-workspace/Sources/SchafKit/Kit/Networking/Result/SKNetworking.Result.swift /Users/admin/builder/spi-builder-workspace/Sources/SchafKit/Kit/Networking/SKNetworking.Endpoint.swift /Users/admin/builder/spi-builder-workspace/Sources/SchafKit/Kit/Networking/SKNetworking._Helper.swift /Users/admin/builder/spi-builder-workspace/Sources/SchafKit/Kit/Networking/SKNetworking.swift /Users/admin/builder/spi-builder-workspace/Sources/SchafKit/Kit/Networking/SKNetworkingBlocks.swift /Users/admin/builder/spi-builder-workspace/Sources/SchafKit/Kit/Regular\ Expression/SKRegexMatch.swift /Users/admin/builder/spi-builder-workspace/Sources/SchafKit/Kit/Regular\ Expression/String+OKRegexMatch.swift /Users/admin/builder/spi-builder-workspace/Sources/SchafKit/Kit/SchafKit.swift /Users/admin/builder/spi-builder-workspace/Sources/SchafKit/Kit/StoreKit/SKStoreKitHelper.swift /Users/admin/builder/spi-builder-workspace/Sources/SchafKit/Kit/SwiftUI/Components/AFText.swift /Users/admin/builder/spi-builder-workspace/Sources/SchafKit/Kit/SwiftUI/Components/AlignedText.swift /Users/admin/builder/spi-builder-workspace/Sources/SchafKit/Kit/SwiftUI/Components/Blur.swift /Users/admin/builder/spi-builder-workspace/Sources/SchafKit/Kit/SwiftUI/Components/EmojiTextFieldView.swift /Users/admin/builder/spi-builder-workspace/Sources/SchafKit/Kit/SwiftUI/Components/FixedToggle.swift /Users/admin/builder/spi-builder-workspace/Sources/SchafKit/Kit/SwiftUI/Components/LabeledView.swift /Users/admin/builder/spi-builder-workspace/Sources/SchafKit/Kit/SwiftUI/Components/PresentationLink.swift /Users/admin/builder/spi-builder-workspace/Sources/SchafKit/Kit/SwiftUI/Components/RoundedCorners.swift /Users/admin/builder/spi-builder-workspace/Sources/SchafKit/Kit/SwiftUI/Components/SearchBar.swift /Users/admin/builder/spi-builder-workspace/Sources/SchafKit/Kit/SwiftUI/Components/TimePicker.swift /Users/admin/builder/spi-builder-workspace/Sources/SchafKit/Kit/SwiftUI/Helpers/AppearanceHandler.swift /Users/admin/builder/spi-builder-workspace/Sources/SchafKit/Kit/SwiftUI/Helpers/KeyboardResponder.swift /Users/admin/builder/spi-builder-workspace/Sources/SchafKit/Kit/SwiftUI/View.swift /Users/admin/builder/spi-builder-workspace/Sources/SchafKit/Platform-Specific/iOS+tvOS/Classes/OKSubtileNotification.swift /Users/admin/builder/spi-builder-workspace/Sources/SchafKit/Platform-Specific/iOS+tvOS/UIApplication.swift -target arm64-apple-xros1.0 -module-can-import-version Combine 3023 0 -module-can-import-version CoreData 1629.1 1629.1.0 -module-can-import-version CryptoKit 383.7.1 0 -module-can-import-version StoreKit 816.0.47.5 1.0.0 -module-can-import-version UIKit 9127.0.84.1 9127.0.84 -disable-cross-import-overlay-search -swift-module-cross-import CoreData /Applications/Xcode-27.0.0-Release.Candidate.app/Contents/Developer/Platforms/XROS.platform/Developer/SDKs/XROS.sdk/System/Library/Frameworks/CoreData.framework/Modules/CoreData.swiftcrossimport/CloudKit.swiftoverlay -swift-module-cross-import CoreData /Applications/Xcode-27.0.0-Release.Candidate.app/Contents/Developer/Platforms/XROS.platform/Developer/SDKs/XROS27.0.sdk/System/Library/Frameworks/CoreData.framework/Modules/CoreData.swiftcrossimport/CloudKit.swiftoverlay -swift-module-cross-import StoreKit /Applications/Xcode-27.0.0-Release.Candidate.app/Contents/Developer/Platforms/XROS.platform/Developer/SDKs/XROS.sdk/System/Library/Frameworks/StoreKit.framework/Modules/StoreKit.swiftcrossimport/SwiftUI.swiftoverlay -swift-module-cross-import StoreKit /Applications/Xcode-27.0.0-Release.Candidate.app/Contents/Developer/Platforms/XROS.platform/Developer/SDKs/XROS27.0.sdk/System/Library/Frameworks/StoreKit.framework/Modules/StoreKit.swiftcrossimport/SwiftUI.swiftoverlay -load-resolved-plugin /Applications/Xcode-27.0.0-Release.Candidate.app/Contents/Developer/Platforms/XROS.platform/Developer/usr/lib/swift/host/plugins/libFoundationMacros.dylib\#/Applications/Xcode-27.0.0-Release.Candidate.app/Contents/Developer/Platforms/XROS.platform/Developer/usr/bin/swift-plugin-server\#FoundationMacros -load-resolved-plugin /Applications/Xcode-27.0.0-Release.Candidate.app/Contents/Developer/Platforms/XROS.platform/Developer/usr/lib/swift/host/plugins/libObservationMacros.dylib\#/Applications/Xcode-27.0.0-Release.Candidate.app/Contents/Developer/Platforms/XROS.platform/Developer/usr/bin/swift-plugin-server\#ObservationMacros -load-resolved-plugin /Applications/Xcode-27.0.0-Release.Candidate.app/Contents/Developer/Platforms/XROS.platform/Developer/usr/lib/swift/host/plugins/libPreviewsMacros.dylib\#/Applications/Xcode-27.0.0-Release.Candidate.app/Contents/Developer/Platforms/XROS.platform/Developer/usr/bin/swift-plugin-server\#PreviewsMacros -load-resolved-plugin /Applications/Xcode-27.0.0-Release.Candidate.app/Contents/Developer/Platforms/XROS.platform/Developer/usr/lib/swift/host/plugins/libSwiftMacros.dylib\#/Applications/Xcode-27.0.0-Release.Candidate.app/Contents/Developer/Platforms/XROS.platform/Developer/usr/bin/swift-plugin-server\#SwiftMacros -load-resolved-plugin /Applications/Xcode-27.0.0-Release.Candidate.app/Contents/Developer/Platforms/XROS.platform/Developer/usr/lib/swift/host/plugins/libSwiftUIMacros.dylib\#/Applications/Xcode-27.0.0-Release.Candidate.app/Contents/Developer/Platforms/XROS.platform/Developer/usr/bin/swift-plugin-server\#SwiftUIMacros -disable-implicit-swift-modules -Xcc -fno-implicit-modules -Xcc -fno-implicit-module-maps -explicit-swift-module-map-file /Users/admin/builder/spi-builder-workspace/.derivedData/Build/Intermediates.noindex/SchafKit.build/Debug-xros/SchafKit-t.build/Objects-normal/arm64/SchafKit-dependencies-1.json -Xllvm -aarch64-use-tbi -enable-objc-interop -stack-check -sdk /Applications/Xcode-27.0.0-Release.Candidate.app/Contents/Developer/Platforms/XROS.platform/Developer/SDKs/XROS27.0.sdk -I /Users/admin/builder/spi-builder-workspace/.derivedData/Build/Products/Debug-xros -Isystem /Applications/Xcode-27.0.0-Release.Candidate.app/Contents/Developer/Platforms/XROS.platform/Developer/usr/lib -F /Users/admin/builder/spi-builder-workspace/.derivedData/Build/Products/Debug-xros -F /Applications/Xcode-27.0.0-Release.Candidate.app/Contents/Developer/Platforms/XROS.platform/Developer/Library/Frameworks -F /Applications/Xcode-27.0.0-Release.Candidate.app/Contents/Developer/Platforms/XROS.platform/Developer/SDKs/XROS27.0.sdk/Developer/Library/Frameworks -module-cache-path /Users/admin/builder/spi-builder-workspace/.derivedData/Build/Intermediates.noindex/SwiftExplicitPrecompiledModules -no-color-diagnostics -Xcc -fno-color-diagnostics -enable-testing -g -debug-info-format\=dwarf -dwarf-version\=4 -swift-version 5 -Onone -D SWIFT_PACKAGE -D DEBUG -D SWIFT_MODULE_RESOURCE_BUNDLE_UNAVAILABLE -D Xcode -serialize-debugging-options -enable-experimental-feature DebugDescriptionMacro -empty-abi-descriptor -validate-clang-modules-once -clang-build-session-file /Users/admin/builder/spi-builder-workspace/.derivedData/ModuleCache.noindex/Session.modulevalidation -Xcc -working-directory -Xcc /Users/admin/builder/spi-builder-workspace/.swiftpm/xcode -enable-anonymous-context-mangled-names -file-compilation-dir /Users/admin/builder/spi-builder-workspace/.swiftpm/xcode -Xcc -D_LIBCPP_HARDENING_MODE\=_LIBCPP_HARDENING_MODE_DEBUG -Xcc -ivfsstatcache -Xcc /Users/admin/builder/spi-builder-workspace/.derivedData/SDKStatCaches.noindex/xros27.0-24M361-e829b21a6f8c9b70876ba0858053c044735bd543db762f57723cac368afd1ce4.sdkstatcache -Xcc -fmodules-prune-interval\=86400 -Xcc -fmodules-prune-after\=345600 -Xcc -I/Users/admin/builder/spi-builder-workspace/.derivedData/Build/Products/Debug-xros/include -Xcc -I/Users/admin/builder/spi-builder-workspace/.derivedData/Build/Intermediates.noindex/SchafKit.build/Debug-xros/SchafKit-t.build/DerivedSources-normal/arm64 -Xcc -I/Users/admin/builder/spi-builder-workspace/.derivedData/Build/Intermediates.noindex/SchafKit.build/Debug-xros/SchafKit-t.build/DerivedSources/arm64 -Xcc -I/Users/admin/builder/spi-builder-workspace/.derivedData/Build/Intermediates.noindex/SchafKit.build/Debug-xros/SchafKit-t.build/DerivedSources -Xcc -DSWIFT_PACKAGE -Xcc -DDEBUG\=1 -no-auto-bridging-header-chaining -module-name SchafKit -const-gather-protocols-file /Users/admin/builder/spi-builder-workspace/.derivedData/Build/Intermediates.noindex/SchafKit.build/Debug-xros/SchafKit-t.build/Objects-normal/arm64/SchafKit_const_extract_protocols.json -disable-clang-spi -clang-target arm64-apple-xros27.0 -target-sdk-version 27.0 -target-sdk-name xros27.0 -in-process-plugin-server-path /Applications/Xcode-27.0.0-Release.Candidate.app/Contents/Developer/Toolchains/XcodeDefault.xctoolchain/usr/lib/swift/host/libSwiftInProcPluginServer.dylib -emit-module-doc-path /Users/admin/builder/spi-builder-workspace/.derivedData/Build/Intermediates.noindex/SchafKit.build/Debug-xros/SchafKit-t.build/Objects-normal/arm64/SchafKit.swiftdoc -emit-module-source-info-path /Users/admin/builder/spi-builder-workspace/.derivedData/Build/Intermediates.noindex/SchafKit.build/Debug-xros/SchafKit-t.build/Objects-normal/arm64/SchafKit.swiftsourceinfo -emit-objc-header-path /Users/admin/builder/spi-builder-workspace/.derivedData/Build/Intermediates.noindex/SchafKit.build/Debug-xros/SchafKit-t.build/Objects-normal/arm64/SchafKit-Swift.h -serialize-diagnostics-path /Users/admin/builder/spi-builder-workspace/.derivedData/Build/Intermediates.noindex/SchafKit.build/Debug-xros/SchafKit-t.build/Objects-normal/arm64/SchafKit-primary-emit-module.dia -emit-dependencies-path /Users/admin/builder/spi-builder-workspace/.derivedData/Build/Intermediates.noindex/SchafKit.build/Debug-xros/SchafKit-t.build/Objects-normal/arm64/SchafKit-primary-emit-module.d -parse-as-library -o /Users/admin/builder/spi-builder-workspace/.derivedData/Build/Intermediates.noindex/SchafKit.build/Debug-xros/SchafKit-t.build/Objects-normal/arm64/SchafKit.swiftmodule -emit-abi-descriptor-path /Users/admin/builder/spi-builder-workspace/.derivedData/Build/Intermediates.noindex/SchafKit.build/Debug-xros/SchafKit-t.build/Objects-normal/arm64/SchafKit.abi.json
SwiftCompile normal arm64 (in target 'SchafKit' from project 'SchafKit')
cd /Users/admin/builder/spi-builder-workspace/.swiftpm/xcode
SwiftCompile normal arm64 Compiling\ SKAlerting-iOS+tvOS.swift,\ SKAlerting-macOS.swift,\ SKAlerting-watchOS.swift,\ _MultiInputView.swift,\ SKAlerting.Action.Block.swift,\ SKAlerting.Action.Style.swift,\ SKAlerting.Action.swift,\ SKAlerting.Style.swift,\ SKAlerting.TextFieldConfiguration.swift,\ SKAlerting.swift,\ Application.swift /Users/admin/builder/spi-builder-workspace/Sources/SchafKit/Kit/Alerting/Platforms/SKAlerting-iOS+tvOS.swift /Users/admin/builder/spi-builder-workspace/Sources/SchafKit/Kit/Alerting/Platforms/SKAlerting-macOS.swift /Users/admin/builder/spi-builder-workspace/Sources/SchafKit/Kit/Alerting/Platforms/SKAlerting-watchOS.swift /Users/admin/builder/spi-builder-workspace/Sources/SchafKit/Kit/Alerting/Platforms/_MultiInputView.swift /Users/admin/builder/spi-builder-workspace/Sources/SchafKit/Kit/Alerting/SKAlerting.Action.Block.swift /Users/admin/builder/spi-builder-workspace/Sources/SchafKit/Kit/Alerting/SKAlerting.Action.Style.swift /Users/admin/builder/spi-builder-workspace/Sources/SchafKit/Kit/Alerting/SKAlerting.Action.swift /Users/admin/builder/spi-builder-workspace/Sources/SchafKit/Kit/Alerting/SKAlerting.Style.swift /Users/admin/builder/spi-builder-workspace/Sources/SchafKit/Kit/Alerting/SKAlerting.TextFieldConfiguration.swift /Users/admin/builder/spi-builder-workspace/Sources/SchafKit/Kit/Alerting/SKAlerting.swift /Users/admin/builder/spi-builder-workspace/Sources/SchafKit/Kit/Cross\ Platform/Application.swift (in target 'SchafKit' from project 'SchafKit')
SwiftCompile normal arm64 /Users/admin/builder/spi-builder-workspace/Sources/SchafKit/Kit/Alerting/Platforms/SKAlerting-iOS+tvOS.swift (in target 'SchafKit' from project 'SchafKit')
cd /Users/admin/builder/spi-builder-workspace/.swiftpm/xcode
builtin-SwiftPerFileCompile SKAlerting-iOS+tvOS.swift
SwiftCompile normal arm64 /Users/admin/builder/spi-builder-workspace/Sources/SchafKit/Kit/Alerting/Platforms/SKAlerting-macOS.swift (in target 'SchafKit' from project 'SchafKit')
cd /Users/admin/builder/spi-builder-workspace/.swiftpm/xcode
builtin-SwiftPerFileCompile SKAlerting-macOS.swift
SwiftCompile normal arm64 /Users/admin/builder/spi-builder-workspace/Sources/SchafKit/Kit/Alerting/Platforms/SKAlerting-watchOS.swift (in target 'SchafKit' from project 'SchafKit')
cd /Users/admin/builder/spi-builder-workspace/.swiftpm/xcode
builtin-SwiftPerFileCompile SKAlerting-watchOS.swift
SwiftCompile normal arm64 /Users/admin/builder/spi-builder-workspace/Sources/SchafKit/Kit/Alerting/Platforms/_MultiInputView.swift (in target 'SchafKit' from project 'SchafKit')
cd /Users/admin/builder/spi-builder-workspace/.swiftpm/xcode
builtin-SwiftPerFileCompile _MultiInputView.swift
SwiftCompile normal arm64 /Users/admin/builder/spi-builder-workspace/Sources/SchafKit/Kit/Alerting/SKAlerting.Action.Block.swift (in target 'SchafKit' from project 'SchafKit')
cd /Users/admin/builder/spi-builder-workspace/.swiftpm/xcode
builtin-SwiftPerFileCompile SKAlerting.Action.Block.swift
SwiftCompile normal arm64 /Users/admin/builder/spi-builder-workspace/Sources/SchafKit/Kit/Alerting/SKAlerting.Action.Style.swift (in target 'SchafKit' from project 'SchafKit')
cd /Users/admin/builder/spi-builder-workspace/.swiftpm/xcode
builtin-SwiftPerFileCompile SKAlerting.Action.Style.swift
SwiftCompile normal arm64 /Users/admin/builder/spi-builder-workspace/Sources/SchafKit/Kit/Alerting/SKAlerting.Action.swift (in target 'SchafKit' from project 'SchafKit')
cd /Users/admin/builder/spi-builder-workspace/.swiftpm/xcode
builtin-SwiftPerFileCompile SKAlerting.Action.swift
SwiftCompile normal arm64 /Users/admin/builder/spi-builder-workspace/Sources/SchafKit/Kit/Alerting/SKAlerting.Style.swift (in target 'SchafKit' from project 'SchafKit')
cd /Users/admin/builder/spi-builder-workspace/.swiftpm/xcode
builtin-SwiftPerFileCompile SKAlerting.Style.swift
SwiftCompile normal arm64 /Users/admin/builder/spi-builder-workspace/Sources/SchafKit/Kit/Alerting/SKAlerting.TextFieldConfiguration.swift (in target 'SchafKit' from project 'SchafKit')
cd /Users/admin/builder/spi-builder-workspace/.swiftpm/xcode
builtin-SwiftPerFileCompile SKAlerting.TextFieldConfiguration.swift
SwiftCompile normal arm64 /Users/admin/builder/spi-builder-workspace/Sources/SchafKit/Kit/Alerting/SKAlerting.swift (in target 'SchafKit' from project 'SchafKit')
cd /Users/admin/builder/spi-builder-workspace/.swiftpm/xcode
builtin-SwiftPerFileCompile SKAlerting.swift
SwiftCompile normal arm64 /Users/admin/builder/spi-builder-workspace/Sources/SchafKit/Kit/Cross\ Platform/Application.swift (in target 'SchafKit' from project 'SchafKit')
cd /Users/admin/builder/spi-builder-workspace/.swiftpm/xcode
builtin-SwiftPerFileCompile Application.swift
SwiftCompile normal arm64 Compiling\ Screen.swift,\ Curve25519XSalsa20Poly1305BoxAlgorithm.swift,\ Ed25519Algorithm.swift,\ SKCryptography.swift,\ XSalsa20Poly1305SecretBoxAlgorithm.swift,\ SKDispatchHelper.swift,\ SKDirectory.swift,\ SKFile.swift,\ SKFileSystemItem.swift,\ SKKeychain.swift,\ SKNetworking.Request.Body.swift /Users/admin/builder/spi-builder-workspace/Sources/SchafKit/Kit/Cross\ Platform/Screen.swift /Users/admin/builder/spi-builder-workspace/Sources/SchafKit/Kit/Cryptography/Curve25519XSalsa20Poly1305BoxAlgorithm.swift /Users/admin/builder/spi-builder-workspace/Sources/SchafKit/Kit/Cryptography/Ed25519Algorithm.swift /Users/admin/builder/spi-builder-workspace/Sources/SchafKit/Kit/Cryptography/SKCryptography.swift /Users/admin/builder/spi-builder-workspace/Sources/SchafKit/Kit/Cryptography/XSalsa20Poly1305SecretBoxAlgorithm.swift /Users/admin/builder/spi-builder-workspace/Sources/SchafKit/Kit/Dispatch/SKDispatchHelper.swift /Users/admin/builder/spi-builder-workspace/Sources/SchafKit/Kit/FileSystem/SKDirectory.swift /Users/admin/builder/spi-builder-workspace/Sources/SchafKit/Kit/FileSystem/SKFile.swift /Users/admin/builder/spi-builder-workspace/Sources/SchafKit/Kit/FileSystem/SKFileSystemItem.swift /Users/admin/builder/spi-builder-workspace/Sources/SchafKit/Kit/Keychain/SKKeychain.swift /Users/admin/builder/spi-builder-workspace/Sources/SchafKit/Kit/Networking/Request/SKNetworking.Request.Body.swift (in target 'SchafKit' from project 'SchafKit')
/Users/admin/builder/spi-builder-workspace/Sources/SchafKit/Kit/Cross Platform/Screen.swift:15:9: error: 'UIScreen' is unavailable in visionOS
13 | public static var size: CGSize {
14 | #if canImport(UIKit)
15 | UIScreen.main.bounds.size
| `- error: 'UIScreen' is unavailable in visionOS
16 | #else
17 | (NSScreen.main ?? NSScreen.screens.first)?.frame.size ?? .zero
/Applications/Xcode-27.0.0-Release.Candidate.app/Contents/Developer/Platforms/XROS.platform/Developer/SDKs/XROS27.0.sdk/System/Library/Frameworks/UIKit.framework/Headers/UIScreen.h:54:12: note: 'UIScreen' has been explicitly marked unavailable here
52 |
53 | UIKIT_EXTERN API_AVAILABLE(ios(2.0)) API_UNAVAILABLE(visionos, watchos) NS_SWIFT_UI_ACTOR
54 | @interface UIScreen : NSObject <UITraitEnvironment>
| `- note: 'UIScreen' has been explicitly marked unavailable here
55 |
56 | @property(class, nonatomic, readonly) NSArray<UIScreen *> *screens API_DEPRECATED("Use UIApplication.shared.openSessions to find open sessions with scenes from other screens", ios(3.2, 16.0), visionos(1.0, 1.0)) API_UNAVAILABLE(watchos); // all screens currently attached to the device
SwiftCompile normal arm64 /Users/admin/builder/spi-builder-workspace/Sources/SchafKit/Kit/Cross\ Platform/Screen.swift (in target 'SchafKit' from project 'SchafKit')
cd /Users/admin/builder/spi-builder-workspace/.swiftpm/xcode
builtin-SwiftPerFileCompile Screen.swift
SwiftCompile normal arm64 /Users/admin/builder/spi-builder-workspace/Sources/SchafKit/Kit/Cryptography/Curve25519XSalsa20Poly1305BoxAlgorithm.swift (in target 'SchafKit' from project 'SchafKit')
cd /Users/admin/builder/spi-builder-workspace/.swiftpm/xcode
builtin-SwiftPerFileCompile Curve25519XSalsa20Poly1305BoxAlgorithm.swift
SwiftCompile normal arm64 /Users/admin/builder/spi-builder-workspace/Sources/SchafKit/Kit/Cryptography/Ed25519Algorithm.swift (in target 'SchafKit' from project 'SchafKit')
cd /Users/admin/builder/spi-builder-workspace/.swiftpm/xcode
builtin-SwiftPerFileCompile Ed25519Algorithm.swift
SwiftCompile normal arm64 /Users/admin/builder/spi-builder-workspace/Sources/SchafKit/Kit/Cryptography/SKCryptography.swift (in target 'SchafKit' from project 'SchafKit')
cd /Users/admin/builder/spi-builder-workspace/.swiftpm/xcode
builtin-SwiftPerFileCompile SKCryptography.swift
SwiftCompile normal arm64 /Users/admin/builder/spi-builder-workspace/Sources/SchafKit/Kit/Cryptography/XSalsa20Poly1305SecretBoxAlgorithm.swift (in target 'SchafKit' from project 'SchafKit')
cd /Users/admin/builder/spi-builder-workspace/.swiftpm/xcode
builtin-SwiftPerFileCompile XSalsa20Poly1305SecretBoxAlgorithm.swift
SwiftCompile normal arm64 /Users/admin/builder/spi-builder-workspace/Sources/SchafKit/Kit/Dispatch/SKDispatchHelper.swift (in target 'SchafKit' from project 'SchafKit')
cd /Users/admin/builder/spi-builder-workspace/.swiftpm/xcode
builtin-SwiftPerFileCompile SKDispatchHelper.swift
SwiftCompile normal arm64 /Users/admin/builder/spi-builder-workspace/Sources/SchafKit/Kit/FileSystem/SKDirectory.swift (in target 'SchafKit' from project 'SchafKit')
cd /Users/admin/builder/spi-builder-workspace/.swiftpm/xcode
builtin-SwiftPerFileCompile SKDirectory.swift
SwiftCompile normal arm64 /Users/admin/builder/spi-builder-workspace/Sources/SchafKit/Kit/FileSystem/SKFile.swift (in target 'SchafKit' from project 'SchafKit')
cd /Users/admin/builder/spi-builder-workspace/.swiftpm/xcode
builtin-SwiftPerFileCompile SKFile.swift
SwiftCompile normal arm64 /Users/admin/builder/spi-builder-workspace/Sources/SchafKit/Kit/FileSystem/SKFileSystemItem.swift (in target 'SchafKit' from project 'SchafKit')
cd /Users/admin/builder/spi-builder-workspace/.swiftpm/xcode
builtin-SwiftPerFileCompile SKFileSystemItem.swift
SwiftCompile normal arm64 /Users/admin/builder/spi-builder-workspace/Sources/SchafKit/Kit/Keychain/SKKeychain.swift (in target 'SchafKit' from project 'SchafKit')
cd /Users/admin/builder/spi-builder-workspace/.swiftpm/xcode
builtin-SwiftPerFileCompile SKKeychain.swift
SwiftCompile normal arm64 /Users/admin/builder/spi-builder-workspace/Sources/SchafKit/Kit/Networking/Request/SKNetworking.Request.Body.swift (in target 'SchafKit' from project 'SchafKit')
cd /Users/admin/builder/spi-builder-workspace/.swiftpm/xcode
builtin-SwiftPerFileCompile SKNetworking.Request.Body.swift
SwiftCompile normal arm64 Compiling\ SKNetworking.Request.HeaderField.swift,\ SKNetworking.Request.Method.swift,\ SKNetworking.Request.Options.swift,\ SKNetworking.Request.swift,\ SKNetworking.Response.Status.swift,\ SKNetworking.Response.swift,\ SKNetworking.Result.swift,\ SKNetworking.Endpoint.swift,\ SKNetworking._Helper.swift,\ SKNetworking.swift /Users/admin/builder/spi-builder-workspace/Sources/SchafKit/Kit/Networking/Request/SKNetworking.Request.HeaderField.swift /Users/admin/builder/spi-builder-workspace/Sources/SchafKit/Kit/Networking/Request/SKNetworking.Request.Method.swift /Users/admin/builder/spi-builder-workspace/Sources/SchafKit/Kit/Networking/Request/SKNetworking.Request.Options.swift /Users/admin/builder/spi-builder-workspace/Sources/SchafKit/Kit/Networking/Request/SKNetworking.Request.swift /Users/admin/builder/spi-builder-workspace/Sources/SchafKit/Kit/Networking/Response/SKNetworking.Response.Status.swift /Users/admin/builder/spi-builder-workspace/Sources/SchafKit/Kit/Networking/Response/SKNetworking.Response.swift /Users/admin/builder/spi-builder-workspace/Sources/SchafKit/Kit/Networking/Result/SKNetworking.Result.swift /Users/admin/builder/spi-builder-workspace/Sources/SchafKit/Kit/Networking/SKNetworking.Endpoint.swift /Users/admin/builder/spi-builder-workspace/Sources/SchafKit/Kit/Networking/SKNetworking._Helper.swift /Users/admin/builder/spi-builder-workspace/Sources/SchafKit/Kit/Networking/SKNetworking.swift (in target 'SchafKit' from project 'SchafKit')
SwiftCompile normal arm64 /Users/admin/builder/spi-builder-workspace/Sources/SchafKit/Kit/Networking/Request/SKNetworking.Request.HeaderField.swift (in target 'SchafKit' from project 'SchafKit')
cd /Users/admin/builder/spi-builder-workspace/.swiftpm/xcode
builtin-SwiftPerFileCompile SKNetworking.Request.HeaderField.swift
SwiftCompile normal arm64 /Users/admin/builder/spi-builder-workspace/Sources/SchafKit/Kit/Networking/Request/SKNetworking.Request.Method.swift (in target 'SchafKit' from project 'SchafKit')
cd /Users/admin/builder/spi-builder-workspace/.swiftpm/xcode
builtin-SwiftPerFileCompile SKNetworking.Request.Method.swift
SwiftCompile normal arm64 /Users/admin/builder/spi-builder-workspace/Sources/SchafKit/Kit/Networking/Request/SKNetworking.Request.Options.swift (in target 'SchafKit' from project 'SchafKit')
cd /Users/admin/builder/spi-builder-workspace/.swiftpm/xcode
builtin-SwiftPerFileCompile SKNetworking.Request.Options.swift
SwiftCompile normal arm64 /Users/admin/builder/spi-builder-workspace/Sources/SchafKit/Kit/Networking/Request/SKNetworking.Request.swift (in target 'SchafKit' from project 'SchafKit')
cd /Users/admin/builder/spi-builder-workspace/.swiftpm/xcode
builtin-SwiftPerFileCompile SKNetworking.Request.swift
SwiftCompile normal arm64 /Users/admin/builder/spi-builder-workspace/Sources/SchafKit/Kit/Networking/Response/SKNetworking.Response.Status.swift (in target 'SchafKit' from project 'SchafKit')
cd /Users/admin/builder/spi-builder-workspace/.swiftpm/xcode
builtin-SwiftPerFileCompile SKNetworking.Response.Status.swift
SwiftCompile normal arm64 /Users/admin/builder/spi-builder-workspace/Sources/SchafKit/Kit/Networking/Response/SKNetworking.Response.swift (in target 'SchafKit' from project 'SchafKit')
cd /Users/admin/builder/spi-builder-workspace/.swiftpm/xcode
builtin-SwiftPerFileCompile SKNetworking.Response.swift
SwiftCompile normal arm64 /Users/admin/builder/spi-builder-workspace/Sources/SchafKit/Kit/Networking/Result/SKNetworking.Result.swift (in target 'SchafKit' from project 'SchafKit')
cd /Users/admin/builder/spi-builder-workspace/.swiftpm/xcode
builtin-SwiftPerFileCompile SKNetworking.Result.swift
SwiftCompile normal arm64 /Users/admin/builder/spi-builder-workspace/Sources/SchafKit/Kit/Networking/SKNetworking.Endpoint.swift (in target 'SchafKit' from project 'SchafKit')
cd /Users/admin/builder/spi-builder-workspace/.swiftpm/xcode
builtin-SwiftPerFileCompile SKNetworking.Endpoint.swift
SwiftCompile normal arm64 /Users/admin/builder/spi-builder-workspace/Sources/SchafKit/Kit/Networking/SKNetworking._Helper.swift (in target 'SchafKit' from project 'SchafKit')
cd /Users/admin/builder/spi-builder-workspace/.swiftpm/xcode
builtin-SwiftPerFileCompile SKNetworking._Helper.swift
SwiftCompile normal arm64 /Users/admin/builder/spi-builder-workspace/Sources/SchafKit/Kit/Networking/SKNetworking.swift (in target 'SchafKit' from project 'SchafKit')
cd /Users/admin/builder/spi-builder-workspace/.swiftpm/xcode
builtin-SwiftPerFileCompile SKNetworking.swift
SwiftCompile normal arm64 Compiling\ PublishedSettingStorage.swift,\ SK8BitRGBARepresentation.swift,\ SKHSLARepresentation.swift,\ SKJsonRepresentable.swift,\ SKRGBARepresentation.swift,\ SKTimeUnit.swift,\ SKUnit.swift,\ Array.swift,\ Collection.swift,\ Dictionary.swift,\ Sequence.swift /Users/admin/builder/spi-builder-workspace/Sources/SchafKit/Common/PublishedSettingStorage.swift /Users/admin/builder/spi-builder-workspace/Sources/SchafKit/Common/Structs/SK8BitRGBARepresentation.swift /Users/admin/builder/spi-builder-workspace/Sources/SchafKit/Common/Structs/SKHSLARepresentation.swift /Users/admin/builder/spi-builder-workspace/Sources/SchafKit/Common/Structs/SKJsonRepresentable.swift /Users/admin/builder/spi-builder-workspace/Sources/SchafKit/Common/Structs/SKRGBARepresentation.swift /Users/admin/builder/spi-builder-workspace/Sources/SchafKit/Common/Units/SKTimeUnit.swift /Users/admin/builder/spi-builder-workspace/Sources/SchafKit/Common/Units/SKUnit.swift /Users/admin/builder/spi-builder-workspace/Sources/SchafKit/Extensions/Collections/Array.swift /Users/admin/builder/spi-builder-workspace/Sources/SchafKit/Extensions/Collections/Collection.swift /Users/admin/builder/spi-builder-workspace/Sources/SchafKit/Extensions/Collections/Dictionary.swift /Users/admin/builder/spi-builder-workspace/Sources/SchafKit/Extensions/Collections/Sequence.swift (in target 'SchafKit' from project 'SchafKit')
SwiftCompile normal arm64 /Users/admin/builder/spi-builder-workspace/Sources/SchafKit/Common/PublishedSettingStorage.swift (in target 'SchafKit' from project 'SchafKit')
cd /Users/admin/builder/spi-builder-workspace/.swiftpm/xcode
builtin-SwiftPerFileCompile PublishedSettingStorage.swift
SwiftCompile normal arm64 /Users/admin/builder/spi-builder-workspace/Sources/SchafKit/Common/Structs/SK8BitRGBARepresentation.swift (in target 'SchafKit' from project 'SchafKit')
cd /Users/admin/builder/spi-builder-workspace/.swiftpm/xcode
builtin-SwiftPerFileCompile SK8BitRGBARepresentation.swift
SwiftCompile normal arm64 /Users/admin/builder/spi-builder-workspace/Sources/SchafKit/Common/Structs/SKHSLARepresentation.swift (in target 'SchafKit' from project 'SchafKit')
cd /Users/admin/builder/spi-builder-workspace/.swiftpm/xcode
builtin-SwiftPerFileCompile SKHSLARepresentation.swift
SwiftCompile normal arm64 /Users/admin/builder/spi-builder-workspace/Sources/SchafKit/Common/Structs/SKJsonRepresentable.swift (in target 'SchafKit' from project 'SchafKit')
cd /Users/admin/builder/spi-builder-workspace/.swiftpm/xcode
builtin-SwiftPerFileCompile SKJsonRepresentable.swift
SwiftCompile normal arm64 /Users/admin/builder/spi-builder-workspace/Sources/SchafKit/Common/Structs/SKRGBARepresentation.swift (in target 'SchafKit' from project 'SchafKit')
cd /Users/admin/builder/spi-builder-workspace/.swiftpm/xcode
builtin-SwiftPerFileCompile SKRGBARepresentation.swift
SwiftCompile normal arm64 /Users/admin/builder/spi-builder-workspace/Sources/SchafKit/Common/Units/SKTimeUnit.swift (in target 'SchafKit' from project 'SchafKit')
cd /Users/admin/builder/spi-builder-workspace/.swiftpm/xcode
builtin-SwiftPerFileCompile SKTimeUnit.swift
SwiftCompile normal arm64 /Users/admin/builder/spi-builder-workspace/Sources/SchafKit/Common/Units/SKUnit.swift (in target 'SchafKit' from project 'SchafKit')
cd /Users/admin/builder/spi-builder-workspace/.swiftpm/xcode
builtin-SwiftPerFileCompile SKUnit.swift
SwiftCompile normal arm64 /Users/admin/builder/spi-builder-workspace/Sources/SchafKit/Extensions/Collections/Array.swift (in target 'SchafKit' from project 'SchafKit')
cd /Users/admin/builder/spi-builder-workspace/.swiftpm/xcode
builtin-SwiftPerFileCompile Array.swift
SwiftCompile normal arm64 /Users/admin/builder/spi-builder-workspace/Sources/SchafKit/Extensions/Collections/Collection.swift (in target 'SchafKit' from project 'SchafKit')
cd /Users/admin/builder/spi-builder-workspace/.swiftpm/xcode
builtin-SwiftPerFileCompile Collection.swift
SwiftCompile normal arm64 /Users/admin/builder/spi-builder-workspace/Sources/SchafKit/Extensions/Collections/Dictionary.swift (in target 'SchafKit' from project 'SchafKit')
cd /Users/admin/builder/spi-builder-workspace/.swiftpm/xcode
builtin-SwiftPerFileCompile Dictionary.swift
SwiftCompile normal arm64 /Users/admin/builder/spi-builder-workspace/Sources/SchafKit/Extensions/Collections/Sequence.swift (in target 'SchafKit' from project 'SchafKit')
cd /Users/admin/builder/spi-builder-workspace/.swiftpm/xcode
builtin-SwiftPerFileCompile Sequence.swift
PruneExplicitPrecompiledModules /Users/admin/builder/spi-builder-workspace/.derivedData/Build/Intermediates.noindex/SwiftExplicitPrecompiledModules
PruneExplicitPrecompiledModules /Users/admin/builder/spi-builder-workspace/.derivedData/SDKExplicitPrecompiledModules
PruneExplicitPrecompiledModules /Users/admin/builder/spi-builder-workspace/.derivedData/Build/Intermediates.noindex/ExplicitPrecompiledModules
2026-09-19 18:15:23.743 xcodebuild[756:4702] [MT] IDERunDestination: Supported platforms for the buildables in the current scheme is empty.
2026-09-19 18:15:23.846 xcodebuild[756:4702] [MT] IDERunDestination: Supported platforms for the buildables in the current scheme is empty.
** BUILD FAILED **
The following build commands failed:
SwiftEmitModule normal arm64 Emitting\ module\ for\ SchafKit (in target 'SchafKit' from project 'SchafKit')
SwiftCompile normal arm64 (in target 'SchafKit' from project 'SchafKit')
Building workspace SchafKit with scheme SchafKit
(3 failures)
BUILD FAILURE 6.4 visionOS