The Swift Package Index logo.Swift Package Index

Build Information

Failed to build sls, reference v0.0.1-alpha (0886a3), with Swift 6.4 for Android on 24 Sep 2026 00:04:44 UTC.

Build Command

bash -c docker run --pull=always --rm -v "checkouts-54344843-0":/host -w "$PWD" -e JAVA_HOME="/root/.sdkman/candidates/java/current" -e SPI_BUILD="1" -e SPI_PROCESSING="1" registry.gitlab.com/saguaro1/spi-images:android-6.4-latest swift build --swift-sdk aarch64-unknown-linux-android28 2>&1

Build Log

========================================
RunAll
========================================
Builder version: 5.1.0
Interrupt handler set up.
========================================
Checkout
========================================
Clone URL: https://github.com/mac9sb/list.git
Reference: v0.0.1-alpha
Initialized empty Git repository in /host/spi-builder-workspace/.git/
hint: Using 'master' as the name for the initial branch. This default branch name
hint: is subject to change. To configure the initial branch name to use in all
hint: of your new repositories, which will suppress this warning, call:
hint:
hint: 	git config --global init.defaultBranch <name>
hint:
hint: Names commonly chosen instead of 'master' are 'main', 'trunk' and
hint: 'development'. The just-created branch can be renamed via this command:
hint:
hint: 	git branch -m <name>
From https://github.com/mac9sb/list
 * tag               v0.0.1-alpha -> FETCH_HEAD
HEAD is now at 0886a39 Skip setup-swift for Swiftly Linux builds
Cloned https://github.com/mac9sb/list.git
Revision (git rev-parse @):
0886a399b1e49538924f958d4c7d62b4ecfc0fe8
SPI manifest file found: $PWD/.spi.yml
SUCCESS checkout https://github.com/mac9sb/list.git at v0.0.1-alpha
========================================
Build
========================================
Selected platform:         android
Swift version:             6.4
Building package at path:  $PWD
https://github.com/mac9sb/list.git
Running build ...
bash -c docker run --pull=always --rm -v "checkouts-54344843-0":/host -w "$PWD" -e JAVA_HOME="/root/.sdkman/candidates/java/current" -e SPI_BUILD="1" -e SPI_PROCESSING="1" registry.gitlab.com/saguaro1/spi-images:android-6.4-latest swift build --swift-sdk aarch64-unknown-linux-android28 2>&1
android-6.4-latest: Pulling from saguaro1/spi-images
Digest: sha256:abadcff584c273feba50641b454858d377ba30b35ea7287a94f45ebd8afd0ea0
Status: Image is up to date for registry.gitlab.com/saguaro1/spi-images:android-6.4-latest
Fetching https://github.com/swiftlang/swift-docc-plugin
Fetching https://github.com/apple/swift-argument-parser
Fetching https://github.com/swiftlang/swift-testing
[1/2345] Fetching swift-docc-plugin
[2159/21263] Fetching swift-docc-plugin, swift-argument-parser
Fetched https://github.com/swiftlang/swift-docc-plugin (0.52s)
[568/18918] Fetching swift-argument-parser
Fetched https://github.com/apple/swift-argument-parser (0.73s)
[1/43530] Fetching swift-testing
Fetched https://github.com/swiftlang/swift-testing (1.69s)
Computing version for https://github.com/swiftlang/swift-testing
Computed https://github.com/swiftlang/swift-testing at 0.99.0 (1.91s)
Fetching https://github.com/swiftlang/swift-syntax.git
[1/80027] Fetching swift-syntax
Fetched https://github.com/swiftlang/swift-syntax.git (3.00s)
Computing version for https://github.com/swiftlang/swift-syntax.git
Computed https://github.com/swiftlang/swift-syntax.git at 600.0.1 (4.17s)
Computing version for https://github.com/swiftlang/swift-docc-plugin
Computed https://github.com/swiftlang/swift-docc-plugin at 1.5.0 (0.20s)
Fetching https://github.com/swiftlang/swift-docc-symbolkit
[1/3829] Fetching swift-docc-symbolkit
Fetched https://github.com/swiftlang/swift-docc-symbolkit (0.61s)
Computing version for https://github.com/swiftlang/swift-docc-symbolkit
Computed https://github.com/swiftlang/swift-docc-symbolkit at 1.0.0 (0.83s)
Computing version for https://github.com/apple/swift-argument-parser
Computed https://github.com/apple/swift-argument-parser at 1.8.2 (0.17s)
Creating working copy for https://github.com/apple/swift-argument-parser
Working copy of https://github.com/apple/swift-argument-parser resolved at 1.8.2
Creating working copy for https://github.com/swiftlang/swift-docc-plugin
Working copy of https://github.com/swiftlang/swift-docc-plugin resolved at 1.5.0
Creating working copy for https://github.com/swiftlang/swift-docc-symbolkit
Working copy of https://github.com/swiftlang/swift-docc-symbolkit resolved at 1.0.0
Creating working copy for https://github.com/swiftlang/swift-syntax.git
Working copy of https://github.com/swiftlang/swift-syntax.git resolved at 600.0.1
Creating working copy for https://github.com/swiftlang/swift-testing
Working copy of https://github.com/swiftlang/swift-testing resolved at 0.99.0
Building for debugging...
[Constructing description]
[Planning deferred tasks]
[44 / 78] ArgumentParserToolInfo
[58 / 88] ArgumentParser
[59 / 88] ArgumentParser
[61 / 88] ArgumentParser
[67 / 95] SwiftListCore
[69 / 96] SwiftListCore
[70 / 96] SwiftListCore
[70 / 96] ArgumentParser
[72 / 96] ArgumentParser
[82 / 99] SwiftListCLI
[88 / 100]
[92 / 103] SwiftListCore
error: SwiftCompile normal aarch64 /host/spi-builder-workspace/Sources/SwiftListCore/Utilities/FileManagerHelper.swift failed with a nonzero exit code. Command line:     cd /host
    builtin-SwiftPerFileCompile FileManagerHelper.swift
/host/spi-builder-workspace/Sources/SwiftListCore/Utilities/FileManagerHelper.swift:27:17: error: cannot find 'winsize' in scope
 25 |     /// Returns the terminal width in characters.
 26 |     private static func terminalWidth() -> Int {
 27 |         var w = winsize()
    |                 `- error: cannot find 'winsize' in scope
 28 |         guard ioctl(STDOUT_FILENO, UInt(TIOCGWINSZ), &w) == 0 else { return 80 }
 29 |         return Int(w.ws_col)
/host/spi-builder-workspace/Sources/SwiftListCore/Utilities/FileManagerHelper.swift:28:15: error: cannot find 'ioctl' in scope
 26 |     private static func terminalWidth() -> Int {
 27 |         var w = winsize()
 28 |         guard ioctl(STDOUT_FILENO, UInt(TIOCGWINSZ), &w) == 0 else { return 80 }
    |               `- error: cannot find 'ioctl' in scope
 29 |         return Int(w.ws_col)
 30 |     }
/host/spi-builder-workspace/Sources/SwiftListCore/Utilities/FileManagerHelper.swift:28:21: error: cannot find 'STDOUT_FILENO' in scope
 26 |     private static func terminalWidth() -> Int {
 27 |         var w = winsize()
 28 |         guard ioctl(STDOUT_FILENO, UInt(TIOCGWINSZ), &w) == 0 else { return 80 }
    |                     `- error: cannot find 'STDOUT_FILENO' in scope
 29 |         return Int(w.ws_col)
 30 |     }
/host/spi-builder-workspace/Sources/SwiftListCore/Utilities/FileManagerHelper.swift:28:41: error: cannot find 'TIOCGWINSZ' in scope
 26 |     private static func terminalWidth() -> Int {
 27 |         var w = winsize()
 28 |         guard ioctl(STDOUT_FILENO, UInt(TIOCGWINSZ), &w) == 0 else { return 80 }
    |                                         `- error: cannot find 'TIOCGWINSZ' in scope
 29 |         return Int(w.ws_col)
 30 |     }
/host/spi-builder-workspace/Sources/SwiftListCore/Utilities/FileManagerHelper.swift:76:26: error: cannot find 'stat' in scope
 74 |         // Use lstat equivalent by checking if it's a symbolic link first
 75 |         var isSymbolicLink = false
 76 |         var statBuffer = stat()
    |                          `- error: cannot find 'stat' in scope
 77 |         if lstat(path, &statBuffer) == 0 {
 78 |             isSymbolicLink = (statBuffer.st_mode & S_IFMT) == S_IFLNK
/host/spi-builder-workspace/Sources/SwiftListCore/Utilities/FileManagerHelper.swift:77:12: error: cannot find 'lstat' in scope
 75 |         var isSymbolicLink = false
 76 |         var statBuffer = stat()
 77 |         if lstat(path, &statBuffer) == 0 {
    |            `- error: cannot find 'lstat' in scope
 78 |             isSymbolicLink = (statBuffer.st_mode & S_IFMT) == S_IFLNK
 79 |         }
/host/spi-builder-workspace/Sources/SwiftListCore/Utilities/FileManagerHelper.swift:78:52: error: cannot find 'S_IFMT' in scope
 76 |         var statBuffer = stat()
 77 |         if lstat(path, &statBuffer) == 0 {
 78 |             isSymbolicLink = (statBuffer.st_mode & S_IFMT) == S_IFLNK
    |                                                    `- error: cannot find 'S_IFMT' in scope
 79 |         }
 80 |
/host/spi-builder-workspace/Sources/SwiftListCore/Utilities/FileManagerHelper.swift:78:63: error: cannot find 'S_IFLNK' in scope
 76 |         var statBuffer = stat()
 77 |         if lstat(path, &statBuffer) == 0 {
 78 |             isSymbolicLink = (statBuffer.st_mode & S_IFMT) == S_IFLNK
    |                                                               `- error: cannot find 'S_IFLNK' in scope
 79 |         }
 80 |
Failed frontend command:
/root/.local/share/swiftly/toolchains/6.4.x-snapshot-2026-09-04/usr/bin/swift-frontend -frontend -c /host/spi-builder-workspace/Sources/SwiftListCore/Configuration/DisplayOptions.swift /host/spi-builder-workspace/Sources/SwiftListCore/Configuration/SortOption.swift /host/spi-builder-workspace/Sources/SwiftListCore/Models/FileRepresentation.swift -primary-file /host/spi-builder-workspace/Sources/SwiftListCore/Utilities/FileManagerHelper.swift /host/spi-builder-workspace/Sources/SwiftListCore/Utilities/TerminalColors.swift -emit-dependencies-path /host/spi-builder-workspace/.build/out/Intermediates.noindex/sls.build/Debug-android-aarch64/SwiftListCore-t.build/Objects-normal/aarch64/FileManagerHelper.d -emit-const-values-path /host/spi-builder-workspace/.build/out/Intermediates.noindex/sls.build/Debug-android-aarch64/SwiftListCore-t.build/Objects-normal/aarch64/FileManagerHelper.swiftconstvalues -emit-reference-dependencies-path /host/spi-builder-workspace/.build/out/Intermediates.noindex/sls.build/Debug-android-aarch64/SwiftListCore-t.build/Objects-normal/aarch64/FileManagerHelper.swiftdeps -serialize-diagnostics-path /host/spi-builder-workspace/.build/out/Intermediates.noindex/sls.build/Debug-android-aarch64/SwiftListCore-t.build/Objects-normal/aarch64/FileManagerHelper.dia -target aarch64-unknown-linux-android28 -Xllvm -aarch64-use-tbi -disable-objc-interop -sdk /android-ndk/android-ndk-r27d/toolchains/llvm/prebuilt/linux-x86_64/sysroot -sysroot /android-ndk/android-ndk-r27d/toolchains/llvm/prebuilt/linux-x86_64/sysroot -I /host/spi-builder-workspace/.build/out/Products/Debug-android-aarch64 -module-cache-path /host/spi-builder-workspace/.build/out/ModuleCache.noindex -color-diagnostics -Xcc -fcolor-diagnostics -enable-testing -g -debug-info-format\=dwarf -dwarf-version\=4 -swift-version 6 -Onone -D SWIFT_PACKAGE -D DEBUG -D SWIFT_MODULE_RESOURCE_BUNDLE_UNAVAILABLE -D Xcode -serialize-debugging-options -enable-experimental-feature DebugDescriptionMacro -empty-abi-descriptor -external-plugin-path /root/.local/share/swiftly/toolchains/6.4.x-snapshot-2026-09-04/usr/lib/swift/host/plugins/testing\#/root/.local/share/swiftly/toolchains/6.4.x-snapshot-2026-09-04/usr/bin/swift-plugin-server -validate-clang-modules-once -clang-build-session-file /host/spi-builder-workspace/.build/out/ModuleCache.noindex/Session.modulevalidation -Xcc -working-directory -Xcc /host -resource-dir /root/.swiftpm/swift-sdks/swift-6.4.x-DEVELOPMENT-SNAPSHOT-2026-09-04-a_android.artifactbundle/swift-android/swift-resources/usr/lib/swift-aarch64 -enable-anonymous-context-mangled-names -file-compilation-dir /host -Xcc -resource-dir -Xcc /android-ndk/android-ndk-r27d/toolchains/llvm/prebuilt/linux-x86_64/lib/clang/18 -Xcc -fno-omit-frame-pointer -Xcc -D_LIBCPP_HARDENING_MODE\=_LIBCPP_HARDENING_MODE_DEBUG -Xcc -fmodules-prune-interval\=86400 -Xcc -fmodules-prune-after\=345600 -Xcc -I/host/spi-builder-workspace/.build/out/Products/Debug-android-aarch64/include -Xcc -I/host/spi-builder-workspace/.build/out/Intermediates.noindex/sls.build/Debug-android-aarch64/SwiftListCore-t.build/DerivedSources-normal/aarch64 -Xcc -I/host/spi-builder-workspace/.build/out/Intermediates.noindex/sls.build/Debug-android-aarch64/SwiftListCore-t.build/DerivedSources/aarch64 -Xcc -I/host/spi-builder-workspace/.build/out/Intermediates.noindex/sls.build/Debug-android-aarch64/SwiftListCore-t.build/DerivedSources -Xcc -DSWIFT_PACKAGE -Xcc -DDEBUG\=1 -no-auto-bridging-header-chaining -module-name SwiftListCore -package-name spi_builder_workspace -const-gather-protocols-file /host/spi-builder-workspace/.build/out/Intermediates.noindex/sls.build/Debug-android-aarch64/SwiftListCore-t.build/Objects-normal/aarch64/SwiftListCore_const_extract_protocols.json -in-process-plugin-server-path /root/.local/share/swiftly/toolchains/6.4.x-snapshot-2026-09-04/usr/lib/swift/host/libSwiftInProcPluginServer.so -plugin-path /root/.local/share/swiftly/toolchains/6.4.x-snapshot-2026-09-04/usr/lib/swift/host/plugins -plugin-path /root/.local/share/swiftly/toolchains/6.4.x-snapshot-2026-09-04/usr/local/lib/swift/host/plugins -parse-as-library -o /host/spi-builder-workspace/.build/out/Intermediates.noindex/sls.build/Debug-android-aarch64/SwiftListCore-t.build/Objects-normal/aarch64/FileManagerHelper.o -index-unit-output-path /sls.build/Debug-android-aarch64/SwiftListCore-t.build/Objects-normal/aarch64/FileManagerHelper.o -index-store-path /host/spi-builder-workspace/.build/out -index-system-modules
error: Build failed
BUILD FAILURE 6.4 android