Build Information
Failed to build AgoraInfra_iOS, reference 1.3.16 (4dfb30), with Swift 6.2 for watchOS using Xcode 26.3 on 24 Sep 2026 06:36:26 UTC.
Build Command
env DEVELOPER_DIR=/Applications/Xcode-26.3.0.app xcrun xcodebuild -IDEClonedSourcePackagesDirPathOverride=$PWD/.dependencies -skipMacroValidation -skipPackagePluginValidation -derivedDataPath $PWD/.derivedData build -scheme AgoraInfra_iOS -destination generic/platform=watchOSBuild Log
========================================
RunAll
========================================
Builder version: 5.1.0
Interrupt handler set up.
========================================
Checkout
========================================
Clone URL: https://github.com/AgoraIO/AgoraInfra_iOS.git
Reference: 1.3.16
Initialized empty Git repository in /Users/admin/builder/spi-builder-workspace/.git/
From https://github.com/AgoraIO/AgoraInfra_iOS
* tag 1.3.16 -> FETCH_HEAD
HEAD is now at 4dfb309 1.3.16
Cloned https://github.com/AgoraIO/AgoraInfra_iOS.git
Revision (git rev-parse @):
4dfb30919815b1d4f2abb9e2cfbff345cfe5e493
SUCCESS checkout https://github.com/AgoraIO/AgoraInfra_iOS.git at 1.3.16
========================================
Build
========================================
Selected platform: watchOS
Swift version: 6.2
Building package at path: $PWD
https://github.com/AgoraIO/AgoraInfra_iOS.git
Command line invocation:
/Applications/Xcode-26.3.0.app/Contents/Developer/usr/bin/xcodebuild -IDEClonedSourcePackagesDirPathOverride=/Users/admin/builder/spi-builder-workspace/.dependencies -resolvePackageDependencies
Resolve Package Graph
Resolve Package Graph
Resolved source packages:
AgoraInfra_iOS: /Users/admin/builder/spi-builder-workspace
resolved source packages: AgoraInfra_iOS
2026-09-24 02:35:59.437 xcodebuild[538:3092] [MT] IDERunDestination: Supported platforms for the buildables in the current scheme is empty.
{
"default_localization" : "en",
"dependencies" : [
],
"manifest_display_name" : "AgoraInfra_iOS",
"name" : "AgoraInfra_iOS",
"path" : "/Users/admin/builder/spi-builder-workspace",
"platforms" : [
{
"name" : "ios",
"version" : "9.0"
}
],
"products" : [
{
"name" : "AgoraInfra_iOS",
"targets" : [
"aosl"
],
"type" : {
"library" : [
"automatic"
]
}
}
],
"targets" : [
{
"c99name" : "aosl",
"module_type" : "BinaryTarget",
"name" : "aosl",
"path" : "remote/archive/aosl.xcframework.zip",
"product_memberships" : [
"AgoraInfra_iOS"
],
"sources" : [
],
"type" : "binary"
}
],
"tools_version" : "5.3"
}
{
"workspace" : {
"name" : "spi-builder-workspace",
"schemes" : [
"AgoraInfra_iOS"
]
}
}
2026-09-24 02:36:20.214 xcodebuild[685:4260] [MT] IDERunDestination: Supported platforms for the buildables in the current scheme is empty.
Running build ...
env DEVELOPER_DIR=/Applications/Xcode-26.3.0.app xcrun xcodebuild -IDEClonedSourcePackagesDirPathOverride=$PWD/.dependencies -skipMacroValidation -skipPackagePluginValidation -derivedDataPath $PWD/.derivedData build -scheme AgoraInfra_iOS -destination generic/platform=watchOS
Command line invocation:
/Applications/Xcode-26.3.0.app/Contents/Developer/usr/bin/xcodebuild -IDEClonedSourcePackagesDirPathOverride=/Users/admin/builder/spi-builder-workspace/.dependencies -skipMacroValidation -skipPackagePluginValidation -derivedDataPath /Users/admin/builder/spi-builder-workspace/.derivedData build -scheme AgoraInfra_iOS -destination generic/platform=watchOS
Resolve Package Graph
Resolved source packages:
AgoraInfra_iOS: /Users/admin/builder/spi-builder-workspace
ComputePackagePrebuildTargetDependencyGraph
Prepare packages
CreateBuildRequest
SendProjectDescription
CreateBuildOperation
ComputeTargetDependencyGraph
note: Building targets in dependency order
note: Target dependency graph (1 target)
Target 'AgoraInfra_iOS' in project 'AgoraInfra_iOS' (no dependencies)
GatherProvisioningInputs
CreateBuildDescription
ExecuteExternalTool /Applications/Xcode-26.3.0.app/Contents/Developer/Toolchains/XcodeDefault.xctoolchain/usr/bin/clang -v -E -dM -isysroot /Applications/Xcode-26.3.0.app/Contents/Developer/Platforms/WatchOS.platform/Developer/SDKs/WatchOS26.2.sdk -x c -c /dev/null
Build description signature: 4747ae03181311f8c635df87db71b238
Build description path: /Users/admin/builder/spi-builder-workspace/.derivedData/Build/Intermediates.noindex/XCBuildData/4747ae03181311f8c635df87db71b238.xcbuilddata
/Users/admin/builder/spi-builder-workspace/.dependencies/artifacts/spi-builder-workspace/aosl/aosl.xcframework:1:1: error: While building for watchOS, no library for this platform was found in '/Users/admin/builder/spi-builder-workspace/.dependencies/artifacts/spi-builder-workspace/aosl/aosl.xcframework'. (in target 'AgoraInfra_iOS' from project 'AgoraInfra_iOS')
2026-09-24 02:36:21.644 xcodebuild[687:4298] [MT] IDERunDestination: Supported platforms for the buildables in the current scheme is empty.
** BUILD FAILED **
The following build commands failed:
Building workspace spi-builder-workspace with scheme AgoraInfra_iOS
(1 failure)
Command line invocation:
/Applications/Xcode-26.3.0.app/Contents/Developer/usr/bin/xcodebuild -IDEClonedSourcePackagesDirPathOverride=/Users/admin/builder/spi-builder-workspace/.dependencies -resolvePackageDependencies
Resolve Package Graph
Resolved source packages:
AgoraInfra_iOS: /Users/admin/builder/spi-builder-workspace
resolved source packages: AgoraInfra_iOS
2026-09-24 02:36:23.873 xcodebuild[700:4396] [MT] IDERunDestination: Supported platforms for the buildables in the current scheme is empty.
{
"default_localization" : "en",
"dependencies" : [
],
"manifest_display_name" : "AgoraInfra_iOS",
"name" : "AgoraInfra_iOS",
"path" : "/Users/admin/builder/spi-builder-workspace",
"platforms" : [
{
"name" : "ios",
"version" : "9.0"
}
],
"products" : [
{
"name" : "AgoraInfra_iOS",
"targets" : [
"aosl"
],
"type" : {
"library" : [
"automatic"
]
}
}
],
"targets" : [
{
"c99name" : "aosl",
"module_type" : "BinaryTarget",
"name" : "aosl",
"path" : "remote/archive/aosl.xcframework.zip",
"product_memberships" : [
"AgoraInfra_iOS"
],
"sources" : [
],
"type" : "binary"
}
],
"tools_version" : "5.3"
}
{
"workspace" : {
"name" : "spi-builder-workspace",
"schemes" : [
"AgoraInfra_iOS"
]
}
}
2026-09-24 02:36:24.942 xcodebuild[708:4466] [MT] IDERunDestination: Supported platforms for the buildables in the current scheme is empty.
Running build ...
env DEVELOPER_DIR=/Applications/Xcode-26.3.0.app xcrun xcodebuild -IDEClonedSourcePackagesDirPathOverride=$PWD/.dependencies -skipMacroValidation -skipPackagePluginValidation -derivedDataPath $PWD/.derivedData build -scheme AgoraInfra_iOS -destination generic/platform=watchOS
Command line invocation:
/Applications/Xcode-26.3.0.app/Contents/Developer/usr/bin/xcodebuild -IDEClonedSourcePackagesDirPathOverride=/Users/admin/builder/spi-builder-workspace/.dependencies -skipMacroValidation -skipPackagePluginValidation -derivedDataPath /Users/admin/builder/spi-builder-workspace/.derivedData build -scheme AgoraInfra_iOS -destination generic/platform=watchOS
Resolve Package Graph
Resolved source packages:
AgoraInfra_iOS: /Users/admin/builder/spi-builder-workspace
ComputePackagePrebuildTargetDependencyGraph
Prepare packages
CreateBuildRequest
SendProjectDescription
CreateBuildOperation
ComputeTargetDependencyGraph
note: Building targets in dependency order
note: Target dependency graph (1 target)
Target 'AgoraInfra_iOS' in project 'AgoraInfra_iOS' (no dependencies)
GatherProvisioningInputs
CreateBuildDescription
ExecuteExternalTool /Applications/Xcode-26.3.0.app/Contents/Developer/Toolchains/XcodeDefault.xctoolchain/usr/bin/clang -v -E -dM -isysroot /Applications/Xcode-26.3.0.app/Contents/Developer/Platforms/WatchOS.platform/Developer/SDKs/WatchOS26.2.sdk -x c -c /dev/null
Build description signature: 4747ae03181311f8c635df87db71b238
Build description path: /Users/admin/builder/spi-builder-workspace/.derivedData/Build/Intermediates.noindex/XCBuildData/4747ae03181311f8c635df87db71b238.xcbuilddata
/Users/admin/builder/spi-builder-workspace/.dependencies/artifacts/spi-builder-workspace/aosl/aosl.xcframework:1:1: error: While building for watchOS, no library for this platform was found in '/Users/admin/builder/spi-builder-workspace/.dependencies/artifacts/spi-builder-workspace/aosl/aosl.xcframework'. (in target 'AgoraInfra_iOS' from project 'AgoraInfra_iOS')
2026-09-24 02:36:25.786 xcodebuild[710:4497] [MT] IDERunDestination: Supported platforms for the buildables in the current scheme is empty.
** BUILD FAILED **
The following build commands failed:
Building workspace spi-builder-workspace with scheme AgoraInfra_iOS
(1 failure)
BUILD FAILURE 6.2 watchOS