The Swift Package Index logo.Swift Package Index

Build Information

Failed to build CoreDataRepo, reference main (88ca43), with Swift 6.1 for Wasm on 30 Jun 2026 15:02:58 UTC.

Build Command

bash -c docker run --pull=always --rm -v "checkouts-53886770-0":/host -w "$PWD" -e JAVA_HOME="/root/.sdkman/candidates/java/current" -e SPI_BUILD="1" -e SPI_PROCESSING="1" registry.gitlab.com/saguaro1/spi-images:wasm-6.1-latest swift build --swift-sdk wasm32-unknown-wasi 2>&1

Build Log

========================================
RunAll
========================================
Builder version: 0e64495ecc1688c3b3e031a5ef1348b5c05091ae
Interrupt handler set up.
========================================
Checkout
========================================
Clone URL: https://github.com/Darktau/CoreDataRepo.git
Reference: main
Initialized empty Git repository in /host/spi-builder-workspace/.git/
hint: Using 'master' as the name for the initial branch. This default branch name
hint: is subject to change. To configure the initial branch name to use in all
hint: of your new repositories, which will suppress this warning, call:
hint:
hint: 	git config --global init.defaultBranch <name>
hint:
hint: Names commonly chosen instead of 'master' are 'main', 'trunk' and
hint: 'development'. The just-created branch can be renamed via this command:
hint:
hint: 	git branch -m <name>
From https://github.com/Darktau/CoreDataRepo
 * branch            main       -> FETCH_HEAD
 * [new branch]      main       -> origin/main
HEAD is now at 88ca435 README fix
Cloned https://github.com/Darktau/CoreDataRepo.git
Revision (git rev-parse @):
88ca435e5a0e9af2243e7003184097f043497c87
SUCCESS checkout https://github.com/Darktau/CoreDataRepo.git at main
========================================
Build
========================================
Selected platform:         wasm
Swift version:             6.1
Building package at path:  $PWD
https://github.com/Darktau/CoreDataRepo.git
https://github.com/Darktau/CoreDataRepo.git
WARNING: environment variable SUPPRESS_SWIFT_6_FLAGS is not set
Running build ...
bash -c docker run --pull=always --rm -v "checkouts-53886770-0":/host -w "$PWD" -e JAVA_HOME="/root/.sdkman/candidates/java/current" -e SPI_BUILD="1" -e SPI_PROCESSING="1" registry.gitlab.com/saguaro1/spi-images:wasm-6.1-latest swift build --swift-sdk wasm32-unknown-wasi -Xswiftc -Xfrontend -Xswiftc -stats-output-dir -Xswiftc -Xfrontend -Xswiftc .stats -Xswiftc -strict-concurrency=complete -Xswiftc -enable-upcoming-feature -Xswiftc StrictConcurrency -Xswiftc -enable-upcoming-feature -Xswiftc DisableOutwardActorInference -Xswiftc -enable-upcoming-feature -Xswiftc GlobalActorIsolatedTypesUsability -Xswiftc -enable-upcoming-feature -Xswiftc InferSendableFromCaptures 2>&1
wasm-6.1-latest: Pulling from saguaro1/spi-images
Digest: sha256:1ad245dad3d2ae0004e1afbc92334bd39884ed9ca587cf04d0a8d5f640fb02e9
Status: Image is up to date for registry.gitlab.com/saguaro1/spi-images:wasm-6.1-latest
Building for debugging...
[0/2] Write sources
[1/2] Write swift-version-24593BA9C3E375BF.txt
[3/8] Compiling CoreDataRepo Predicates.swift
/host/spi-builder-workspace/Sources/CoreDataRepo/DataCounter.swift:8:8: error: no such module 'CoreData'
 6 |
 7 | import Foundation
 8 | import CoreData
   |        `- error: no such module 'CoreData'
 9 | import Combine
10 |
[4/8] Compiling CoreDataRepo Notifications.swift
/host/spi-builder-workspace/Sources/CoreDataRepo/DataCounter.swift:8:8: error: no such module 'CoreData'
 6 |
 7 | import Foundation
 8 | import CoreData
   |        `- error: no such module 'CoreData'
 9 | import Combine
10 |
[5/8] Compiling CoreDataRepo ManagedContext.swift
/host/spi-builder-workspace/Sources/CoreDataRepo/DataCounter.swift:8:8: error: no such module 'CoreData'
 6 |
 7 | import Foundation
 8 | import CoreData
   |        `- error: no such module 'CoreData'
 9 | import Combine
10 |
error: emit-module command failed with exit code 1 (use -v to see invocation)
[6/8] Compiling CoreDataRepo DataCounter.swift
/host/spi-builder-workspace/Sources/CoreDataRepo/DataCounter.swift:8:8: error: no such module 'CoreData'
 6 |
 7 | import Foundation
 8 | import CoreData
   |        `- error: no such module 'CoreData'
 9 | import Combine
10 |
[7/8] Emitting module CoreDataRepo
/host/spi-builder-workspace/Sources/CoreDataRepo/DataCounter.swift:8:8: error: no such module 'CoreData'
 6 |
 7 | import Foundation
 8 | import CoreData
   |        `- error: no such module 'CoreData'
 9 | import Combine
10 |
[8/8] Compiling CoreDataRepo DataRepo.swift
/host/spi-builder-workspace/Sources/CoreDataRepo/DataCounter.swift:8:8: error: no such module 'CoreData'
 6 |
 7 | import Foundation
 8 | import CoreData
   |        `- error: no such module 'CoreData'
 9 | import Combine
10 |
Running build ...
bash -c docker run --pull=always --rm -v "checkouts-53886770-0":/host -w "$PWD" -e JAVA_HOME="/root/.sdkman/candidates/java/current" -e SPI_BUILD="1" -e SPI_PROCESSING="1" registry.gitlab.com/saguaro1/spi-images:wasm-6.1-latest swift build --swift-sdk wasm32-unknown-wasi 2>&1
wasm-6.1-latest: Pulling from saguaro1/spi-images
Digest: sha256:1ad245dad3d2ae0004e1afbc92334bd39884ed9ca587cf04d0a8d5f640fb02e9
Status: Image is up to date for registry.gitlab.com/saguaro1/spi-images:wasm-6.1-latest
[0/1] Planning build
Building for debugging...
[0/1] Write swift-version-24593BA9C3E375BF.txt
[2/7] Compiling CoreDataRepo Predicates.swift
/host/spi-builder-workspace/Sources/CoreDataRepo/DataCounter.swift:8:8: error: no such module 'CoreData'
 6 |
 7 | import Foundation
 8 | import CoreData
   |        `- error: no such module 'CoreData'
 9 | import Combine
10 |
[3/7] Compiling CoreDataRepo Notifications.swift
/host/spi-builder-workspace/Sources/CoreDataRepo/DataCounter.swift:8:8: error: no such module 'CoreData'
 6 |
 7 | import Foundation
 8 | import CoreData
   |        `- error: no such module 'CoreData'
 9 | import Combine
10 |
error: emit-module command failed with exit code 1 (use -v to see invocation)
[4/7] Emitting module CoreDataRepo
/host/spi-builder-workspace/Sources/CoreDataRepo/DataCounter.swift:8:8: error: no such module 'CoreData'
 6 |
 7 | import Foundation
 8 | import CoreData
   |        `- error: no such module 'CoreData'
 9 | import Combine
10 |
[5/7] Compiling CoreDataRepo ManagedContext.swift
/host/spi-builder-workspace/Sources/CoreDataRepo/DataCounter.swift:8:8: error: no such module 'CoreData'
 6 |
 7 | import Foundation
 8 | import CoreData
   |        `- error: no such module 'CoreData'
 9 | import Combine
10 |
[6/7] Compiling CoreDataRepo DataCounter.swift
/host/spi-builder-workspace/Sources/CoreDataRepo/DataCounter.swift:8:8: error: no such module 'CoreData'
 6 |
 7 | import Foundation
 8 | import CoreData
   |        `- error: no such module 'CoreData'
 9 | import Combine
10 |
[7/7] Compiling CoreDataRepo DataRepo.swift
/host/spi-builder-workspace/Sources/CoreDataRepo/DataCounter.swift:8:8: error: no such module 'CoreData'
 6 |
 7 | import Foundation
 8 | import CoreData
   |        `- error: no such module 'CoreData'
 9 | import Combine
10 |
BUILD FAILURE 6.1 wasm